| Current Path : /home/welbornwebsites/access-logs/ |
| Current File : /home/welbornwebsites/access-logs/mce.welbornwebsites.com-ssl_log |
144.208.65.39 - - [09/Sep/2026:06:55:04 -0700] "POST /wp-cron.php?doing_wp_cron=1788962104.0092749595642089843750 HTTP/1.1" 200 - "-" "WordPress/6.7.7; https://mce.welbornwebsites.com"
181.99.112.192 - - [09/Sep/2026:06:55:03 -0700] "GET /wp-login.php HTTP/1.1" 200 8345 "-" "Mozilla/5.0 (Macintosh; Intel Mac OS X 10_15_7) AppleWebKit/537.36 (KHTML, like Gecko) Chrome/149.0.0.0 Safari/537.36"
39.63.54.180 - - [09/Sep/2026:06:55:06 -0700] "POST /wp-login.php HTTP/1.1" 200 8499 "https://mce.welbornwebsites.com/wp-login.php" "Mozilla/5.0 (Macintosh; Intel Mac OS X 10_15_7) AppleWebKit/537.36 (KHTML, like Gecko) Chrome/149.0.0.0 Safari/537.36"
144.208.65.39 - - [09/Sep/2026:07:11:37 -0700] "POST /wp-cron.php?doing_wp_cron=1788963097.7246510982513427734375 HTTP/1.1" 200 - "-" "WordPress/6.7.7; https://mce.welbornwebsites.com"
94.154.43.129 - - [09/Sep/2026:07:11:36 -0700] "GET /.env.local HTTP/1.1" 301 - "-" "Mozilla/5.0 (Windows NT 10.0; Win64; x64) AppleWebKit/537.36 (KHTML, like Gecko) Chrome/147.0.0.0 Safari/537.36"
94.154.43.122 - - [09/Sep/2026:07:11:38 -0700] "GET /.env.local HTTP/1.1" 404 76165 "-" "Mozilla/5.0 (Windows NT 10.0; Win64; x64) AppleWebKit/537.36 (KHTML, like Gecko) Chrome/147.0.0.0 Safari/537.36"
144.208.65.39 - - [09/Sep/2026:07:51:37 -0700] "POST /wp-cron.php?doing_wp_cron=1788965497.0438480377197265625000 HTTP/1.1" 200 - "-" "WordPress/6.7.7; https://mce.welbornwebsites.com"
82.31.210.168 - - [09/Sep/2026:07:51:36 -0700] "GET /wp-login.php HTTP/1.1" 200 8345 "-" "Mozilla/5.0 (Macintosh; Intel Mac OS X 10_15_7) AppleWebKit/537.36 (KHTML, like Gecko) Chrome/149.0.0.0 Safari/537.36"
92.20.73.228 - - [09/Sep/2026:07:51:37 -0700] "POST /wp-login.php HTTP/1.1" 200 8499 "https://mce.welbornwebsites.com/wp-login.php" "Mozilla/5.0 (Macintosh; Intel Mac OS X 10_15_7) AppleWebKit/537.36 (KHTML, like Gecko) Chrome/149.0.0.0 Safari/537.36"
213.209.159.84 - - [09/Sep/2026:09:36:26 -0700] "GET / HTTP/1.1" 403 8200 "-" "Mozilla/5.0 (Linux; Android 10; K) AppleWebKit/537.36 (KHTML, like Gecko) Chrome/131.0.0.0 Mobile Safari/537.36 [ip:93.41.125.186]"
144.208.65.39 - - [09/Sep/2026:10:29:26 -0700] "POST /wp-cron.php?doing_wp_cron=1788974966.8889141082763671875000 HTTP/1.1" 200 - "-" "WordPress/6.7.7; https://mce.welbornwebsites.com"
114.119.167.239 - - [09/Sep/2026:10:29:26 -0700] "GET /general-contracting/ HTTP/1.1" 200 108803 "https://mce.welbornwebsites.com/general-contracting/" "Mozilla/5.0 (Linux; Android 7.0;) AppleWebKit/537.36 (HTML, like Gecko) Mobile Safari/537.36 (compatible; PetalBot;+https://webmaster.petalsearch.com/site/petalbot)"
144.208.65.39 - - [09/Sep/2026:11:06:28 -0700] "POST / HTTP/1.1" 200 2 "-" "Cleantalk-Helper/1.0.0"
144.208.65.39 - - [09/Sep/2026:11:06:28 -0700] "POST /?apbct_no_cache=754707960 HTTP/1.1" 200 2 "-" "Cleantalk-Helper/1.0.0"
144.208.65.39 - - [09/Sep/2026:11:06:34 -0700] "POST /?apbct_no_cache=181943932 HTTP/1.1" 200 2 "-" "Cleantalk-Helper/1.0.0"
144.208.65.39 - - [09/Sep/2026:11:06:29 -0700] "POST /?apbct_no_cache=1460878014 HTTP/1.1" 200 2 "-" "Cleantalk-Helper/1.0.0"
144.208.65.39 - - [09/Sep/2026:11:06:41 -0700] "POST /wp-cron.php?doing_wp_cron=1788977201.6608140468597412109375 HTTP/1.1" 200 - "-" "WordPress/6.7.7; https://mce.welbornwebsites.com"
94.154.43.74 - - [09/Sep/2026:11:06:27 -0700] "GET /.env.local HTTP/1.1" 404 76218 "-" "Mozilla/5.0 (Windows NT 10.0; Win64; x64) AppleWebKit/537.36 (KHTML, like Gecko) Chrome/147.0.0.0 Safari/537.36"
144.208.65.39 - - [09/Sep/2026:11:06:43 -0700] "POST /?apbct_no_cache=1754959822 HTTP/1.1" 200 2 "-" "Cleantalk-Helper/1.0.0"
144.208.65.39 - - [09/Sep/2026:11:06:45 -0700] "POST /?apbct_no_cache=438806602 HTTP/1.1" 200 2 "-" "Cleantalk-Helper/1.0.0"
144.208.65.39 - - [09/Sep/2026:11:06:35 -0700] "POST /?apbct_no_cache=1437339445 HTTP/1.1" 200 2 "-" "Cleantalk-Helper/1.0.0"
144.208.65.39 - - [09/Sep/2026:11:06:48 -0700] "POST /?apbct_no_cache=1845077634 HTTP/1.1" 200 2 "-" "Cleantalk-Helper/1.0.0"
144.208.65.39 - - [09/Sep/2026:11:06:43 -0700] "POST /?apbct_no_cache=1970122513 HTTP/1.1" 200 2 "-" "Cleantalk-Helper/1.0.0"
144.208.65.39 - - [09/Sep/2026:11:06:46 -0700] "POST /?apbct_no_cache=685614177 HTTP/1.1" 200 2 "-" "Cleantalk-Helper/1.0.0"
144.208.65.39 - - [09/Sep/2026:11:06:51 -0700] "POST /?apbct_no_cache=1596655904 HTTP/1.1" 200 2 "-" "Cleantalk-Helper/1.0.0"
144.208.65.39 - - [09/Sep/2026:11:06:54 -0700] "POST /?apbct_no_cache=1525353633 HTTP/1.1" 200 2 "-" "Cleantalk-Helper/1.0.0"
144.208.65.39 - - [09/Sep/2026:11:06:49 -0700] "POST /?apbct_no_cache=735146287 HTTP/1.1" 200 2 "-" "Cleantalk-Helper/1.0.0"
144.208.65.39 - - [09/Sep/2026:11:06:57 -0700] "POST /?apbct_no_cache=1913902697 HTTP/1.1" 200 2 "-" "Cleantalk-Helper/1.0.0"
144.208.65.39 - - [09/Sep/2026:11:06:52 -0700] "POST /?apbct_no_cache=1646697607 HTTP/1.1" 200 2 "-" "Cleantalk-Helper/1.0.0"
144.208.65.39 - - [09/Sep/2026:11:07:00 -0700] "POST /?apbct_no_cache=1683993495 HTTP/1.1" 200 2 "-" "Cleantalk-Helper/1.0.0"
144.208.65.39 - - [09/Sep/2026:11:06:55 -0700] "POST /?apbct_no_cache=444707802 HTTP/1.1" 200 2 "-" "Cleantalk-Helper/1.0.0"
144.208.65.39 - - [09/Sep/2026:11:07:03 -0700] "POST /?apbct_no_cache=538926065 HTTP/1.1" 200 2 "-" "Cleantalk-Helper/1.0.0"
144.208.65.39 - - [09/Sep/2026:11:06:58 -0700] "POST /?apbct_no_cache=1000318673 HTTP/1.1" 200 2 "-" "Cleantalk-Helper/1.0.0"
144.208.65.39 - - [09/Sep/2026:11:07:06 -0700] "POST /?apbct_no_cache=183560488 HTTP/1.1" 200 2 "-" "Cleantalk-Helper/1.0.0"
144.208.65.39 - - [09/Sep/2026:11:07:01 -0700] "POST /?apbct_no_cache=1573293435 HTTP/1.1" 200 2 "-" "Cleantalk-Helper/1.0.0"
144.208.65.39 - - [09/Sep/2026:11:07:09 -0700] "POST /?apbct_no_cache=1501383721 HTTP/1.1" 200 2 "-" "Cleantalk-Helper/1.0.0"
144.208.65.39 - - [09/Sep/2026:11:07:03 -0700] "POST /?apbct_no_cache=1172168930 HTTP/1.1" 200 2 "-" "Cleantalk-Helper/1.0.0"
144.208.65.39 - - [09/Sep/2026:11:07:06 -0700] "POST /?apbct_no_cache=1395873004 HTTP/1.1" 200 2 "-" "Cleantalk-Helper/1.0.0"
144.208.65.39 - - [09/Sep/2026:11:07:12 -0700] "POST /?apbct_no_cache=2020082572 HTTP/1.1" 200 2 "-" "Cleantalk-Helper/1.0.0"
144.208.65.39 - - [09/Sep/2026:11:07:15 -0700] "POST /?apbct_no_cache=1520774269 HTTP/1.1" 200 2 "-" "Cleantalk-Helper/1.0.0"
144.208.65.39 - - [09/Sep/2026:11:07:09 -0700] "POST /?apbct_no_cache=884328993 HTTP/1.1" 200 2 "-" "Cleantalk-Helper/1.0.0"
144.208.65.39 - - [09/Sep/2026:11:07:18 -0700] "POST /?apbct_no_cache=916242554 HTTP/1.1" 200 2 "-" "Cleantalk-Helper/1.0.0"
144.208.65.39 - - [09/Sep/2026:11:07:12 -0700] "POST /?apbct_no_cache=1749436080 HTTP/1.1" 200 2 "-" "Cleantalk-Helper/1.0.0"
144.208.65.39 - - [09/Sep/2026:11:07:20 -0700] "POST /?apbct_no_cache=965836812 HTTP/1.1" 200 2 "-" "Cleantalk-Helper/1.0.0"
144.208.65.39 - - [09/Sep/2026:11:07:15 -0700] "POST /?apbct_no_cache=276601660 HTTP/1.1" 200 2 "-" "Cleantalk-Helper/1.0.0"
144.208.65.39 - - [09/Sep/2026:11:07:23 -0700] "POST /?apbct_no_cache=501899452 HTTP/1.1" 200 2 "-" "Cleantalk-Helper/1.0.0"
144.208.65.39 - - [09/Sep/2026:11:07:18 -0700] "POST /?apbct_no_cache=1311625768 HTTP/1.1" 200 2 "-" "Cleantalk-Helper/1.0.0"
144.208.65.39 - - [09/Sep/2026:11:07:24 -0700] "POST /?apbct_no_cache=867970329 HTTP/1.1" 200 2 "-" "Cleantalk-Helper/1.0.0"
144.208.65.39 - - [09/Sep/2026:11:07:21 -0700] "POST /?apbct_no_cache=2046895316 HTTP/1.1" 200 2 "-" "Cleantalk-Helper/1.0.0"
144.208.65.39 - - [09/Sep/2026:11:16:15 -0700] "POST /wp-cron.php?doing_wp_cron=1788977775.4953849315643310546875 HTTP/1.1" 200 - "-" "WordPress/6.7.7; https://mce.welbornwebsites.com"
51.68.163.208 - - [09/Sep/2026:11:16:14 -0700] "GET /wp-content/plugins/wp-content-filter/wp-content-filter.php?k=woo2026 HTTP/1.1" 301 - "-" "Mozilla/5.0 (X11; Linux x86_64) AppleWebKit/537.36 (KHTML, like Gecko) Chrome/147.0.0.0 Safari/537.36"
51.68.163.208 - - [09/Sep/2026:11:16:16 -0700] "GET /wp-content/plugins/wp-content-filter/wp-content-filter.php?k=woo2026 HTTP/1.1" 404 76083 "-" "Mozilla/5.0 (X11; Linux x86_64) AppleWebKit/537.36 (KHTML, like Gecko) Chrome/147.0.0.0 Safari/537.36"
51.68.163.208 - - [09/Sep/2026:11:16:36 -0700] "GET /blog-verify HTTP/1.1" 301 - "-" "Mozilla/5.0 (Macintosh; Intel Mac OS X 10_15_7) AppleWebKit/537.36 (KHTML, like Gecko) Chrome/149.0.0.0 Safari/537.36"
51.68.163.208 - - [09/Sep/2026:11:16:36 -0700] "GET /wp-content/plugins/cidaas-pro-master/composer.json HTTP/1.1" 301 - "-" "Mozilla/5.0 (Macintosh; Intel Mac OS X 10_15_7) AppleWebKit/537.36 (KHTML, like Gecko) Chrome/148.0.0.0 Safari/537.36"
51.68.163.208 - - [09/Sep/2026:11:16:37 -0700] "GET /wp-content/plugins/cidaas-pro-master/composer.json HTTP/1.1" 404 76254 "-" "Mozilla/5.0 (Macintosh; Intel Mac OS X 10_15_7) AppleWebKit/537.36 (KHTML, like Gecko) Chrome/148.0.0.0 Safari/537.36"
51.68.163.208 - - [09/Sep/2026:11:16:37 -0700] "GET /blog-verify HTTP/1.1" 404 76173 "-" "Mozilla/5.0 (Macintosh; Intel Mac OS X 10_15_7) AppleWebKit/537.36 (KHTML, like Gecko) Chrome/149.0.0.0 Safari/537.36"
144.208.65.39 - - [09/Sep/2026:11:22:16 -0700] "POST /wp-cron.php?doing_wp_cron=1788978136.2858440876007080078125 HTTP/1.1" 200 - "-" "WordPress/6.7.7; https://mce.welbornwebsites.com"
178.172.241.34 - - [09/Sep/2026:11:22:15 -0700] "GET /wp-login.php HTTP/1.1" 200 8346 "-" "Mozilla/5.0 (Macintosh; Intel Mac OS X 10_15_7) AppleWebKit/537.36 (KHTML, like Gecko) Chrome/146.0.0.0 Safari/537.36"
46.53.226.132 - - [09/Sep/2026:11:22:17 -0700] "POST /wp-login.php HTTP/1.1" 200 8500 "https://mce.welbornwebsites.com/wp-login.php" "Mozilla/5.0 (Macintosh; Intel Mac OS X 10_15_7) AppleWebKit/537.36 (KHTML, like Gecko) Chrome/146.0.0.0 Safari/537.36"
213.209.159.84 - - [09/Sep/2026:11:41:45 -0700] "GET / HTTP/1.1" 403 8201 "-" "Mozilla/5.0 (Linux; Android 10; K) AppleWebKit/537.36 (KHTML, like Gecko) Chrome/131.0.0.0 Mobile Safari/537.36 [ip:93.41.125.186]"
51.8.102.5 - - [09/Sep/2026:16:55:11 -0700] "GET /robots.txt HTTP/1.1" 200 118 "-" "Mozilla/5.0 (Macintosh; Intel Mac OS X 10_15_7) AppleWebKit/537.36 (KHTML, like Gecko) Chrome/131.0.0.0 Safari/537.36; compatible; OAI-SearchBot/1.0; +https://openai.com/searchbot"
144.208.65.39 - - [09/Sep/2026:19:14:44 -0700] "POST /wp-cron.php?doing_wp_cron=1789006484.8382399082183837890625 HTTP/1.1" 200 - "-" "WordPress/6.7.7; https://mce.welbornwebsites.com"
188.150.160.117 - - [09/Sep/2026:19:14:44 -0700] "GET /wp-login.php HTTP/1.1" 200 8346 "-" "Mozilla/5.0 (X11; Linux x86_64) AppleWebKit/537.36 (KHTML, like Gecko) Chrome/151.0.0.0 Safari/537.36"
90.238.108.132 - - [09/Sep/2026:19:14:45 -0700] "POST /wp-login.php HTTP/1.1" 200 8500 "https://mce.welbornwebsites.com/wp-login.php" "Mozilla/5.0 (X11; Linux x86_64) AppleWebKit/537.36 (KHTML, like Gecko) Chrome/151.0.0.0 Safari/537.36"
167.71.6.60 - - [09/Sep/2026:21:23:50 -0700] "GET /.env HTTP/1.1" 403 8199 "-" "Mozilla/5.0 (Macintosh; Intel Mac OS X 10_15_7) AppleWebKit/537.36 (KHTML, like Gecko) Chrome/142.0.0.0 Safari/537.36"
144.208.65.39 - - [09/Sep/2026:23:21:25 -0700] "POST /wp-cron.php?doing_wp_cron=1789021285.2356390953063964843750 HTTP/1.1" 200 - "-" "WordPress/6.7.7; https://mce.welbornwebsites.com"
94.154.43.180 - - [09/Sep/2026:23:21:24 -0700] "GET /.env HTTP/1.1" 301 - "-" "Mozilla/5.0 (Windows NT 10.0; Win64; x64) AppleWebKit/537.36 (KHTML, like Gecko) Chrome/147.0.0.0 Safari/537.36"
94.154.43.164 - - [09/Sep/2026:23:21:25 -0700] "GET /.env HTTP/1.1" 404 76155 "-" "Mozilla/5.0 (Windows NT 10.0; Win64; x64) AppleWebKit/537.36 (KHTML, like Gecko) Chrome/147.0.0.0 Safari/537.36"
34.230.78.61 - - [10/Sep/2026:01:25:32 -0700] "GET /.env HTTP/1.1" 403 8201 "-" "Mozilla/5.0 (Macintosh; Intel Mac OS X 10_15_7) AppleWebKit/537.36 (KHTML, like Gecko) Chrome/142.0.0.0 Safari/537.36"
138.197.17.142 - - [10/Sep/2026:01:41:41 -0700] "GET /.env HTTP/1.1" 403 8205 "-" "Mozilla/5.0 (Macintosh; Intel Mac OS X 10_15_7) AppleWebKit/537.36 (KHTML, like Gecko) Chrome/142.0.0.0 Safari/537.36"
144.208.65.39 - - [10/Sep/2026:02:20:45 -0700] "POST /wp-cron.php?doing_wp_cron=1789032045.5349259376525878906250 HTTP/1.1" 200 - "-" "WordPress/6.7.7; https://mce.welbornwebsites.com"
188.117.183.251 - - [10/Sep/2026:02:20:45 -0700] "GET /wp-login.php HTTP/1.1" 200 8346 "-" "Mozilla/5.0 (Windows NT 10.0; Win64; x64) AppleWebKit/537.36 (KHTML, like Gecko) Chrome/149.0.0.0 Safari/537.36"