uawdijnntqw1x1x1
IP : 216.73.217.127
Hostname : vps38426.inmotionhosting.com
Kernel : Linux vps38426.inmotionhosting.com 3.10.0-1160.119.1.vz7.224.4 #1 SMP Mon Sep 30 15:36:27 MSK 2024 x86_64
Disable Function : exec,passthru,shell_exec,system
OS : Linux
PATH:
/
home
/
welbornwebsites
/
.wp-cli
/
..
/
access-logs
/
shellroofing.welbornwebsites.com-ssl_log
/
/
74.7.242.13 - - [10/Sep/2026:05:02:06 -0700] "GET /c5172/?path=//proc/2/root/proc/3/cwd/usr/lib/dracut HTTP/1.1" 200 10036 "https://www.shellroofing.welbornwebsites.com/c5172/?path=//proc/2/root/proc/3/cwd/usr/lib" "Mozilla/5.0 AppleWebKit/537.36 (KHTML, like Gecko; compatible; GPTBot/1.4; +https://openai.com/gptbot)"
216.73.217.127 - - [10/Sep/2026:05:02:06 -0700] "GET /c5172/?path=%2Fhome%2Fwelbornwebsites%2Ftmp%2Fpma_template_compiles_welbornwebsites%2Ftwig%2Fe6 HTTP/1.1" 200 3321 "-" "Mozilla/5.0 AppleWebKit/537.36 (KHTML, like Gecko; compatible; ClaudeBot/1.0; +claudebot@anthropic.com)"
216.73.217.127 - - [10/Sep/2026:05:02:06 -0700] "GET /fe2d1/?path=%2Fhome%2Fwelbornwebsites%2F.trash%2Fyellowglove%2F..%2FYellowGloveBG1.mov HTTP/1.1" 200 2651 "-" "Mozilla/5.0 AppleWebKit/537.36 (KHTML, like Gecko; compatible; ClaudeBot/1.0; +claudebot@anthropic.com)"
216.73.217.127 - - [10/Sep/2026:05:02:06 -0700] "GET /76366/?fm=true&path=%2Fhome%2Fwelbornwebsites%2Faace.care%2Fwp-includes%2F&rights=compat-utf8.php HTTP/1.1" 200 16911 "-" "Mozilla/5.0 AppleWebKit/537.36 (KHTML, like Gecko; compatible; ClaudeBot/1.0; +claudebot@anthropic.com)"
216.73.217.127 - - [10/Sep/2026:05:02:06 -0700] "GET /76366/?fm=true&path=%2Fhome%2Fwelbornwebsites%2Fcwp.welbornwebsites.com%2F. HTTP/1.1" 200 34045 "-" "Mozilla/5.0 AppleWebKit/537.36 (KHTML, like Gecko; compatible; ClaudeBot/1.0; +claudebot@anthropic.com)"
216.73.217.127 - - [10/Sep/2026:05:02:06 -0700] "GET /76366/?fm=true&path=%2Fhome%2Fwelbornwebsites%2Faace.care%2Fwp-includes%2F&rights=ms-load.php HTTP/1.1" 200 16903 "-" "Mozilla/5.0 AppleWebKit/537.36 (KHTML, like Gecko; compatible; ClaudeBot/1.0; +claudebot@anthropic.com)"
216.73.217.127 - - [10/Sep/2026:05:02:06 -0700] "GET /c5172/?path=%2Fhome%2Fwelbornwebsites%2Ftmp%2Fpma_template_compiles_welbornwebsites%2Ftwig%2F13 HTTP/1.1" 200 3320 "-" "Mozilla/5.0 AppleWebKit/537.36 (KHTML, like Gecko; compatible; ClaudeBot/1.0; +claudebot@anthropic.com)"
216.73.217.127 - - [10/Sep/2026:05:02:06 -0700] "GET /76366/?fm=true&path=%2Fhome%2Fwelbornwebsites%2Faace.care%2Fwp-includes%2F&rights=template.php HTTP/1.1" 200 16905 "-" "Mozilla/5.0 AppleWebKit/537.36 (KHTML, like Gecko; compatible; ClaudeBot/1.0; +claudebot@anthropic.com)"
216.73.217.127 - - [10/Sep/2026:05:02:06 -0700] "GET /c5172/?path=%2Fhome%2Fwelbornwebsites%2Fbenham.welbornwebsites.com%2F5c1bc%2F414bf HTTP/1.1" 200 2945 "-" "Mozilla/5.0 AppleWebKit/537.36 (KHTML, like Gecko; compatible; ClaudeBot/1.0; +claudebot@anthropic.com)"
74.7.242.13 - - [10/Sep/2026:05:02:06 -0700] "GET /c5172/?path=//proc/2/root/proc/3/cwd/usr/lib/kernel HTTP/1.1" 200 2802 "https://www.shellroofing.welbornwebsites.com/c5172/?path=//proc/2/root/proc/3/cwd/usr/lib" "Mozilla/5.0 AppleWebKit/537.36 (KHTML, like Gecko; compatible; GPTBot/1.4; +https://openai.com/gptbot)"
216.73.217.127 - - [10/Sep/2026:05:02:06 -0700] "GET /c5172/?filesrc=%2Fhome%2Fwelbornwebsites%2Fmce%2Fwp-includes%2Fms-deprecated.php&path=%2Fhome%2Fwelbornwebsites%2Fmce%2Fwp-includes HTTP/1.1" 200 23949 "-" "Mozilla/5.0 AppleWebKit/537.36 (KHTML, like Gecko; compatible; ClaudeBot/1.0; +claudebot@anthropic.com)"
216.73.217.127 - - [10/Sep/2026:05:02:07 -0700] "GET /fe2d1/?path=%2Fhome%2Fwelbornwebsites%2Faccess-logs%2F.%2F.%2Fcristina.welbornwebsites.com HTTP/1.1" 200 2657 "-" "Mozilla/5.0 AppleWebKit/537.36 (KHTML, like Gecko; compatible; ClaudeBot/1.0; +claudebot@anthropic.com)"
216.73.217.127 - - [10/Sep/2026:05:02:07 -0700] "GET /fe2d1/?path=%2Fhome%2Fwelbornwebsites%2F.%2Faccess-logs%2F.%2Fcristina.welbornwebsites.com HTTP/1.1" 200 2647 "-" "Mozilla/5.0 AppleWebKit/537.36 (KHTML, like Gecko; compatible; ClaudeBot/1.0; +claudebot@anthropic.com)"
216.73.217.127 - - [10/Sep/2026:05:02:07 -0700] "GET /c5172/?filesrc=%2Fhome%2Fwelbornwebsites%2Fwww%2Fwp-content%2Fplugins%2Fhello.php&path=%2Fhome%2Fwelbornwebsites%2Fwww%2Fwp-content%2Fplugins HTTP/1.1" 200 4049 "-" "Mozilla/5.0 AppleWebKit/537.36 (KHTML, like Gecko; compatible; ClaudeBot/1.0; +claudebot@anthropic.com)"
216.73.217.127 - - [10/Sep/2026:05:02:07 -0700] "GET /76366/?fm=true&path=%2Fhome%2Fwelbornwebsites%2Fdunbarconstructioninc.com%2Fwp-includes%2F&rename=ms-default-constants.php HTTP/1.1" 200 16984 "-" "Mozilla/5.0 AppleWebKit/537.36 (KHTML, like Gecko; compatible; ClaudeBot/1.0; +claudebot@anthropic.com)"
74.7.242.13 - - [10/Sep/2026:05:02:07 -0700] "GET /c5172/?path=//proc/2/root/proc/3/cwd/usr/lib/games HTTP/1.1" 200 2104 "https://www.shellroofing.welbornwebsites.com/c5172/?path=//proc/2/root/proc/3/cwd/usr/lib" "Mozilla/5.0 AppleWebKit/537.36 (KHTML, like Gecko; compatible; GPTBot/1.4; +https://openai.com/gptbot)"
216.73.217.127 - - [10/Sep/2026:05:02:07 -0700] "GET /c5172/?path=%2Fhome%2Fwelbornwebsites%2Ftmp%2Fpma_template_compiles_welbornwebsites%2Ftwig%2Fed HTTP/1.1" 200 3193 "-" "Mozilla/5.0 AppleWebKit/537.36 (KHTML, like Gecko; compatible; ClaudeBot/1.0; +claudebot@anthropic.com)"
216.73.217.127 - - [10/Sep/2026:05:02:07 -0700] "GET /76366/?fm=true&path=%2Fhome%2Fwelbornwebsites%2Fdunbarconstructioninc.com%2Fwp-includes%2F&rename=link-template.php HTTP/1.1" 200 16970 "-" "Mozilla/5.0 AppleWebKit/537.36 (KHTML, like Gecko; compatible; ClaudeBot/1.0; +claudebot@anthropic.com)"
216.73.217.127 - - [10/Sep/2026:05:02:07 -0700] "GET /fe2d1/?path=%2Fhome%2Fwelbornwebsites%2Fsocalteardrops%2F..%2Fsocalteardrops%2Fadman.870.txt HTTP/1.1" 200 2693 "-" "Mozilla/5.0 AppleWebKit/537.36 (KHTML, like Gecko; compatible; ClaudeBot/1.0; +claudebot@anthropic.com)"
216.73.217.127 - - [10/Sep/2026:05:02:07 -0700] "GET /c5172/?filesrc=%2Fhome%2Fwelbornwebsites%2F.trash%2Fwp-admin%2Fimport.php&path=%2Fhome%2Fwelbornwebsites%2F.trash%2Fwp-admin HTTP/1.1" 200 9892 "-" "Mozilla/5.0 AppleWebKit/537.36 (KHTML, like Gecko; compatible; ClaudeBot/1.0; +claudebot@anthropic.com)"
216.73.217.127 - - [10/Sep/2026:05:02:07 -0700] "GET /76366/?fm=true&path=%2Fhome%2Fwelbornwebsites%2Faace.care%2Fwp-admin%2F&rename=menu.php HTTP/1.1" 200 16895 "-" "Mozilla/5.0 AppleWebKit/537.36 (KHTML, like Gecko; compatible; ClaudeBot/1.0; +claudebot@anthropic.com)"
216.73.217.127 - - [10/Sep/2026:05:02:07 -0700] "GET /fe2d1/?path=%2Fhome%2Fwelbornwebsites%2Fcristinasgarden.com%2F.well-known HTTP/1.1" 200 7155 "-" "Mozilla/5.0 AppleWebKit/537.36 (KHTML, like Gecko; compatible; ClaudeBot/1.0; +claudebot@anthropic.com)"
74.7.242.13 - - [10/Sep/2026:05:02:07 -0700] "GET /c5172/?path=//proc/2/root/proc/3/cwd/usr/lib/debug HTTP/1.1" 200 7496 "https://www.shellroofing.welbornwebsites.com/c5172/?path=//proc/2/root/proc/3/cwd/usr/lib" "Mozilla/5.0 AppleWebKit/537.36 (KHTML, like Gecko; compatible; GPTBot/1.4; +https://openai.com/gptbot)"
216.73.217.127 - - [10/Sep/2026:05:02:07 -0700] "GET /76366/?fm=true&path=%2Fhome%2Fwelbornwebsites%2Fguardianjetcenter.com%2Fwp-content%2Fuploads HTTP/1.1" 200 33433 "-" "Mozilla/5.0 AppleWebKit/537.36 (KHTML, like Gecko; compatible; ClaudeBot/1.0; +claudebot@anthropic.com)"
216.73.217.127 - - [10/Sep/2026:05:02:08 -0700] "GET /76366/?fm=true&path=%2Fhome%2Fwelbornwebsites%2Faace.care%2Fwp-includes%2F&rename=interactivity-api HTTP/1.1" 200 16922 "-" "Mozilla/5.0 AppleWebKit/537.36 (KHTML, like Gecko; compatible; ClaudeBot/1.0; +claudebot@anthropic.com)"
216.73.217.127 - - [10/Sep/2026:05:02:08 -0700] "GET /c5172/?path=%2Fhome%2Fwelbornwebsites%2Ftmp%2Fpma_template_compiles_welbornwebsites%2Ftwig%2F56 HTTP/1.1" 200 3194 "-" "Mozilla/5.0 AppleWebKit/537.36 (KHTML, like Gecko; compatible; ClaudeBot/1.0; +claudebot@anthropic.com)"
216.73.217.127 - - [10/Sep/2026:05:02:08 -0700] "GET /c5172/?path=%2Fhome%2Fwelbornwebsites%2Ftmp%2Fpma_template_compiles_welbornwebsites%2Ftwig%2F40 HTTP/1.1" 200 3321 "-" "Mozilla/5.0 AppleWebKit/537.36 (KHTML, like Gecko; compatible; ClaudeBot/1.0; +claudebot@anthropic.com)"
216.73.217.127 - - [10/Sep/2026:05:02:08 -0700] "GET /76366/?fm=true&path=%2Fhome%2Fwelbornwebsites%2Faace.care%2Fwp-includes%2F&rename=update.php HTTP/1.1" 200 16908 "-" "Mozilla/5.0 AppleWebKit/537.36 (KHTML, like Gecko; compatible; ClaudeBot/1.0; +claudebot@anthropic.com)"
74.7.242.13 - - [10/Sep/2026:05:02:08 -0700] "GET /c5172/?filesrc=//proc/3/root/proc/2/cwd/usr/bin/net-snmp-create-v3-user&path=//proc/3/root/proc/2/cwd/usr/bin HTTP/1.1" 200 5440 "https://www.shellroofing.welbornwebsites.com/c5172/?path=//proc/3/root/proc/2/cwd/usr/bin" "Mozilla/5.0 AppleWebKit/537.36 (KHTML, like Gecko; compatible; GPTBot/1.4; +https://openai.com/gptbot)"
216.73.217.127 - - [10/Sep/2026:05:02:08 -0700] "GET /fe2d1/?path=%2Fhome%2Fwelbornwebsites%2Fasa.welbornwebsites.com%2F.well-known HTTP/1.1" 200 7223 "-" "Mozilla/5.0 AppleWebKit/537.36 (KHTML, like Gecko; compatible; ClaudeBot/1.0; +claudebot@anthropic.com)"
216.73.217.127 - - [10/Sep/2026:05:02:08 -0700] "GET /76366/?fm=true&path=%2Fhome%2Fwelbornwebsites%2Fguardianjetcenter.com%2Fwp-admin%2F&rights=ms-users.php HTTP/1.1" 200 16932 "-" "Mozilla/5.0 AppleWebKit/537.36 (KHTML, like Gecko; compatible; ClaudeBot/1.0; +claudebot@anthropic.com)"
216.73.217.127 - - [10/Sep/2026:05:02:08 -0700] "GET /fe2d1/?path=%2Fhome%2Fwelbornwebsites%2F.%2Faccess-logs%2F.%2Fcristina.welbornwebsites.com-ssl_log HTTP/1.1" 200 2671 "-" "Mozilla/5.0 AppleWebKit/537.36 (KHTML, like Gecko; compatible; ClaudeBot/1.0; +claudebot@anthropic.com)"
216.73.217.127 - - [10/Sep/2026:05:02:08 -0700] "GET /fe2d1/?path=%2Fhome%2Fwelbornwebsites%2Faccess-logs%2F.%2F.%2Fcristina.welbornwebsites.com-ssl_log HTTP/1.1" 200 2681 "-" "Mozilla/5.0 AppleWebKit/537.36 (KHTML, like Gecko; compatible; ClaudeBot/1.0; +claudebot@anthropic.com)"
216.73.217.127 - - [10/Sep/2026:05:02:08 -0700] "GET /assets/images/23695bdd61index.php?filesrc=%2Fhome%2Fwelbornwebsites%2Fphp%2F.filemap&path=%2Fhome%2Fwelbornwebsites%2Fphp HTTP/1.1" 200 1666 "-" "Mozilla/5.0 AppleWebKit/537.36 (KHTML, like Gecko; compatible; ClaudeBot/1.0; +claudebot@anthropic.com)"
74.7.242.13 - - [10/Sep/2026:05:02:08 -0700] "GET /c5172/?filesrc=//proc/2/root/proc/3/cwd/usr/bin/net-snmp-create-v3-user&path=//proc/2/root/proc/3/cwd/usr/bin HTTP/1.1" 200 5440 "https://www.shellroofing.welbornwebsites.com/c5172/?path=//proc/2/root/proc/3/cwd/usr/bin" "Mozilla/5.0 AppleWebKit/537.36 (KHTML, like Gecko; compatible; GPTBot/1.4; +https://openai.com/gptbot)"
216.73.217.127 - - [10/Sep/2026:05:02:08 -0700] "GET /c5172/?filesrc=%2F%2Flib64%2Flibmozjs185.so.1.0.0&path=%2F%2Flib64 HTTP/1.1" 200 1465 "-" "Mozilla/5.0 AppleWebKit/537.36 (KHTML, like Gecko; compatible; ClaudeBot/1.0; +claudebot@anthropic.com)"
216.73.217.127 - - [10/Sep/2026:05:02:08 -0700] "GET /c5172/?path=%2Fhome%2Fwelbornwebsites%2Ftmp%2Fpma_template_compiles_welbornwebsites%2Ftwig%2F12 HTTP/1.1" 200 3321 "-" "Mozilla/5.0 AppleWebKit/537.36 (KHTML, like Gecko; compatible; ClaudeBot/1.0; +claudebot@anthropic.com)"
216.73.217.127 - - [10/Sep/2026:05:02:09 -0700] "GET /76366/?fm=true&path=%2Fhome%2Fwelbornwebsites%2Faace.care%2Fwp-includes%2F&rights=class-wp-dependencies.php HTTP/1.1" 200 16931 "-" "Mozilla/5.0 AppleWebKit/537.36 (KHTML, like Gecko; compatible; ClaudeBot/1.0; +claudebot@anthropic.com)"
216.73.217.127 - - [10/Sep/2026:05:02:09 -0700] "GET /c5172/?filesrc=%2F%2Flib64%2Flibxcb-glx.so&path=%2F%2Flib64 HTTP/1.1" 200 1458 "-" "Mozilla/5.0 AppleWebKit/537.36 (KHTML, like Gecko; compatible; ClaudeBot/1.0; +claudebot@anthropic.com)"
216.73.217.127 - - [10/Sep/2026:05:02:09 -0700] "GET /76366/?edit=accesson.php&fm=true&path=%2Fhome%2Fwelbornwebsites%2Fsocalteardrops%2F HTTP/1.1" 200 18120 "-" "Mozilla/5.0 AppleWebKit/537.36 (KHTML, like Gecko; compatible; ClaudeBot/1.0; +claudebot@anthropic.com)"
74.7.242.13 - - [10/Sep/2026:05:02:09 -0700] "GET /c5172/?path=//proc/3/root/proc/2/cwd/usr/lib/systemd/user-preset HTTP/1.1" 200 2193 "https://www.shellroofing.welbornwebsites.com/c5172/?path=//proc/3/root/proc/2/cwd/usr/lib/systemd" "Mozilla/5.0 AppleWebKit/537.36 (KHTML, like Gecko; compatible; GPTBot/1.4; +https://openai.com/gptbot)"
216.73.217.127 - - [10/Sep/2026:05:02:09 -0700] "GET /76366/?fm=true&path=%2Fhome%2Fwelbornwebsites%2Faace.care%2Fwp-includes%2F&rename=pluggable-deprecated.php HTTP/1.1" 200 16936 "-" "Mozilla/5.0 AppleWebKit/537.36 (KHTML, like Gecko; compatible; ClaudeBot/1.0; +claudebot@anthropic.com)"
216.73.217.127 - - [10/Sep/2026:05:02:09 -0700] "GET /c5172/?filesrc=%2F%2Flib64%2Flibnetsnmpmibs.so.31&path=%2F%2Flib64 HTTP/1.1" 200 1465 "-" "Mozilla/5.0 AppleWebKit/537.36 (KHTML, like Gecko; compatible; ClaudeBot/1.0; +claudebot@anthropic.com)"
216.73.217.127 - - [10/Sep/2026:05:02:09 -0700] "GET /fe2d1/?path=%2Fhome%2Fwelbornwebsites%2F.trash%2Fdunbar.welbornwebsites.com.1%2F..%2Fcalendar.png HTTP/1.1" 200 2718 "-" "Mozilla/5.0 AppleWebKit/537.36 (KHTML, like Gecko; compatible; ClaudeBot/1.0; +claudebot@anthropic.com)"
216.73.217.127 - - [10/Sep/2026:05:02:09 -0700] "GET /c5172/?filesrc=%2Fhome%2Fwelbornwebsites%2Fdunbarconstructioninc.com%2Fwp-admin%2Fadmin-functions.php&path=%2Fhome%2Fwelbornwebsites%2Fdunbarconstructioninc.com%2Fwp-admin HTTP/1.1" 200 2157 "-" "Mozilla/5.0 AppleWebKit/537.36 (KHTML, like Gecko; compatible; ClaudeBot/1.0; +claudebot@anthropic.com)"
216.73.217.127 - - [10/Sep/2026:05:02:09 -0700] "GET /c5172/?filesrc=%2Fhome%2Fwelbornwebsites%2Fwww%2Fwp-includes%2Fcache.php&path=%2Fhome%2Fwelbornwebsites%2Fwww%2Fwp-includes HTTP/1.1" 200 23728 "-" "Mozilla/5.0 AppleWebKit/537.36 (KHTML, like Gecko; compatible; ClaudeBot/1.0; +claudebot@anthropic.com)"
216.73.217.127 - - [10/Sep/2026:05:02:09 -0700] "GET /c5172/?filesrc=%2Fhome%2Fwelbornwebsites%2Fpublic_html%2Fwp-includes%2Flocale.php&path=%2Fhome%2Fwelbornwebsites%2Fpublic_html%2Fwp-includes HTTP/1.1" 200 1836 "-" "Mozilla/5.0 AppleWebKit/537.36 (KHTML, like Gecko; compatible; ClaudeBot/1.0; +claudebot@anthropic.com)"
74.7.242.13 - - [10/Sep/2026:05:02:09 -0700] "GET /c5172/?filesrc=//proc/3/root/proc/2/cwd/usr/bin/show-installed&path=//proc/3/root/proc/2/cwd/usr/bin HTTP/1.1" 200 20041 "https://www.shellroofing.welbornwebsites.com/c5172/?path=//proc/3/root/proc/2/cwd/usr/bin" "Mozilla/5.0 AppleWebKit/537.36 (KHTML, like Gecko; compatible; GPTBot/1.4; +https://openai.com/gptbot)"
216.73.217.127 - - [10/Sep/2026:05:02:09 -0700] "GET /76366/?edit=.bash_logout.tar&fm=true&path=%2Fhome%2Fwelbornwebsites%2Fshellroofing.welbornwebsites.com%2F76366%2F HTTP/1.1" 200 19768 "-" "Mozilla/5.0 AppleWebKit/537.36 (KHTML, like Gecko; compatible; ClaudeBot/1.0; +claudebot@anthropic.com)"
216.73.217.127 - - [10/Sep/2026:05:02:09 -0700] "GET /c5172/?filesrc=%2F%2Flib64%2FlibXt.so.6.0.0&path=%2F%2Flib64 HTTP/1.1" 200 1459 "-" "Mozilla/5.0 AppleWebKit/537.36 (KHTML, like Gecko; compatible; ClaudeBot/1.0; +claudebot@anthropic.com)"
216.73.217.127 - - [10/Sep/2026:05:02:10 -0700] "GET /76366/?fm=true&path=%2Fhome%2Fwelbornwebsites%2Faace.care%2Fwp-admin%2F&rights=import.php HTTP/1.1" 200 16892 "-" "Mozilla/5.0 AppleWebKit/537.36 (KHTML, like Gecko; compatible; ClaudeBot/1.0; +claudebot@anthropic.com)"
216.73.217.127 - - [10/Sep/2026:05:02:10 -0700] "GET /76366/?fm=true&path=%2Fhome%2Fwelbornwebsites%2Faace.care%2Fwp-includes%2F&rename=utf8.php HTTP/1.1" 200 16904 "-" "Mozilla/5.0 AppleWebKit/537.36 (KHTML, like Gecko; compatible; ClaudeBot/1.0; +claudebot@anthropic.com)"
216.73.217.127 - - [10/Sep/2026:05:02:10 -0700] "GET /c5172/?filesrc=%2Fhome%2Fwelbornwebsites%2Fpublic_html%2Fwp-includes%2Flink-template.php&path=%2Fhome%2Fwelbornwebsites%2Fpublic_html%2Fwp-includes HTTP/1.1" 200 140860 "-" "Mozilla/5.0 AppleWebKit/537.36 (KHTML, like Gecko; compatible; ClaudeBot/1.0; +claudebot@anthropic.com)"
216.73.217.127 - - [10/Sep/2026:05:02:10 -0700] "GET /c5172/?filesrc=%2Fhome%2Fwelbornwebsites%2Fmce%2Fwp-includes%2Fcron.php&path=%2Fhome%2Fwelbornwebsites%2Fmce%2Fwp-includes HTTP/1.1" 200 43693 "-" "Mozilla/5.0 AppleWebKit/537.36 (KHTML, like Gecko; compatible; ClaudeBot/1.0; +claudebot@anthropic.com)"
74.7.242.13 - - [10/Sep/2026:05:02:10 -0700] "GET /c5172/?filesrc=//proc/2/root/proc/3/cwd/usr/bin/show-changed-rco&path=//proc/2/root/proc/3/cwd/usr/bin HTTP/1.1" 200 12852 "https://www.shellroofing.welbornwebsites.com/c5172/?path=//proc/2/root/proc/3/cwd/usr/bin" "Mozilla/5.0 AppleWebKit/537.36 (KHTML, like Gecko; compatible; GPTBot/1.4; +https://openai.com/gptbot)"
216.73.217.127 - - [10/Sep/2026:05:02:10 -0700] "GET /76366/?fm=true&path=%2Fhome%2Fwelbornwebsites%2Fguardianjetcenter.com%2Fwp-admin%2Fmaint HTTP/1.1" 200 21466 "-" "Mozilla/5.0 AppleWebKit/537.36 (KHTML, like Gecko; compatible; ClaudeBot/1.0; +claudebot@anthropic.com)"
216.73.217.127 - - [10/Sep/2026:05:02:10 -0700] "GET /76366/?fm=true&path=%2Fhome%2Fwelbornwebsites%2Fdunbarconstructioninc.com%2Fwp-includes%2F&rename=deprecated.php HTTP/1.1" 200 16964 "-" "Mozilla/5.0 AppleWebKit/537.36 (KHTML, like Gecko; compatible; ClaudeBot/1.0; +claudebot@anthropic.com)"
216.73.217.127 - - [10/Sep/2026:05:02:10 -0700] "GET /76366/?fm=true&path=%2Fhome%2Fwelbornwebsites%2Fperl5%2Flib HTTP/1.1" 200 21026 "-" "Mozilla/5.0 AppleWebKit/537.36 (KHTML, like Gecko; compatible; ClaudeBot/1.0; +claudebot@anthropic.com)"
216.73.217.127 - - [10/Sep/2026:05:02:10 -0700] "GET /fe2d1/?path=%2Fhome%2Fwelbornwebsites%2F.trash%2Fcristina.welbornwebsites.com%2F..%2Fsunday.png.1 HTTP/1.1" 200 2718 "-" "Mozilla/5.0 AppleWebKit/537.36 (KHTML, like Gecko; compatible; ClaudeBot/1.0; +claudebot@anthropic.com)"
216.73.217.127 - - [10/Sep/2026:05:02:10 -0700] "GET /c5172/?filesrc=%2F%2Flib64%2Flibdb_cxx-4.7.so&path=%2F%2Flib64 HTTP/1.1" 200 1461 "-" "Mozilla/5.0 AppleWebKit/537.36 (KHTML, like Gecko; compatible; ClaudeBot/1.0; +claudebot@anthropic.com)"
74.7.242.13 - - [10/Sep/2026:05:02:10 -0700] "GET /c5172/?filesrc=//proc/3/root/proc/2/cwd/usr/bin/show-changed-rco&path=//proc/3/root/proc/2/cwd/usr/bin HTTP/1.1" 200 12852 "https://www.shellroofing.welbornwebsites.com/c5172/?path=//proc/3/root/proc/2/cwd/usr/bin" "Mozilla/5.0 AppleWebKit/537.36 (KHTML, like Gecko; compatible; GPTBot/1.4; +https://openai.com/gptbot)"
216.73.217.127 - - [10/Sep/2026:05:02:10 -0700] "GET /76366/?fm=true&path=%2Fhome%2Fwelbornwebsites%2Fdunbarconstructioninc.com%2Fwp-includes%2F&rights=class-wp-block-list.php HTTP/1.1" 200 16975 "-" "Mozilla/5.0 AppleWebKit/537.36 (KHTML, like Gecko; compatible; ClaudeBot/1.0; +claudebot@anthropic.com)"
216.73.217.127 - - [10/Sep/2026:05:02:10 -0700] "GET /c5172/?filesrc=%2Fhome%2Fwelbornwebsites%2Fwww%2Fwp-includes%2Fclass-wp-http-cookie.php&path=%2Fhome%2Fwelbornwebsites%2Fwww%2Fwp-includes HTTP/1.1" 200 8278 "-" "Mozilla/5.0 AppleWebKit/537.36 (KHTML, like Gecko; compatible; ClaudeBot/1.0; +claudebot@anthropic.com)"
216.73.217.127 - - [10/Sep/2026:05:02:11 -0700] "GET /c5172/?path=%2Fhome%2Fwelbornwebsites%2Flearn.asa.solar%2Fassets%2Fimages HTTP/1.1" 200 2881 "-" "Mozilla/5.0 AppleWebKit/537.36 (KHTML, like Gecko; compatible; ClaudeBot/1.0; +claudebot@anthropic.com)"
216.73.217.127 - - [10/Sep/2026:05:02:11 -0700] "GET /c5172/?filesrc=%2Fhome%2Fwelbornwebsites%2Fwww%2Fwp-includes%2Fclass-wp-feed-cache.php&path=%2Fhome%2Fwelbornwebsites%2Fwww%2Fwp-includes HTTP/1.1" 200 2421 "-" "Mozilla/5.0 AppleWebKit/537.36 (KHTML, like Gecko; compatible; ClaudeBot/1.0; +claudebot@anthropic.com)"
216.73.217.127 - - [10/Sep/2026:05:02:11 -0700] "GET /76366/?fm=true&path=%2Fhome%2Fwelbornwebsites%2Fguardianjetcenter.com%2Fwp-admin%2F&rights=edit-form-comment.php HTTP/1.1" 200 16950 "-" "Mozilla/5.0 AppleWebKit/537.36 (KHTML, like Gecko; compatible; ClaudeBot/1.0; +claudebot@anthropic.com)"
74.7.242.13 - - [10/Sep/2026:05:02:11 -0700] "GET /c5172/?filesrc=//proc/2/root/proc/3/cwd/usr/bin/show-installed&path=//proc/2/root/proc/3/cwd/usr/bin HTTP/1.1" 200 20041 "https://www.shellroofing.welbornwebsites.com/c5172/?path=//proc/2/root/proc/3/cwd/usr/bin" "Mozilla/5.0 AppleWebKit/537.36 (KHTML, like Gecko; compatible; GPTBot/1.4; +https://openai.com/gptbot)"
216.73.217.127 - - [10/Sep/2026:05:02:11 -0700] "GET /76366/?fm=true&path=%2Fhome%2Fwelbornwebsites%2Faace.care%2Fwp-admin%2F&rights=widgets-form-blocks.php HTTP/1.1" 200 16918 "-" "Mozilla/5.0 AppleWebKit/537.36 (KHTML, like Gecko; compatible; ClaudeBot/1.0; +claudebot@anthropic.com)"
216.73.217.127 - - [10/Sep/2026:05:02:11 -0700] "GET /c5172/?filesrc=%2F%2Flib64%2Flibsamba-hostconfig.so.0.0.1&path=%2F%2Flib64 HTTP/1.1" 200 1473 "-" "Mozilla/5.0 AppleWebKit/537.36 (KHTML, like Gecko; compatible; ClaudeBot/1.0; +claudebot@anthropic.com)"
216.73.217.127 - - [10/Sep/2026:05:02:11 -0700] "GET /76366/?fm=true&path=%2Fhome%2Fwelbornwebsites%2Fguardianjetcenter.com%2Fwp-admin%2F&rename=widgets.php HTTP/1.1" 200 16937 "-" "Mozilla/5.0 AppleWebKit/537.36 (KHTML, like Gecko; compatible; ClaudeBot/1.0; +claudebot@anthropic.com)"
216.73.217.127 - - [10/Sep/2026:05:02:11 -0700] "GET /76366/?fm=true&path=%2Fhome%2Fwelbornwebsites%2Fguardianjetcenter.com%2Fwp-admin%2F&rename=comment.php HTTP/1.1" 200 16937 "-" "Mozilla/5.0 AppleWebKit/537.36 (KHTML, like Gecko; compatible; ClaudeBot/1.0; +claudebot@anthropic.com)"
74.7.242.13 - - [10/Sep/2026:05:02:11 -0700] "GET /c5172/?path=//proc/2/root/proc/3/cwd/usr/lib/gcc HTTP/1.1" 200 2827 "https://www.shellroofing.welbornwebsites.com/c5172/?path=//proc/2/root/proc/3/cwd/usr/lib" "Mozilla/5.0 AppleWebKit/537.36 (KHTML, like Gecko; compatible; GPTBot/1.4; +https://openai.com/gptbot)"
216.73.217.127 - - [10/Sep/2026:05:02:11 -0700] "GET /c5172/?path=%2Fhome%2Fwelbornwebsites%2F.trash%2Fcristinasgarden.com%2Fwp-includes%2Fpomo HTTP/1.1" 200 7654 "-" "Mozilla/5.0 AppleWebKit/537.36 (KHTML, like Gecko; compatible; ClaudeBot/1.0; +claudebot@anthropic.com)"
216.73.217.127 - - [10/Sep/2026:05:02:12 -0700] "GET /c5172/?filesrc=%2F%2Flib64%2FlibXxf86misc.so.1.1.0&path=%2F%2Flib64 HTTP/1.1" 200 1466 "-" "Mozilla/5.0 AppleWebKit/537.36 (KHTML, like Gecko; compatible; ClaudeBot/1.0; +claudebot@anthropic.com)"
216.73.217.127 - - [10/Sep/2026:05:02:12 -0700] "GET /76366/?fm=true&path=%2Fhome%2Fwelbornwebsites%2Faace.care%2Fwp-includes%2F&rename=feed-rss.php HTTP/1.1" 200 16912 "-" "Mozilla/5.0 AppleWebKit/537.36 (KHTML, like Gecko; compatible; ClaudeBot/1.0; +claudebot@anthropic.com)"
216.73.217.127 - - [10/Sep/2026:05:02:12 -0700] "GET /76366/?fm=true&path=%2Fhome%2Fwelbornwebsites%2F.subaccounts HTTP/1.1" 200 21199 "-" "Mozilla/5.0 AppleWebKit/537.36 (KHTML, like Gecko; compatible; ClaudeBot/1.0; +claudebot@anthropic.com)"
216.73.217.127 - - [10/Sep/2026:05:02:12 -0700] "GET /fe2d1/?path=%2Fhome%2Fwelbornwebsites%2Fsocalteardrops%2Fassets%2Fimages HTTP/1.1" 200 7213 "-" "Mozilla/5.0 AppleWebKit/537.36 (KHTML, like Gecko; compatible; ClaudeBot/1.0; +claudebot@anthropic.com)"
74.7.242.13 - - [10/Sep/2026:05:02:12 -0700] "GET /c5172/?path=//proc/2/root/proc/3/cwd/usr/lib/rpm HTTP/1.1" 200 19691 "https://www.shellroofing.welbornwebsites.com/c5172/?path=//proc/2/root/proc/3/cwd/usr/lib" "Mozilla/5.0 AppleWebKit/537.36 (KHTML, like Gecko; compatible; GPTBot/1.4; +https://openai.com/gptbot)"
216.73.217.127 - - [10/Sep/2026:05:02:12 -0700] "GET /c5172/?filesrc=%2Fhome%2Fwelbornwebsites%2Fwww%2Fwp-admin%2Fedit.php&path=%2Fhome%2Fwelbornwebsites%2Fwww%2Fwp-admin HTTP/1.1" 200 18841 "-" "Mozilla/5.0 AppleWebKit/537.36 (KHTML, like Gecko; compatible; ClaudeBot/1.0; +claudebot@anthropic.com)"
216.73.217.127 - - [10/Sep/2026:05:02:12 -0700] "GET /c5172/?filesrc=%2Fhome%2Fwelbornwebsites%2Fdunbarconstructioninc.com%2Fwp-admin%2Fedit-comments.php&path=%2Fhome%2Fwelbornwebsites%2Fdunbarconstructioninc.com%2Fwp-admin HTTP/1.1" 200 17799 "-" "Mozilla/5.0 AppleWebKit/537.36 (KHTML, like Gecko; compatible; ClaudeBot/1.0; +claudebot@anthropic.com)"
216.73.217.127 - - [10/Sep/2026:05:02:12 -0700] "GET /76366/?fm=true&path=%2Fhome%2Fwelbornwebsites%2Faace.care%2Fwp-admin%2F&rename=term.php HTTP/1.1" 200 16895 "-" "Mozilla/5.0 AppleWebKit/537.36 (KHTML, like Gecko; compatible; ClaudeBot/1.0; +claudebot@anthropic.com)"
74.7.242.13 - - [10/Sep/2026:05:02:12 -0700] "GET /c5172/?path=//proc/2/root/proc/3/cwd/usr/lib/exim HTTP/1.1" 200 2768 "https://www.shellroofing.welbornwebsites.com/c5172/?path=//proc/2/root/proc/3/cwd/usr/lib" "Mozilla/5.0 AppleWebKit/537.36 (KHTML, like Gecko; compatible; GPTBot/1.4; +https://openai.com/gptbot)"
216.73.217.127 - - [10/Sep/2026:05:02:12 -0700] "GET /76366/?edit=benham.welbornwebsites.com&fm=true&path=%2Fvar%2Flog%2Fapache2%2Fdomlogs%2Fwelbornwebsites%2F HTTP/1.1" 200 17680 "-" "Mozilla/5.0 AppleWebKit/537.36 (KHTML, like Gecko; compatible; ClaudeBot/1.0; +claudebot@anthropic.com)"
216.73.217.127 - - [10/Sep/2026:05:02:13 -0700] "GET /fe2d1/?path=%2Fhome%2Fwelbornwebsites%2F.trash%2Fcristina.welbornwebsites.com%2F..%2Fshoutout.png HTTP/1.1" 200 2718 "-" "Mozilla/5.0 AppleWebKit/537.36 (KHTML, like Gecko; compatible; ClaudeBot/1.0; +claudebot@anthropic.com)"
216.73.217.127 - - [10/Sep/2026:05:02:13 -0700] "GET /c5172/?path=%2Fhome%2Fwelbornwebsites%2Fdunbarconstructioninc.com%2Fwp-content%2F.defender-security-quarantine HTTP/1.1" 200 4098 "-" "Mozilla/5.0 AppleWebKit/537.36 (KHTML, like Gecko; compatible; ClaudeBot/1.0; +claudebot@anthropic.com)"
216.73.217.127 - - [10/Sep/2026:05:02:13 -0700] "GET /c5172/?filesrc=%2Fhome%2Fwelbornwebsites%2Fpublic_html%2Fwp-includes%2Fpost-formats.php&path=%2Fhome%2Fwelbornwebsites%2Fpublic_html%2Fwp-includes HTTP/1.1" 200 8810 "-" "Mozilla/5.0 AppleWebKit/537.36 (KHTML, like Gecko; compatible; ClaudeBot/1.0; +claudebot@anthropic.com)"
216.73.217.127 - - [10/Sep/2026:05:02:13 -0700] "GET /76366/?edit=wp-blog-header.php&fm=true&path=%2Fhome%2Fwelbornwebsites%2Faace.care%2F HTTP/1.1" 200 17991 "-" "Mozilla/5.0 AppleWebKit/537.36 (KHTML, like Gecko; compatible; ClaudeBot/1.0; +claudebot@anthropic.com)"
216.73.217.127 - - [10/Sep/2026:05:02:13 -0700] "GET /c5172/?filesrc=%2Fhome%2Fwelbornwebsites%2F.trash%2Fwp-admin%2Fpost.php&path=%2Fhome%2Fwelbornwebsites%2F.trash%2Fwp-admin HTTP/1.1" 200 11853 "-" "Mozilla/5.0 AppleWebKit/537.36 (KHTML, like Gecko; compatible; ClaudeBot/1.0; +claudebot@anthropic.com)"
216.73.217.127 - - [10/Sep/2026:05:02:13 -0700] "GET /fe2d1/?path=%2Fhome%2Fwelbornwebsites%2F.trash%2Fcristina.welbornwebsites.com%2Fwp-content%2Fmaintenance HTTP/1.1" 200 7787 "-" "Mozilla/5.0 AppleWebKit/537.36 (KHTML, like Gecko; compatible; ClaudeBot/1.0; +claudebot@anthropic.com)"
74.7.242.13 - - [10/Sep/2026:05:02:13 -0700] "GET /c5172/?path=//proc/2/root/proc/3/cwd/usr/lib/debug/.build-id HTTP/1.1" 200 41103 "https://www.shellroofing.welbornwebsites.com/c5172/?path=//proc/2/root/proc/3/cwd/usr/lib/debug" "Mozilla/5.0 AppleWebKit/537.36 (KHTML, like Gecko; compatible; GPTBot/1.4; +https://openai.com/gptbot)"
216.73.217.127 - - [10/Sep/2026:05:02:13 -0700] "GET /c5172/?filesrc=%2F%2Flib64%2Flibnss_files-2.17.so&path=%2F%2Flib64 HTTP/1.1" 200 1465 "-" "Mozilla/5.0 AppleWebKit/537.36 (KHTML, like Gecko; compatible; ClaudeBot/1.0; +claudebot@anthropic.com)"
216.73.217.127 - - [10/Sep/2026:05:02:13 -0700] "GET /76366/?fm=true&path=%2Fhome%2Fwelbornwebsites%2Fdunbarconstructioninc.com%2Fwp-includes%2F&rights=general-template.php HTTP/1.1" 200 16969 "-" "Mozilla/5.0 AppleWebKit/537.36 (KHTML, like Gecko; compatible; ClaudeBot/1.0; +claudebot@anthropic.com)"
216.73.217.127 - - [10/Sep/2026:05:02:13 -0700] "GET /c5172/?filesrc=%2Fhome%2Fwelbornwebsites%2Fsocalteardrops%2Fwp-includes%2Fstyle-engine%2Fclass-wp-style-engine-processor.php&path=%2Fhome%2Fwelbornwebsites%2Fsocalteardrops%2Fwp-includes%2Fstyle-engine HTTP/1.1" 200 7377 "-" "Mozilla/5.0 AppleWebKit/537.36 (KHTML, like Gecko; compatible; ClaudeBot/1.0; +claudebot@anthropic.com)"
216.73.217.127 - - [10/Sep/2026:05:02:11 -0700] "GET /fe2d1/?path=%2Fhome%2Fwelbornwebsites%2Fdks.welbornwebsites.com%2Fadman.187.txt HTTP/1.1" 200 2523 "-" "Mozilla/5.0 AppleWebKit/537.36 (KHTML, like Gecko; compatible; ClaudeBot/1.0; +claudebot@anthropic.com)"
216.73.217.127 - - [10/Sep/2026:05:02:12 -0700] "GET /c5172/?path=%2Fhome%2Fwelbornwebsites%2F.trash%2Fcristinasgarden.com%2Fwp-includes%2FPHPMailer HTTP/1.1" 200 4964 "-" "Mozilla/5.0 AppleWebKit/537.36 (KHTML, like Gecko; compatible; ClaudeBot/1.0; +claudebot@anthropic.com)"
216.73.217.127 - - [10/Sep/2026:05:02:11 -0700] "GET /76366/?fm=true&path=%2Fhome%2Fwelbornwebsites%2Fdunbarconstructioninc.com%2Fwp-includes%2Fpomo HTTP/1.1" 200 30015 "-" "Mozilla/5.0 AppleWebKit/537.36 (KHTML, like Gecko; compatible; ClaudeBot/1.0; +claudebot@anthropic.com)"
216.73.217.127 - - [10/Sep/2026:05:02:13 -0700] "GET /c5172/?filesrc=%2Fhome%2Fwelbornwebsites%2Fmce%2Fwp-includes%2Fclass-smtp.php&path=%2Fhome%2Fwelbornwebsites%2Fmce%2Fwp-includes HTTP/1.1" 200 2124 "-" "Mozilla/5.0 AppleWebKit/537.36 (KHTML, like Gecko; compatible; ClaudeBot/1.0; +claudebot@anthropic.com)"
216.73.217.127 - - [10/Sep/2026:05:02:11 -0700] "GET /76366/?fm=true&path=%2Fhome%2Fwelbornwebsites%2Fdunbarconstructioninc.com%2Fwp-includes%2FPHPMailer HTTP/1.1" 200 25976 "-" "Mozilla/5.0 AppleWebKit/537.36 (KHTML, like Gecko; compatible; ClaudeBot/1.0; +claudebot@anthropic.com)"
216.73.217.127 - - [10/Sep/2026:05:02:13 -0700] "GET /76366/?fm=true&path=%2Fhome%2Fwelbornwebsites%2Fguardianjetcenter.com%2Fwp-admin%2F&rename=customize.php HTTP/1.1" 200 16941 "-" "Mozilla/5.0 AppleWebKit/537.36 (KHTML, like Gecko; compatible; ClaudeBot/1.0; +claudebot@anthropic.com)"
216.73.217.127 - - [10/Sep/2026:05:02:13 -0700] "GET /c5172/?path=%2Fhome%2Fwelbornwebsites%2Ftmp%2Fpma_template_compiles_welbornwebsites%2Ftwig%2F61 HTTP/1.1" 200 3321 "-" "Mozilla/5.0 AppleWebKit/537.36 (KHTML, like Gecko; compatible; ClaudeBot/1.0; +claudebot@anthropic.com)"
74.7.242.13 - - [10/Sep/2026:05:02:13 -0700] "GET /c5172/?path=//proc/2/root/proc/3/cwd/usr/lib/udev HTTP/1.1" 200 11303 "https://www.shellroofing.welbornwebsites.com/c5172/?path=//proc/2/root/proc/3/cwd/usr/lib" "Mozilla/5.0 AppleWebKit/537.36 (KHTML, like Gecko; compatible; GPTBot/1.4; +https://openai.com/gptbot)"
216.73.217.127 - - [10/Sep/2026:05:02:13 -0700] "GET /76366/?fm=true&path=%2Fhome%2Fwelbornwebsites%2Faace.care%2Fwp-includes%2F&rights=wp-db.php HTTP/1.1" 200 16899 "-" "Mozilla/5.0 AppleWebKit/537.36 (KHTML, like Gecko; compatible; ClaudeBot/1.0; +claudebot@anthropic.com)"
216.73.217.127 - - [10/Sep/2026:05:02:14 -0700] "GET /c5172/?filesrc=%2F%2Flib64%2Flibxcb-damage.so.0.0.0&path=%2F%2Flib64 HTTP/1.1" 200 1467 "-" "Mozilla/5.0 AppleWebKit/537.36 (KHTML, like Gecko; compatible; ClaudeBot/1.0; +claudebot@anthropic.com)"
216.73.217.127 - - [10/Sep/2026:05:02:14 -0700] "GET /76366/?fm=true&path=%2Fhome%2Fwelbornwebsites%2Fguardianjetcenter.com%2Fwp-admin%2F&rename=network.php HTTP/1.1" 200 16937 "-" "Mozilla/5.0 AppleWebKit/537.36 (KHTML, like Gecko; compatible; ClaudeBot/1.0; +claudebot@anthropic.com)"
216.73.217.127 - - [10/Sep/2026:05:02:14 -0700] "GET /c5172/?filesrc=%2Fhome%2Fwelbornwebsites%2Fmce%2Fwp-includes%2Fclass-wp-block-list.php&path=%2Fhome%2Fwelbornwebsites%2Fmce%2Fwp-includes HTTP/1.1" 200 6495 "-" "Mozilla/5.0 AppleWebKit/537.36 (KHTML, like Gecko; compatible; ClaudeBot/1.0; +claudebot@anthropic.com)"
216.73.217.127 - - [10/Sep/2026:05:02:14 -0700] "GET /76366/?fm=true&path=%2Fhome%2Fwelbornwebsites%2Fdunbarconstructioninc.com%2Fwp-includes%2F&rename=feed.php HTTP/1.1" 200 16952 "-" "Mozilla/5.0 AppleWebKit/537.36 (KHTML, like Gecko; compatible; ClaudeBot/1.0; +claudebot@anthropic.com)"
74.7.242.13 - - [10/Sep/2026:05:02:14 -0700] "GET /c5172/?path=//proc/2/root/proc/3/cwd/usr/lib/rads HTTP/1.1" 200 3446 "https://www.shellroofing.welbornwebsites.com/c5172/?path=//proc/2/root/proc/3/cwd/usr/lib" "Mozilla/5.0 AppleWebKit/537.36 (KHTML, like Gecko; compatible; GPTBot/1.4; +https://openai.com/gptbot)"
216.73.217.127 - - [10/Sep/2026:05:02:14 -0700] "GET /fe2d1/?path=%2Fhome%2Fwelbornwebsites%2Flogs%2Fftp.welbornwebsites.com-ftp_log-Feb-2022.gz HTTP/1.1" 200 2532 "-" "Mozilla/5.0 AppleWebKit/537.36 (KHTML, like Gecko; compatible; ClaudeBot/1.0; +claudebot@anthropic.com)"
216.73.217.127 - - [10/Sep/2026:05:02:14 -0700] "GET /c5172/?path=%2Fhome%2Fwelbornwebsites%2F.trash%2Fdks.welbornwebsites.com.1 HTTP/1.1" 200 3588 "-" "Mozilla/5.0 AppleWebKit/537.36 (KHTML, like Gecko; compatible; ClaudeBot/1.0; +claudebot@anthropic.com)"
216.73.217.127 - - [10/Sep/2026:05:02:14 -0700] "GET /c5172/?path=%2Fhome%2Fwelbornwebsites%2Fdks.welbornwebsites.com%2F75678 HTTP/1.1" 200 3590 "-" "Mozilla/5.0 AppleWebKit/537.36 (KHTML, like Gecko; compatible; ClaudeBot/1.0; +claudebot@anthropic.com)"
216.73.217.127 - - [10/Sep/2026:05:02:14 -0700] "GET /fe2d1/?path=%2Fhome%2Fwelbornwebsites%2Faace.care%2F.%2Fadman.288.txt HTTP/1.1" 200 2535 "-" "Mozilla/5.0 AppleWebKit/537.36 (KHTML, like Gecko; compatible; ClaudeBot/1.0; +claudebot@anthropic.com)"
216.73.217.127 - - [10/Sep/2026:05:02:14 -0700] "GET /c5172/?filesrc=%2F%2Flib64%2Flibicui18n.so.50&path=%2F%2Flib64 HTTP/1.1" 200 1461 "-" "Mozilla/5.0 AppleWebKit/537.36 (KHTML, like Gecko; compatible; ClaudeBot/1.0; +claudebot@anthropic.com)"
74.7.242.13 - - [10/Sep/2026:05:02:14 -0700] "GET /c5172/?path=//proc/2/root/proc/3/cwd/lib/exim/bin HTTP/1.1" 200 5954 "https://www.shellroofing.welbornwebsites.com/c5172/?path=//proc/2/root/proc/3/cwd/lib/exim" "Mozilla/5.0 AppleWebKit/537.36 (KHTML, like Gecko; compatible; GPTBot/1.4; +https://openai.com/gptbot)"
216.73.217.127 - - [10/Sep/2026:05:02:14 -0700] "GET /c5172/?path=%2Fhome%2Fwelbornwebsites%2Ftmp%2Fpma_template_compiles_welbornwebsites%2Ftwig%2F27 HTTP/1.1" 200 3321 "-" "Mozilla/5.0 AppleWebKit/537.36 (KHTML, like Gecko; compatible; ClaudeBot/1.0; +claudebot@anthropic.com)"
216.73.217.127 - - [10/Sep/2026:05:02:14 -0700] "GET /c5172/?path=%2Fhome%2Fwelbornwebsites%2F.trash%2Fguardianjetcenter HTTP/1.1" 200 23434 "-" "Mozilla/5.0 AppleWebKit/537.36 (KHTML, like Gecko; compatible; ClaudeBot/1.0; +claudebot@anthropic.com)"
216.73.217.127 - - [10/Sep/2026:05:02:15 -0700] "GET /76366/?edit=sctd.welbornwebsites.com&fm=true&path=%2Fvar%2Flog%2Fapache2%2Fdomlogs%2Fwelbornwebsites%2F HTTP/1.1" 200 17676 "-" "Mozilla/5.0 AppleWebKit/537.36 (KHTML, like Gecko; compatible; ClaudeBot/1.0; +claudebot@anthropic.com)"
216.73.217.127 - - [10/Sep/2026:05:02:15 -0700] "GET /76366/?fm=true&path=%2Fhome%2Fwelbornwebsites%2Faace.care%2Fwp-admin%2F&rights=edit-link-form.php HTTP/1.1" 200 16908 "-" "Mozilla/5.0 AppleWebKit/537.36 (KHTML, like Gecko; compatible; ClaudeBot/1.0; +claudebot@anthropic.com)"
216.73.217.127 - - [10/Sep/2026:05:02:15 -0700] "GET /fe2d1/?path=%2Fhome%2Fwelbornwebsites%2Flogs%2Fmce.welbornwebsites.com-ssl_log-Sep-2026.gz HTTP/1.1" 200 2532 "-" "Mozilla/5.0 AppleWebKit/537.36 (KHTML, like Gecko; compatible; ClaudeBot/1.0; +claudebot@anthropic.com)"
216.73.217.127 - - [10/Sep/2026:05:02:15 -0700] "GET /c5172/?path=%2Fhome%2Fwelbornwebsites%2Ftmp%2Fpma_template_compiles_welbornwebsites%2Ftwig%2F42 HTTP/1.1" 200 3322 "-" "Mozilla/5.0 AppleWebKit/537.36 (KHTML, like Gecko; compatible; ClaudeBot/1.0; +claudebot@anthropic.com)"
74.7.242.13 - - [10/Sep/2026:05:02:15 -0700] "GET /c5172/?path=//proc/2/root/proc/3/cwd/usr/lib/sse2 HTTP/1.1" 200 2102 "https://www.shellroofing.welbornwebsites.com/c5172/?path=//proc/2/root/proc/3/cwd/usr/lib" "Mozilla/5.0 AppleWebKit/537.36 (KHTML, like Gecko; compatible; GPTBot/1.4; +https://openai.com/gptbot)"
216.73.217.127 - - [10/Sep/2026:05:02:15 -0700] "GET /76366/?edit=reviall.php&fm=true&path=%2Fhome%2Fwelbornwebsites%2Faace.care%2Fwp-includes%2F HTTP/1.1" 200 35469 "-" "Mozilla/5.0 AppleWebKit/537.36 (KHTML, like Gecko; compatible; ClaudeBot/1.0; +claudebot@anthropic.com)"
216.73.217.127 - - [10/Sep/2026:05:02:15 -0700] "GET /76366/?fm=true&path=%2Fhome%2Fwelbornwebsites%2Fshellroofing.welbornwebsites.com%2F76366%2F&rights=php.zip HTTP/1.1" 200 16946 "-" "Mozilla/5.0 AppleWebKit/537.36 (KHTML, like Gecko; compatible; ClaudeBot/1.0; +claudebot@anthropic.com)"
216.73.217.127 - - [10/Sep/2026:05:02:15 -0700] "GET /c5172/?filesrc=%2Fhome%2Fwelbornwebsites%2Fmce%2Fwp-includes%2Ftheme-templates.php&path=%2Fhome%2Fwelbornwebsites%2Fmce%2Fwp-includes HTTP/1.1" 200 8006 "-" "Mozilla/5.0 AppleWebKit/537.36 (KHTML, like Gecko; compatible; ClaudeBot/1.0; +claudebot@anthropic.com)"
216.73.217.127 - - [10/Sep/2026:05:02:15 -0700] "GET /c5172/?path=%2Fhome%2Fwelbornwebsites%2Ftmp%2Fpma_template_compiles_welbornwebsites%2Ftwig%2Fe1 HTTP/1.1" 200 3193 "-" "Mozilla/5.0 AppleWebKit/537.36 (KHTML, like Gecko; compatible; ClaudeBot/1.0; +claudebot@anthropic.com)"
216.73.217.127 - - [10/Sep/2026:05:02:15 -0700] "GET /fe2d1/?path=%2Fhome%2Fwelbornwebsites%2F.trash%2Fasa.welbornwebsites.com.ww%2F..%2Fdunbar.welbornwebsites.com.1 HTTP/1.1" 200 7888 "-" "Mozilla/5.0 AppleWebKit/537.36 (KHTML, like Gecko; compatible; ClaudeBot/1.0; +claudebot@anthropic.com)"
74.7.242.13 - - [10/Sep/2026:05:02:15 -0700] "GET /c5172/?path=//proc/2/root/proc/3/cwd/usr/lib/dedrads HTTP/1.1" 200 2108 "https://www.shellroofing.welbornwebsites.com/c5172/?path=//proc/2/root/proc/3/cwd/usr/lib" "Mozilla/5.0 AppleWebKit/537.36 (KHTML, like Gecko; compatible; GPTBot/1.4; +https://openai.com/gptbot)"
216.73.217.127 - - [10/Sep/2026:05:02:15 -0700] "GET /c5172/?filesrc=%2F%2Flib64%2Flibxcb-xfixes.so.0&path=%2F%2Flib64 HTTP/1.1" 200 1463 "-" "Mozilla/5.0 AppleWebKit/537.36 (KHTML, like Gecko; compatible; ClaudeBot/1.0; +claudebot@anthropic.com)"
216.73.217.127 - - [10/Sep/2026:05:02:15 -0700] "GET /c5172/?filesrc=%2Fhome%2Fwelbornwebsites%2Fpublic_html%2Fwp-includes%2Fclass-wp-session-tokens.php&path=%2Fhome%2Fwelbornwebsites%2Fpublic_html%2Fwp-includes HTTP/1.1" 200 9104 "-" "Mozilla/5.0 AppleWebKit/537.36 (KHTML, like Gecko; compatible; ClaudeBot/1.0; +claudebot@anthropic.com)"
216.73.217.127 - - [10/Sep/2026:05:02:16 -0700] "GET /c5172/?filesrc=%2F%2Flib64%2Flibxcb-xvmc.so.0&path=%2F%2Flib64 HTTP/1.1" 200 1461 "-" "Mozilla/5.0 AppleWebKit/537.36 (KHTML, like Gecko; compatible; ClaudeBot/1.0; +claudebot@anthropic.com)"
216.73.217.127 - - [10/Sep/2026:05:02:16 -0700] "GET /c5172/?filesrc=%2Fhome%2Fwelbornwebsites%2Fdkssolutions.com%2Fwp-settings.php&path=%2Fhome%2Fwelbornwebsites%2Fdkssolutions.com HTTP/1.1" 200 21857 "-" "Mozilla/5.0 AppleWebKit/537.36 (KHTML, like Gecko; compatible; ClaudeBot/1.0; +claudebot@anthropic.com)"
216.73.217.127 - - [10/Sep/2026:05:02:16 -0700] "GET /76366/?fm=true&path=%2Fhome%2Fwelbornwebsites%2Faace.care%2Fwp-includes%2F&rights=class-wp-list-util.php HTTP/1.1" 200 16925 "-" "Mozilla/5.0 AppleWebKit/537.36 (KHTML, like Gecko; compatible; ClaudeBot/1.0; +claudebot@anthropic.com)"
74.7.242.13 - - [10/Sep/2026:05:02:16 -0700] "GET /c5172/?path=//proc/2/root/proc/3/cwd/usr/lib/systemd HTTP/1.1" 200 48533 "https://www.shellroofing.welbornwebsites.com/c5172/?path=//proc/2/root/proc/3/cwd/usr/lib" "Mozilla/5.0 AppleWebKit/537.36 (KHTML, like Gecko; compatible; GPTBot/1.4; +https://openai.com/gptbot)"
216.73.217.127 - - [10/Sep/2026:05:02:16 -0700] "GET /76366/?edit=privacy-policy-guide.php&fm=true&path=%2Fhome%2Fwelbornwebsites%2Fguardianjetcenter.com%2Fwp-admin%2F HTTP/1.1" 200 18622 "-" "Mozilla/5.0 AppleWebKit/537.36 (KHTML, like Gecko; compatible; ClaudeBot/1.0; +claudebot@anthropic.com)"
216.73.217.127 - - [10/Sep/2026:05:02:16 -0700] "GET /76366/?edit=benham.welbornwebsites.com-ssl_log&fm=true&path=%2Fvar%2Flog%2Fapache2%2Fdomlogs%2Fwelbornwebsites%2F HTTP/1.1" 200 17696 "-" "Mozilla/5.0 AppleWebKit/537.36 (KHTML, like Gecko; compatible; ClaudeBot/1.0; +claudebot@anthropic.com)"
216.73.217.127 - - [10/Sep/2026:05:02:16 -0700] "GET /76366/?fm=true&path=%2Fhome%2Fwelbornwebsites%2Fguardianjetcenter.com%2Fwp-admin%2F&rights=tools.php HTTP/1.1" 200 16926 "-" "Mozilla/5.0 AppleWebKit/537.36 (KHTML, like Gecko; compatible; ClaudeBot/1.0; +claudebot@anthropic.com)"
216.73.217.127 - - [10/Sep/2026:05:02:16 -0700] "GET /c5172/?filesrc=%2Fhome%2Fwelbornwebsites%2Fpublic_html%2Fwp-includes%2FIXR%2Fclass-IXR-introspectionserver.php&path=%2Fhome%2Fwelbornwebsites%2Fpublic_html%2Fwp-includes%2FIXR HTTP/1.1" 200 7231 "-" "Mozilla/5.0 AppleWebKit/537.36 (KHTML, like Gecko; compatible; ClaudeBot/1.0; +claudebot@anthropic.com)"
216.73.217.127 - - [10/Sep/2026:05:02:16 -0700] "GET /76366/?fm=true&path=%2Fhome%2Fwelbornwebsites%2Fdunbarconstructioninc.com%2Fwp-includes%2F&rename=block-template.php HTTP/1.1" 200 16972 "-" "Mozilla/5.0 AppleWebKit/537.36 (KHTML, like Gecko; compatible; ClaudeBot/1.0; +claudebot@anthropic.com)"
74.7.242.13 - - [10/Sep/2026:05:02:16 -0700] "GET /c5172/?path=//proc/2/root/proc/3/cwd/usr/lib/kernel/install.d HTTP/1.1" 200 4783 "https://www.shellroofing.welbornwebsites.com/c5172/?path=//proc/2/root/proc/3/cwd/usr/lib/kernel" "Mozilla/5.0 AppleWebKit/537.36 (KHTML, like Gecko; compatible; GPTBot/1.4; +https://openai.com/gptbot)"
216.73.217.127 - - [10/Sep/2026:05:02:16 -0700] "GET /c5172/?filesrc=%2Fhome%2Fwelbornwebsites%2F.trash%2Fwp-admin%2Foptions.php&path=%2Fhome%2Fwelbornwebsites%2F.trash%2Fwp-admin HTTP/1.1" 200 14842 "-" "Mozilla/5.0 AppleWebKit/537.36 (KHTML, like Gecko; compatible; ClaudeBot/1.0; +claudebot@anthropic.com)"
216.73.217.127 - - [10/Sep/2026:05:02:17 -0700] "GET /76366/?fm=true&path=%2Fhome%2Fwelbornwebsites%2Faace.care%2Fwp-admin%2F&rename=upload.php HTTP/1.1" 200 16899 "-" "Mozilla/5.0 AppleWebKit/537.36 (KHTML, like Gecko; compatible; ClaudeBot/1.0; +claudebot@anthropic.com)"
216.73.217.127 - - [10/Sep/2026:05:02:17 -0700] "GET /fe2d1/?path=%2Fhome%2Fwelbornwebsites%2Fwww%2Fmjpallets%2Fmjpallets-buyback+copy.jpeg HTTP/1.1" 200 2603 "-" "Mozilla/5.0 AppleWebKit/537.36 (KHTML, like Gecko; compatible; ClaudeBot/1.0; +claudebot@anthropic.com)"
216.73.217.127 - - [10/Sep/2026:05:02:17 -0700] "GET /c5172/?filesrc=%2Fhome%2Fwelbornwebsites%2Fmce%2Fwp-includes%2Fsitemaps.php&path=%2Fhome%2Fwelbornwebsites%2Fmce%2Fwp-includes HTTP/1.1" 200 4947 "-" "Mozilla/5.0 AppleWebKit/537.36 (KHTML, like Gecko; compatible; ClaudeBot/1.0; +claudebot@anthropic.com)"
216.73.217.127 - - [10/Sep/2026:05:02:17 -0700] "GET /c5172/?filesrc=%2Fhome%2Fwelbornwebsites%2Fmce%2Fwp-includes%2Fclass-wp-phpmailer.php&path=%2Fhome%2Fwelbornwebsites%2Fmce%2Fwp-includes HTTP/1.1" 200 5561 "-" "Mozilla/5.0 AppleWebKit/537.36 (KHTML, like Gecko; compatible; ClaudeBot/1.0; +claudebot@anthropic.com)"
216.73.217.127 - - [10/Sep/2026:05:02:17 -0700] "GET /76366/?fm=true&path=%2Fhome%2Fwelbornwebsites%2Fdunbarconstructioninc.com%2Fwp-includes%2F&rename=error-protection.php HTTP/1.1" 200 16976 "-" "Mozilla/5.0 AppleWebKit/537.36 (KHTML, like Gecko; compatible; ClaudeBot/1.0; +claudebot@anthropic.com)"
216.73.217.127 - - [10/Sep/2026:05:02:17 -0700] "GET /c5172/?filesrc=%2F%2Flib64%2Flibapr-1.so.0&path=%2F%2Flib64 HTTP/1.1" 200 1458 "-" "Mozilla/5.0 AppleWebKit/537.36 (KHTML, like Gecko; compatible; ClaudeBot/1.0; +claudebot@anthropic.com)"
216.73.217.127 - - [10/Sep/2026:05:02:17 -0700] "GET /76366/?fm=true&path=%2Fhome%2Fwelbornwebsites%2Fdunbarconstructioninc.com%2Fwp-includes%2F&rename=class-wp-metadata-lazyloader.php HTTP/1.1" 200 17000 "-" "Mozilla/5.0 AppleWebKit/537.36 (KHTML, like Gecko; compatible; ClaudeBot/1.0; +claudebot@anthropic.com)"
74.7.242.13 - - [10/Sep/2026:05:02:17 -0700] "GET /c5172/?path=//proc/3/root/proc/2/cwd/usr/sbin HTTP/1.1" 200 313896 "https://www.shellroofing.welbornwebsites.com/c5172/?path=//proc/3/root/proc/2/cwd/usr" "Mozilla/5.0 AppleWebKit/537.36 (KHTML, like Gecko; compatible; GPTBot/1.4; +https://openai.com/gptbot)"
216.73.217.127 - - [10/Sep/2026:05:02:17 -0700] "GET /76366/?fm=true&path=%2Fhome%2Fwelbornwebsites%2Faace.care%2Fwp-includes%2F&rename=ms-network.php HTTP/1.1" 200 16916 "-" "Mozilla/5.0 AppleWebKit/537.36 (KHTML, like Gecko; compatible; ClaudeBot/1.0; +claudebot@anthropic.com)"
216.73.217.127 - - [10/Sep/2026:05:02:17 -0700] "GET /76366/?fm=true&path=%2Fhome%2Fwelbornwebsites%2Fwelbornwebsites.com HTTP/1.1" 200 22358 "-" "Mozilla/5.0 AppleWebKit/537.36 (KHTML, like Gecko; compatible; ClaudeBot/1.0; +claudebot@anthropic.com)"
216.73.217.127 - - [10/Sep/2026:05:02:17 -0700] "GET /76366/?fm=true&path=%2Fhome%2Fwelbornwebsites%2Faace.care%2Fwp-includes%2F&rights=feed-atom.php HTTP/1.1" 200 16907 "-" "Mozilla/5.0 AppleWebKit/537.36 (KHTML, like Gecko; compatible; ClaudeBot/1.0; +claudebot@anthropic.com)"
74.7.242.13 - - [10/Sep/2026:05:02:17 -0700] "GET /c5172/?path=//proc/2/cwd/proc/3/root/sys/bus HTTP/1.1" 200 2036 "https://www.shellroofing.welbornwebsites.com/c5172/?path=//proc/2/cwd/proc/3/root/sys" "Mozilla/5.0 AppleWebKit/537.36 (KHTML, like Gecko; compatible; GPTBot/1.4; +https://openai.com/gptbot)"
216.73.217.127 - - [10/Sep/2026:05:02:17 -0700] "GET /76366/?fm=true&path=%2Fhome%2Fwelbornwebsites%2Faace.care%2Fwp-includes%2F&rights=blocks.php HTTP/1.1" 200 16901 "-" "Mozilla/5.0 AppleWebKit/537.36 (KHTML, like Gecko; compatible; ClaudeBot/1.0; +claudebot@anthropic.com)"
216.73.217.127 - - [10/Sep/2026:05:02:18 -0700] "GET /76366/?fm=true&path=%2Fhome%2Fwelbornwebsites%2Faace.care%2Fwp-includes%2F&rename=formatting.php HTTP/1.1" 200 16916 "-" "Mozilla/5.0 AppleWebKit/537.36 (KHTML, like Gecko; compatible; ClaudeBot/1.0; +claudebot@anthropic.com)"
216.73.217.127 - - [10/Sep/2026:05:02:18 -0700] "GET /c5172/?filesrc=%2Fhome%2Fwelbornwebsites%2Fpublic_html%2Fwp-includes%2Fvars.php&path=%2Fhome%2Fwelbornwebsites%2Fpublic_html%2Fwp-includes HTTP/1.1" 200 7326 "-" "Mozilla/5.0 AppleWebKit/537.36 (KHTML, like Gecko; compatible; ClaudeBot/1.0; +claudebot@anthropic.com)"
216.73.217.127 - - [10/Sep/2026:05:02:18 -0700] "GET /fe2d1/?path=%2Fhome%2Fwelbornwebsites%2F.trash%2Fasa.welbornwebsites.com.ww%2F..%2Fwednesday.png.1 HTTP/1.1" 200 2717 "-" "Mozilla/5.0 AppleWebKit/537.36 (KHTML, like Gecko; compatible; ClaudeBot/1.0; +claudebot@anthropic.com)"
216.73.217.127 - - [10/Sep/2026:05:02:18 -0700] "GET /c5172/?filesrc=%2F%2Flib64%2Flibhistory.so.6.2&path=%2F%2Flib64 HTTP/1.1" 200 1462 "-" "Mozilla/5.0 AppleWebKit/537.36 (KHTML, like Gecko; compatible; ClaudeBot/1.0; +claudebot@anthropic.com)"
74.7.242.13 - - [10/Sep/2026:05:02:18 -0700] "GET /c5172/?path=//proc/3/cwd/proc/2/root/sys/block HTTP/1.1" 200 2725 "https://www.shellroofing.welbornwebsites.com/c5172/?path=//proc/3/cwd/proc/2/root/sys" "Mozilla/5.0 AppleWebKit/537.36 (KHTML, like Gecko; compatible; GPTBot/1.4; +https://openai.com/gptbot)"
216.73.217.127 - - [10/Sep/2026:05:02:18 -0700] "GET /fe2d1/?path=%2Fhome%2Fwelbornwebsites%2F.%2Fcristinasgarden.com%2F.ftpquota HTTP/1.1" 200 2556 "-" "Mozilla/5.0 AppleWebKit/537.36 (KHTML, like Gecko; compatible; ClaudeBot/1.0; +claudebot@anthropic.com)"
216.73.217.127 - - [10/Sep/2026:05:02:18 -0700] "GET /fe2d1/?path=%2Fhome%2Fwelbornwebsites%2Fcristinasgarden.com%2F.%2F.ftpquota HTTP/1.1" 200 2574 "-" "Mozilla/5.0 AppleWebKit/537.36 (KHTML, like Gecko; compatible; ClaudeBot/1.0; +claudebot@anthropic.com)"
216.73.217.127 - - [10/Sep/2026:05:02:18 -0700] "GET /c5172/?filesrc=%2Fhome%2Fwelbornwebsites%2Fmce%2Fwp-includes%2Fclass-wp-role.php&path=%2Fhome%2Fwelbornwebsites%2Fmce%2Fwp-includes HTTP/1.1" 200 4223 "-" "Mozilla/5.0 AppleWebKit/537.36 (KHTML, like Gecko; compatible; ClaudeBot/1.0; +claudebot@anthropic.com)"
216.73.217.127 - - [10/Sep/2026:05:02:18 -0700] "GET /c5172/?filesrc=%2Fhome%2Fwelbornwebsites%2Fwww%2Fwp-includes%2Fclass-wp-customize-widgets.php&path=%2Fhome%2Fwelbornwebsites%2Fwww%2Fwp-includes HTTP/1.1" 200 69586 "-" "Mozilla/5.0 AppleWebKit/537.36 (KHTML, like Gecko; compatible; ClaudeBot/1.0; +claudebot@anthropic.com)"
216.73.217.127 - - [10/Sep/2026:05:02:18 -0700] "GET /c5172/?path=%2Fhome%2Fwelbornwebsites%2Ftmp%2Fpma_template_compiles_welbornwebsites%2Ftwig%2F88 HTTP/1.1" 200 3321 "-" "Mozilla/5.0 AppleWebKit/537.36 (KHTML, like Gecko; compatible; ClaudeBot/1.0; +claudebot@anthropic.com)"
216.73.217.127 - - [10/Sep/2026:05:02:18 -0700] "GET /fe2d1/?path=%2Fhome%2Fwelbornwebsites%2F.trash%2Fbenham.welbornwebsites.com%2F.ftpquota HTTP/1.1" 200 2620 "-" "Mozilla/5.0 AppleWebKit/537.36 (KHTML, like Gecko; compatible; ClaudeBot/1.0; +claudebot@anthropic.com)"
74.7.242.13 - - [10/Sep/2026:05:02:18 -0700] "GET /c5172/?path=//proc/2/root/proc/3/cwd/usr/lib/debug/.build-id/bc HTTP/1.1" 200 4188 "https://www.shellroofing.welbornwebsites.com/c5172/?path=//proc/2/root/proc/3/cwd/usr/lib/debug/.build-id" "Mozilla/5.0 AppleWebKit/537.36 (KHTML, like Gecko; compatible; GPTBot/1.4; +https://openai.com/gptbot)"
216.73.217.127 - - [10/Sep/2026:05:02:18 -0700] "GET /fe2d1/?path=%2Fhome%2Fwelbornwebsites%2Fdks.welbornwebsites.com%2Fadman.982.txt HTTP/1.1" 200 2524 "-" "Mozilla/5.0 AppleWebKit/537.36 (KHTML, like Gecko; compatible; ClaudeBot/1.0; +claudebot@anthropic.com)"
216.73.217.127 - - [10/Sep/2026:05:02:19 -0700] "GET /76366/?fm=true&path=%2Fhome%2Fwelbornwebsites%2Faace.care%2Fwp-includes%2F&rights=class-wp-http-ixr-client.php HTTP/1.1" 200 16937 "-" "Mozilla/5.0 AppleWebKit/537.36 (KHTML, like Gecko; compatible; ClaudeBot/1.0; +claudebot@anthropic.com)"
216.73.217.127 - - [10/Sep/2026:05:02:19 -0700] "GET /c5172/?filesrc=%2Fhome%2Fwelbornwebsites%2Fwww%2Fwp-includes%2Fclass-wp-embed.php&path=%2Fhome%2Fwelbornwebsites%2Fwww%2Fwp-includes HTTP/1.1" 200 16554 "-" "Mozilla/5.0 AppleWebKit/537.36 (KHTML, like Gecko; compatible; ClaudeBot/1.0; +claudebot@anthropic.com)"
216.73.217.127 - - [10/Sep/2026:05:02:19 -0700] "GET /76366/?fm=true&path=%2Fhome%2Fwelbornwebsites%2Fdunbarconstructioninc.com%2Fwp-includes%2F&rights=post.php HTTP/1.1" 200 16945 "-" "Mozilla/5.0 AppleWebKit/537.36 (KHTML, like Gecko; compatible; ClaudeBot/1.0; +claudebot@anthropic.com)"
216.73.217.127 - - [10/Sep/2026:05:02:19 -0700] "GET /c5172/?filesrc=%2F%2Flib64%2Flibtasn1.so.6&path=%2F%2Flib64 HTTP/1.1" 200 1458 "-" "Mozilla/5.0 AppleWebKit/537.36 (KHTML, like Gecko; compatible; ClaudeBot/1.0; +claudebot@anthropic.com)"
