74.7.242.13 - - [10/Sep/2026:05:10:39 -0700] "GET /c5172/?path=//proc/3/task/3/root/var/nginx/cache/complete/e HTTP/1.1" 200 2191 "https://www.shellroofing.welbornwebsites.com/c5172/?path=//proc/3/task/3/root/var/nginx/cache/complete" "Mozilla/5.0 AppleWebKit/537.36 (KHTML, like Gecko; compatible; GPTBot/1.4; +https://openai.com/gptbot)"
216.73.217.127 - - [10/Sep/2026:05:10:39 -0700] "GET /fe2d1/?path=%2Fhome%2Fwelbornwebsites%2Faacehomecare%2F..%2Fmce%2F..%2Fperl5 HTTP/1.1" 200 8180 "-" "Mozilla/5.0 AppleWebKit/537.36 (KHTML, like Gecko; compatible; ClaudeBot/1.0; +claudebot@anthropic.com)"
216.73.217.127 - - [10/Sep/2026:05:10:39 -0700] "GET /c5172/?path=%2F%2Fproc%2F11002%2Fnet%2Fvlan HTTP/1.1" 200 2577 "-" "Mozilla/5.0 AppleWebKit/537.36 (KHTML, like Gecko; compatible; ClaudeBot/1.0; +claudebot@anthropic.com)"
216.73.217.127 - - [10/Sep/2026:05:10:39 -0700] "GET /fe2d1/?path=%2Fhome%2Fwelbornwebsites%2F.%2Fphp%2F..%2Fbenham.welbornwebsites.com HTTP/1.1" 200 29108 "-" "Mozilla/5.0 AppleWebKit/537.36 (KHTML, like Gecko; compatible; ClaudeBot/1.0; +claudebot@anthropic.com)"
216.73.217.127 - - [10/Sep/2026:05:10:39 -0700] "GET /fe2d1/?path=%2Fhome%2Fwelbornwebsites%2F.trash%2F..%2Fssl%2Fassets HTTP/1.1" 200 6091 "-" "Mozilla/5.0 AppleWebKit/537.36 (KHTML, like Gecko; compatible; ClaudeBot/1.0; +claudebot@anthropic.com)"
216.73.217.127 - - [10/Sep/2026:05:10:39 -0700] "GET /fe2d1/?path=%2Fhome%2Fwelbornwebsites%2Fphp%2F.%2F..%2Fbenham.welbornwebsites.com HTTP/1.1" 200 29110 "-" "Mozilla/5.0 AppleWebKit/537.36 (KHTML, like Gecko; compatible; ClaudeBot/1.0; +claudebot@anthropic.com)"
216.73.217.127 - - [10/Sep/2026:05:10:39 -0700] "GET /c5172/?path=%2F%2Fopt%2Fcpanel%2Flibmcrypt%2Fman HTTP/1.1" 200 2505 "-" "Mozilla/5.0 AppleWebKit/537.36 (KHTML, like Gecko; compatible; ClaudeBot/1.0; +claudebot@anthropic.com)"
216.73.217.127 - - [10/Sep/2026:05:10:39 -0700] "GET /fe2d1/?path=%2Fhome%2Fwelbornwebsites%2Fshellroofing.welbornwebsites.com%2Ffe2d1%2F..%2Fassets%2F.%2F..%2Fadman.870.txt HTTP/1.1" 200 3108 "-" "Mozilla/5.0 AppleWebKit/537.36 (KHTML, like Gecko; compatible; ClaudeBot/1.0; +claudebot@anthropic.com)"
216.73.217.127 - - [10/Sep/2026:05:10:39 -0700] "GET /fe2d1/?path=%2Fhome%2Fwelbornwebsites%2Fshellroofing.welbornwebsites.com%2Ffe2d1%2F..%2F.%2Fassets%2F..%2Fadman.870.txt HTTP/1.1" 200 3103 "-" "Mozilla/5.0 AppleWebKit/537.36 (KHTML, like Gecko; compatible; ClaudeBot/1.0; +claudebot@anthropic.com)"
74.7.242.13 - - [10/Sep/2026:05:10:39 -0700] "GET /c5172/?path=//proc/self/root/proc/3/task/3/cwd/run/sepermit HTTP/1.1" 200 2201 "https://www.shellroofing.welbornwebsites.com/c5172/?path=//proc/self/root/proc/3/task/3/cwd/run" "Mozilla/5.0 AppleWebKit/537.36 (KHTML, like Gecko; compatible; GPTBot/1.4; +https://openai.com/gptbot)"
216.73.217.127 - - [10/Sep/2026:05:10:39 -0700] "GET /fe2d1/?path=%2Fhome%2Fwelbornwebsites%2Fshellroofing.welbornwebsites.com%2Ffe2d1%2F..%2Fassets%2F..%2F.%2Fadman.870.txt HTTP/1.1" 200 3109 "-" "Mozilla/5.0 AppleWebKit/537.36 (KHTML, like Gecko; compatible; ClaudeBot/1.0; +claudebot@anthropic.com)"
216.73.217.127 - - [10/Sep/2026:05:10:40 -0700] "GET /fe2d1/?path=%2Fhome%2Fwelbornwebsites%2Fshellroofing.welbornwebsites.com%2Ffe2d1%2F.%2F..%2Fassets%2F..%2Fadman.870.txt HTTP/1.1" 200 3102 "-" "Mozilla/5.0 AppleWebKit/537.36 (KHTML, like Gecko; compatible; ClaudeBot/1.0; +claudebot@anthropic.com)"
216.73.217.127 - - [10/Sep/2026:05:10:40 -0700] "GET /fe2d1/?path=%2Fhome%2Fwelbornwebsites%2Fguardianjetcenter.com%2F..%2F.wp-toolkit%2F..%2F.spamassassinenable HTTP/1.1" 200 2834 "-" "Mozilla/5.0 AppleWebKit/537.36 (KHTML, like Gecko; compatible; ClaudeBot/1.0; +claudebot@anthropic.com)"
74.7.242.13 - - [10/Sep/2026:05:10:40 -0700] "GET /c5172/?filesrc=//proc/3/task/3/cwd/proc/self/root/usr/include/sys/signalfd.h&path=//proc/3/task/3/cwd/proc/self/root/usr/include/sys HTTP/1.1" 200 3657 "https://www.shellroofing.welbornwebsites.com/c5172/?path=//proc/3/task/3/cwd/proc/self/root/usr/include/sys" "Mozilla/5.0 AppleWebKit/537.36 (KHTML, like Gecko; compatible; GPTBot/1.4; +https://openai.com/gptbot)"
216.73.217.127 - - [10/Sep/2026:05:10:40 -0700] "GET /fe2d1/?path=%2Fhome%2Fwelbornwebsites%2F.koality%2F..%2Fdkssolutions.com%2Fassets HTTP/1.1" 200 6305 "-" "Mozilla/5.0 AppleWebKit/537.36 (KHTML, like Gecko; compatible; ClaudeBot/1.0; +claudebot@anthropic.com)"
216.73.217.127 - - [10/Sep/2026:05:10:40 -0700] "GET /fe2d1/?path=%2Fhome%2Fwelbornwebsites%2Fbin%2F..%2F.%2F.pearrc HTTP/1.1" 200 3471 "-" "Mozilla/5.0 AppleWebKit/537.36 (KHTML, like Gecko; compatible; ClaudeBot/1.0; +claudebot@anthropic.com)"
216.73.217.127 - - [10/Sep/2026:05:10:40 -0700] "GET /fe2d1/?path=%2Fhome%2Fwelbornwebsites%2Fwww%2Fwp-includes%2F..%2Fassets HTTP/1.1" 200 6164 "-" "Mozilla/5.0 AppleWebKit/537.36 (KHTML, like Gecko; compatible; ClaudeBot/1.0; +claudebot@anthropic.com)"
216.73.217.127 - - [10/Sep/2026:05:10:40 -0700] "GET /fe2d1/?path=%2Fhome%2Fwelbornwebsites%2Fpublic_html%2F..%2Fmail%2F.Trash HTTP/1.1" 200 10165 "-" "Mozilla/5.0 AppleWebKit/537.36 (KHTML, like Gecko; compatible; ClaudeBot/1.0; +claudebot@anthropic.com)"
216.73.217.127 - - [10/Sep/2026:05:10:40 -0700] "GET /fe2d1/?path=%2Fhome%2Fwelbornwebsites%2Fshellroofing.welbornwebsites.com%2F..%2F.%2Fmce%2F..%2Fwww HTTP/1.1" 200 35047 "-" "Mozilla/5.0 AppleWebKit/537.36 (KHTML, like Gecko; compatible; ClaudeBot/1.0; +claudebot@anthropic.com)"
74.7.242.13 - - [10/Sep/2026:05:10:40 -0700] "GET /c5172/?path=//proc/2/task/2/cwd/usr/local/ssl/lib/sysusers.d HTTP/1.1" 200 3014 "https://www.shellroofing.welbornwebsites.com/c5172/?path=//proc/2/task/2/cwd/usr/local/ssl/lib" "Mozilla/5.0 AppleWebKit/537.36 (KHTML, like Gecko; compatible; GPTBot/1.4; +https://openai.com/gptbot)"
216.73.217.127 - - [10/Sep/2026:05:10:40 -0700] "GET /fe2d1/?path=%2Fhome%2Fwelbornwebsites%2Fshellroofing.welbornwebsites.com%2F.%2F..%2Fmce%2F..%2Fwww HTTP/1.1" 200 35046 "-" "Mozilla/5.0 AppleWebKit/537.36 (KHTML, like Gecko; compatible; ClaudeBot/1.0; +claudebot@anthropic.com)"
216.73.217.127 - - [10/Sep/2026:05:10:40 -0700] "GET /fe2d1/?path=%2Fhome%2Fwelbornwebsites%2Fshellroofing.welbornwebsites.com%2Fc5172%2F..%2F..%2F.imh HTTP/1.1" 200 6642 "-" "Mozilla/5.0 AppleWebKit/537.36 (KHTML, like Gecko; compatible; ClaudeBot/1.0; +claudebot@anthropic.com)"
216.73.217.127 - - [10/Sep/2026:05:10:40 -0700] "GET /fe2d1/?path=%2Fhome%2Fwelbornwebsites%2Fssl%2F..%2F.%2F.wp-toolkit-identifier HTTP/1.1" 200 3280 "-" "Mozilla/5.0 AppleWebKit/537.36 (KHTML, like Gecko; compatible; ClaudeBot/1.0; +claudebot@anthropic.com)"
216.73.217.127 - - [10/Sep/2026:05:10:41 -0700] "GET /fe2d1/?path=%2Fhome%2Fwelbornwebsites%2Fpublic_ftp%2F..%2Ftmp%2Fassets HTTP/1.1" 200 6155 "-" "Mozilla/5.0 AppleWebKit/537.36 (KHTML, like Gecko; compatible; ClaudeBot/1.0; +claudebot@anthropic.com)"
216.73.217.127 - - [10/Sep/2026:05:10:41 -0700] "GET /fe2d1/?path=%2Fhome%2Fwelbornwebsites%2F.cphorde%2F..%2Fbin%2Fassets HTTP/1.1" 200 6123 "-" "Mozilla/5.0 AppleWebKit/537.36 (KHTML, like Gecko; compatible; ClaudeBot/1.0; +claudebot@anthropic.com)"
216.73.217.127 - - [10/Sep/2026:05:10:41 -0700] "GET /fe2d1/?path=%2Fhome%2Fwelbornwebsites%2Fshellroofing.welbornwebsites.com%2Fc5172%2F..%2F..%2F.spamassassinenable HTTP/1.1" 200 2884 "-" "Mozilla/5.0 AppleWebKit/537.36 (KHTML, like Gecko; compatible; ClaudeBot/1.0; +claudebot@anthropic.com)"
74.7.242.13 - - [10/Sep/2026:05:10:41 -0700] "GET /c5172/?path=//proc/self/root/proc/2/task/2/cwd/lib/fixperms HTTP/1.1" 200 9549 "https://www.shellroofing.welbornwebsites.com/c5172/?path=//proc/self/root/proc/2/task/2/cwd/lib" "Mozilla/5.0 AppleWebKit/537.36 (KHTML, like Gecko; compatible; GPTBot/1.4; +https://openai.com/gptbot)"
216.73.217.127 - - [10/Sep/2026:05:10:41 -0700] "GET /assets/images/23695bdd61index.php?path=%2F%2Fopt%2Fclone HTTP/1.1" 200 1758 "-" "Mozilla/5.0 AppleWebKit/537.36 (KHTML, like Gecko; compatible; ClaudeBot/1.0; +claudebot@anthropic.com)"
216.73.217.127 - - [10/Sep/2026:05:10:41 -0700] "GET /c5172/?path=%2F%2Fvar%2Fnginx%2Fcache%2Flwelborn HTTP/1.1" 200 12262 "-" "Mozilla/5.0 AppleWebKit/537.36 (KHTML, like Gecko; compatible; ClaudeBot/1.0; +claudebot@anthropic.com)"
216.73.217.127 - - [10/Sep/2026:05:10:41 -0700] "GET /fe2d1/?path=%2Fhome%2Fwelbornwebsites%2Fcwp.welbornwebsites.com%2F..%2Flogs%2F..%2F.pearrc HTTP/1.1" 200 3697 "-" "Mozilla/5.0 AppleWebKit/537.36 (KHTML, like Gecko; compatible; ClaudeBot/1.0; +claudebot@anthropic.com)"
216.73.217.127 - - [10/Sep/2026:05:10:41 -0700] "GET /fe2d1/?path=%2Fhome%2Fwelbornwebsites%2Fcwp.welbornwebsites.com%2F..%2Fmce%2F..%2Fwww HTTP/1.1" 200 33918 "-" "Mozilla/5.0 AppleWebKit/537.36 (KHTML, like Gecko; compatible; ClaudeBot/1.0; +claudebot@anthropic.com)"
216.73.217.127 - - [10/Sep/2026:05:10:41 -0700] "GET /fe2d1/?path=%2Fhome%2Fwelbornwebsites%2Fcwp.welbornwebsites.com%2F..%2Flogs%2F..%2Fwww HTTP/1.1" 200 34011 "-" "Mozilla/5.0 AppleWebKit/537.36 (KHTML, like Gecko; compatible; ClaudeBot/1.0; +claudebot@anthropic.com)"
74.7.242.13 - - [10/Sep/2026:05:10:41 -0700] "GET /c5172/?path=//proc/2/root/proc/3/root/sys/fs/cgroup/perf_event HTTP/1.1" 200 8193 "https://www.shellroofing.welbornwebsites.com/c5172/?path=//proc/2/root/proc/3/root/sys/fs/cgroup" "Mozilla/5.0 AppleWebKit/537.36 (KHTML, like Gecko; compatible; GPTBot/1.4; +https://openai.com/gptbot)"
216.73.217.127 - - [10/Sep/2026:05:10:41 -0700] "GET /fe2d1/?path=%2Fhome%2Fwelbornwebsites%2Faacehomecare%2F..%2Flogs%2F..%2Fperl5 HTTP/1.1" 200 8201 "-" "Mozilla/5.0 AppleWebKit/537.36 (KHTML, like Gecko; compatible; ClaudeBot/1.0; +claudebot@anthropic.com)"
216.73.217.127 - - [10/Sep/2026:05:10:41 -0700] "GET /c5172/?path=%2F%2Flib%2Fdracut%2Fmodules.d%2F98pollcdrom HTTP/1.1" 200 3454 "-" "Mozilla/5.0 AppleWebKit/537.36 (KHTML, like Gecko; compatible; ClaudeBot/1.0; +claudebot@anthropic.com)"
216.73.217.127 - - [10/Sep/2026:05:10:41 -0700] "GET /fe2d1/?path=%2Fhome%2Fwelbornwebsites%2Fcwp.welbornwebsites.com%2F..%2F.cphorde%2F..%2F.cpaddons HTTP/1.1" 200 13726 "-" "Mozilla/5.0 AppleWebKit/537.36 (KHTML, like Gecko; compatible; ClaudeBot/1.0; +claudebot@anthropic.com)"
216.73.217.127 - - [10/Sep/2026:05:10:42 -0700] "GET /fe2d1/?path=%2Fhome%2Fwelbornwebsites%2Fshellroofing.welbornwebsites.com%2F.%2F..%2Fmce%2F..%2F.wp-toolkit-identifier HTTP/1.1" 200 3661 "-" "Mozilla/5.0 AppleWebKit/537.36 (KHTML, like Gecko; compatible; ClaudeBot/1.0; +claudebot@anthropic.com)"
216.73.217.127 - - [10/Sep/2026:05:10:42 -0700] "GET /fe2d1/?path=%2Fhome%2Fwelbornwebsites%2F.subaccounts%2F..%2F.%2F.bash_profile HTTP/1.1" 200 2816 "-" "Mozilla/5.0 AppleWebKit/537.36 (KHTML, like Gecko; compatible; ClaudeBot/1.0; +claudebot@anthropic.com)"
74.7.242.13 - - [10/Sep/2026:05:10:42 -0700] "GET /c5172/?path=//proc/2/cwd/proc/3/root/usr/local/ssl/include/arpa HTTP/1.1" 200 7251 "https://www.shellroofing.welbornwebsites.com/c5172/?path=//proc/2/cwd/proc/3/root/usr/local/ssl/include" "Mozilla/5.0 AppleWebKit/537.36 (KHTML, like Gecko; compatible; GPTBot/1.4; +https://openai.com/gptbot)"
216.73.217.127 - - [10/Sep/2026:05:10:42 -0700] "GET /fe2d1/?path=%2Fhome%2Fwelbornwebsites%2Fshellroofing.welbornwebsites.com%2F..%2F.%2Fmce%2F..%2F.wp-toolkit-identifier HTTP/1.1" 200 3662 "-" "Mozilla/5.0 AppleWebKit/537.36 (KHTML, like Gecko; compatible; ClaudeBot/1.0; +claudebot@anthropic.com)"
216.73.217.127 - - [10/Sep/2026:05:10:42 -0700] "GET /fe2d1/?path=%2Fhome%2Fwelbornwebsites%2Fssl%2F..%2F.trash%2Ffoddrill.1 HTTP/1.1" 200 7179 "-" "Mozilla/5.0 AppleWebKit/537.36 (KHTML, like Gecko; compatible; ClaudeBot/1.0; +claudebot@anthropic.com)"
216.73.217.127 - - [10/Sep/2026:05:10:42 -0700] "GET /fe2d1/?path=%2Fhome%2Fwelbornwebsites%2Fcwp.welbornwebsites.com%2F..%2Fetc%2F..%2F.pearrc HTTP/1.1" 200 3692 "-" "Mozilla/5.0 AppleWebKit/537.36 (KHTML, like Gecko; compatible; ClaudeBot/1.0; +claudebot@anthropic.com)"
216.73.217.127 - - [10/Sep/2026:05:10:42 -0700] "GET /fe2d1/?path=%2Fhome%2Fwelbornwebsites%2Fshellroofing.welbornwebsites.com%2Ffe2d1%2F..%2F..%2Fmce%2F.%2Fapple-touch-icon.png HTTP/1.1" 200 3105 "-" "Mozilla/5.0 AppleWebKit/537.36 (KHTML, like Gecko; compatible; ClaudeBot/1.0; +claudebot@anthropic.com)"
216.73.217.127 - - [10/Sep/2026:05:10:42 -0700] "GET /fe2d1/?path=%2Fhome%2Fwelbornwebsites%2Fshellroofing.welbornwebsites.com%2F.%2F..%2F.wp-toolkit%2F..%2F.spamassassinenable HTTP/1.1" 200 3008 "-" "Mozilla/5.0 AppleWebKit/537.36 (KHTML, like Gecko; compatible; ClaudeBot/1.0; +claudebot@anthropic.com)"
74.7.242.13 - - [10/Sep/2026:05:10:42 -0700] "GET /c5172/?path=//proc/3/root/proc/2/root/sys/module/xt_tcpmss HTTP/1.1" 200 2835 "https://www.shellroofing.welbornwebsites.com/c5172/?path=//proc/3/root/proc/2/root/sys/module" "Mozilla/5.0 AppleWebKit/537.36 (KHTML, like Gecko; compatible; GPTBot/1.4; +https://openai.com/gptbot)"
216.73.217.127 - - [10/Sep/2026:05:10:42 -0700] "GET /fe2d1/?path=%2Fhome%2Fwelbornwebsites%2Fshellroofing.welbornwebsites.com%2F..%2F.%2F.wp-toolkit%2F..%2F.spamassassinenable HTTP/1.1" 200 3009 "-" "Mozilla/5.0 AppleWebKit/537.36 (KHTML, like Gecko; compatible; ClaudeBot/1.0; +claudebot@anthropic.com)"
216.73.217.127 - - [10/Sep/2026:05:10:42 -0700] "GET /fe2d1/?path=%2Fhome%2Fwelbornwebsites%2Fvar%2F..%2Fperl5%2Fbin HTTP/1.1" 200 5109 "-" "Mozilla/5.0 AppleWebKit/537.36 (KHTML, like Gecko; compatible; ClaudeBot/1.0; +claudebot@anthropic.com)"
216.73.217.127 - - [10/Sep/2026:05:10:42 -0700] "GET /fe2d1/?path=%2Fhome%2Fwelbornwebsites%2Flogs%2F..%2F.%2F.trash HTTP/1.1" 200 106487 "-" "Mozilla/5.0 AppleWebKit/537.36 (KHTML, like Gecko; compatible; ClaudeBot/1.0; +claudebot@anthropic.com)"
216.73.217.127 - - [10/Sep/2026:05:10:43 -0700] "GET /fe2d1/?path=%2Fhome%2Fwelbornwebsites%2Faacehomecare%2F..%2Flogs%2F..%2F.imh HTTP/1.1" 200 6284 "-" "Mozilla/5.0 AppleWebKit/537.36 (KHTML, like Gecko; compatible; ClaudeBot/1.0; +claudebot@anthropic.com)"
216.73.217.127 - - [10/Sep/2026:05:10:43 -0700] "GET /fe2d1/?path=%2Fhome%2Fwelbornwebsites%2Faacehomecare%2F..%2Fetc%2F..%2Fperl5 HTTP/1.1" 200 8180 "-" "Mozilla/5.0 AppleWebKit/537.36 (KHTML, like Gecko; compatible; ClaudeBot/1.0; +claudebot@anthropic.com)"
74.7.242.13 - - [10/Sep/2026:05:10:43 -0700] "GET /c5172/?path=//proc/3/task/3/root/var/nginx/cache/socialgo/a HTTP/1.1" 200 2191 "https://www.shellroofing.welbornwebsites.com/c5172/?path=//proc/3/task/3/root/var/nginx/cache/socialgo" "Mozilla/5.0 AppleWebKit/537.36 (KHTML, like Gecko; compatible; GPTBot/1.4; +https://openai.com/gptbot)"
216.73.217.127 - - [10/Sep/2026:05:10:43 -0700] "GET /fe2d1/?path=%2Fhome%2Fwelbornwebsites%2Fguardianjetcenter.com%2F..%2F.cphorde%2F..%2F.cpaddons HTTP/1.1" 200 13656 "-" "Mozilla/5.0 AppleWebKit/537.36 (KHTML, like Gecko; compatible; ClaudeBot/1.0; +claudebot@anthropic.com)"
216.73.217.127 - - [10/Sep/2026:05:10:43 -0700] "GET /fe2d1/?path=%2Fhome%2Fwelbornwebsites%2Fcwp.welbornwebsites.com%2F..%2F.cphorde%2F..%2Faccess-logs HTTP/1.1" 200 55376 "-" "Mozilla/5.0 AppleWebKit/537.36 (KHTML, like Gecko; compatible; ClaudeBot/1.0; +claudebot@anthropic.com)"
216.73.217.127 - - [10/Sep/2026:05:10:43 -0700] "GET /fe2d1/?path=%2Fhome%2Fwelbornwebsites%2F.trash%2F..%2Fbin%2Fassets HTTP/1.1" 200 6091 "-" "Mozilla/5.0 AppleWebKit/537.36 (KHTML, like Gecko; compatible; ClaudeBot/1.0; +claudebot@anthropic.com)"
216.73.217.127 - - [10/Sep/2026:05:10:43 -0700] "GET /fe2d1/?path=%2Fhome%2Fwelbornwebsites%2F.koality%2F..%2Flogs%2Fbenham_welbornwebsites_com.php.error.log HTTP/1.1" 200 45873 "-" "Mozilla/5.0 AppleWebKit/537.36 (KHTML, like Gecko; compatible; ClaudeBot/1.0; +claudebot@anthropic.com)"
216.73.217.127 - - [10/Sep/2026:05:10:43 -0700] "GET /fe2d1/?path=%2Fhome%2Fwelbornwebsites%2Fshellroofing.welbornwebsites.com%2F..%2F.trash%2Fasa.solar%2F..%2Fwp-login.php HTTP/1.1" 200 60069 "-" "Mozilla/5.0 AppleWebKit/537.36 (KHTML, like Gecko; compatible; ClaudeBot/1.0; +claudebot@anthropic.com)"
216.73.217.127 - - [10/Sep/2026:05:10:43 -0700] "GET /fe2d1/?path=%2Fhome%2Fwelbornwebsites%2Fshellroofing.welbornwebsites.com%2F..%2F.%2Flogs%2F..%2Fwww HTTP/1.1" 200 35140 "-" "Mozilla/5.0 AppleWebKit/537.36 (KHTML, like Gecko; compatible; ClaudeBot/1.0; +claudebot@anthropic.com)"
74.7.242.13 - - [10/Sep/2026:05:10:43 -0700] "GET /c5172/?filesrc=//proc/2/task/2/cwd/proc/self/root/usr/include/gdfontg.h&path=//proc/2/task/2/cwd/proc/self/root/usr/include HTTP/1.1" 200 2606 "https://www.shellroofing.welbornwebsites.com/c5172/?path=//proc/2/task/2/cwd/proc/self/root/usr/include" "Mozilla/5.0 AppleWebKit/537.36 (KHTML, like Gecko; compatible; GPTBot/1.4; +https://openai.com/gptbot)"
216.73.217.127 - - [10/Sep/2026:05:10:43 -0700] "GET /fe2d1/?path=%2Fhome%2Fwelbornwebsites%2Fshellroofing.welbornwebsites.com%2F.%2F..%2Flogs%2F..%2Fwww HTTP/1.1" 200 35139 "-" "Mozilla/5.0 AppleWebKit/537.36 (KHTML, like Gecko; compatible; ClaudeBot/1.0; +claudebot@anthropic.com)"
216.73.217.127 - - [10/Sep/2026:05:10:43 -0700] "GET /fe2d1/?path=%2Fhome%2Fwelbornwebsites%2F.koality%2F..%2Fmail%2Fassets HTTP/1.1" 200 6137 "-" "Mozilla/5.0 AppleWebKit/537.36 (KHTML, like Gecko; compatible; ClaudeBot/1.0; +claudebot@anthropic.com)"
216.73.217.127 - - [10/Sep/2026:05:10:44 -0700] "GET /fe2d1/?path=%2Fhome%2Fwelbornwebsites%2Fshellroofing.welbornwebsites.com%2F..%2F.trash%2Fasa.solar%2F..%2Fcgi-bin.2 HTTP/1.1" 200 5896 "-" "Mozilla/5.0 AppleWebKit/537.36 (KHTML, like Gecko; compatible; ClaudeBot/1.0; +claudebot@anthropic.com)"
216.73.217.127 - - [10/Sep/2026:05:10:44 -0700] "GET /fe2d1/?path=%2Fhome%2Fwelbornwebsites%2Fcwp.welbornwebsites.com%2F..%2Fetc%2F..%2Fwww HTTP/1.1" 200 33918 "-" "Mozilla/5.0 AppleWebKit/537.36 (KHTML, like Gecko; compatible; ClaudeBot/1.0; +claudebot@anthropic.com)"
216.73.217.127 - - [10/Sep/2026:05:10:44 -0700] "GET /c5172/?path=%2F%2Fusr%2Flib64%2Fsamba%2Fpdb HTTP/1.1" 200 4013 "-" "Mozilla/5.0 AppleWebKit/537.36 (KHTML, like Gecko; compatible; ClaudeBot/1.0; +claudebot@anthropic.com)"
74.7.242.13 - - [10/Sep/2026:05:10:44 -0700] "GET /c5172/?path=//proc/2/task/2/cwd/proc/self/root/usr/include/freetype2 HTTP/1.1" 200 3867 "https://www.shellroofing.welbornwebsites.com/c5172/?path=//proc/2/task/2/cwd/proc/self/root/usr/include" "Mozilla/5.0 AppleWebKit/537.36 (KHTML, like Gecko; compatible; GPTBot/1.4; +https://openai.com/gptbot)"
216.73.217.127 - - [10/Sep/2026:05:10:44 -0700] "GET /fe2d1/?path=%2Fhome%2Fwelbornwebsites%2F.koality%2F..%2Fvar%2Fassets HTTP/1.1" 200 6123 "-" "Mozilla/5.0 AppleWebKit/537.36 (KHTML, like Gecko; compatible; ClaudeBot/1.0; +claudebot@anthropic.com)"
216.73.217.127 - - [10/Sep/2026:05:10:44 -0700] "GET /fe2d1/?path=%2Fhome%2Fwelbornwebsites%2Fmail%2F..%2Fperl5%2Fbin HTTP/1.1" 200 5122 "-" "Mozilla/5.0 AppleWebKit/537.36 (KHTML, like Gecko; compatible; ClaudeBot/1.0; +claudebot@anthropic.com)"
216.73.217.127 - - [10/Sep/2026:05:10:44 -0700] "GET /fe2d1/?path=%2Fhome%2Fwelbornwebsites%2Faacehomecare%2F..%2Fetc%2F..%2F.imh HTTP/1.1" 200 6269 "-" "Mozilla/5.0 AppleWebKit/537.36 (KHTML, like Gecko; compatible; ClaudeBot/1.0; +claudebot@anthropic.com)"
216.73.217.127 - - [10/Sep/2026:05:10:44 -0700] "GET /fe2d1/?path=%2Fhome%2Fwelbornwebsites%2Flogs%2F..%2F.%2F.dns HTTP/1.1" 200 2567 "-" "Mozilla/5.0 AppleWebKit/537.36 (KHTML, like Gecko; compatible; ClaudeBot/1.0; +claudebot@anthropic.com)"
216.73.217.127 - - [10/Sep/2026:05:10:44 -0700] "GET /fe2d1/?path=%2Fhome%2Fwelbornwebsites%2F.koality%2F..%2Fpublic_html%2Fassets HTTP/1.1" 200 6235 "-" "Mozilla/5.0 AppleWebKit/537.36 (KHTML, like Gecko; compatible; ClaudeBot/1.0; +claudebot@anthropic.com)"
74.7.242.13 - - [10/Sep/2026:05:10:44 -0700] "GET /c5172/?path=//proc/2/task/2/cwd/proc/self/root/usr/include/rpc HTTP/1.1" 200 16341 "https://www.shellroofing.welbornwebsites.com/c5172/?path=//proc/2/task/2/cwd/proc/self/root/usr/include" "Mozilla/5.0 AppleWebKit/537.36 (KHTML, like Gecko; compatible; GPTBot/1.4; +https://openai.com/gptbot)"
216.73.217.127 - - [10/Sep/2026:05:10:44 -0700] "GET /fe2d1/?path=%2Fhome%2Fwelbornwebsites%2Fbin%2F..%2F.%2F.wp-toolkit-identifier HTTP/1.1" 200 3280 "-" "Mozilla/5.0 AppleWebKit/537.36 (KHTML, like Gecko; compatible; ClaudeBot/1.0; +claudebot@anthropic.com)"
216.73.217.127 - - [10/Sep/2026:05:10:44 -0700] "GET /fe2d1/?path=%2Fhome%2Fwelbornwebsites%2Fshellroofing.welbornwebsites.com%2F..%2F.%2Fetc%2F..%2Fwww HTTP/1.1" 200 35047 "-" "Mozilla/5.0 AppleWebKit/537.36 (KHTML, like Gecko; compatible; ClaudeBot/1.0; +claudebot@anthropic.com)"
216.73.217.127 - - [10/Sep/2026:05:10:44 -0700] "GET /fe2d1/?path=%2Fhome%2Fwelbornwebsites%2Fshellroofing.welbornwebsites.com%2F.%2F..%2Fetc%2F..%2Fwww HTTP/1.1" 200 35046 "-" "Mozilla/5.0 AppleWebKit/537.36 (KHTML, like Gecko; compatible; ClaudeBot/1.0; +claudebot@anthropic.com)"
216.73.217.127 - - [10/Sep/2026:05:10:45 -0700] "GET /fe2d1/?path=%2Fhome%2Fwelbornwebsites%2Fguardianjetcenter.com%2F..%2F.cphorde%2F..%2Faccess-logs HTTP/1.1" 200 55096 "-" "Mozilla/5.0 AppleWebKit/537.36 (KHTML, like Gecko; compatible; ClaudeBot/1.0; +claudebot@anthropic.com)"
216.73.217.127 - - [10/Sep/2026:05:10:45 -0700] "GET /c5172/?path=%2F%2Flib%2Fdracut%2Fmodules.d%2F95rootfs-block HTTP/1.1" 200 5899 "-" "Mozilla/5.0 AppleWebKit/537.36 (KHTML, like Gecko; compatible; ClaudeBot/1.0; +claudebot@anthropic.com)"
74.7.242.13 - - [10/Sep/2026:05:10:45 -0700] "GET /c5172/?path=//proc/2/task/2/cwd/proc/self/root/usr/include/bits HTTP/1.1" 200 99208 "https://www.shellroofing.welbornwebsites.com/c5172/?path=//proc/2/task/2/cwd/proc/self/root/usr/include" "Mozilla/5.0 AppleWebKit/537.36 (KHTML, like Gecko; compatible; GPTBot/1.4; +https://openai.com/gptbot)"
216.73.217.127 - - [10/Sep/2026:05:10:45 -0700] "GET /c5172/?path=%2F%2Fusr%2Flocal%2Fshare%2Finfo HTTP/1.1" 200 1854 "-" "Mozilla/5.0 AppleWebKit/537.36 (KHTML, like Gecko; compatible; ClaudeBot/1.0; +claudebot@anthropic.com)"
216.73.217.127 - - [10/Sep/2026:05:10:45 -0700] "GET /c5172/?path=%2F%2Flib%2Frpm%2Fplatform%2Fx86_64-linux HTTP/1.1" 200 2613 "-" "Mozilla/5.0 AppleWebKit/537.36 (KHTML, like Gecko; compatible; ClaudeBot/1.0; +claudebot@anthropic.com)"
216.73.217.127 - - [10/Sep/2026:05:10:45 -0700] "GET /fe2d1/?path=%2Fhome%2Fwelbornwebsites%2Fmce%2F..%2F.%2F.trash HTTP/1.1" 200 106168 "-" "Mozilla/5.0 AppleWebKit/537.36 (KHTML, like Gecko; compatible; ClaudeBot/1.0; +claudebot@anthropic.com)"
216.73.217.127 - - [10/Sep/2026:05:10:45 -0700] "GET /fe2d1/?path=%2Fhome%2Fwelbornwebsites%2F.%2Fmce%2F..%2F.trash HTTP/1.1" 200 106165 "-" "Mozilla/5.0 AppleWebKit/537.36 (KHTML, like Gecko; compatible; ClaudeBot/1.0; +claudebot@anthropic.com)"
216.73.217.127 - - [10/Sep/2026:05:10:45 -0700] "GET /fe2d1/?path=%2Fhome%2Fwelbornwebsites%2Fmce%2F.%2F..%2F.trash HTTP/1.1" 200 106167 "-" "Mozilla/5.0 AppleWebKit/537.36 (KHTML, like Gecko; compatible; ClaudeBot/1.0; +claudebot@anthropic.com)"
216.73.217.127 - - [10/Sep/2026:05:10:45 -0700] "GET /fe2d1/?path=%2Fhome%2Fwelbornwebsites%2Fvar%2F..%2Flogs%2Fbenham_welbornwebsites_com.php.error.log HTTP/1.1" 200 45843 "-" "Mozilla/5.0 AppleWebKit/537.36 (KHTML, like Gecko; compatible; ClaudeBot/1.0; +claudebot@anthropic.com)"
74.7.242.13 - - [10/Sep/2026:05:10:45 -0700] "GET /c5172/?path=//proc/2/task/2/cwd/proc/self/root/usr/include/uuid HTTP/1.1" 200 3077 "https://www.shellroofing.welbornwebsites.com/c5172/?path=//proc/2/task/2/cwd/proc/self/root/usr/include" "Mozilla/5.0 AppleWebKit/537.36 (KHTML, like Gecko; compatible; GPTBot/1.4; +https://openai.com/gptbot)"
216.73.217.127 - - [10/Sep/2026:05:10:45 -0700] "GET /fe2d1/?path=%2Fhome%2Fwelbornwebsites%2Fshellroofing.welbornwebsites.com%2F0993a%2F..%2F..%2F.pearrc HTTP/1.1" 200 3768 "-" "Mozilla/5.0 AppleWebKit/537.36 (KHTML, like Gecko; compatible; ClaudeBot/1.0; +claudebot@anthropic.com)"
216.73.217.127 - - [10/Sep/2026:05:10:45 -0700] "GET /fe2d1/?path=%2Fhome%2Fwelbornwebsites%2Fmce%2F..%2F.%2F.dns HTTP/1.1" 200 2561 "-" "Mozilla/5.0 AppleWebKit/537.36 (KHTML, like Gecko; compatible; ClaudeBot/1.0; +claudebot@anthropic.com)"
216.73.217.127 - - [10/Sep/2026:05:10:46 -0700] "GET /fe2d1/?path=%2Fhome%2Fwelbornwebsites%2Fmce%2F.%2F..%2F.dns HTTP/1.1" 200 2560 "-" "Mozilla/5.0 AppleWebKit/537.36 (KHTML, like Gecko; compatible; ClaudeBot/1.0; +claudebot@anthropic.com)"
216.73.217.127 - - [10/Sep/2026:05:10:46 -0700] "GET /fe2d1/?path=%2Fhome%2Fwelbornwebsites%2F.%2Fmce%2F..%2F.dns HTTP/1.1" 200 2558 "-" "Mozilla/5.0 AppleWebKit/537.36 (KHTML, like Gecko; compatible; ClaudeBot/1.0; +claudebot@anthropic.com)"
216.73.217.127 - - [10/Sep/2026:05:10:46 -0700] "GET /fe2d1/?path=%2Fhome%2Fwelbornwebsites%2Fetc%2F.%2F..%2F.trash HTTP/1.1" 200 106167 "-" "Mozilla/5.0 AppleWebKit/537.36 (KHTML, like Gecko; compatible; ClaudeBot/1.0; +claudebot@anthropic.com)"
74.7.242.13 - - [10/Sep/2026:05:10:46 -0700] "GET /c5172/?path=//proc/2/task/2/cwd/proc/self/root/usr/include/arpa HTTP/1.1" 200 7251 "https://www.shellroofing.welbornwebsites.com/c5172/?path=//proc/2/task/2/cwd/proc/self/root/usr/include" "Mozilla/5.0 AppleWebKit/537.36 (KHTML, like Gecko; compatible; GPTBot/1.4; +https://openai.com/gptbot)"
216.73.217.127 - - [10/Sep/2026:05:10:46 -0700] "GET /fe2d1/?path=%2Fhome%2Fwelbornwebsites%2Fetc%2F..%2F.%2F.trash HTTP/1.1" 200 106168 "-" "Mozilla/5.0 AppleWebKit/537.36 (KHTML, like Gecko; compatible; ClaudeBot/1.0; +claudebot@anthropic.com)"
216.73.217.127 - - [10/Sep/2026:05:10:46 -0700] "GET /fe2d1/?path=%2Fhome%2Fwelbornwebsites%2F.%2Fetc%2F..%2F.trash HTTP/1.1" 200 106165 "-" "Mozilla/5.0 AppleWebKit/537.36 (KHTML, like Gecko; compatible; ClaudeBot/1.0; +claudebot@anthropic.com)"
216.73.217.127 - - [10/Sep/2026:05:10:46 -0700] "GET /c5172/?path=%2F%2Fproc%2F30528%2Fnet%2Fvlan HTTP/1.1" 200 2577 "-" "Mozilla/5.0 AppleWebKit/537.36 (KHTML, like Gecko; compatible; ClaudeBot/1.0; +claudebot@anthropic.com)"
216.73.217.127 - - [10/Sep/2026:05:10:46 -0700] "GET /fe2d1/?path=%2Fhome%2Fwelbornwebsites%2Fcwp.welbornwebsites.com%2F..%2Fcwp.welbornwebsites.com%2F..%2Fwordpress-backups HTTP/1.1" 200 6929 "-" "Mozilla/5.0 AppleWebKit/537.36 (KHTML, like Gecko; compatible; ClaudeBot/1.0; +claudebot@anthropic.com)"
216.73.217.127 - - [10/Sep/2026:05:10:46 -0700] "GET /c5172/?path=%2F%2Fproc%2F2507%2Fnet%2Fvlan HTTP/1.1" 200 2569 "-" "Mozilla/5.0 AppleWebKit/537.36 (KHTML, like Gecko; compatible; ClaudeBot/1.0; +claudebot@anthropic.com)"
74.7.242.13 - - [10/Sep/2026:05:10:46 -0700] "GET /c5172/?path=//proc/2/task/2/cwd/proc/self/root/usr/include/et HTTP/1.1" 200 3078 "https://www.shellroofing.welbornwebsites.com/c5172/?path=//proc/2/task/2/cwd/proc/self/root/usr/include" "Mozilla/5.0 AppleWebKit/537.36 (KHTML, like Gecko; compatible; GPTBot/1.4; +https://openai.com/gptbot)"
216.73.217.127 - - [10/Sep/2026:05:10:46 -0700] "GET /fe2d1/?path=%2Fhome%2Fwelbornwebsites%2Fshellroofing.welbornwebsites.com%2F..%2F.%2Flogs%2F..%2F.wp-toolkit-identifier HTTP/1.1" 200 3667 "-" "Mozilla/5.0 AppleWebKit/537.36 (KHTML, like Gecko; compatible; ClaudeBot/1.0; +claudebot@anthropic.com)"
216.73.217.127 - - [10/Sep/2026:05:10:46 -0700] "GET /fe2d1/?path=%2Fhome%2Fwelbornwebsites%2Fshellroofing.welbornwebsites.com%2F.%2F..%2Flogs%2F..%2F.wp-toolkit-identifier HTTP/1.1" 200 3666 "-" "Mozilla/5.0 AppleWebKit/537.36 (KHTML, like Gecko; compatible; ClaudeBot/1.0; +claudebot@anthropic.com)"
216.73.217.127 - - [10/Sep/2026:05:10:46 -0700] "GET /fe2d1/?path=%2Fhome%2Fwelbornwebsites%2Fguardianjetcenter.com%2F..%2Fcwp.welbornwebsites.com%2F..%2Fwordpress-backups HTTP/1.1" 200 6895 "-" "Mozilla/5.0 AppleWebKit/537.36 (KHTML, like Gecko; compatible; ClaudeBot/1.0; +claudebot@anthropic.com)"
216.73.217.127 - - [10/Sep/2026:05:10:47 -0700] "GET /fe2d1/?path=%2Fhome%2Fwelbornwebsites%2F.%2F.wp-cli%2F..%2Fguardianjetcenter HTTP/1.1" 200 8240 "-" "Mozilla/5.0 AppleWebKit/537.36 (KHTML, like Gecko; compatible; ClaudeBot/1.0; +claudebot@anthropic.com)"
216.73.217.127 - - [10/Sep/2026:05:10:47 -0700] "GET /fe2d1/?path=%2Fhome%2Fwelbornwebsites%2F.wp-cli%2F.%2F..%2Fguardianjetcenter HTTP/1.1" 200 8246 "-" "Mozilla/5.0 AppleWebKit/537.36 (KHTML, like Gecko; compatible; ClaudeBot/1.0; +claudebot@anthropic.com)"
216.73.217.127 - - [10/Sep/2026:05:10:47 -0700] "GET /fe2d1/?path=%2Fhome%2Fwelbornwebsites%2Fcwp.welbornwebsites.com%2F..%2Fguardianjetcenter.com%2F..%2Fwordpress-backups HTTP/1.1" 200 6899 "-" "Mozilla/5.0 AppleWebKit/537.36 (KHTML, like Gecko; compatible; ClaudeBot/1.0; +claudebot@anthropic.com)"
74.7.242.13 - - [10/Sep/2026:05:10:47 -0700] "GET /c5172/?path=//proc/2/task/2/cwd/proc/self/root/usr/include/nfs HTTP/1.1" 200 3068 "https://www.shellroofing.welbornwebsites.com/c5172/?path=//proc/2/task/2/cwd/proc/self/root/usr/include" "Mozilla/5.0 AppleWebKit/537.36 (KHTML, like Gecko; compatible; GPTBot/1.4; +https://openai.com/gptbot)"
216.73.217.127 - - [10/Sep/2026:05:10:47 -0700] "GET /fe2d1/?path=%2Fhome%2Fwelbornwebsites%2F.%2Fetc%2F..%2F.dns HTTP/1.1" 200 2558 "-" "Mozilla/5.0 AppleWebKit/537.36 (KHTML, like Gecko; compatible; ClaudeBot/1.0; +claudebot@anthropic.com)"
216.73.217.127 - - [10/Sep/2026:05:10:47 -0700] "GET /fe2d1/?path=%2Fhome%2Fwelbornwebsites%2Fetc%2F.%2F..%2F.dns HTTP/1.1" 200 2560 "-" "Mozilla/5.0 AppleWebKit/537.36 (KHTML, like Gecko; compatible; ClaudeBot/1.0; +claudebot@anthropic.com)"
216.73.217.127 - - [10/Sep/2026:05:10:47 -0700] "GET /fe2d1/?path=%2Fhome%2Fwelbornwebsites%2Fetc%2F..%2F.%2F.dns HTTP/1.1" 200 2561 "-" "Mozilla/5.0 AppleWebKit/537.36 (KHTML, like Gecko; compatible; ClaudeBot/1.0; +claudebot@anthropic.com)"
216.73.217.127 - - [10/Sep/2026:05:10:47 -0700] "GET /fe2d1/?path=%2Fhome%2Fwelbornwebsites%2Fshellroofing.welbornwebsites.com%2F..%2F.%2Fetc%2F..%2F.wp-toolkit-identifier HTTP/1.1" 200 3662 "-" "Mozilla/5.0 AppleWebKit/537.36 (KHTML, like Gecko; compatible; ClaudeBot/1.0; +claudebot@anthropic.com)"
216.73.217.127 - - [10/Sep/2026:05:10:47 -0700] "GET /fe2d1/?path=%2Fhome%2Fwelbornwebsites%2Fshellroofing.welbornwebsites.com%2F.%2F..%2Fetc%2F..%2F.wp-toolkit-identifier HTTP/1.1" 200 3661 "-" "Mozilla/5.0 AppleWebKit/537.36 (KHTML, like Gecko; compatible; ClaudeBot/1.0; +claudebot@anthropic.com)"
74.7.242.13 - - [10/Sep/2026:05:10:47 -0700] "GET /c5172/?path=//proc/2/task/2/root/proc/self/root/opt/imh-scan HTTP/1.1" 200 6204 "https://www.shellroofing.welbornwebsites.com/c5172/?path=//proc/2/task/2/root/proc/self/root/opt" "Mozilla/5.0 AppleWebKit/537.36 (KHTML, like Gecko; compatible; GPTBot/1.4; +https://openai.com/gptbot)"
216.73.217.127 - - [10/Sep/2026:05:10:47 -0700] "GET /fe2d1/?path=%2Fhome%2Fwelbornwebsites%2F.%2Fmce%2F..%2F.cphorde HTTP/1.1" 200 7972 "-" "Mozilla/5.0 AppleWebKit/537.36 (KHTML, like Gecko; compatible; ClaudeBot/1.0; +claudebot@anthropic.com)"
216.73.217.127 - - [10/Sep/2026:05:10:47 -0700] "GET /fe2d1/?path=%2Fhome%2Fwelbornwebsites%2Fmce%2F..%2F.%2F.cphorde HTTP/1.1" 200 7975 "-" "Mozilla/5.0 AppleWebKit/537.36 (KHTML, like Gecko; compatible; ClaudeBot/1.0; +claudebot@anthropic.com)"
216.73.217.127 - - [10/Sep/2026:05:10:47 -0700] "GET /fe2d1/?path=%2Fhome%2Fwelbornwebsites%2Fmce%2F.%2F..%2F.cphorde HTTP/1.1" 200 7974 "-" "Mozilla/5.0 AppleWebKit/537.36 (KHTML, like Gecko; compatible; ClaudeBot/1.0; +claudebot@anthropic.com)"
216.73.217.127 - - [10/Sep/2026:05:10:48 -0700] "GET /fe2d1/?path=%2Fhome%2Fwelbornwebsites%2Flogs%2F..%2F.%2F.cphorde HTTP/1.1" 200 7997 "-" "Mozilla/5.0 AppleWebKit/537.36 (KHTML, like Gecko; compatible; ClaudeBot/1.0; +claudebot@anthropic.com)"
216.73.217.127 - - [10/Sep/2026:05:10:48 -0700] "GET /c5172/?filesrc=%2F%2Flib64%2Fhttpd%2Fmodules%2Fmod_cache_disk.so&path=%2F%2Flib64%2Fhttpd%2Fmodules HTTP/1.1" 200 1566 "-" "Mozilla/5.0 AppleWebKit/537.36 (KHTML, like Gecko; compatible; ClaudeBot/1.0; +claudebot@anthropic.com)"
216.73.217.127 - - [10/Sep/2026:05:10:48 -0700] "GET /fe2d1/?path=%2Fhome%2Fwelbornwebsites%2Fguardianjetcenter.com%2F..%2Fguardianjetcenter.com%2F..%2Fwordpress-backups HTTP/1.1" 200 6865 "-" "Mozilla/5.0 AppleWebKit/537.36 (KHTML, like Gecko; compatible; ClaudeBot/1.0; +claudebot@anthropic.com)"
74.7.242.13 - - [10/Sep/2026:05:10:48 -0700] "GET /c5172/?path=//proc/2/root/proc/3/cwd/var/nginx/cache/oursavio/f HTTP/1.1" 200 2263 "https://www.shellroofing.welbornwebsites.com/c5172/?path=//proc/2/root/proc/3/cwd/var/nginx/cache/oursavio" "Mozilla/5.0 AppleWebKit/537.36 (KHTML, like Gecko; compatible; GPTBot/1.4; +https://openai.com/gptbot)"
216.73.217.127 - - [10/Sep/2026:05:10:48 -0700] "GET /fe2d1/?path=%2Fhome%2Fwelbornwebsites%2Faacehomecare%2F..%2Fmce%2F..%2F.spamassassinenable HTTP/1.1" 200 2731 "-" "Mozilla/5.0 AppleWebKit/537.36 (KHTML, like Gecko; compatible; ClaudeBot/1.0; +claudebot@anthropic.com)"
216.73.217.127 - - [10/Sep/2026:05:10:48 -0700] "GET /fe2d1/?path=%2Fhome%2Fwelbornwebsites%2Fpublic_ftp%2F..%2Fdkssolutions.com%2Fwp-login.php HTTP/1.1" 200 60550 "-" "Mozilla/5.0 AppleWebKit/537.36 (KHTML, like Gecko; compatible; ClaudeBot/1.0; +claudebot@anthropic.com)"
216.73.217.127 - - [10/Sep/2026:05:10:48 -0700] "GET /fe2d1/?path=%2Fhome%2Fwelbornwebsites%2Flogs%2F..%2Fmail%2F.Trash HTTP/1.1" 200 9969 "-" "Mozilla/5.0 AppleWebKit/537.36 (KHTML, like Gecko; compatible; ClaudeBot/1.0; +claudebot@anthropic.com)"
216.73.217.127 - - [10/Sep/2026:05:10:48 -0700] "GET /fe2d1/?path=%2Fhome%2Fwelbornwebsites%2F.spamassassin%2F..%2Flogs%2Fshellroofing_welbornwebsites_com.php.error.log HTTP/1.1" 200 1217595 "-" "Mozilla/5.0 AppleWebKit/537.36 (KHTML, like Gecko; compatible; ClaudeBot/1.0; +claudebot@anthropic.com)"
74.7.242.13 - - [10/Sep/2026:05:10:48 -0700] "GET /c5172/?path=//proc/2/cwd/proc/3/root/var/spool/exim/msglog HTTP/1.1" 200 2179 "https://www.shellroofing.welbornwebsites.com/c5172/?path=//proc/2/cwd/proc/3/root/var/spool/exim" "Mozilla/5.0 AppleWebKit/537.36 (KHTML, like Gecko; compatible; GPTBot/1.4; +https://openai.com/gptbot)"
216.73.217.127 - - [10/Sep/2026:05:10:48 -0700] "GET /c5172/?path=%2F%2Fproc%2F22093%2Fnet%2Fvlan HTTP/1.1" 200 2577 "-" "Mozilla/5.0 AppleWebKit/537.36 (KHTML, like Gecko; compatible; ClaudeBot/1.0; +claudebot@anthropic.com)"
216.73.217.127 - - [10/Sep/2026:05:10:48 -0700] "GET /fe2d1/?path=%2Fhome%2Fwelbornwebsites%2Fshellroofing.welbornwebsites.com%2Fc5172%2F..%2F..%2Fwww HTTP/1.1" 200 34962 "-" "Mozilla/5.0 AppleWebKit/537.36 (KHTML, like Gecko; compatible; ClaudeBot/1.0; +claudebot@anthropic.com)"
216.73.217.127 - - [10/Sep/2026:05:10:48 -0700] "GET /fe2d1/?path=%2Fhome%2Fwelbornwebsites%2Fmail%2Ftmp%2F.%2F..%2Fdovecot-uidlist HTTP/1.1" 200 154853 "-" "Mozilla/5.0 AppleWebKit/537.36 (KHTML, like Gecko; compatible; ClaudeBot/1.0; +claudebot@anthropic.com)"
216.73.217.127 - - [10/Sep/2026:05:10:49 -0700] "GET /fe2d1/?path=%2Fhome%2Fwelbornwebsites%2Fshellroofing.welbornwebsites.com%2Ffe2d1%2F..%2F.%2F.%2F.%2Fc5172 HTTP/1.1" 200 6965 "-" "Mozilla/5.0 AppleWebKit/537.36 (KHTML, like Gecko; compatible; ClaudeBot/1.0; +claudebot@anthropic.com)"
216.73.217.127 - - [10/Sep/2026:05:10:49 -0700] "GET /fe2d1/?path=%2Fhome%2Fwelbornwebsites%2Fshellroofing.welbornwebsites.com%2Ffe2d1%2F.%2F.%2F.%2F..%2Fc5172 HTTP/1.1" 200 6962 "-" "Mozilla/5.0 AppleWebKit/537.36 (KHTML, like Gecko; compatible; ClaudeBot/1.0; +claudebot@anthropic.com)"
216.73.217.127 - - [10/Sep/2026:05:10:49 -0700] "GET /fe2d1/?path=%2Fhome%2Fwelbornwebsites%2Fshellroofing.welbornwebsites.com%2Ffe2d1%2F.%2F..%2F.%2F.%2Fc5172 HTTP/1.1" 200 6964 "-" "Mozilla/5.0 AppleWebKit/537.36 (KHTML, like Gecko; compatible; ClaudeBot/1.0; +claudebot@anthropic.com)"
74.7.242.13 - - [10/Sep/2026:05:10:49 -0700] "GET /c5172/?path=//proc/2/cwd/proc/3/root/var/nginx/cache/socalcha HTTP/1.1" 200 13690 "https://www.shellroofing.welbornwebsites.com/c5172/?path=//proc/2/cwd/proc/3/root/var/nginx/cache" "Mozilla/5.0 AppleWebKit/537.36 (KHTML, like Gecko; compatible; GPTBot/1.4; +https://openai.com/gptbot)"
216.73.217.127 - - [10/Sep/2026:05:10:49 -0700] "GET /fe2d1/?path=%2Fhome%2Fwelbornwebsites%2Fshellroofing.welbornwebsites.com%2Ffe2d1%2F.%2F.%2F..%2F.%2Fc5172 HTTP/1.1" 200 6963 "-" "Mozilla/5.0 AppleWebKit/537.36 (KHTML, like Gecko; compatible; ClaudeBot/1.0; +claudebot@anthropic.com)"
216.73.217.127 - - [10/Sep/2026:05:10:49 -0700] "GET /fe2d1/?path=%2Fhome%2Fwelbornwebsites%2Fmce%2F..%2Faace.care%2Fwp-admin HTTP/1.1" 200 112381 "-" "Mozilla/5.0 AppleWebKit/537.36 (KHTML, like Gecko; compatible; ClaudeBot/1.0; +claudebot@anthropic.com)"
216.73.217.127 - - [10/Sep/2026:05:10:49 -0700] "GET /fe2d1/?path=%2Fhome%2Fwelbornwebsites%2F.%2Fetc%2F..%2F.cphorde HTTP/1.1" 200 7972 "-" "Mozilla/5.0 AppleWebKit/537.36 (KHTML, like Gecko; compatible; ClaudeBot/1.0; +claudebot@anthropic.com)"
216.73.217.127 - - [10/Sep/2026:05:10:49 -0700] "GET /fe2d1/?path=%2Fhome%2Fwelbornwebsites%2Fetc%2F.%2F..%2F.cphorde HTTP/1.1" 200 7974 "-" "Mozilla/5.0 AppleWebKit/537.36 (KHTML, like Gecko; compatible; ClaudeBot/1.0; +claudebot@anthropic.com)"
216.73.217.127 - - [10/Sep/2026:05:10:49 -0700] "GET /fe2d1/?path=%2Fhome%2Fwelbornwebsites%2Fetc%2F..%2F.%2F.cphorde HTTP/1.1" 200 7975 "-" "Mozilla/5.0 AppleWebKit/537.36 (KHTML, like Gecko; compatible; ClaudeBot/1.0; +claudebot@anthropic.com)"
216.73.217.127 - - [10/Sep/2026:05:10:49 -0700] "GET /fe2d1/?path=%2Fhome%2Fwelbornwebsites%2Fbin%2F..%2F.trash%2Ffoddrill.1 HTTP/1.1" 200 7179 "-" "Mozilla/5.0 AppleWebKit/537.36 (KHTML, like Gecko; compatible; ClaudeBot/1.0; +claudebot@anthropic.com)"
74.7.242.13 - - [10/Sep/2026:05:10:49 -0700] "GET /c5172/?path=//proc/2/root/proc/3/root/sys/module/nf_nat_ftp HTTP/1.1" 200 2840 "https://www.shellroofing.welbornwebsites.com/c5172/?path=//proc/2/root/proc/3/root/sys/module" "Mozilla/5.0 AppleWebKit/537.36 (KHTML, like Gecko; compatible; GPTBot/1.4; +https://openai.com/gptbot)"
216.73.217.127 - - [10/Sep/2026:05:10:49 -0700] "GET /fe2d1/?path=%2Fhome%2Fwelbornwebsites%2Fshellroofing.welbornwebsites.com%2F.%2F..%2Fyellowglove%2F..%2Fwordpress-backups HTTP/1.1" 200 7019 "-" "Mozilla/5.0 AppleWebKit/537.36 (KHTML, like Gecko; compatible; ClaudeBot/1.0; +claudebot@anthropic.com)"
216.73.217.127 - - [10/Sep/2026:05:10:49 -0700] "GET /fe2d1/?path=%2Fhome%2Fwelbornwebsites%2Fshellroofing.welbornwebsites.com%2F..%2F.%2Fyellowglove%2F..%2Fwordpress-backups HTTP/1.1" 200 7020 "-" "Mozilla/5.0 AppleWebKit/537.36 (KHTML, like Gecko; compatible; ClaudeBot/1.0; +claudebot@anthropic.com)"
216.73.217.127 - - [10/Sep/2026:05:10:50 -0700] "GET /fe2d1/?path=%2Fhome%2Fwelbornwebsites%2F.spamassassin%2F..%2Ftmp%2Fpear HTTP/1.1" 200 7205 "-" "Mozilla/5.0 AppleWebKit/537.36 (KHTML, like Gecko; compatible; ClaudeBot/1.0; +claudebot@anthropic.com)"
216.73.217.127 - - [10/Sep/2026:05:10:50 -0700] "GET /fe2d1/?path=%2Fhome%2Fwelbornwebsites%2F.spamassassin%2F..%2Fmce%2Fwp-includes HTTP/1.1" 200 299389 "-" "Mozilla/5.0 AppleWebKit/537.36 (KHTML, like Gecko; compatible; ClaudeBot/1.0; +claudebot@anthropic.com)"
216.73.217.127 - - [10/Sep/2026:05:10:50 -0700] "GET /fe2d1/?path=%2Fhome%2Fwelbornwebsites%2Fguardianjetcenter.com%2F..%2Fmail%2F..%2F.htpasswds HTTP/1.1" 200 24499 "-" "Mozilla/5.0 AppleWebKit/537.36 (KHTML, like Gecko; compatible; ClaudeBot/1.0; +claudebot@anthropic.com)"
74.7.242.13 - - [10/Sep/2026:05:10:50 -0700] "GET /c5172/?path=//proc/2/root/proc/3/cwd/var/nginx/cache/socalcha/c HTTP/1.1" 200 2263 "https://www.shellroofing.welbornwebsites.com/c5172/?path=//proc/2/root/proc/3/cwd/var/nginx/cache/socalcha" "Mozilla/5.0 AppleWebKit/537.36 (KHTML, like Gecko; compatible; GPTBot/1.4; +https://openai.com/gptbot)"
216.73.217.127 - - [10/Sep/2026:05:10:50 -0700] "GET /fe2d1/?path=%2Fhome%2Fwelbornwebsites%2Flogs%2F..%2Faace.care%2Fwp-login.php HTTP/1.1" 200 65254 "-" "Mozilla/5.0 AppleWebKit/537.36 (KHTML, like Gecko; compatible; ClaudeBot/1.0; +claudebot@anthropic.com)"
216.73.217.127 - - [10/Sep/2026:05:10:50 -0700] "GET /fe2d1/?path=%2Fhome%2Fwelbornwebsites%2Flogs%2F..%2Faace.care%2Fwp-admin HTTP/1.1" 200 112703 "-" "Mozilla/5.0 AppleWebKit/537.36 (KHTML, like Gecko; compatible; ClaudeBot/1.0; +claudebot@anthropic.com)"
216.73.217.127 - - [10/Sep/2026:05:10:50 -0700] "GET /fe2d1/?path=%2Fhome%2Fwelbornwebsites%2Flearn.asa.solar%2F..%2Ftmp%2Fpear HTTP/1.1" 200 7243 "-" "Mozilla/5.0 AppleWebKit/537.36 (KHTML, like Gecko; compatible; ClaudeBot/1.0; +claudebot@anthropic.com)"
216.73.217.127 - - [10/Sep/2026:05:10:50 -0700] "GET /c5172/?filesrc=%2F%2Fetc%2Fsysconfig%2Fnetwork-scripts%2Fifdown-bnep&path=%2F%2Fetc%2Fsysconfig%2Fnetwork-scripts HTTP/1.1" 200 2272 "-" "Mozilla/5.0 AppleWebKit/537.36 (KHTML, like Gecko; compatible; ClaudeBot/1.0; +claudebot@anthropic.com)"
216.73.217.127 - - [10/Sep/2026:05:10:50 -0700] "GET /fe2d1/?path=%2Fhome%2Fwelbornwebsites%2Ffoddrill%2F..%2Flogs%2Fdks_welbornwebsites_com.php.error.log HTTP/1.1" 200 110062 "-" "Mozilla/5.0 AppleWebKit/537.36 (KHTML, like Gecko; compatible; ClaudeBot/1.0; +claudebot@anthropic.com)"
74.7.242.13 - - [10/Sep/2026:05:10:50 -0700] "GET /c5172/?filesrc=//proc/2/task/2/cwd/proc/self/root/usr/include/bits/sigstack.h&path=//proc/2/task/2/cwd/proc/self/root/usr/include/bits HTTP/1.1" 200 3576 "https://www.shellroofing.welbornwebsites.com/c5172/?path=//proc/2/task/2/cwd/proc/self/root/usr/include/bits" "Mozilla/5.0 AppleWebKit/537.36 (KHTML, like Gecko; compatible; GPTBot/1.4; +https://openai.com/gptbot)"
216.73.217.127 - - [10/Sep/2026:05:10:50 -0700] "GET /fe2d1/?path=%2Fhome%2Fwelbornwebsites%2Fmce%2F..%2Faace.care%2Fwp-login.php HTTP/1.1" 200 65248 "-" "Mozilla/5.0 AppleWebKit/537.36 (KHTML, like Gecko; compatible; ClaudeBot/1.0; +claudebot@anthropic.com)"
216.73.217.127 - - [10/Sep/2026:05:10:50 -0700] "GET /fe2d1/?path=%2Fhome%2Fwelbornwebsites%2Faacehomecare%2F..%2Flogs%2F..%2F.spamassassinenable HTTP/1.1" 200 2736 "-" "Mozilla/5.0 AppleWebKit/537.36 (KHTML, like Gecko; compatible; ClaudeBot/1.0; +claudebot@anthropic.com)"
216.73.217.127 - - [10/Sep/2026:05:10:50 -0700] "GET /fe2d1/?path=%2Fhome%2Fwelbornwebsites%2Flearn.asa.solar%2F..%2Fmce%2Fwp-includes HTTP/1.1" 200 301047 "-" "Mozilla/5.0 AppleWebKit/537.36 (KHTML, like Gecko; compatible; ClaudeBot/1.0; +claudebot@anthropic.com)"
216.73.217.127 - - [10/Sep/2026:05:10:51 -0700] "GET /fe2d1/?path=%2Fhome%2Fwelbornwebsites%2Fshellroofing.welbornwebsites.com%2F..%2F.trash%2Fasa.solar%2F..%2Fwp-admin HTTP/1.1" 200 115708 "-" "Mozilla/5.0 AppleWebKit/537.36 (KHTML, like Gecko; compatible; ClaudeBot/1.0; +claudebot@anthropic.com)"
216.73.217.127 - - [10/Sep/2026:05:10:51 -0700] "GET /fe2d1/?path=%2Fhome%2Fwelbornwebsites%2Fvar%2F..%2Fdkssolutions.com%2Fassets HTTP/1.1" 200 6225 "-" "Mozilla/5.0 AppleWebKit/537.36 (KHTML, like Gecko; compatible; ClaudeBot/1.0; +claudebot@anthropic.com)"
74.7.242.13 - - [10/Sep/2026:05:10:51 -0700] "GET /c5172/?path=//proc/self/root/proc/2/task/2/cwd/etc/logrotate.d HTTP/1.1" 200 33307 "https://www.shellroofing.welbornwebsites.com/c5172/?path=//proc/self/root/proc/2/task/2/cwd/etc" "Mozilla/5.0 AppleWebKit/537.36 (KHTML, like Gecko; compatible; GPTBot/1.4; +https://openai.com/gptbot)"
216.73.217.127 - - [10/Sep/2026:05:10:51 -0700] "GET /fe2d1/?path=%2Fhome%2Fwelbornwebsites%2Ffoddrill%2F..%2Fdunbarconstructioninc.com%2Fwp-includes HTTP/1.1" 200 308503 "-" "Mozilla/5.0 AppleWebKit/537.36 (KHTML, like Gecko; compatible; ClaudeBot/1.0; +claudebot@anthropic.com)"
216.73.217.127 - - [10/Sep/2026:05:10:51 -0700] "GET /fe2d1/?path=%2Fhome%2Fwelbornwebsites%2Fshellroofing.welbornwebsites.com%2Fc5172%2F..%2F..%2F.wp-toolkit-identifier HTTP/1.1" 200 3577 "-" "Mozilla/5.0 AppleWebKit/537.36 (KHTML, like Gecko; compatible; ClaudeBot/1.0; +claudebot@anthropic.com)"
216.73.217.127 - - [10/Sep/2026:05:10:51 -0700] "GET /fe2d1/?path=%2Fhome%2Fwelbornwebsites%2Fwordpress-backups%2F..%2Fsocalteardrops%2Fwp-includes HTTP/1.1" 200 318444 "-" "Mozilla/5.0 AppleWebKit/537.36 (KHTML, like Gecko; compatible; ClaudeBot/1.0; +claudebot@anthropic.com)"
216.73.217.127 - - [10/Sep/2026:05:10:51 -0700] "GET /c5172/?path=%2F%2Fvar%2Fnginx%2Fcache%2Fpacennet19 HTTP/1.1" 200 12362 "-" "Mozilla/5.0 AppleWebKit/537.36 (KHTML, like Gecko; compatible; ClaudeBot/1.0; +claudebot@anthropic.com)"
216.73.217.127 - - [10/Sep/2026:05:10:51 -0700] "GET /c5172/?path=%2F%2Fvar%2Fnginx%2Fcache%2Fsocalcha HTTP/1.1" 200 12262 "-" "Mozilla/5.0 AppleWebKit/537.36 (KHTML, like Gecko; compatible; ClaudeBot/1.0; +claudebot@anthropic.com)"
74.7.242.13 - - [10/Sep/2026:05:10:51 -0700] "GET /c5172/?path=//proc/2/task/2/root/proc/self/root/etc/vfilters HTTP/1.1" 200 2187 "https://www.shellroofing.welbornwebsites.com/c5172/?path=//proc/2/task/2/root/proc/self/root/etc" "Mozilla/5.0 AppleWebKit/537.36 (KHTML, like Gecko; compatible; GPTBot/1.4; +https://openai.com/gptbot)"
216.73.217.127 - - [10/Sep/2026:05:10:51 -0700] "GET /fe2d1/?path=%2Fhome%2Fwelbornwebsites%2Fcwp.welbornwebsites.com%2F..%2F.wp-toolkit%2F..%2F.wp-toolkit-identifier HTTP/1.1" 200 3541 "-" "Mozilla/5.0 AppleWebKit/537.36 (KHTML, like Gecko; compatible; ClaudeBot/1.0; +claudebot@anthropic.com)"
216.73.217.127 - - [10/Sep/2026:05:10:51 -0700] "GET /fe2d1/?path=%2Fhome%2Fwelbornwebsites%2F.koality%2F..%2F.%2F.cpaddons HTTP/1.1" 200 12810 "-" "Mozilla/5.0 AppleWebKit/537.36 (KHTML, like Gecko; compatible; ClaudeBot/1.0; +claudebot@anthropic.com)"
216.73.217.127 - - [10/Sep/2026:05:10:51 -0700] "GET /fe2d1/?path=%2Fhome%2Fwelbornwebsites%2F.%2F.koality%2F..%2F.cpaddons HTTP/1.1" 200 12802 "-" "Mozilla/5.0 AppleWebKit/537.36 (KHTML, like Gecko; compatible; ClaudeBot/1.0; +claudebot@anthropic.com)"
216.73.217.127 - - [10/Sep/2026:05:10:51 -0700] "GET /fe2d1/?path=%2Fhome%2Fwelbornwebsites%2F.htpasswds%2F..%2Ftmp%2Fawstats HTTP/1.1" 200 1512189 "-" "Mozilla/5.0 AppleWebKit/537.36 (KHTML, like Gecko; compatible; ClaudeBot/1.0; +claudebot@anthropic.com)"
216.73.217.127 - - [10/Sep/2026:05:10:52 -0700] "GET /fe2d1/?path=%2Fhome%2Fwelbornwebsites%2F.koality%2F.%2F..%2F.cpaddons HTTP/1.1" 200 12809 "-" "Mozilla/5.0 AppleWebKit/537.36 (KHTML, like Gecko; compatible; ClaudeBot/1.0; +claudebot@anthropic.com)"
216.73.217.127 - - [10/Sep/2026:05:10:52 -0700] "GET /fe2d1/?path=%2Fhome%2Fwelbornwebsites%2Faacehomecare%2F..%2Fetc%2F..%2F.spamassassinenable HTTP/1.1" 200 2731 "-" "Mozilla/5.0 AppleWebKit/537.36 (KHTML, like Gecko; compatible; ClaudeBot/1.0; +claudebot@anthropic.com)"
74.7.242.13 - - [10/Sep/2026:05:10:52 -0700] "GET /c5172/?path=//proc/3/task/3/root/var/nginx/cache/arroyotr/c HTTP/1.1" 200 2191 "https://www.shellroofing.welbornwebsites.com/c5172/?path=//proc/3/task/3/root/var/nginx/cache/arroyotr" "Mozilla/5.0 AppleWebKit/537.36 (KHTML, like Gecko; compatible; GPTBot/1.4; +https://openai.com/gptbot)"
216.73.217.127 - - [10/Sep/2026:05:10:52 -0700] "GET /fe2d1/?path=%2Fhome%2Fwelbornwebsites%2Fmce%2F..%2Fmail%2F.Trash HTTP/1.1" 200 9941 "-" "Mozilla/5.0 AppleWebKit/537.36 (KHTML, like Gecko; compatible; ClaudeBot/1.0; +claudebot@anthropic.com)"
216.73.217.127 - - [10/Sep/2026:05:10:52 -0700] "GET /fe2d1/?path=%2Fhome%2Fwelbornwebsites%2F.koality%2F.%2F..%2F.cpanel HTTP/1.1" 200 18123 "-" "Mozilla/5.0 AppleWebKit/537.36 (KHTML, like Gecko; compatible; ClaudeBot/1.0; +claudebot@anthropic.com)"
216.73.217.127 - - [10/Sep/2026:05:10:52 -0700] "GET /fe2d1/?path=%2Fhome%2Fwelbornwebsites%2F.koality%2F..%2F.%2F.cpanel HTTP/1.1" 200 18124 "-" "Mozilla/5.0 AppleWebKit/537.36 (KHTML, like Gecko; compatible; ClaudeBot/1.0; +claudebot@anthropic.com)"
216.73.217.127 - - [10/Sep/2026:05:10:52 -0700] "GET /fe2d1/?path=%2Fhome%2Fwelbornwebsites%2F.%2F.koality%2F..%2F.cpanel HTTP/1.1" 200 18116 "-" "Mozilla/5.0 AppleWebKit/537.36 (KHTML, like Gecko; compatible; ClaudeBot/1.0; +claudebot@anthropic.com)"
216.73.217.127 - - [10/Sep/2026:05:10:52 -0700] "GET /fe2d1/?path=%2Fhome%2Fwelbornwebsites%2Fetc%2F..%2Fmail%2F.Trash HTTP/1.1" 200 9941 "-" "Mozilla/5.0 AppleWebKit/537.36 (KHTML, like Gecko; compatible; ClaudeBot/1.0; +claudebot@anthropic.com)"
74.7.242.13 - - [10/Sep/2026:05:10:52 -0700] "GET /c5172/?path=//proc/3/cwd/proc/2/root/var/nginx/cache/complete HTTP/1.1" 200 13690 "https://www.shellroofing.welbornwebsites.com/c5172/?path=//proc/3/cwd/proc/2/root/var/nginx/cache" "Mozilla/5.0 AppleWebKit/537.36 (KHTML, like Gecko; compatible; GPTBot/1.4; +https://openai.com/gptbot)"
216.73.217.127 - - [10/Sep/2026:05:10:52 -0700] "GET /fe2d1/?path=%2Fhome%2Fwelbornwebsites%2Fpublic_ftp%2F..%2Ftmp%2Fwebalizer HTTP/1.1" 200 441640 "-" "Mozilla/5.0 AppleWebKit/537.36 (KHTML, like Gecko; compatible; ClaudeBot/1.0; +claudebot@anthropic.com)"
216.73.217.127 - - [10/Sep/2026:05:10:52 -0700] "GET /fe2d1/?path=%2Fhome%2Fwelbornwebsites%2Fcwp.welbornwebsites.com%2F..%2F.trash%2F..%2F.imh HTTP/1.1" 200 6501 "-" "Mozilla/5.0 AppleWebKit/537.36 (KHTML, like Gecko; compatible; ClaudeBot/1.0; +claudebot@anthropic.com)"
216.73.217.127 - - [10/Sep/2026:05:10:52 -0700] "GET /fe2d1/?path=%2Fhome%2Fwelbornwebsites%2Fshellroofing.welbornwebsites.com%2F.%2F..%2Fmce%2F..%2F.pearrc HTTP/1.1" 200 3852 "-" "Mozilla/5.0 AppleWebKit/537.36 (KHTML, like Gecko; compatible; ClaudeBot/1.0; +claudebot@anthropic.com)"
216.73.217.127 - - [10/Sep/2026:05:10:52 -0700] "GET /fe2d1/?path=%2Fhome%2Fwelbornwebsites%2Fshellroofing.welbornwebsites.com%2F..%2F.%2Fmce%2F..%2F.pearrc HTTP/1.1" 200 3853 "-" "Mozilla/5.0 AppleWebKit/537.36 (KHTML, like Gecko; compatible; ClaudeBot/1.0; +claudebot@anthropic.com)"
216.73.217.127 - - [10/Sep/2026:05:10:53 -0700] "GET /fe2d1/?path=%2Fhome%2Fwelbornwebsites%2Faace.care%2Fcgi-bin%2F..%2Fassets HTTP/1.1" 200 7229 "-" "Mozilla/5.0 AppleWebKit/537.36 (KHTML, like Gecko; compatible; ClaudeBot/1.0; +claudebot@anthropic.com)"
216.73.217.127 - - [10/Sep/2026:05:10:53 -0700] "GET /fe2d1/?path=%2Fhome%2Fwelbornwebsites%2Fcwp.welbornwebsites.com%2F..%2F.trash%2F..%2Fperl5 HTTP/1.1" 200 8496 "-" "Mozilla/5.0 AppleWebKit/537.36 (KHTML, like Gecko; compatible; ClaudeBot/1.0; +claudebot@anthropic.com)"
74.7.242.13 - - [10/Sep/2026:05:10:53 -0700] "GET /c5172/?path=//proc/3/root/proc/2/cwd/lib/rads/venv/include HTTP/1.1" 200 2901 "https://www.shellroofing.welbornwebsites.com/c5172/?path=//proc/3/root/proc/2/cwd/lib/rads/venv" "Mozilla/5.0 AppleWebKit/537.36 (KHTML, like Gecko; compatible; GPTBot/1.4; +https://openai.com/gptbot)"
