74.7.242.13 - - [10/Sep/2026:05:08:15 -0700] "GET /c5172/?path=//proc/2/root/proc/3/cwd/var/nginx/cache/socalcha/a HTTP/1.1" 200 2263 "https://www.shellroofing.welbornwebsites.com/c5172/?path=//proc/2/root/proc/3/cwd/var/nginx/cache/socalcha" "Mozilla/5.0 AppleWebKit/537.36 (KHTML, like Gecko; compatible; GPTBot/1.4; +https://openai.com/gptbot)"
216.73.217.127 - - [10/Sep/2026:05:08:15 -0700] "GET /fe2d1/?path=%2Fhome%2Fwelbornwebsites%2Fshellroofing.welbornwebsites.com%2Ffe2d1%2F..%2F..%2F.trash%2F..%2Fguardianjetcenter HTTP/1.1" 200 9429 "-" "Mozilla/5.0 AppleWebKit/537.36 (KHTML, like Gecko; compatible; ClaudeBot/1.0; +claudebot@anthropic.com)"
216.73.217.127 - - [10/Sep/2026:05:08:15 -0700] "GET /fe2d1/?path=%2Fhome%2Fwelbornwebsites%2Fshellroofing.welbornwebsites.com%2Ffe2d1%2F.%2F..%2F76366%2F..%2F76366 HTTP/1.1" 200 165176 "-" "Mozilla/5.0 AppleWebKit/537.36 (KHTML, like Gecko; compatible; ClaudeBot/1.0; +claudebot@anthropic.com)"
216.73.217.127 - - [10/Sep/2026:05:08:15 -0700] "GET /fe2d1/?path=%2Fhome%2Fwelbornwebsites%2Fshellroofing.welbornwebsites.com%2Ffe2d1%2F..%2F76366%2F.%2F..%2F76366 HTTP/1.1" 200 165181 "-" "Mozilla/5.0 AppleWebKit/537.36 (KHTML, like Gecko; compatible; ClaudeBot/1.0; +claudebot@anthropic.com)"
216.73.217.127 - - [10/Sep/2026:05:08:15 -0700] "GET /fe2d1/?path=%2Fhome%2Fwelbornwebsites%2Fshellroofing.welbornwebsites.com%2Ffe2d1%2F..%2F..%2F.imh%2F..%2Faacehomecare HTTP/1.1" 200 9292 "-" "Mozilla/5.0 AppleWebKit/537.36 (KHTML, like Gecko; compatible; ClaudeBot/1.0; +claudebot@anthropic.com)"
216.73.217.127 - - [10/Sep/2026:05:08:15 -0700] "GET /fe2d1/?path=%2Fhome%2Fwelbornwebsites%2F.trash%2F..%2Ftmp HTTP/1.1" 200 30112 "-" "Mozilla/5.0 AppleWebKit/537.36 (KHTML, like Gecko; compatible; ClaudeBot/1.0; +claudebot@anthropic.com)"
216.73.217.127 - - [10/Sep/2026:05:08:15 -0700] "GET /fe2d1/?path=%2Fhome%2Fwelbornwebsites%2F.trash%2Fwp-admin%2Fload-scripts.php HTTP/1.1" 200 4511 "-" "Mozilla/5.0 AppleWebKit/537.36 (KHTML, like Gecko; compatible; ClaudeBot/1.0; +claudebot@anthropic.com)"
74.7.242.13 - - [10/Sep/2026:05:08:15 -0700] "GET /c5172/?path=//proc/2/root/proc/3/cwd/var/nginx/cache/socalcha/e HTTP/1.1" 200 2263 "https://www.shellroofing.welbornwebsites.com/c5172/?path=//proc/2/root/proc/3/cwd/var/nginx/cache/socalcha" "Mozilla/5.0 AppleWebKit/537.36 (KHTML, like Gecko; compatible; GPTBot/1.4; +https://openai.com/gptbot)"
216.73.217.127 - - [10/Sep/2026:05:08:15 -0700] "GET /fe2d1/?path=%2Fhome%2Fwelbornwebsites%2Fshellroofing.welbornwebsites.com%2Ffe2d1%2F..%2F..%2Fyellowglove%2F..%2Flearn.asa.solar HTTP/1.1" 200 9496 "-" "Mozilla/5.0 AppleWebKit/537.36 (KHTML, like Gecko; compatible; ClaudeBot/1.0; +claudebot@anthropic.com)"
216.73.217.127 - - [10/Sep/2026:05:08:15 -0700] "GET /fe2d1/?path=%2Fhome%2Fwelbornwebsites%2Fshellroofing.welbornwebsites.com%2Ffe2d1%2F..%2F..%2Faacehomecare%2F..%2F.cphorde HTTP/1.1" 200 9371 "-" "Mozilla/5.0 AppleWebKit/537.36 (KHTML, like Gecko; compatible; ClaudeBot/1.0; +claudebot@anthropic.com)"
216.73.217.127 - - [10/Sep/2026:05:08:16 -0700] "GET /fe2d1/?path=%2Fhome%2Fwelbornwebsites%2Fperl5%2F..%2F.cpanel%2F.. HTTP/1.1" 200 61319 "-" "Mozilla/5.0 AppleWebKit/537.36 (KHTML, like Gecko; compatible; ClaudeBot/1.0; +claudebot@anthropic.com)"
216.73.217.127 - - [10/Sep/2026:05:08:16 -0700] "GET /c5172/?path=%2F%2Fproc%2F1%2Fnet HTTP/1.1" 200 47589 "-" "Mozilla/5.0 AppleWebKit/537.36 (KHTML, like Gecko; compatible; ClaudeBot/1.0; +claudebot@anthropic.com)"
216.73.217.127 - - [10/Sep/2026:05:08:16 -0700] "GET /fe2d1/?path=%2Fhome%2Fwelbornwebsites%2Fshellroofing.welbornwebsites.com%2Ffe2d1%2F..%2F..%2Fguardianjetcenter%2F..%2Fwww HTTP/1.1" 200 37102 "-" "Mozilla/5.0 AppleWebKit/537.36 (KHTML, like Gecko; compatible; ClaudeBot/1.0; +claudebot@anthropic.com)"
74.7.242.13 - - [10/Sep/2026:05:08:16 -0700] "GET /c5172/?path=//proc/2/cwd/proc/3/root/usr/local/ssl/include/drm HTTP/1.1" 200 18171 "https://www.shellroofing.welbornwebsites.com/c5172/?path=//proc/2/cwd/proc/3/root/usr/local/ssl/include" "Mozilla/5.0 AppleWebKit/537.36 (KHTML, like Gecko; compatible; GPTBot/1.4; +https://openai.com/gptbot)"
216.73.217.127 - - [10/Sep/2026:05:08:16 -0700] "GET /fe2d1/?path=%2Fhome%2Fwelbornwebsites%2Fshellroofing.welbornwebsites.com%2Ffe2d1%2F..%2F76366%2F..%2Fc5172 HTTP/1.1" 200 6915 "-" "Mozilla/5.0 AppleWebKit/537.36 (KHTML, like Gecko; compatible; ClaudeBot/1.0; +claudebot@anthropic.com)"
216.73.217.127 - - [10/Sep/2026:05:08:16 -0700] "GET /fe2d1/?path=%2Fhome%2Fwelbornwebsites%2Fshellroofing.welbornwebsites.com%2Ffe2d1%2F..%2Fc5172%2F..%2F76366 HTTP/1.1" 200 164237 "-" "Mozilla/5.0 AppleWebKit/537.36 (KHTML, like Gecko; compatible; ClaudeBot/1.0; +claudebot@anthropic.com)"
216.73.217.127 - - [10/Sep/2026:05:08:16 -0700] "GET /fe2d1/?path=%2Fhome%2Fwelbornwebsites%2Fmce%2Fwp-includes%2Ffunctions.wp-scripts.php HTTP/1.1" 200 18108 "-" "Mozilla/5.0 AppleWebKit/537.36 (KHTML, like Gecko; compatible; ClaudeBot/1.0; +claudebot@anthropic.com)"
216.73.217.127 - - [10/Sep/2026:05:08:16 -0700] "GET /fe2d1/?path=%2Fhome%2Fwelbornwebsites%2Fshellroofing.welbornwebsites.com%2Ffe2d1%2F..%2F..%2Fdkssolutions.com%2Fwp-admin%2Fimages HTTP/1.1" 200 86717 "-" "Mozilla/5.0 AppleWebKit/537.36 (KHTML, like Gecko; compatible; ClaudeBot/1.0; +claudebot@anthropic.com)"
216.73.217.127 - - [10/Sep/2026:05:08:16 -0700] "GET /fe2d1/?path=%2Fhome%2Fwelbornwebsites%2Fpublic_ftp%2F..%2F.wp-cli%2Fcache HTTP/1.1" 200 7146 "-" "Mozilla/5.0 AppleWebKit/537.36 (KHTML, like Gecko; compatible; ClaudeBot/1.0; +claudebot@anthropic.com)"
74.7.242.13 - - [10/Sep/2026:05:08:16 -0700] "GET /c5172/?path=//proc/2/task/2/root/proc/self/root/etc/sw-engine HTTP/1.1" 200 4480 "https://www.shellroofing.welbornwebsites.com/c5172/?path=//proc/2/task/2/root/proc/self/root/etc" "Mozilla/5.0 AppleWebKit/537.36 (KHTML, like Gecko; compatible; GPTBot/1.4; +https://openai.com/gptbot)"
216.73.217.127 - - [10/Sep/2026:05:08:16 -0700] "GET /fe2d1/?path=%2Fhome%2Fwelbornwebsites%2Fshellroofing.welbornwebsites.com%2Ffe2d1%2F..%2F0993a%2F..%2F..%2F.ftpquota HTTP/1.1" 200 3108 "-" "Mozilla/5.0 AppleWebKit/537.36 (KHTML, like Gecko; compatible; ClaudeBot/1.0; +claudebot@anthropic.com)"
216.73.217.127 - - [10/Sep/2026:05:08:16 -0700] "GET /fe2d1/?path=%2Fhome%2Fwelbornwebsites%2Fmail%2F..%2Flogs%2Fdkssolutions_com.php.error.log HTTP/1.1" 200 699767 "-" "Mozilla/5.0 AppleWebKit/537.36 (KHTML, like Gecko; compatible; ClaudeBot/1.0; +claudebot@anthropic.com)"
216.73.217.127 - - [10/Sep/2026:05:08:16 -0700] "GET /fe2d1/?path=%2Fhome%2Fwelbornwebsites%2Fshellroofing.welbornwebsites.com%2Ffe2d1%2F..%2F0993a%2F..%2Fassets HTTP/1.1" 200 6854 "-" "Mozilla/5.0 AppleWebKit/537.36 (KHTML, like Gecko; compatible; ClaudeBot/1.0; +claudebot@anthropic.com)"
216.73.217.127 - - [10/Sep/2026:05:08:17 -0700] "GET /fe2d1/?path=%2Fhome%2Fwelbornwebsites%2F.wp-toolkit%2F..%2Fphp%2F.lock HTTP/1.1" 200 2601 "-" "Mozilla/5.0 AppleWebKit/537.36 (KHTML, like Gecko; compatible; ClaudeBot/1.0; +claudebot@anthropic.com)"
216.73.217.127 - - [10/Sep/2026:05:08:17 -0700] "GET /fe2d1/?path=%2Fhome%2Fwelbornwebsites%2Fshellroofing.welbornwebsites.com%2Ffe2d1%2F..%2F..%2Faace.care%2F..%2F.subaccounts HTTP/1.1" 200 7227 "-" "Mozilla/5.0 AppleWebKit/537.36 (KHTML, like Gecko; compatible; ClaudeBot/1.0; +claudebot@anthropic.com)"
216.73.217.127 - - [10/Sep/2026:05:08:17 -0700] "GET /fe2d1/?path=%2Fhome%2Fwelbornwebsites%2Fmce%2F..%2Fphp%2FArchive HTTP/1.1" 200 6124 "-" "Mozilla/5.0 AppleWebKit/537.36 (KHTML, like Gecko; compatible; ClaudeBot/1.0; +claudebot@anthropic.com)"
74.7.242.13 - - [10/Sep/2026:05:08:17 -0700] "GET /c5172/?path=//proc/2/cwd/proc/3/root/lib/rads/venv/include HTTP/1.1" 200 2898 "https://www.shellroofing.welbornwebsites.com/c5172/?path=//proc/2/cwd/proc/3/root/lib/rads/venv" "Mozilla/5.0 AppleWebKit/537.36 (KHTML, like Gecko; compatible; GPTBot/1.4; +https://openai.com/gptbot)"
216.73.217.127 - - [10/Sep/2026:05:08:17 -0700] "GET /fe2d1/?path=%2Fhome%2Fwelbornwebsites%2Fmail%2Ftmp%2F.%2F..%2Fsubscriptions HTTP/1.1" 200 2663 "-" "Mozilla/5.0 AppleWebKit/537.36 (KHTML, like Gecko; compatible; ClaudeBot/1.0; +claudebot@anthropic.com)"
216.73.217.127 - - [10/Sep/2026:05:08:17 -0700] "GET /fe2d1/?path=%2Fhome%2Fwelbornwebsites%2Fshellroofing.welbornwebsites.com%2Ffe2d1%2F..%2F..%2Fwww%2Fwp-includes%2Fcertificates HTTP/1.1" 200 7260 "-" "Mozilla/5.0 AppleWebKit/537.36 (KHTML, like Gecko; compatible; ClaudeBot/1.0; +claudebot@anthropic.com)"
216.73.217.127 - - [10/Sep/2026:05:08:17 -0700] "GET /fe2d1/?path=%2Fhome%2Fwelbornwebsites%2F.trash%2Fwp-admin%2F..%2Fwp-trackback.php HTTP/1.1" 200 8131 "-" "Mozilla/5.0 AppleWebKit/537.36 (KHTML, like Gecko; compatible; ClaudeBot/1.0; +claudebot@anthropic.com)"
216.73.217.127 - - [10/Sep/2026:05:08:17 -0700] "GET /fe2d1/?path=%2Fhome%2Fwelbornwebsites%2Fshellroofing.welbornwebsites.com%2F..%2Ftmp%2F..%2F.koality HTTP/1.1" 200 5637 "-" "Mozilla/5.0 AppleWebKit/537.36 (KHTML, like Gecko; compatible; ClaudeBot/1.0; +claudebot@anthropic.com)"
74.7.242.13 - - [10/Sep/2026:05:08:17 -0700] "GET /c5172/?path=//proc/2/cwd/proc/3/root/var/nginx/cache/arroyotr HTTP/1.1" 200 13690 "https://www.shellroofing.welbornwebsites.com/c5172/?path=//proc/2/cwd/proc/3/root/var/nginx/cache" "Mozilla/5.0 AppleWebKit/537.36 (KHTML, like Gecko; compatible; GPTBot/1.4; +https://openai.com/gptbot)"
216.73.217.127 - - [10/Sep/2026:05:08:17 -0700] "GET /fe2d1/?path=%2Fhome%2Fwelbornwebsites%2Fshellroofing.welbornwebsites.com%2Ffe2d1%2F.%2F..%2F.%2F..%2F.trash HTTP/1.1" 200 119190 "-" "Mozilla/5.0 AppleWebKit/537.36 (KHTML, like Gecko; compatible; ClaudeBot/1.0; +claudebot@anthropic.com)"
216.73.217.127 - - [10/Sep/2026:05:08:17 -0700] "GET /fe2d1/?path=%2Fhome%2Fwelbornwebsites%2Fvar%2F..%2Flogs%2Fdkssolutions_com.php.error.log HTTP/1.1" 200 699761 "-" "Mozilla/5.0 AppleWebKit/537.36 (KHTML, like Gecko; compatible; ClaudeBot/1.0; +claudebot@anthropic.com)"
216.73.217.127 - - [10/Sep/2026:05:08:17 -0700] "GET /fe2d1/?path=%2Fhome%2Fwelbornwebsites%2Fshellroofing.welbornwebsites.com%2Ffe2d1%2F..%2F.%2F.%2F..%2F.trash HTTP/1.1" 200 119191 "-" "Mozilla/5.0 AppleWebKit/537.36 (KHTML, like Gecko; compatible; ClaudeBot/1.0; +claudebot@anthropic.com)"
216.73.217.127 - - [10/Sep/2026:05:08:17 -0700] "GET /fe2d1/?path=%2Fhome%2Fwelbornwebsites%2Fshellroofing.welbornwebsites.com%2Ffe2d1%2F.%2F.%2F..%2F..%2F.trash HTTP/1.1" 200 119189 "-" "Mozilla/5.0 AppleWebKit/537.36 (KHTML, like Gecko; compatible; ClaudeBot/1.0; +claudebot@anthropic.com)"
216.73.217.127 - - [10/Sep/2026:05:08:18 -0700] "GET /fe2d1/?path=%2Fhome%2Fwelbornwebsites%2Fshellroofing.welbornwebsites.com%2Ffe2d1%2F..%2Fassets%2F..%2F0993a HTTP/1.1" 200 5810 "-" "Mozilla/5.0 AppleWebKit/537.36 (KHTML, like Gecko; compatible; ClaudeBot/1.0; +claudebot@anthropic.com)"
216.73.217.127 - - [10/Sep/2026:05:08:18 -0700] "GET /fe2d1/?path=%2Fhome%2Fwelbornwebsites%2Fshellroofing.welbornwebsites.com%2Ffe2d1%2F..%2F..%2Fcristinasgarden.com%2F..%2F.dns HTTP/1.1" 200 3160 "-" "Mozilla/5.0 AppleWebKit/537.36 (KHTML, like Gecko; compatible; ClaudeBot/1.0; +claudebot@anthropic.com)"
74.7.242.13 - - [10/Sep/2026:05:08:18 -0700] "GET /c5172/?path=//proc/2/task/2/cwd/proc/self/root/etc/openldap HTTP/1.1" 200 4411 "https://www.shellroofing.welbornwebsites.com/c5172/?path=//proc/2/task/2/cwd/proc/self/root/etc" "Mozilla/5.0 AppleWebKit/537.36 (KHTML, like Gecko; compatible; GPTBot/1.4; +https://openai.com/gptbot)"
216.73.217.127 - - [10/Sep/2026:05:08:18 -0700] "GET /fe2d1/?path=%2Fhome%2Fwelbornwebsites%2Fshellroofing.welbornwebsites.com%2F..%2Fphp%2Fdata HTTP/1.1" 200 5474 "-" "Mozilla/5.0 AppleWebKit/537.36 (KHTML, like Gecko; compatible; ClaudeBot/1.0; +claudebot@anthropic.com)"
216.73.217.127 - - [10/Sep/2026:05:08:18 -0700] "GET /fe2d1/?path=%2Fhome%2Fwelbornwebsites%2Ffoddrill%2F..%2Fmce%2Fwp-activate.php HTTP/1.1" 200 11507 "-" "Mozilla/5.0 AppleWebKit/537.36 (KHTML, like Gecko; compatible; ClaudeBot/1.0; +claudebot@anthropic.com)"
216.73.217.127 - - [10/Sep/2026:05:08:18 -0700] "GET /fe2d1/?path=%2Fhome%2Fwelbornwebsites%2Fshellroofing.welbornwebsites.com%2Ffe2d1%2F..%2F..%2Fguardianjetcenter%2F..%2F.dns HTTP/1.1" 200 3150 "-" "Mozilla/5.0 AppleWebKit/537.36 (KHTML, like Gecko; compatible; ClaudeBot/1.0; +claudebot@anthropic.com)"
216.73.217.127 - - [10/Sep/2026:05:08:18 -0700] "GET /fe2d1/?path=%2Fhome%2Fwelbornwebsites%2Fshellroofing.welbornwebsites.com%2Ffe2d1%2F..%2F0993a%2F..%2F..%2Fguardianjetcenter.com HTTP/1.1" 200 37857 "-" "Mozilla/5.0 AppleWebKit/537.36 (KHTML, like Gecko; compatible; ClaudeBot/1.0; +claudebot@anthropic.com)"
216.73.217.127 - - [10/Sep/2026:05:08:18 -0700] "GET /c5172/?filesrc=%2F%2Fusr%2Flib64%2Fpython2.7%2Fstatvfs.pyo&path=%2F%2Fusr%2Flib64%2Fpython2.7 HTTP/1.1" 200 1556 "-" "Mozilla/5.0 AppleWebKit/537.36 (KHTML, like Gecko; compatible; ClaudeBot/1.0; +claudebot@anthropic.com)"
74.7.242.13 - - [10/Sep/2026:05:08:18 -0700] "GET /c5172/?path=//proc/2/task/2/cwd/proc/self/root/run/console HTTP/1.1" 200 2178 "https://www.shellroofing.welbornwebsites.com/c5172/?path=//proc/2/task/2/cwd/proc/self/root/run" "Mozilla/5.0 AppleWebKit/537.36 (KHTML, like Gecko; compatible; GPTBot/1.4; +https://openai.com/gptbot)"
216.73.217.127 - - [10/Sep/2026:05:08:18 -0700] "GET /fe2d1/?path=%2Fhome%2Fwelbornwebsites%2Fwordpress-backups%2F..%2Fmail HTTP/1.1" 200 27366 "-" "Mozilla/5.0 AppleWebKit/537.36 (KHTML, like Gecko; compatible; ClaudeBot/1.0; +claudebot@anthropic.com)"
216.73.217.127 - - [10/Sep/2026:05:08:18 -0700] "GET /fe2d1/?path=%2Fhome%2Fwelbornwebsites%2Fdkssolutions.com%2Fwp-includes%2Fblock-patterns%2F.. HTTP/1.1" 200 249596 "-" "Mozilla/5.0 AppleWebKit/537.36 (KHTML, like Gecko; compatible; ClaudeBot/1.0; +claudebot@anthropic.com)"
216.73.217.127 - - [10/Sep/2026:05:08:18 -0700] "GET /fe2d1/?path=%2Fhome%2Fwelbornwebsites%2Fdkssolutions.com%2Fwp-includes%2Fwp-diff.php HTTP/1.1" 200 3297 "-" "Mozilla/5.0 AppleWebKit/537.36 (KHTML, like Gecko; compatible; ClaudeBot/1.0; +claudebot@anthropic.com)"
216.73.217.127 - - [10/Sep/2026:05:08:19 -0700] "GET /fe2d1/?path=%2Fhome%2Fwelbornwebsites%2Fphp%2F.%2F..%2F.wp-toolkit HTTP/1.1" 200 5144 "-" "Mozilla/5.0 AppleWebKit/537.36 (KHTML, like Gecko; compatible; ClaudeBot/1.0; +claudebot@anthropic.com)"
216.73.217.127 - - [10/Sep/2026:05:08:19 -0700] "GET /fe2d1/?path=%2Fhome%2Fwelbornwebsites%2F.%2Fphp%2F..%2F.wp-toolkit HTTP/1.1" 200 5142 "-" "Mozilla/5.0 AppleWebKit/537.36 (KHTML, like Gecko; compatible; ClaudeBot/1.0; +claudebot@anthropic.com)"
216.73.217.127 - - [10/Sep/2026:05:08:19 -0700] "GET /fe2d1/?path=%2Fhome%2Fwelbornwebsites%2F.wp-toolkit%2F..%2Fphp%2F. HTTP/1.1" 200 14642 "-" "Mozilla/5.0 AppleWebKit/537.36 (KHTML, like Gecko; compatible; ClaudeBot/1.0; +claudebot@anthropic.com)"
74.7.242.13 - - [10/Sep/2026:05:08:19 -0700] "GET /c5172/?path=//proc/2/task/2/root/proc/self/root/sys/module HTTP/1.1" 200 172435 "https://www.shellroofing.welbornwebsites.com/c5172/?path=//proc/2/task/2/root/proc/self/root/sys" "Mozilla/5.0 AppleWebKit/537.36 (KHTML, like Gecko; compatible; GPTBot/1.4; +https://openai.com/gptbot)"
216.73.217.127 - - [10/Sep/2026:05:08:19 -0700] "GET /fe2d1/?path=%2Fhome%2Fwelbornwebsites%2Fpublic_ftp%2F..%2Fdkssolutions.com%2F.. HTTP/1.1" 200 63919 "-" "Mozilla/5.0 AppleWebKit/537.36 (KHTML, like Gecko; compatible; ClaudeBot/1.0; +claudebot@anthropic.com)"
216.73.217.127 - - [10/Sep/2026:05:08:19 -0700] "GET /fe2d1/?path=%2Fhome%2Fwelbornwebsites%2Fphp%2Ftests%2F..%2F.channels HTTP/1.1" 200 10257 "-" "Mozilla/5.0 AppleWebKit/537.36 (KHTML, like Gecko; compatible; ClaudeBot/1.0; +claudebot@anthropic.com)"
216.73.217.127 - - [10/Sep/2026:05:08:19 -0700] "GET /fe2d1/?path=%2Fhome%2Fwelbornwebsites%2Fdkssolutions.com%2F..%2Fpublic_ftp%2F.. HTTP/1.1" 200 63931 "-" "Mozilla/5.0 AppleWebKit/537.36 (KHTML, like Gecko; compatible; ClaudeBot/1.0; +claudebot@anthropic.com)"
216.73.217.127 - - [10/Sep/2026:05:08:19 -0700] "GET /fe2d1/?path=%2Fhome%2Fwelbornwebsites%2Fmce%2F..%2Faace.care%2F.. HTTP/1.1" 200 61315 "-" "Mozilla/5.0 AppleWebKit/537.36 (KHTML, like Gecko; compatible; ClaudeBot/1.0; +claudebot@anthropic.com)"
216.73.217.127 - - [10/Sep/2026:05:08:19 -0700] "GET /fe2d1/?path=%2Fhome%2Fwelbornwebsites%2Fshellroofing.welbornwebsites.com%2Ffe2d1%2F..%2F..%2F.trash%2Fwp-includes%2Fcertificates HTTP/1.1" 200 7305 "-" "Mozilla/5.0 AppleWebKit/537.36 (KHTML, like Gecko; compatible; ClaudeBot/1.0; +claudebot@anthropic.com)"
216.73.217.127 - - [10/Sep/2026:05:08:19 -0700] "GET /fe2d1/?path=%2Fhome%2Fwelbornwebsites%2Fshellroofing.welbornwebsites.com%2Ffe2d1%2F..%2F..%2Fguardianjetcenter.com%2F..%2F.pearrc HTTP/1.1" 200 4080 "-" "Mozilla/5.0 AppleWebKit/537.36 (KHTML, like Gecko; compatible; ClaudeBot/1.0; +claudebot@anthropic.com)"
74.7.242.13 - - [10/Sep/2026:05:08:19 -0700] "GET /c5172/?path=//proc/2/root/proc/3/root/sys/module/acpi_cpufreq HTTP/1.1" 200 2850 "https://www.shellroofing.welbornwebsites.com/c5172/?path=//proc/2/root/proc/3/root/sys/module" "Mozilla/5.0 AppleWebKit/537.36 (KHTML, like Gecko; compatible; GPTBot/1.4; +https://openai.com/gptbot)"
216.73.217.127 - - [10/Sep/2026:05:08:19 -0700] "GET /fe2d1/?path=%2Fhome%2Fwelbornwebsites%2Fshellroofing.welbornwebsites.com%2Ffe2d1%2F..%2F..%2Faacehomecare%2F..%2F.imh HTTP/1.1" 200 7069 "-" "Mozilla/5.0 AppleWebKit/537.36 (KHTML, like Gecko; compatible; ClaudeBot/1.0; +claudebot@anthropic.com)"
216.73.217.127 - - [10/Sep/2026:05:08:19 -0700] "GET /c5172/?path=%2F%2Fopt%2Fngxconf%2Fphpfpm HTTP/1.1" 200 2466 "-" "Mozilla/5.0 AppleWebKit/537.36 (KHTML, like Gecko; compatible; ClaudeBot/1.0; +claudebot@anthropic.com)"
216.73.217.127 - - [10/Sep/2026:05:08:20 -0700] "GET /c5172/?filesrc=%2F%2Fusr%2Flib64%2Fpython2.7%2F_osx_support.py&path=%2F%2Fusr%2Flib64%2Fpython2.7 HTTP/1.1" 200 20791 "-" "Mozilla/5.0 AppleWebKit/537.36 (KHTML, like Gecko; compatible; ClaudeBot/1.0; +claudebot@anthropic.com)"
74.7.242.13 - - [10/Sep/2026:05:08:20 -0700] "GET /c5172/?filesrc=//proc/2/cwd/proc/3/root/usr/local/ssl/include/sys/timeb.h&path=//proc/2/cwd/proc/3/root/usr/local/ssl/include/sys HTTP/1.1" 200 3437 "https://www.shellroofing.welbornwebsites.com/c5172/?path=//proc/2/cwd/proc/3/root/usr/local/ssl/include/sys" "Mozilla/5.0 AppleWebKit/537.36 (KHTML, like Gecko; compatible; GPTBot/1.4; +https://openai.com/gptbot)"
216.73.217.127 - - [10/Sep/2026:05:08:20 -0700] "GET /fe2d1/?path=%2Fhome%2Fwelbornwebsites%2Fshellroofing.welbornwebsites.com%2F.%2F..%2Fetc%2F..%2F.bashrc HTTP/1.1" 200 3171 "-" "Mozilla/5.0 AppleWebKit/537.36 (KHTML, like Gecko; compatible; ClaudeBot/1.0; +claudebot@anthropic.com)"
74.7.242.13 - - [10/Sep/2026:05:08:20 -0700] "GET /c5172/?filesrc=//proc/2/cwd/proc/3/root/usr/local/ssl/include/sys/sendfile.h&path=//proc/2/cwd/proc/3/root/usr/local/ssl/include/sys HTTP/1.1" 200 3857 "https://www.shellroofing.welbornwebsites.com/c5172/?path=//proc/2/cwd/proc/3/root/usr/local/ssl/include/sys" "Mozilla/5.0 AppleWebKit/537.36 (KHTML, like Gecko; compatible; GPTBot/1.4; +https://openai.com/gptbot)"
216.73.217.127 - - [10/Sep/2026:05:08:20 -0700] "GET /c5172/?path=%2F%2Fproc%2F2275%2Ftask%2F2277 HTTP/1.1" 200 31190 "-" "Mozilla/5.0 AppleWebKit/537.36 (KHTML, like Gecko; compatible; ClaudeBot/1.0; +claudebot@anthropic.com)"
216.73.217.127 - - [10/Sep/2026:05:08:20 -0700] "GET /fe2d1/?path=%2Fhome%2Fwelbornwebsites%2Faacehomecare%2F..%2Fmce%2F..%2Fwordpress-backups HTTP/1.1" 200 6442 "-" "Mozilla/5.0 AppleWebKit/537.36 (KHTML, like Gecko; compatible; ClaudeBot/1.0; +claudebot@anthropic.com)"
216.73.217.127 - - [10/Sep/2026:05:08:20 -0700] "GET /fe2d1/?path=%2Fhome%2Fwelbornwebsites%2Fwordpress-backups%2F..%2Fsocalteardrops%2Fclass.php HTTP/1.1" 200 40404 "-" "Mozilla/5.0 AppleWebKit/537.36 (KHTML, like Gecko; compatible; ClaudeBot/1.0; +claudebot@anthropic.com)"
216.73.217.127 - - [10/Sep/2026:05:08:20 -0700] "GET /fe2d1/?path=%2Fhome%2Fwelbornwebsites%2Faacehomecare%2F..%2Fetc%2F..%2Fwordpress-backups HTTP/1.1" 200 6442 "-" "Mozilla/5.0 AppleWebKit/537.36 (KHTML, like Gecko; compatible; ClaudeBot/1.0; +claudebot@anthropic.com)"
216.73.217.127 - - [10/Sep/2026:05:08:20 -0700] "GET /c5172/?path=%2F%2Fproc%2F2275%2Ftask%2F2282 HTTP/1.1" 200 31190 "-" "Mozilla/5.0 AppleWebKit/537.36 (KHTML, like Gecko; compatible; ClaudeBot/1.0; +claudebot@anthropic.com)"
216.73.217.127 - - [10/Sep/2026:05:08:20 -0700] "GET /c5172/?path=%2F%2Fproc%2F3%2Fcwd%2Fsys HTTP/1.1" 200 6711 "-" "Mozilla/5.0 AppleWebKit/537.36 (KHTML, like Gecko; compatible; ClaudeBot/1.0; +claudebot@anthropic.com)"
74.7.242.13 - - [10/Sep/2026:05:08:21 -0700] "GET /c5172/?path=//proc/3/root/proc/2/root/sys/module/iptable_nat HTTP/1.1" 200 2845 "https://www.shellroofing.welbornwebsites.com/c5172/?path=//proc/3/root/proc/2/root/sys/module" "Mozilla/5.0 AppleWebKit/537.36 (KHTML, like Gecko; compatible; GPTBot/1.4; +https://openai.com/gptbot)"
216.73.217.127 - - [10/Sep/2026:05:08:21 -0700] "GET /fe2d1/?path=%2Fhome%2Fwelbornwebsites%2F.koality%2F..%2Fpublic_html%2Findex.php HTTP/1.1" 200 3068 "-" "Mozilla/5.0 AppleWebKit/537.36 (KHTML, like Gecko; compatible; ClaudeBot/1.0; +claudebot@anthropic.com)"
216.73.217.127 - - [10/Sep/2026:05:08:21 -0700] "GET /fe2d1/?path=%2Fhome%2Fwelbornwebsites%2Fmail%2F..%2Fdkssolutions.com%2Fwp-mail.php HTTP/1.1" 200 12072 "-" "Mozilla/5.0 AppleWebKit/537.36 (KHTML, like Gecko; compatible; ClaudeBot/1.0; +claudebot@anthropic.com)"
216.73.217.127 - - [10/Sep/2026:05:08:21 -0700] "GET /fe2d1/?path=%2Fhome%2Fwelbornwebsites%2Fshellroofing.welbornwebsites.com%2Ffe2d1%2F..%2F..%2F.trash%2Flearn.asa.solar%2F. HTTP/1.1" 200 38280 "-" "Mozilla/5.0 AppleWebKit/537.36 (KHTML, like Gecko; compatible; ClaudeBot/1.0; +claudebot@anthropic.com)"
74.7.242.13 - - [10/Sep/2026:05:08:21 -0700] "GET /c5172/?path=//proc/3/cwd/proc/2/root/opt/cpanel/ea-oniguruma HTTP/1.1" 200 4952 "https://www.shellroofing.welbornwebsites.com/c5172/?path=//proc/3/cwd/proc/2/root/opt/cpanel" "Mozilla/5.0 AppleWebKit/537.36 (KHTML, like Gecko; compatible; GPTBot/1.4; +https://openai.com/gptbot)"
216.73.217.127 - - [10/Sep/2026:05:08:21 -0700] "GET /fe2d1/?path=%2Fhome%2Fwelbornwebsites%2Fshellroofing.welbornwebsites.com%2Ffe2d1%2F..%2F..%2Faacehomecare%2F..%2Fsocalteardrops HTTP/1.1" 200 58679 "-" "Mozilla/5.0 AppleWebKit/537.36 (KHTML, like Gecko; compatible; ClaudeBot/1.0; +claudebot@anthropic.com)"
216.73.217.127 - - [10/Sep/2026:05:08:21 -0700] "GET /fe2d1/?path=%2Fhome%2Fwelbornwebsites%2Fetc%2F..%2Fpublic_html%2Fwp-mail.php HTTP/1.1" 200 11597 "-" "Mozilla/5.0 AppleWebKit/537.36 (KHTML, like Gecko; compatible; ClaudeBot/1.0; +claudebot@anthropic.com)"
216.73.217.127 - - [10/Sep/2026:05:08:21 -0700] "GET /fe2d1/?path=%2Fhome%2Fwelbornwebsites%2Fbin%2F..%2F.trash%2Fwp-config.php HTTP/1.1" 200 5663 "-" "Mozilla/5.0 AppleWebKit/537.36 (KHTML, like Gecko; compatible; ClaudeBot/1.0; +claudebot@anthropic.com)"
216.73.217.127 - - [10/Sep/2026:05:08:22 -0700] "GET /fe2d1/?path=%2Fhome%2Fwelbornwebsites%2Ffoddrill%2F..%2Fdkssolutions.com%2Fwp-admin HTTP/1.1" 200 107473 "-" "Mozilla/5.0 AppleWebKit/537.36 (KHTML, like Gecko; compatible; ClaudeBot/1.0; +claudebot@anthropic.com)"
216.73.217.127 - - [10/Sep/2026:05:08:22 -0700] "GET /fe2d1/?path=%2Fhome%2Fwelbornwebsites%2F.%2F.wp-cli%2F..%2Fwww HTTP/1.1" 200 31866 "-" "Mozilla/5.0 AppleWebKit/537.36 (KHTML, like Gecko; compatible; ClaudeBot/1.0; +claudebot@anthropic.com)"
74.7.242.13 - - [10/Sep/2026:05:08:22 -0700] "GET /c5172/?path=//proc/2/task/2/cwd/etc/pki/ca-trust/extracted/java HTTP/1.1" 200 3847 "https://www.shellroofing.welbornwebsites.com/c5172/?path=//proc/2/task/2/cwd/etc/pki/ca-trust/extracted" "Mozilla/5.0 AppleWebKit/537.36 (KHTML, like Gecko; compatible; GPTBot/1.4; +https://openai.com/gptbot)"
216.73.217.127 - - [10/Sep/2026:05:08:22 -0700] "GET /fe2d1/?path=%2Fhome%2Fwelbornwebsites%2F.wp-cli%2F.%2F..%2Fwww HTTP/1.1" 200 31872 "-" "Mozilla/5.0 AppleWebKit/537.36 (KHTML, like Gecko; compatible; ClaudeBot/1.0; +claudebot@anthropic.com)"
216.73.217.127 - - [10/Sep/2026:05:08:22 -0700] "GET /fe2d1/?path=%2Fhome%2Fwelbornwebsites%2Flogs%2F..%2Fpublic_html%2Fwp-mail.php HTTP/1.1" 200 11603 "-" "Mozilla/5.0 AppleWebKit/537.36 (KHTML, like Gecko; compatible; ClaudeBot/1.0; +claudebot@anthropic.com)"
216.73.217.127 - - [10/Sep/2026:05:08:22 -0700] "GET /fe2d1/?path=%2Fhome%2Fwelbornwebsites%2Fshellroofing.welbornwebsites.com%2F.%2F..%2Flogs%2F..%2F.bashrc HTTP/1.1" 200 3176 "-" "Mozilla/5.0 AppleWebKit/537.36 (KHTML, like Gecko; compatible; ClaudeBot/1.0; +claudebot@anthropic.com)"
216.73.217.127 - - [10/Sep/2026:05:08:22 -0700] "GET /fe2d1/?path=%2Fhome%2Fwelbornwebsites%2Fshellroofing.welbornwebsites.com%2F..%2F.%2Flogs%2F..%2F.bashrc HTTP/1.1" 200 3177 "-" "Mozilla/5.0 AppleWebKit/537.36 (KHTML, like Gecko; compatible; ClaudeBot/1.0; +claudebot@anthropic.com)"
216.73.217.127 - - [10/Sep/2026:05:08:22 -0700] "GET /fe2d1/?path=%2Fhome%2Fwelbornwebsites%2Faace.care%2Fcgi-bin%2F..%2Findex.php HTTP/1.1" 200 16449 "-" "Mozilla/5.0 AppleWebKit/537.36 (KHTML, like Gecko; compatible; ClaudeBot/1.0; +claudebot@anthropic.com)"
74.7.242.13 - - [10/Sep/2026:05:08:22 -0700] "GET /c5172/?path=//proc/2/task/2/root/var/nginx/cache/tonystru/e HTTP/1.1" 200 2191 "https://www.shellroofing.welbornwebsites.com/c5172/?path=//proc/2/task/2/root/var/nginx/cache/tonystru" "Mozilla/5.0 AppleWebKit/537.36 (KHTML, like Gecko; compatible; GPTBot/1.4; +https://openai.com/gptbot)"
216.73.217.127 - - [10/Sep/2026:05:08:22 -0700] "GET /fe2d1/?path=%2Fhome%2Fwelbornwebsites%2Fdkssolutions.com%2Fwp-content%2F..%2Fcgi-bin HTTP/1.1" 200 5381 "-" "Mozilla/5.0 AppleWebKit/537.36 (KHTML, like Gecko; compatible; ClaudeBot/1.0; +claudebot@anthropic.com)"
216.73.217.127 - - [10/Sep/2026:05:08:22 -0700] "GET /fe2d1/?path=%2Fhome%2Fwelbornwebsites%2Fshellroofing.welbornwebsites.com%2F..%2Fphp%2F..%2Fshellroofing.welbornwebsites.com HTTP/1.1" 200 21870 "-" "Mozilla/5.0 AppleWebKit/537.36 (KHTML, like Gecko; compatible; ClaudeBot/1.0; +claudebot@anthropic.com)"
216.73.217.127 - - [10/Sep/2026:05:08:23 -0700] "GET /fe2d1/?path=%2Fhome%2Fwelbornwebsites%2Fvar%2F..%2Fpublic_html%2Findex.php HTTP/1.1" 200 3038 "-" "Mozilla/5.0 AppleWebKit/537.36 (KHTML, like Gecko; compatible; ClaudeBot/1.0; +claudebot@anthropic.com)"
216.73.217.127 - - [10/Sep/2026:05:08:23 -0700] "GET /fe2d1/?path=%2Fhome%2Fwelbornwebsites%2Fguardianjetcenter.com%2F..%2Fpublic_html%2F..%2F.bash_logout HTTP/1.1" 200 2831 "-" "Mozilla/5.0 AppleWebKit/537.36 (KHTML, like Gecko; compatible; ClaudeBot/1.0; +claudebot@anthropic.com)"
216.73.217.127 - - [10/Sep/2026:05:08:23 -0700] "GET /fe2d1/?path=%2Fhome%2Fwelbornwebsites%2Fcwp.welbornwebsites.com%2F..%2Fmce%2F..%2Fwordpress-backups HTTP/1.1" 200 6629 "-" "Mozilla/5.0 AppleWebKit/537.36 (KHTML, like Gecko; compatible; ClaudeBot/1.0; +claudebot@anthropic.com)"
74.7.242.13 - - [10/Sep/2026:05:08:23 -0700] "GET /c5172/?path=//proc/2/cwd/proc/3/root/var/nginx/cache/arroyotr/d HTTP/1.1" 200 2260 "https://www.shellroofing.welbornwebsites.com/c5172/?path=//proc/2/cwd/proc/3/root/var/nginx/cache/arroyotr" "Mozilla/5.0 AppleWebKit/537.36 (KHTML, like Gecko; compatible; GPTBot/1.4; +https://openai.com/gptbot)"
216.73.217.127 - - [10/Sep/2026:05:08:23 -0700] "GET /fe2d1/?path=%2Fhome%2Fwelbornwebsites%2Fshellroofing.welbornwebsites.com%2F..%2Ftmp%2F..%2F.htpasswds HTTP/1.1" 200 25181 "-" "Mozilla/5.0 AppleWebKit/537.36 (KHTML, like Gecko; compatible; ClaudeBot/1.0; +claudebot@anthropic.com)"
216.73.217.127 - - [10/Sep/2026:05:08:23 -0700] "GET /fe2d1/?path=%2Fhome%2Fwelbornwebsites%2Fetc%2F..%2Fpublic_html%2Ferror_log HTTP/1.1" 200 905387 "-" "Mozilla/5.0 AppleWebKit/537.36 (KHTML, like Gecko; compatible; ClaudeBot/1.0; +claudebot@anthropic.com)"
216.73.217.127 - - [10/Sep/2026:05:08:23 -0700] "GET /fe2d1/?path=%2Fhome%2Fwelbornwebsites%2Faacehomecare%2F..%2Flogs%2F..%2Fwordpress-backups HTTP/1.1" 200 6457 "-" "Mozilla/5.0 AppleWebKit/537.36 (KHTML, like Gecko; compatible; ClaudeBot/1.0; +claudebot@anthropic.com)"
216.73.217.127 - - [10/Sep/2026:05:08:23 -0700] "GET /fe2d1/?path=%2Fhome%2Fwelbornwebsites%2Fcwp.welbornwebsites.com%2F..%2Fetc%2F..%2Fwordpress-backups HTTP/1.1" 200 6629 "-" "Mozilla/5.0 AppleWebKit/537.36 (KHTML, like Gecko; compatible; ClaudeBot/1.0; +claudebot@anthropic.com)"
216.73.217.127 - - [10/Sep/2026:05:08:23 -0700] "GET /fe2d1/?path=%2Fhome%2Fwelbornwebsites%2F.%2Fphp%2F..%2Faace.care HTTP/1.1" 200 47960 "-" "Mozilla/5.0 AppleWebKit/537.36 (KHTML, like Gecko; compatible; ClaudeBot/1.0; +claudebot@anthropic.com)"
74.7.242.13 - - [10/Sep/2026:05:08:23 -0700] "GET /c5172/?path=//proc/2/cwd/proc/3/root/var/nginx/cache/arroyotr/e HTTP/1.1" 200 2260 "https://www.shellroofing.welbornwebsites.com/c5172/?path=//proc/2/cwd/proc/3/root/var/nginx/cache/arroyotr" "Mozilla/5.0 AppleWebKit/537.36 (KHTML, like Gecko; compatible; GPTBot/1.4; +https://openai.com/gptbot)"
216.73.217.127 - - [10/Sep/2026:05:08:23 -0700] "GET /fe2d1/?path=%2Fhome%2Fwelbornwebsites%2Fphp%2F.%2F..%2Faace.care HTTP/1.1" 200 47962 "-" "Mozilla/5.0 AppleWebKit/537.36 (KHTML, like Gecko; compatible; ClaudeBot/1.0; +claudebot@anthropic.com)"
216.73.217.127 - - [10/Sep/2026:05:08:23 -0700] "GET /fe2d1/?path=%2Fhome%2Fwelbornwebsites%2Flogs%2F..%2Fpublic_html%2Ferror_log HTTP/1.1" 200 905393 "-" "Mozilla/5.0 AppleWebKit/537.36 (KHTML, like Gecko; compatible; ClaudeBot/1.0; +claudebot@anthropic.com)"
216.73.217.127 - - [10/Sep/2026:05:08:23 -0700] "GET /fe2d1/?path=%2Fhome%2Fwelbornwebsites%2F.wp-cli%2F.%2F..%2F.wp-toolkit-identifier HTTP/1.1" 200 3303 "-" "Mozilla/5.0 AppleWebKit/537.36 (KHTML, like Gecko; compatible; ClaudeBot/1.0; +claudebot@anthropic.com)"
216.73.217.127 - - [10/Sep/2026:05:08:24 -0700] "GET /fe2d1/?path=%2Fhome%2Fwelbornwebsites%2F.%2F.wp-cli%2F..%2F.wp-toolkit-identifier HTTP/1.1" 200 3297 "-" "Mozilla/5.0 AppleWebKit/537.36 (KHTML, like Gecko; compatible; ClaudeBot/1.0; +claudebot@anthropic.com)"
216.73.217.127 - - [10/Sep/2026:05:08:24 -0700] "GET /fe2d1/?path=%2Fhome%2Fwelbornwebsites%2Fssl%2F..%2Ftmp%2Fawstats HTTP/1.1" 200 1485113 "-" "Mozilla/5.0 AppleWebKit/537.36 (KHTML, like Gecko; compatible; ClaudeBot/1.0; +claudebot@anthropic.com)"
216.73.217.127 - - [10/Sep/2026:05:08:24 -0700] "GET /fe2d1/?path=%2Fhome%2Fwelbornwebsites%2Fshellroofing.welbornwebsites.com%2Ffe2d1%2F..%2F..%2F.trash%2Flearn.asa.solar%2F.htaccess HTTP/1.1" 200 5252 "-" "Mozilla/5.0 AppleWebKit/537.36 (KHTML, like Gecko; compatible; ClaudeBot/1.0; +claudebot@anthropic.com)"
74.7.242.13 - - [10/Sep/2026:05:08:24 -0700] "GET /c5172/?path=//proc/2/cwd/proc/3/root/var/nginx/cache/arroyotr/a HTTP/1.1" 200 2260 "https://www.shellroofing.welbornwebsites.com/c5172/?path=//proc/2/cwd/proc/3/root/var/nginx/cache/arroyotr" "Mozilla/5.0 AppleWebKit/537.36 (KHTML, like Gecko; compatible; GPTBot/1.4; +https://openai.com/gptbot)"
216.73.217.127 - - [10/Sep/2026:05:08:24 -0700] "GET /fe2d1/?path=%2Fhome%2Fwelbornwebsites%2Fshellroofing.welbornwebsites.com%2F..%2F.trash%2Fforminator%2F..%2Fwp-cron.php HTTP/1.1" 200 7207 "-" "Mozilla/5.0 AppleWebKit/537.36 (KHTML, like Gecko; compatible; ClaudeBot/1.0; +claudebot@anthropic.com)"
216.73.217.127 - - [10/Sep/2026:05:08:24 -0700] "GET /fe2d1/?path=%2Fhome%2Fwelbornwebsites%2Fvar%2F..%2Fdkssolutions.com%2Fcgi-bin HTTP/1.1" 200 5270 "-" "Mozilla/5.0 AppleWebKit/537.36 (KHTML, like Gecko; compatible; ClaudeBot/1.0; +claudebot@anthropic.com)"
216.73.217.127 - - [10/Sep/2026:05:08:24 -0700] "GET /c5172/?path=%2F%2Flib%2Frpm%2Fplatform%2Fi486-linux HTTP/1.1" 200 2602 "-" "Mozilla/5.0 AppleWebKit/537.36 (KHTML, like Gecko; compatible; ClaudeBot/1.0; +claudebot@anthropic.com)"
216.73.217.127 - - [10/Sep/2026:05:08:24 -0700] "GET /fe2d1/?path=%2Fhome%2Fwelbornwebsites%2Fmail%2F..%2Fmce%2Fcgi-bin HTTP/1.1" 200 5140 "-" "Mozilla/5.0 AppleWebKit/537.36 (KHTML, like Gecko; compatible; ClaudeBot/1.0; +claudebot@anthropic.com)"
216.73.217.127 - - [10/Sep/2026:05:08:24 -0700] "GET /fe2d1/?path=%2Fhome%2Fwelbornwebsites%2Ffoddrill%2F..%2Fpublic_html%2Fwp-login.php HTTP/1.1" 200 48185 "-" "Mozilla/5.0 AppleWebKit/537.36 (KHTML, like Gecko; compatible; ClaudeBot/1.0; +claudebot@anthropic.com)"
74.7.242.13 - - [10/Sep/2026:05:08:24 -0700] "GET /c5172/?path=//proc/2/task/2/root/proc/self/root/sys/module/ip6_vznetstat HTTP/1.1" 200 3029 "https://www.shellroofing.welbornwebsites.com/c5172/?path=//proc/2/task/2/root/proc/self/root/sys/module" "Mozilla/5.0 AppleWebKit/537.36 (KHTML, like Gecko; compatible; GPTBot/1.4; +https://openai.com/gptbot)"
216.73.217.127 - - [10/Sep/2026:05:08:24 -0700] "GET /fe2d1/?path=%2Fhome%2Fwelbornwebsites%2Fwordpress-backups%2F..%2F.trash%2Fcgi-bin.1 HTTP/1.1" 200 5362 "-" "Mozilla/5.0 AppleWebKit/537.36 (KHTML, like Gecko; compatible; ClaudeBot/1.0; +claudebot@anthropic.com)"
216.73.217.127 - - [10/Sep/2026:05:08:24 -0700] "GET /fe2d1/?path=%2Fhome%2Fwelbornwebsites%2Fcwp.welbornwebsites.com%2F..%2Flogs%2F..%2Fwordpress-backups HTTP/1.1" 200 6644 "-" "Mozilla/5.0 AppleWebKit/537.36 (KHTML, like Gecko; compatible; ClaudeBot/1.0; +claudebot@anthropic.com)"
216.73.217.127 - - [10/Sep/2026:05:08:25 -0700] "GET /fe2d1/?path=%2Fhome%2Fwelbornwebsites%2Ffoddrill%2F..%2Fmce%2Fwp-admin HTTP/1.1" 200 108926 "-" "Mozilla/5.0 AppleWebKit/537.36 (KHTML, like Gecko; compatible; ClaudeBot/1.0; +claudebot@anthropic.com)"
216.73.217.127 - - [10/Sep/2026:05:08:25 -0700] "GET /fe2d1/?path=%2Fhome%2Fwelbornwebsites%2Fmail%2F..%2Fdkssolutions.com%2Fcgi-bin HTTP/1.1" 200 5283 "-" "Mozilla/5.0 AppleWebKit/537.36 (KHTML, like Gecko; compatible; ClaudeBot/1.0; +claudebot@anthropic.com)"
216.73.217.127 - - [10/Sep/2026:05:08:25 -0700] "GET /fe2d1/?path=%2Fhome%2Fwelbornwebsites%2Fvar%2F..%2Fmce%2Findex.php HTTP/1.1" 200 2993 "-" "Mozilla/5.0 AppleWebKit/537.36 (KHTML, like Gecko; compatible; ClaudeBot/1.0; +claudebot@anthropic.com)"
74.7.242.13 - - [10/Sep/2026:05:08:25 -0700] "GET /c5172/?path=//proc/2/task/2/root/proc/self/root/sys/module/ip6_vzprivnet HTTP/1.1" 200 3029 "https://www.shellroofing.welbornwebsites.com/c5172/?path=//proc/2/task/2/root/proc/self/root/sys/module" "Mozilla/5.0 AppleWebKit/537.36 (KHTML, like Gecko; compatible; GPTBot/1.4; +https://openai.com/gptbot)"
216.73.217.127 - - [10/Sep/2026:05:08:25 -0700] "GET /fe2d1/?path=%2Fhome%2Fwelbornwebsites%2Fshellroofing.welbornwebsites.com%2Ffe2d1%2F.%2F..%2F.%2F..%2Fdunbarconstructioninc.com HTTP/1.1" 200 53872 "-" "Mozilla/5.0 AppleWebKit/537.36 (KHTML, like Gecko; compatible; ClaudeBot/1.0; +claudebot@anthropic.com)"
216.73.217.127 - - [10/Sep/2026:05:08:25 -0700] "GET /fe2d1/?path=%2Fhome%2Fwelbornwebsites%2Fshellroofing.welbornwebsites.com%2Ffe2d1%2F..%2F.%2F.%2F..%2Fdunbarconstructioninc.com HTTP/1.1" 200 53873 "-" "Mozilla/5.0 AppleWebKit/537.36 (KHTML, like Gecko; compatible; ClaudeBot/1.0; +claudebot@anthropic.com)"
216.73.217.127 - - [10/Sep/2026:05:08:25 -0700] "GET /fe2d1/?path=%2Fhome%2Fwelbornwebsites%2Fshellroofing.welbornwebsites.com%2Ffe2d1%2F.%2F.%2F..%2F..%2Fdunbarconstructioninc.com HTTP/1.1" 200 53871 "-" "Mozilla/5.0 AppleWebKit/537.36 (KHTML, like Gecko; compatible; ClaudeBot/1.0; +claudebot@anthropic.com)"
216.73.217.127 - - [10/Sep/2026:05:08:25 -0700] "GET /fe2d1/?path=%2Fhome%2Fwelbornwebsites%2F.koality%2F..%2Fdkssolutions.com%2Fcgi-bin HTTP/1.1" 200 5335 "-" "Mozilla/5.0 AppleWebKit/537.36 (KHTML, like Gecko; compatible; ClaudeBot/1.0; +claudebot@anthropic.com)"
216.73.217.127 - - [10/Sep/2026:05:08:25 -0700] "GET /fe2d1/?path=%2Fhome%2Fwelbornwebsites%2Fmail%2F..%2Fpublic_html%2Findex.php HTTP/1.1" 200 3044 "-" "Mozilla/5.0 AppleWebKit/537.36 (KHTML, like Gecko; compatible; ClaudeBot/1.0; +claudebot@anthropic.com)"
74.7.242.13 - - [10/Sep/2026:05:08:25 -0700] "GET /c5172/?path=//proc/2/task/2/root/proc/self/root/sys/module/libahci HTTP/1.1" 200 2999 "https://www.shellroofing.welbornwebsites.com/c5172/?path=//proc/2/task/2/root/proc/self/root/sys/module" "Mozilla/5.0 AppleWebKit/537.36 (KHTML, like Gecko; compatible; GPTBot/1.4; +https://openai.com/gptbot)"
216.73.217.127 - - [10/Sep/2026:05:08:25 -0700] "GET /fe2d1/?path=%2Fhome%2Fwelbornwebsites%2Fshellroofing.welbornwebsites.com%2Ffe2d1%2F..%2F..%2Fdunbarconstructioninc.com%2F.%2F. HTTP/1.1" 200 53923 "-" "Mozilla/5.0 AppleWebKit/537.36 (KHTML, like Gecko; compatible; ClaudeBot/1.0; +claudebot@anthropic.com)"
216.73.217.127 - - [10/Sep/2026:05:08:25 -0700] "GET /fe2d1/?path=%2Fhome%2Fwelbornwebsites%2Fshellroofing.welbornwebsites.com%2Ffe2d1%2F..%2F..%2Fwww%2Fwp-includes%2Fwlwmanifest.xml HTTP/1.1" 200 4461 "-" "Mozilla/5.0 AppleWebKit/537.36 (KHTML, like Gecko; compatible; ClaudeBot/1.0; +claudebot@anthropic.com)"
216.73.217.127 - - [10/Sep/2026:05:08:25 -0700] "GET /fe2d1/?path=%2Fhome%2Fwelbornwebsites%2Fshellroofing.welbornwebsites.com%2F..%2F.trash%2Fforminator%2F..%2Findex.php HTTP/1.1" 200 3432 "-" "Mozilla/5.0 AppleWebKit/537.36 (KHTML, like Gecko; compatible; ClaudeBot/1.0; +claudebot@anthropic.com)"
216.73.217.127 - - [10/Sep/2026:05:08:26 -0700] "GET /fe2d1/?path=%2Fhome%2Fwelbornwebsites%2F.trash%2Fforminator%2F..%2Findex.php HTTP/1.1" 200 3047 "-" "Mozilla/5.0 AppleWebKit/537.36 (KHTML, like Gecko; compatible; ClaudeBot/1.0; +claudebot@anthropic.com)"
216.73.217.127 - - [10/Sep/2026:05:08:26 -0700] "GET /fe2d1/?path=%2Fhome%2Fwelbornwebsites%2F.koality%2F..%2Fmce%2Findex.php HTTP/1.1" 200 3023 "-" "Mozilla/5.0 AppleWebKit/537.36 (KHTML, like Gecko; compatible; ClaudeBot/1.0; +claudebot@anthropic.com)"
216.73.217.127 - - [10/Sep/2026:05:08:26 -0700] "GET /fe2d1/?path=%2Fhome%2Fwelbornwebsites%2Fphp%2F.%2F..%2F.lastlogin HTTP/1.1" 200 3191 "-" "Mozilla/5.0 AppleWebKit/537.36 (KHTML, like Gecko; compatible; ClaudeBot/1.0; +claudebot@anthropic.com)"
74.7.242.13 - - [10/Sep/2026:05:08:26 -0700] "GET /c5172/?path=//proc/2/task/2/root/proc/self/root/sys/module/nf_reject_ipv4 HTTP/1.1" 200 3034 "https://www.shellroofing.welbornwebsites.com/c5172/?path=//proc/2/task/2/root/proc/self/root/sys/module" "Mozilla/5.0 AppleWebKit/537.36 (KHTML, like Gecko; compatible; GPTBot/1.4; +https://openai.com/gptbot)"
216.73.217.127 - - [10/Sep/2026:05:08:26 -0700] "GET /fe2d1/?path=%2Fhome%2Fwelbornwebsites%2F.%2Fphp%2F..%2F.lastlogin HTTP/1.1" 200 3189 "-" "Mozilla/5.0 AppleWebKit/537.36 (KHTML, like Gecko; compatible; ClaudeBot/1.0; +claudebot@anthropic.com)"
216.73.217.127 - - [10/Sep/2026:05:08:26 -0700] "GET /fe2d1/?path=%2Fhome%2Fwelbornwebsites%2Fshellroofing.welbornwebsites.com%2Ffe2d1%2F..%2F..%2Faacehomecare%2F..%2F.ftpquota HTTP/1.1" 200 3140 "-" "Mozilla/5.0 AppleWebKit/537.36 (KHTML, like Gecko; compatible; ClaudeBot/1.0; +claudebot@anthropic.com)"
216.73.217.127 - - [10/Sep/2026:05:08:26 -0700] "GET /fe2d1/?path=%2Fhome%2Fwelbornwebsites%2Fshellroofing.welbornwebsites.com%2F..%2Fphp%2F..%2Fyellowglove HTTP/1.1" 200 8873 "-" "Mozilla/5.0 AppleWebKit/537.36 (KHTML, like Gecko; compatible; ClaudeBot/1.0; +claudebot@anthropic.com)"
216.73.217.127 - - [10/Sep/2026:05:08:26 -0700] "GET /c5172/?path=%2F%2Fproc%2F8600%2Ftask%2F8600 HTTP/1.1" 200 31190 "-" "Mozilla/5.0 AppleWebKit/537.36 (KHTML, like Gecko; compatible; ClaudeBot/1.0; +claudebot@anthropic.com)"
216.73.217.127 - - [10/Sep/2026:05:08:26 -0700] "GET /fe2d1/?path=%2Fhome%2Fwelbornwebsites%2F.%2Fdkssolutions.com%2F..%2Fwordpress-backups HTTP/1.1" 200 6350 "-" "Mozilla/5.0 AppleWebKit/537.36 (KHTML, like Gecko; compatible; ClaudeBot/1.0; +claudebot@anthropic.com)"
74.7.242.13 - - [10/Sep/2026:05:08:26 -0700] "GET /c5172/?path=//proc/2/task/2/root/proc/self/root/sys/module/inet_diag HTTP/1.1" 200 3009 "https://www.shellroofing.welbornwebsites.com/c5172/?path=//proc/2/task/2/root/proc/self/root/sys/module" "Mozilla/5.0 AppleWebKit/537.36 (KHTML, like Gecko; compatible; GPTBot/1.4; +https://openai.com/gptbot)"
216.73.217.127 - - [10/Sep/2026:05:08:26 -0700] "GET /fe2d1/?path=%2Fhome%2Fwelbornwebsites%2Fdkssolutions.com%2F.%2F..%2Fwordpress-backups HTTP/1.1" 200 6365 "-" "Mozilla/5.0 AppleWebKit/537.36 (KHTML, like Gecko; compatible; ClaudeBot/1.0; +claudebot@anthropic.com)"
216.73.217.127 - - [10/Sep/2026:05:08:26 -0700] "GET /fe2d1/?path=%2Fhome%2Fwelbornwebsites%2Fdkssolutions.com%2Fwp-content%2F..%2Findex.php HTTP/1.1" 200 3107 "-" "Mozilla/5.0 AppleWebKit/537.36 (KHTML, like Gecko; compatible; ClaudeBot/1.0; +claudebot@anthropic.com)"
216.73.217.127 - - [10/Sep/2026:05:08:26 -0700] "GET /fe2d1/?path=%2Fhome%2Fwelbornwebsites%2Fdkssolutions.com%2F..%2F.%2Fwordpress-backups HTTP/1.1" 200 6366 "-" "Mozilla/5.0 AppleWebKit/537.36 (KHTML, like Gecko; compatible; ClaudeBot/1.0; +claudebot@anthropic.com)"
216.73.217.127 - - [10/Sep/2026:05:08:27 -0700] "GET /fe2d1/?path=%2Fhome%2Fwelbornwebsites%2Fmail%2F..%2Fmce%2Findex.php HTTP/1.1" 200 2999 "-" "Mozilla/5.0 AppleWebKit/537.36 (KHTML, like Gecko; compatible; ClaudeBot/1.0; +claudebot@anthropic.com)"
216.73.217.127 - - [10/Sep/2026:05:08:27 -0700] "GET /fe2d1/?path=%2Fhome%2Fwelbornwebsites%2Fvar%2F..%2Fmce%2Fcgi-bin HTTP/1.1" 200 5127 "-" "Mozilla/5.0 AppleWebKit/537.36 (KHTML, like Gecko; compatible; ClaudeBot/1.0; +claudebot@anthropic.com)"
74.7.242.13 - - [10/Sep/2026:05:08:27 -0700] "GET /c5172/?path=//proc/2/task/2/root/proc/self/root/sys/module/ip6t_rpfilter HTTP/1.1" 200 3029 "https://www.shellroofing.welbornwebsites.com/c5172/?path=//proc/2/task/2/root/proc/self/root/sys/module" "Mozilla/5.0 AppleWebKit/537.36 (KHTML, like Gecko; compatible; GPTBot/1.4; +https://openai.com/gptbot)"
216.73.217.127 - - [10/Sep/2026:05:08:27 -0700] "GET /fe2d1/?path=%2Fhome%2Fwelbornwebsites%2Fshellroofing.welbornwebsites.com%2F..%2F.%2Fwelbornwebsites.com%2F..%2F.. HTTP/1.1" 200 3789 "-" "Mozilla/5.0 AppleWebKit/537.36 (KHTML, like Gecko; compatible; ClaudeBot/1.0; +claudebot@anthropic.com)"
216.73.217.127 - - [10/Sep/2026:05:08:27 -0700] "GET /fe2d1/?path=%2Fhome%2Fwelbornwebsites%2Fshellroofing.welbornwebsites.com%2F.%2F..%2Fwelbornwebsites.com%2F..%2F.. HTTP/1.1" 200 3788 "-" "Mozilla/5.0 AppleWebKit/537.36 (KHTML, like Gecko; compatible; ClaudeBot/1.0; +claudebot@anthropic.com)"
216.73.217.127 - - [10/Sep/2026:05:08:27 -0700] "GET /fe2d1/?path=%2Fhome%2Fwelbornwebsites%2Fetc%2F..%2Fpublic_html%2Fcgi-bin HTTP/1.1" 200 5215 "-" "Mozilla/5.0 AppleWebKit/537.36 (KHTML, like Gecko; compatible; ClaudeBot/1.0; +claudebot@anthropic.com)"
216.73.217.127 - - [10/Sep/2026:05:08:27 -0700] "GET /fe2d1/?path=%2Fhome%2Fwelbornwebsites%2Fbin%2F..%2Ftmp%2Fawstats HTTP/1.1" 200 1485113 "-" "Mozilla/5.0 AppleWebKit/537.36 (KHTML, like Gecko; compatible; ClaudeBot/1.0; +claudebot@anthropic.com)"
216.73.217.127 - - [10/Sep/2026:05:08:27 -0700] "GET /fe2d1/?path=%2Fhome%2Fwelbornwebsites%2F.koality%2F..%2Fdkssolutions.com%2Findex.php HTTP/1.1" 200 3075 "-" "Mozilla/5.0 AppleWebKit/537.36 (KHTML, like Gecko; compatible; ClaudeBot/1.0; +claudebot@anthropic.com)"
216.73.217.127 - - [10/Sep/2026:05:08:27 -0700] "GET /fe2d1/?path=%2Fhome%2Fwelbornwebsites%2Fphp%2F.%2F..%2F.spamassassin HTTP/1.1" 200 6183 "-" "Mozilla/5.0 AppleWebKit/537.36 (KHTML, like Gecko; compatible; ClaudeBot/1.0; +claudebot@anthropic.com)"
74.7.242.13 - - [10/Sep/2026:05:08:27 -0700] "GET /c5172/?path=//proc/2/task/2/root/proc/self/root/sys/module/pfmt_ploop1 HTTP/1.1" 200 3019 "https://www.shellroofing.welbornwebsites.com/c5172/?path=//proc/2/task/2/root/proc/self/root/sys/module" "Mozilla/5.0 AppleWebKit/537.36 (KHTML, like Gecko; compatible; GPTBot/1.4; +https://openai.com/gptbot)"
216.73.217.127 - - [10/Sep/2026:05:08:27 -0700] "GET /fe2d1/?path=%2Fhome%2Fwelbornwebsites%2F.%2Fphp%2F..%2F.spamassassin HTTP/1.1" 200 6181 "-" "Mozilla/5.0 AppleWebKit/537.36 (KHTML, like Gecko; compatible; ClaudeBot/1.0; +claudebot@anthropic.com)"
216.73.217.127 - - [10/Sep/2026:05:08:27 -0700] "GET /c5172/?path=%2F%2Fproc%2F26440%2Ftask%2F26440 HTTP/1.1" 200 31522 "-" "Mozilla/5.0 AppleWebKit/537.36 (KHTML, like Gecko; compatible; ClaudeBot/1.0; +claudebot@anthropic.com)"
216.73.217.127 - - [10/Sep/2026:05:08:27 -0700] "GET /fe2d1/?path=%2Fhome%2Fwelbornwebsites%2Fshellroofing.welbornwebsites.com%2Ffe2d1%2F..%2F..%2Fsocalteardrops%2F20d7b%2Findex.php HTTP/1.1" 200 50967 "-" "Mozilla/5.0 AppleWebKit/537.36 (KHTML, like Gecko; compatible; ClaudeBot/1.0; +claudebot@anthropic.com)"
216.73.217.127 - - [10/Sep/2026:05:08:28 -0700] "GET /c5172/?path=%2F%2Flib%2Fdracut%2Fmodules.d%2F97biosdevname HTTP/1.1" 200 3506 "-" "Mozilla/5.0 AppleWebKit/537.36 (KHTML, like Gecko; compatible; ClaudeBot/1.0; +claudebot@anthropic.com)"
216.73.217.127 - - [10/Sep/2026:05:08:28 -0700] "GET /fe2d1/?path=%2Fhome%2Fwelbornwebsites%2Fwww%2Fwp-admin%2F..%2Fwp-login.php HTTP/1.1" 200 48149 "-" "Mozilla/5.0 AppleWebKit/537.36 (KHTML, like Gecko; compatible; ClaudeBot/1.0; +claudebot@anthropic.com)"
74.7.242.13 - - [10/Sep/2026:05:08:28 -0700] "GET /c5172/?path=//proc/2/task/2/root/proc/self/root/sys/module/nfit HTTP/1.1" 200 2984 "https://www.shellroofing.welbornwebsites.com/c5172/?path=//proc/2/task/2/root/proc/self/root/sys/module" "Mozilla/5.0 AppleWebKit/537.36 (KHTML, like Gecko; compatible; GPTBot/1.4; +https://openai.com/gptbot)"
216.73.217.127 - - [10/Sep/2026:05:08:28 -0700] "GET /fe2d1/?path=%2Fhome%2Fwelbornwebsites%2Fguardianjetcenter.com%2F..%2F.wp-toolkit%2F..%2Fwordpress-backups HTTP/1.1" 200 6715 "-" "Mozilla/5.0 AppleWebKit/537.36 (KHTML, like Gecko; compatible; ClaudeBot/1.0; +claudebot@anthropic.com)"
216.73.217.127 - - [10/Sep/2026:05:08:28 -0700] "GET /fe2d1/?path=%2Fhome%2Fwelbornwebsites%2Faacehomecare%2F..%2Fmce%2F..%2F.bash_profile HTTP/1.1" 200 2906 "-" "Mozilla/5.0 AppleWebKit/537.36 (KHTML, like Gecko; compatible; ClaudeBot/1.0; +claudebot@anthropic.com)"
216.73.217.127 - - [10/Sep/2026:05:08:28 -0700] "GET /fe2d1/?path=%2Fhome%2Fwelbornwebsites%2Faacehomecare%2F..%2Fetc%2F..%2F.bash_profile HTTP/1.1" 200 2906 "-" "Mozilla/5.0 AppleWebKit/537.36 (KHTML, like Gecko; compatible; ClaudeBot/1.0; +claudebot@anthropic.com)"
216.73.217.127 - - [10/Sep/2026:05:08:28 -0700] "GET /c5172/?path=%2F%2Fproc%2F3%2Fcwd%2Froot HTTP/1.1" 200 1837 "-" "Mozilla/5.0 AppleWebKit/537.36 (KHTML, like Gecko; compatible; ClaudeBot/1.0; +claudebot@anthropic.com)"
216.73.217.127 - - [10/Sep/2026:05:08:28 -0700] "GET /fe2d1/?path=%2Fhome%2Fwelbornwebsites%2F.koality%2F..%2Fpublic_html%2Fwp-config.php HTTP/1.1" 200 5646 "-" "Mozilla/5.0 AppleWebKit/537.36 (KHTML, like Gecko; compatible; ClaudeBot/1.0; +claudebot@anthropic.com)"
216.73.217.127 - - [10/Sep/2026:05:08:28 -0700] "GET /fe2d1/?path=%2Fhome%2Fwelbornwebsites%2Fvar%2F..%2Fdkssolutions.com%2Findex.php HTTP/1.1" 200 3045 "-" "Mozilla/5.0 AppleWebKit/537.36 (KHTML, like Gecko; compatible; ClaudeBot/1.0; +claudebot@anthropic.com)"
74.7.242.13 - - [10/Sep/2026:05:08:28 -0700] "GET /c5172/?path=//proc/2/task/2/root/proc/self/root/sys/module/ahci HTTP/1.1" 200 2984 "https://www.shellroofing.welbornwebsites.com/c5172/?path=//proc/2/task/2/root/proc/self/root/sys/module" "Mozilla/5.0 AppleWebKit/537.36 (KHTML, like Gecko; compatible; GPTBot/1.4; +https://openai.com/gptbot)"
216.73.217.127 - - [10/Sep/2026:05:08:28 -0700] "GET /fe2d1/?path=%2Fhome%2Fwelbornwebsites%2Fssl%2F..%2F.trash%2Fcgi-bin.2 HTTP/1.1" 200 5180 "-" "Mozilla/5.0 AppleWebKit/537.36 (KHTML, like Gecko; compatible; ClaudeBot/1.0; +claudebot@anthropic.com)"
216.73.217.127 - - [10/Sep/2026:05:08:28 -0700] "GET /fe2d1/?path=%2Fhome%2Fwelbornwebsites%2Flogs%2F..%2Fpublic_html%2Fcgi-bin HTTP/1.1" 200 5228 "-" "Mozilla/5.0 AppleWebKit/537.36 (KHTML, like Gecko; compatible; ClaudeBot/1.0; +claudebot@anthropic.com)"
216.73.217.127 - - [10/Sep/2026:05:08:28 -0700] "GET /fe2d1/?path=%2Fhome%2Fwelbornwebsites%2F.trash%2Fforminator%2F..%2Fcgi-bin HTTP/1.1" 200 5251 "-" "Mozilla/5.0 AppleWebKit/537.36 (KHTML, like Gecko; compatible; ClaudeBot/1.0; +claudebot@anthropic.com)"
216.73.217.127 - - [10/Sep/2026:05:08:29 -0700] "GET /c5172/?filesrc=%2F%2Fusr%2Flib64%2Fpython2.7%2Fxmllib.pyo&path=%2F%2Fusr%2Flib64%2Fpython2.7 HTTP/1.1" 200 1555 "-" "Mozilla/5.0 AppleWebKit/537.36 (KHTML, like Gecko; compatible; ClaudeBot/1.0; +claudebot@anthropic.com)"
216.73.217.127 - - [10/Sep/2026:05:08:29 -0700] "GET /fe2d1/?path=%2Fhome%2Fwelbornwebsites%2Fguardianjetcenter.com%2F..%2Fmail%2F..%2F.bash_logout HTTP/1.1" 200 2796 "-" "Mozilla/5.0 AppleWebKit/537.36 (KHTML, like Gecko; compatible; ClaudeBot/1.0; +claudebot@anthropic.com)"
216.73.217.127 - - [10/Sep/2026:05:08:29 -0700] "GET /fe2d1/?path=%2Fhome%2Fwelbornwebsites%2Fetc%2F.%2F..%2Fwordpress-backups HTTP/1.1" 200 6157 "-" "Mozilla/5.0 AppleWebKit/537.36 (KHTML, like Gecko; compatible; ClaudeBot/1.0; +claudebot@anthropic.com)"
74.7.242.13 - - [10/Sep/2026:05:08:29 -0700] "GET /c5172/?path=//proc/2/task/2/root/proc/self/root/sys/module/ib_cm HTTP/1.1" 200 2989 "https://www.shellroofing.welbornwebsites.com/c5172/?path=//proc/2/task/2/root/proc/self/root/sys/module" "Mozilla/5.0 AppleWebKit/537.36 (KHTML, like Gecko; compatible; GPTBot/1.4; +https://openai.com/gptbot)"
216.73.217.127 - - [10/Sep/2026:05:08:29 -0700] "GET /fe2d1/?path=%2Fhome%2Fwelbornwebsites%2Fetc%2F..%2F.%2Fwordpress-backups HTTP/1.1" 200 6158 "-" "Mozilla/5.0 AppleWebKit/537.36 (KHTML, like Gecko; compatible; ClaudeBot/1.0; +claudebot@anthropic.com)"
216.73.217.127 - - [10/Sep/2026:05:08:29 -0700] "GET /fe2d1/?path=%2Fhome%2Fwelbornwebsites%2F.%2Fetc%2F..%2Fwordpress-backups HTTP/1.1" 200 6155 "-" "Mozilla/5.0 AppleWebKit/537.36 (KHTML, like Gecko; compatible; ClaudeBot/1.0; +claudebot@anthropic.com)"
216.73.217.127 - - [10/Sep/2026:05:08:29 -0700] "GET /fe2d1/?path=%2Fhome%2Fwelbornwebsites%2Ffoddrill%2F..%2Fpublic_html%2Fwp-includes HTTP/1.1" 200 207070 "-" "Mozilla/5.0 AppleWebKit/537.36 (KHTML, like Gecko; compatible; ClaudeBot/1.0; +claudebot@anthropic.com)"
216.73.217.127 - - [10/Sep/2026:05:08:29 -0700] "GET /fe2d1/?path=%2Fhome%2Fwelbornwebsites%2Fshellroofing.welbornwebsites.com%2F..%2Ftmp%2F..%2Flearn.asa.solar HTTP/1.1" 200 8949 "-" "Mozilla/5.0 AppleWebKit/537.36 (KHTML, like Gecko; compatible; ClaudeBot/1.0; +claudebot@anthropic.com)"
