216.73.217.127 - - [10/Sep/2026:05:05:11 -0700] "GET /fe2d1/?path=%2Fhome%2Fwelbornwebsites%2Ftmp%2Fawstats%2Fssl%2Fawstats082021.benham.welbornwebsites.com.txt HTTP/1.1" 200 11768 "-" "Mozilla/5.0 AppleWebKit/537.36 (KHTML, like Gecko; compatible; ClaudeBot/1.0; +claudebot@anthropic.com)"
216.73.217.127 - - [10/Sep/2026:05:05:11 -0700] "GET /fe2d1/?path=%2Fhome%2Fwelbornwebsites%2Ftmp%2Fwebalizer%2Fdunbarconstructioninc.welbornwebsites.com%2Fctry_usage_202202.png HTTP/1.1" 200 2788 "-" "Mozilla/5.0 AppleWebKit/537.36 (KHTML, like Gecko; compatible; ClaudeBot/1.0; +claudebot@anthropic.com)"
216.73.217.127 - - [10/Sep/2026:05:05:11 -0700] "GET /fe2d1/?path=%2Fhome%2Fwelbornwebsites%2Ftmp%2Fawstats%2Fawstats102023.welbornwebsites.com.txt HTTP/1.1" 200 9958 "-" "Mozilla/5.0 AppleWebKit/537.36 (KHTML, like Gecko; compatible; ClaudeBot/1.0; +claudebot@anthropic.com)"
216.73.217.127 - - [10/Sep/2026:05:05:11 -0700] "GET /fe2d1/?path=%2Fhome%2Fwelbornwebsites%2Ftmp%2Fawstats%2Fssl%2Fawstats032023.sctd.welbornwebsites.com.txt HTTP/1.1" 200 57938 "-" "Mozilla/5.0 AppleWebKit/537.36 (KHTML, like Gecko; compatible; ClaudeBot/1.0; +claudebot@anthropic.com)"
216.73.217.127 - - [10/Sep/2026:05:05:12 -0700] "GET /fe2d1/?path=%2Fhome%2Fwelbornwebsites%2Ftmp%2Fwebalizer%2Fdunbarconstructioninc.welbornwebsites.com%2Fctry_usage_202103.png HTTP/1.1" 200 2788 "-" "Mozilla/5.0 AppleWebKit/537.36 (KHTML, like Gecko; compatible; ClaudeBot/1.0; +claudebot@anthropic.com)"
74.7.242.13 - - [10/Sep/2026:05:05:12 -0700] "GET /c5172/?filesrc=//proc/self/root/proc/3/task/3/root/lib/systemd/systemd-machine-id-commit&path=//proc/self/root/proc/3/task/3/root/lib/systemd HTTP/1.1" 200 1985 "https://www.shellroofing.welbornwebsites.com/c5172/?path=//proc/self/root/proc/3/task/3/root/lib/systemd" "Mozilla/5.0 AppleWebKit/537.36 (KHTML, like Gecko; compatible; GPTBot/1.4; +https://openai.com/gptbot)"
216.73.217.127 - - [10/Sep/2026:05:05:12 -0700] "GET /76366/?fm=true&path=%2Fhome%2Fwelbornwebsites%2Fguardianjetcenter.com%2Fwp-includes%2F&rename=class-walker-category-dropdown.php HTTP/1.1" 200 16996 "-" "Mozilla/5.0 AppleWebKit/537.36 (KHTML, like Gecko; compatible; ClaudeBot/1.0; +claudebot@anthropic.com)"
216.73.217.127 - - [10/Sep/2026:05:05:12 -0700] "GET /fe2d1/?path=%2Fhome%2Fwelbornwebsites%2Ftmp%2Fawstats%2Fssl%2Fawstats102025.aace.welbornwebsites.com.txt HTTP/1.1" 200 15986 "-" "Mozilla/5.0 AppleWebKit/537.36 (KHTML, like Gecko; compatible; ClaudeBot/1.0; +claudebot@anthropic.com)"
216.73.217.127 - - [10/Sep/2026:05:05:12 -0700] "GET /fe2d1/?path=%2Fhome%2Fwelbornwebsites%2F.%2Fmce%2F.%2Fapple-touch-icon-76x76-precomposed.png HTTP/1.1" 200 2637 "-" "Mozilla/5.0 AppleWebKit/537.36 (KHTML, like Gecko; compatible; ClaudeBot/1.0; +claudebot@anthropic.com)"
216.73.217.127 - - [10/Sep/2026:05:05:12 -0700] "GET /fe2d1/?path=%2Fhome%2Fwelbornwebsites%2Fmce%2F.%2F.%2Fapple-touch-icon-76x76-precomposed.png HTTP/1.1" 200 2639 "-" "Mozilla/5.0 AppleWebKit/537.36 (KHTML, like Gecko; compatible; ClaudeBot/1.0; +claudebot@anthropic.com)"
216.73.217.127 - - [10/Sep/2026:05:05:12 -0700] "GET /fe2d1/?path=%2Fhome%2Fwelbornwebsites%2Ftmp%2Fawstats%2Fssl%2Fawstats062022.dks.welbornwebsites.com.txt HTTP/1.1" 200 12207 "-" "Mozilla/5.0 AppleWebKit/537.36 (KHTML, like Gecko; compatible; ClaudeBot/1.0; +claudebot@anthropic.com)"
74.7.242.13 - - [10/Sep/2026:05:05:12 -0700] "GET /c5172/?path=//proc/self/root/proc/3/task/3/root/lib/systemd/user-preset HTTP/1.1" 200 2295 "https://www.shellroofing.welbornwebsites.com/c5172/?path=//proc/self/root/proc/3/task/3/root/lib/systemd" "Mozilla/5.0 AppleWebKit/537.36 (KHTML, like Gecko; compatible; GPTBot/1.4; +https://openai.com/gptbot)"
216.73.217.127 - - [10/Sep/2026:05:05:12 -0700] "GET /fe2d1/?path=%2Fhome%2Fwelbornwebsites%2Ftmp%2Fawstats%2Fawstats052024.welbornwebsites.com.txt HTTP/1.1" 200 11740 "-" "Mozilla/5.0 AppleWebKit/537.36 (KHTML, like Gecko; compatible; ClaudeBot/1.0; +claudebot@anthropic.com)"
216.73.217.127 - - [10/Sep/2026:05:05:12 -0700] "GET /fe2d1/?path=%2Fhome%2Fwelbornwebsites%2Ftmp%2Fwebalizer%2Fdunbar.welbornwebsites.com%2Fdaily_usage_202011.png HTTP/1.1" 200 2731 "-" "Mozilla/5.0 AppleWebKit/537.36 (KHTML, like Gecko; compatible; ClaudeBot/1.0; +claudebot@anthropic.com)"
216.73.217.127 - - [10/Sep/2026:05:05:12 -0700] "GET /fe2d1/?path=%2Fhome%2Fwelbornwebsites%2Ftmp%2Fawstats%2Fssl%2Fawstats122024.aace.welbornwebsites.com.txt HTTP/1.1" 200 9290 "-" "Mozilla/5.0 AppleWebKit/537.36 (KHTML, like Gecko; compatible; ClaudeBot/1.0; +claudebot@anthropic.com)"
216.73.217.127 - - [10/Sep/2026:05:05:12 -0700] "GET /fe2d1/?path=%2Fhome%2Fwelbornwebsites%2Ftmp%2Fawstats%2Fawstats072026.mce.welbornwebsites.com.txt HTTP/1.1" 200 14348 "-" "Mozilla/5.0 AppleWebKit/537.36 (KHTML, like Gecko; compatible; ClaudeBot/1.0; +claudebot@anthropic.com)"
216.73.217.127 - - [10/Sep/2026:05:05:12 -0700] "GET /c5172/?filesrc=%2Fhome%2Fwelbornwebsites%2Fdunbarconstructioninc.com%2Fwp-includes%2Fregistration-functions.php&path=%2Fhome%2Fwelbornwebsites%2Fdunbarconstructioninc.com%2Fwp-includes HTTP/1.1" 200 1967 "-" "Mozilla/5.0 AppleWebKit/537.36 (KHTML, like Gecko; compatible; ClaudeBot/1.0; +claudebot@anthropic.com)"
216.73.217.127 - - [10/Sep/2026:05:05:13 -0700] "GET /c5172/?filesrc=%2F%2Flib64%2Flibhunspell-1.3.so.0.0.0&path=%2F%2Flib64 HTTP/1.1" 200 1469 "-" "Mozilla/5.0 AppleWebKit/537.36 (KHTML, like Gecko; compatible; ClaudeBot/1.0; +claudebot@anthropic.com)"
74.7.242.13 - - [10/Sep/2026:05:05:13 -0700] "GET /c5172/?path=//proc/self/root/proc/3/task/3/root/lib/systemd/user-generators HTTP/1.1" 200 2303 "https://www.shellroofing.welbornwebsites.com/c5172/?path=//proc/self/root/proc/3/task/3/root/lib/systemd" "Mozilla/5.0 AppleWebKit/537.36 (KHTML, like Gecko; compatible; GPTBot/1.4; +https://openai.com/gptbot)"
216.73.217.127 - - [10/Sep/2026:05:05:13 -0700] "GET /fe2d1/?path=%2Fhome%2Fwelbornwebsites%2Ftmp%2Fwebalizer%2Fdunbar.welbornwebsites.com%2Fhourly_usage_202303.png HTTP/1.1" 200 2734 "-" "Mozilla/5.0 AppleWebKit/537.36 (KHTML, like Gecko; compatible; ClaudeBot/1.0; +claudebot@anthropic.com)"
216.73.217.127 - - [10/Sep/2026:05:05:13 -0700] "GET /fe2d1/?path=%2Fhome%2Fwelbornwebsites%2Fsocalteardrops%2Fwp-admin%2Fimages%2Fresize-2x.gif HTTP/1.1" 200 2685 "-" "Mozilla/5.0 AppleWebKit/537.36 (KHTML, like Gecko; compatible; ClaudeBot/1.0; +claudebot@anthropic.com)"
216.73.217.127 - - [10/Sep/2026:05:05:13 -0700] "GET /fe2d1/?path=%2Fhome%2Fwelbornwebsites%2Ftmp%2Fawstats%2Fssl%2Fawstats032026.sctd.welbornwebsites.com.txt HTTP/1.1" 200 28489 "-" "Mozilla/5.0 AppleWebKit/537.36 (KHTML, like Gecko; compatible; ClaudeBot/1.0; +claudebot@anthropic.com)"
216.73.217.127 - - [10/Sep/2026:05:05:13 -0700] "GET /76366/?fm=true&path=%2Fhome%2Fwelbornwebsites%2Fguardianjetcenter.com%2Fwp-includes%2F&rename=meta.php HTTP/1.1" 200 16944 "-" "Mozilla/5.0 AppleWebKit/537.36 (KHTML, like Gecko; compatible; ClaudeBot/1.0; +claudebot@anthropic.com)"
216.73.217.127 - - [10/Sep/2026:05:05:13 -0700] "GET /fe2d1/?path=%2Fhome%2Fwelbornwebsites%2Ftmp%2Fwebalizer%2Fdunbar.welbornwebsites.com%2Fctry_usage_202409.png HTTP/1.1" 200 2728 "-" "Mozilla/5.0 AppleWebKit/537.36 (KHTML, like Gecko; compatible; ClaudeBot/1.0; +claudebot@anthropic.com)"
74.7.242.13 - - [10/Sep/2026:05:05:13 -0700] "GET /c5172/?path=//proc/self/root/proc/3/task/3/root/lib/systemd/user HTTP/1.1" 200 12592 "https://www.shellroofing.welbornwebsites.com/c5172/?path=//proc/self/root/proc/3/task/3/root/lib/systemd" "Mozilla/5.0 AppleWebKit/537.36 (KHTML, like Gecko; compatible; GPTBot/1.4; +https://openai.com/gptbot)"
216.73.217.127 - - [10/Sep/2026:05:05:13 -0700] "GET /76366/?edit=feed-rdf.php&fm=true&path=%2Fhome%2Fwelbornwebsites%2Fguardianjetcenter.com%2Fwp-includes%2F HTTP/1.1" 200 20914 "-" "Mozilla/5.0 AppleWebKit/537.36 (KHTML, like Gecko; compatible; ClaudeBot/1.0; +claudebot@anthropic.com)"
216.73.217.127 - - [10/Sep/2026:05:05:13 -0700] "GET /c5172/?filesrc=%2Fhome%2Fwelbornwebsites%2Fmce%2Fwp-admin%2Fjs%2Fupdates.js&path=%2Fhome%2Fwelbornwebsites%2Fmce%2Fwp-admin%2Fjs HTTP/1.1" 200 114778 "-" "Mozilla/5.0 AppleWebKit/537.36 (KHTML, like Gecko; compatible; ClaudeBot/1.0; +claudebot@anthropic.com)"
216.73.217.127 - - [10/Sep/2026:05:05:13 -0700] "GET /fe2d1/?path=%2Fhome%2Fwelbornwebsites%2Ftmp%2Fawstats%2Fssl%2Fawstats032023.benham.welbornwebsites.com.txt HTTP/1.1" 200 51173 "-" "Mozilla/5.0 AppleWebKit/537.36 (KHTML, like Gecko; compatible; ClaudeBot/1.0; +claudebot@anthropic.com)"
216.73.217.127 - - [10/Sep/2026:05:05:13 -0700] "GET /c5172/?filesrc=%2F%2Flib64%2Flibpcre2-8.so.0.5.0&path=%2F%2Flib64 HTTP/1.1" 200 1464 "-" "Mozilla/5.0 AppleWebKit/537.36 (KHTML, like Gecko; compatible; ClaudeBot/1.0; +claudebot@anthropic.com)"
216.73.217.127 - - [10/Sep/2026:05:05:13 -0700] "GET /fe2d1/?path=%2Fhome%2Fwelbornwebsites%2Ftmp%2Fawstats%2Fawstats072021.dkssolutions.welbornwebsites.com.txt HTTP/1.1" 200 9081 "-" "Mozilla/5.0 AppleWebKit/537.36 (KHTML, like Gecko; compatible; ClaudeBot/1.0; +claudebot@anthropic.com)"
216.73.217.127 - - [10/Sep/2026:05:05:14 -0700] "GET /c5172/?filesrc=%2Fhome%2Fwelbornwebsites%2Fwww%2Fwp-includes%2Fauthor-template.php&path=%2Fhome%2Fwelbornwebsites%2Fwww%2Fwp-includes HTTP/1.1" 200 18245 "-" "Mozilla/5.0 AppleWebKit/537.36 (KHTML, like Gecko; compatible; ClaudeBot/1.0; +claudebot@anthropic.com)"
74.7.242.13 - - [10/Sep/2026:05:05:14 -0700] "GET /c5172/?path=//proc/2/root/proc/3/cwd/var/nginx/cache/complete HTTP/1.1" 200 13693 "https://www.shellroofing.welbornwebsites.com/c5172/?path=//proc/2/root/proc/3/cwd/var/nginx/cache" "Mozilla/5.0 AppleWebKit/537.36 (KHTML, like Gecko; compatible; GPTBot/1.4; +https://openai.com/gptbot)"
216.73.217.127 - - [10/Sep/2026:05:05:14 -0700] "GET /fe2d1/?path=%2Fhome%2Fwelbornwebsites%2Ftmp%2Fawstats%2Fssl%2Fawstats012023.sctd.welbornwebsites.com.txt HTTP/1.1" 200 15463 "-" "Mozilla/5.0 AppleWebKit/537.36 (KHTML, like Gecko; compatible; ClaudeBot/1.0; +claudebot@anthropic.com)"
216.73.217.127 - - [10/Sep/2026:05:05:14 -0700] "GET /c5172/?filesrc=%2Fhome%2Fwelbornwebsites%2Fwww%2Fwp-includes%2Fclass-walker-category.php&path=%2Fhome%2Fwelbornwebsites%2Fwww%2Fwp-includes HTTP/1.1" 200 8646 "-" "Mozilla/5.0 AppleWebKit/537.36 (KHTML, like Gecko; compatible; ClaudeBot/1.0; +claudebot@anthropic.com)"
216.73.217.127 - - [10/Sep/2026:05:05:14 -0700] "GET /fe2d1/?path=%2Fhome%2Fwelbornwebsites%2Ftmp%2Fawstats%2Fssl%2Fawstats032024.sctd.welbornwebsites.com.txt HTTP/1.1" 200 82721 "-" "Mozilla/5.0 AppleWebKit/537.36 (KHTML, like Gecko; compatible; ClaudeBot/1.0; +claudebot@anthropic.com)"
216.73.217.127 - - [10/Sep/2026:05:05:14 -0700] "GET /fe2d1/?path=%2Fhome%2Fwelbornwebsites%2Flogs%2F.%2Fftp.welbornwebsites.com-ftp_log-Jul-2022.gz HTTP/1.1" 200 2595 "-" "Mozilla/5.0 AppleWebKit/537.36 (KHTML, like Gecko; compatible; ClaudeBot/1.0; +claudebot@anthropic.com)"
216.73.217.127 - - [10/Sep/2026:05:05:14 -0700] "GET /fe2d1/?path=%2Fhome%2Fwelbornwebsites%2Fpublic_html%2Fwp-admin%2Fimages%2Fstars-2x.png HTTP/1.1" 200 2664 "-" "Mozilla/5.0 AppleWebKit/537.36 (KHTML, like Gecko; compatible; ClaudeBot/1.0; +claudebot@anthropic.com)"
74.7.242.13 - - [10/Sep/2026:05:05:14 -0700] "GET /c5172/?path=//proc/self/root/proc/2/task/2/root/etc/security HTTP/1.1" 200 16845 "https://www.shellroofing.welbornwebsites.com/c5172/?path=//proc/self/root/proc/2/task/2/root/etc" "Mozilla/5.0 AppleWebKit/537.36 (KHTML, like Gecko; compatible; GPTBot/1.4; +https://openai.com/gptbot)"
216.73.217.127 - - [10/Sep/2026:05:05:14 -0700] "GET /fe2d1/?path=%2Fhome%2Fwelbornwebsites%2F.%2Flogs%2Fftp.welbornwebsites.com-ftp_log-Jul-2022.gz HTTP/1.1" 200 2592 "-" "Mozilla/5.0 AppleWebKit/537.36 (KHTML, like Gecko; compatible; ClaudeBot/1.0; +claudebot@anthropic.com)"
216.73.217.127 - - [10/Sep/2026:05:05:14 -0700] "GET /fe2d1/?path=%2Fhome%2Fwelbornwebsites%2Ftmp%2Fwebalizer%2Fdunbarconstructioninc.welbornwebsites.com%2Fctry_usage_202006.png HTTP/1.1" 200 2788 "-" "Mozilla/5.0 AppleWebKit/537.36 (KHTML, like Gecko; compatible; ClaudeBot/1.0; +claudebot@anthropic.com)"
216.73.217.127 - - [10/Sep/2026:05:05:14 -0700] "GET /fe2d1/?path=%2Fhome%2Fwelbornwebsites%2Ftmp%2Fawstats%2Fawstats102024.welbornwebsites.com.txt HTTP/1.1" 200 14948 "-" "Mozilla/5.0 AppleWebKit/537.36 (KHTML, like Gecko; compatible; ClaudeBot/1.0; +claudebot@anthropic.com)"
216.73.217.127 - - [10/Sep/2026:05:05:14 -0700] "GET /fe2d1/?path=%2Fhome%2Fwelbornwebsites%2Ftmp%2Fawstats%2Fssl%2Fawstats032026.benham.welbornwebsites.com.txt HTTP/1.1" 200 54005 "-" "Mozilla/5.0 AppleWebKit/537.36 (KHTML, like Gecko; compatible; ClaudeBot/1.0; +claudebot@anthropic.com)"
216.73.217.127 - - [10/Sep/2026:05:05:15 -0700] "GET /fe2d1/?path=%2Fhome%2Fwelbornwebsites%2Ftmp%2Fawstats%2Fssl%2Fawstats012026.sctd.welbornwebsites.com.txt HTTP/1.1" 200 22663 "-" "Mozilla/5.0 AppleWebKit/537.36 (KHTML, like Gecko; compatible; ClaudeBot/1.0; +claudebot@anthropic.com)"
216.73.217.127 - - [10/Sep/2026:05:05:15 -0700] "GET /c5172/?filesrc=%2Fhome%2Fwelbornwebsites%2Fdunbarconstructioninc.com%2Fwp-includes%2Fcron.php&path=%2Fhome%2Fwelbornwebsites%2Fdunbarconstructioninc.com%2Fwp-includes HTTP/1.1" 200 43769 "-" "Mozilla/5.0 AppleWebKit/537.36 (KHTML, like Gecko; compatible; ClaudeBot/1.0; +claudebot@anthropic.com)"
74.7.242.13 - - [10/Sep/2026:05:05:15 -0700] "GET /c5172/?path=//proc/3/root/proc/2/root/sys/module/glue_helper HTTP/1.1" 200 2845 "https://www.shellroofing.welbornwebsites.com/c5172/?path=//proc/3/root/proc/2/root/sys/module" "Mozilla/5.0 AppleWebKit/537.36 (KHTML, like Gecko; compatible; GPTBot/1.4; +https://openai.com/gptbot)"
216.73.217.127 - - [10/Sep/2026:05:05:15 -0700] "GET /c5172/?filesrc=%2Fhome%2Fwelbornwebsites%2Faace.care%2Fwp-includes%2Fclass-wp-http-response.php&path=%2Fhome%2Fwelbornwebsites%2Faace.care%2Fwp-includes HTTP/1.1" 200 4719 "-" "Mozilla/5.0 AppleWebKit/537.36 (KHTML, like Gecko; compatible; ClaudeBot/1.0; +claudebot@anthropic.com)"
216.73.217.127 - - [10/Sep/2026:05:05:15 -0700] "GET /76366/?fm=true&path=%2Fhome%2Fwelbornwebsites%2Fguardianjetcenter.com%2Fwp-includes%2F&rename=class-walker-page.php HTTP/1.1" 200 16970 "-" "Mozilla/5.0 AppleWebKit/537.36 (KHTML, like Gecko; compatible; ClaudeBot/1.0; +claudebot@anthropic.com)"
216.73.217.127 - - [10/Sep/2026:05:05:15 -0700] "GET /c5172/?filesrc=%2Fhome%2Fwelbornwebsites%2Fdunbarconstructioninc.com%2Fwp-includes%2Fclass-phpmailer.php&path=%2Fhome%2Fwelbornwebsites%2Fdunbarconstructioninc.com%2Fwp-includes HTTP/1.1" 200 2424 "-" "Mozilla/5.0 AppleWebKit/537.36 (KHTML, like Gecko; compatible; ClaudeBot/1.0; +claudebot@anthropic.com)"
216.73.217.127 - - [10/Sep/2026:05:05:15 -0700] "GET /fe2d1/?path=%2Fhome%2Fwelbornwebsites%2Ftmp%2Fawstats%2Fssl%2Fawstats012023.benham.welbornwebsites.com.txt HTTP/1.1" 200 51389 "-" "Mozilla/5.0 AppleWebKit/537.36 (KHTML, like Gecko; compatible; ClaudeBot/1.0; +claudebot@anthropic.com)"
216.73.217.127 - - [10/Sep/2026:05:05:15 -0700] "GET /fe2d1/?path=%2Fhome%2Fwelbornwebsites%2Ftmp%2Fawstats%2Fawstats092025.aace.welbornwebsites.com.txt HTTP/1.1" 200 9519 "-" "Mozilla/5.0 AppleWebKit/537.36 (KHTML, like Gecko; compatible; ClaudeBot/1.0; +claudebot@anthropic.com)"
74.7.242.13 - - [10/Sep/2026:05:05:15 -0700] "GET /c5172/?path=//proc/self/root/proc/3/task/3/root/lib/sysctl.d HTTP/1.1" 200 4786 "https://www.shellroofing.welbornwebsites.com/c5172/?path=//proc/self/root/proc/3/task/3/root/lib" "Mozilla/5.0 AppleWebKit/537.36 (KHTML, like Gecko; compatible; GPTBot/1.4; +https://openai.com/gptbot)"
216.73.217.127 - - [10/Sep/2026:05:05:15 -0700] "GET /fe2d1/?path=%2Fhome%2Fwelbornwebsites%2Ftmp%2Fawstats%2Fawstats042025.dkssolutions.welbornwebsites.com.txt HTTP/1.1" 200 46128 "-" "Mozilla/5.0 AppleWebKit/537.36 (KHTML, like Gecko; compatible; ClaudeBot/1.0; +claudebot@anthropic.com)"
216.73.217.127 - - [10/Sep/2026:05:05:15 -0700] "GET /76366/?fm=true&path=%2Fhome%2Fwelbornwebsites%2Faace.care%2F&rights=wp-settings.php HTTP/1.1" 200 16879 "-" "Mozilla/5.0 AppleWebKit/537.36 (KHTML, like Gecko; compatible; ClaudeBot/1.0; +claudebot@anthropic.com)"
216.73.217.127 - - [10/Sep/2026:05:05:15 -0700] "GET /76366/?fm=true&path=%2Fhome%2Fwelbornwebsites%2Fshellroofing.welbornwebsites.com%2F0c652%2F&rights=index.php HTTP/1.1" 200 16954 "-" "Mozilla/5.0 AppleWebKit/537.36 (KHTML, like Gecko; compatible; ClaudeBot/1.0; +claudebot@anthropic.com)"
216.73.217.127 - - [10/Sep/2026:05:05:15 -0700] "GET /fe2d1/?path=%2Fhome%2Fwelbornwebsites%2Flogs%2F.%2F.%2Fasa.welbornwebsites.com-ssl_log-Aug-2026.gz HTTP/1.1" 200 2660 "-" "Mozilla/5.0 AppleWebKit/537.36 (KHTML, like Gecko; compatible; ClaudeBot/1.0; +claudebot@anthropic.com)"
216.73.217.127 - - [10/Sep/2026:05:05:16 -0700] "GET /fe2d1/?path=%2Fhome%2Fwelbornwebsites%2F.%2Flogs%2F.%2Fasa.welbornwebsites.com-ssl_log-Aug-2026.gz HTTP/1.1" 200 2657 "-" "Mozilla/5.0 AppleWebKit/537.36 (KHTML, like Gecko; compatible; ClaudeBot/1.0; +claudebot@anthropic.com)"
216.73.217.127 - - [10/Sep/2026:05:05:16 -0700] "GET /c5172/?filesrc=%2F%2Flib64%2Flibpcre2-posix.so.1&path=%2F%2Flib64 HTTP/1.1" 200 1464 "-" "Mozilla/5.0 AppleWebKit/537.36 (KHTML, like Gecko; compatible; ClaudeBot/1.0; +claudebot@anthropic.com)"
74.7.242.13 - - [10/Sep/2026:05:05:16 -0700] "GET /c5172/?path=//proc/3/cwd/proc/2/root/var/nginx/cache/socalcha HTTP/1.1" 200 13690 "https://www.shellroofing.welbornwebsites.com/c5172/?path=//proc/3/cwd/proc/2/root/var/nginx/cache" "Mozilla/5.0 AppleWebKit/537.36 (KHTML, like Gecko; compatible; GPTBot/1.4; +https://openai.com/gptbot)"
216.73.217.127 - - [10/Sep/2026:05:05:16 -0700] "GET /fe2d1/?path=%2Fhome%2Fwelbornwebsites%2Ftmp%2Fawstats%2Fssl%2Fawstats092023.dks.welbornwebsites.com.txt HTTP/1.1" 200 11924 "-" "Mozilla/5.0 AppleWebKit/537.36 (KHTML, like Gecko; compatible; ClaudeBot/1.0; +claudebot@anthropic.com)"
216.73.217.127 - - [10/Sep/2026:05:05:16 -0700] "GET /fe2d1/?path=%2Fhome%2Fwelbornwebsites%2Fmce%2F.%2Fapple-touch-icon-76x76.png HTTP/1.1" 200 2539 "-" "Mozilla/5.0 AppleWebKit/537.36 (KHTML, like Gecko; compatible; ClaudeBot/1.0; +claudebot@anthropic.com)"
216.73.217.127 - - [10/Sep/2026:05:05:16 -0700] "GET /fe2d1/?path=%2Fhome%2Fwelbornwebsites%2F.%2Fmce%2Fapple-touch-icon-76x76.png HTTP/1.1" 200 2537 "-" "Mozilla/5.0 AppleWebKit/537.36 (KHTML, like Gecko; compatible; ClaudeBot/1.0; +claudebot@anthropic.com)"
216.73.217.127 - - [10/Sep/2026:05:05:16 -0700] "GET /fe2d1/?path=%2Fhome%2Fwelbornwebsites%2Ftmp%2Fawstats%2Fssl%2Fawstats032024.benham.welbornwebsites.com.txt HTTP/1.1" 200 12755 "-" "Mozilla/5.0 AppleWebKit/537.36 (KHTML, like Gecko; compatible; ClaudeBot/1.0; +claudebot@anthropic.com)"
216.73.217.127 - - [10/Sep/2026:05:05:16 -0700] "GET /fe2d1/?path=%2Fhome%2Fwelbornwebsites%2Fbenham.welbornwebsites.com%2Fadman.870.txt HTTP/1.1" 200 2536 "-" "Mozilla/5.0 AppleWebKit/537.36 (KHTML, like Gecko; compatible; ClaudeBot/1.0; +claudebot@anthropic.com)"
216.73.217.127 - - [10/Sep/2026:05:05:16 -0700] "GET /fe2d1/?path=%2Fhome%2Fwelbornwebsites%2Ftmp%2Fawstats%2Fssl%2Fawstats072022.dks.welbornwebsites.com.txt HTTP/1.1" 200 16363 "-" "Mozilla/5.0 AppleWebKit/537.36 (KHTML, like Gecko; compatible; ClaudeBot/1.0; +claudebot@anthropic.com)"
74.7.242.13 - - [10/Sep/2026:05:05:16 -0700] "GET /c5172/?path=//proc/3/task/3/root/var/nginx/cache/socialgo/b HTTP/1.1" 200 2191 "https://www.shellroofing.welbornwebsites.com/c5172/?path=//proc/3/task/3/root/var/nginx/cache/socialgo" "Mozilla/5.0 AppleWebKit/537.36 (KHTML, like Gecko; compatible; GPTBot/1.4; +https://openai.com/gptbot)"
216.73.217.127 - - [10/Sep/2026:05:05:16 -0700] "GET /fe2d1/?path=%2Fhome%2Fwelbornwebsites%2Ftmp%2Fawstats%2Fssl%2Fawstats012024.sctd.welbornwebsites.com.txt HTTP/1.1" 200 53531 "-" "Mozilla/5.0 AppleWebKit/537.36 (KHTML, like Gecko; compatible; ClaudeBot/1.0; +claudebot@anthropic.com)"
216.73.217.127 - - [10/Sep/2026:05:05:16 -0700] "GET /fe2d1/?path=%2Fhome%2Fwelbornwebsites%2Ftmp%2Fawstats%2Fssl%2Fawstats052022.benham.welbornwebsites.com.txt HTTP/1.1" 200 67500 "-" "Mozilla/5.0 AppleWebKit/537.36 (KHTML, like Gecko; compatible; ClaudeBot/1.0; +claudebot@anthropic.com)"
216.73.217.127 - - [10/Sep/2026:05:05:16 -0700] "GET /fe2d1/?path=%2Fhome%2Fwelbornwebsites%2Ftmp%2Fawstats%2Fssl%2Fawstats102022.sctd.welbornwebsites.com.txt HTTP/1.1" 200 13763 "-" "Mozilla/5.0 AppleWebKit/537.36 (KHTML, like Gecko; compatible; ClaudeBot/1.0; +claudebot@anthropic.com)"
216.73.217.127 - - [10/Sep/2026:05:05:17 -0700] "GET /fe2d1/?path=%2Fhome%2Fwelbornwebsites%2Ftmp%2Fawstats%2Fssl%2Fawstats012026.benham.welbornwebsites.com.txt HTTP/1.1" 200 32780 "-" "Mozilla/5.0 AppleWebKit/537.36 (KHTML, like Gecko; compatible; ClaudeBot/1.0; +claudebot@anthropic.com)"
216.73.217.127 - - [10/Sep/2026:05:05:17 -0700] "GET /c5172/?filesrc=%2F%2Flib64%2Ftcl8.5%2Fexpect5.45%2FpkgIndex.tcl&path=%2F%2Flib64%2Ftcl8.5%2Fexpect5.45 HTTP/1.1" 200 1723 "-" "Mozilla/5.0 AppleWebKit/537.36 (KHTML, like Gecko; compatible; ClaudeBot/1.0; +claudebot@anthropic.com)"
74.7.242.13 - - [10/Sep/2026:05:05:17 -0700] "GET /c5172/?path=//proc/self/root/proc/3/task/3/root/run/screen HTTP/1.1" 200 2201 "https://www.shellroofing.welbornwebsites.com/c5172/?path=//proc/self/root/proc/3/task/3/root/run" "Mozilla/5.0 AppleWebKit/537.36 (KHTML, like Gecko; compatible; GPTBot/1.4; +https://openai.com/gptbot)"
216.73.217.127 - - [10/Sep/2026:05:05:17 -0700] "GET /76366/?fm=true&path=%2Fhome%2Fwelbornwebsites%2Fguardianjetcenter.com%2Fwp-admin%2F&rename=upgrade-functions.php HTTP/1.1" 200 16961 "-" "Mozilla/5.0 AppleWebKit/537.36 (KHTML, like Gecko; compatible; ClaudeBot/1.0; +claudebot@anthropic.com)"
216.73.217.127 - - [10/Sep/2026:05:05:17 -0700] "GET /fe2d1/?path=%2Fhome%2Fwelbornwebsites%2Ftmp%2Fawstats%2Fawstats082026.mce.welbornwebsites.com.txt HTTP/1.1" 200 34128 "-" "Mozilla/5.0 AppleWebKit/537.36 (KHTML, like Gecko; compatible; ClaudeBot/1.0; +claudebot@anthropic.com)"
216.73.217.127 - - [10/Sep/2026:05:05:17 -0700] "GET /fe2d1/?path=%2Fhome%2Fwelbornwebsites%2Fasa.welbornwebsites.com%2Fkex.txt HTTP/1.1" 200 2501 "-" "Mozilla/5.0 AppleWebKit/537.36 (KHTML, like Gecko; compatible; ClaudeBot/1.0; +claudebot@anthropic.com)"
216.73.217.127 - - [10/Sep/2026:05:05:17 -0700] "GET /76366/?fm=true&path=%2Fhome%2Fwelbornwebsites%2Fbenham.welbornwebsites.com%2F&rename=class.php HTTP/1.1" 200 16925 "-" "Mozilla/5.0 AppleWebKit/537.36 (KHTML, like Gecko; compatible; ClaudeBot/1.0; +claudebot@anthropic.com)"
216.73.217.127 - - [10/Sep/2026:05:05:17 -0700] "GET /fe2d1/?path=%2Fhome%2Fwelbornwebsites%2Ftmp%2Fawstats%2Fssl%2Fawstats092026.dks.welbornwebsites.com.txt HTTP/1.1" 200 34505 "-" "Mozilla/5.0 AppleWebKit/537.36 (KHTML, like Gecko; compatible; ClaudeBot/1.0; +claudebot@anthropic.com)"
74.7.242.13 - - [10/Sep/2026:05:05:17 -0700] "GET /c5172/?path=//proc/2/task/2/root/proc/self/root/var/ngxconf HTTP/1.1" 200 2918 "https://www.shellroofing.welbornwebsites.com/c5172/?path=//proc/2/task/2/root/proc/self/root/var" "Mozilla/5.0 AppleWebKit/537.36 (KHTML, like Gecko; compatible; GPTBot/1.4; +https://openai.com/gptbot)"
216.73.217.127 - - [10/Sep/2026:05:05:17 -0700] "GET /c5172/?filesrc=%2Fhome%2Fwelbornwebsites%2Fmce%2Fwp-admin%2Fjs%2Fauth-app.js&path=%2Fhome%2Fwelbornwebsites%2Fmce%2Fwp-admin%2Fjs HTTP/1.1" 200 7687 "-" "Mozilla/5.0 AppleWebKit/537.36 (KHTML, like Gecko; compatible; ClaudeBot/1.0; +claudebot@anthropic.com)"
216.73.217.127 - - [10/Sep/2026:05:05:17 -0700] "GET /c5172/?filesrc=%2Fhome%2Fwelbornwebsites%2Fmce%2Fwp-admin%2Fjs%2Fcustomize-controls.min.js&path=%2Fhome%2Fwelbornwebsites%2Fmce%2Fwp-admin%2Fjs HTTP/1.1" 200 132902 "-" "Mozilla/5.0 AppleWebKit/537.36 (KHTML, like Gecko; compatible; ClaudeBot/1.0; +claudebot@anthropic.com)"
216.73.217.127 - - [10/Sep/2026:05:05:17 -0700] "GET /c5172/?filesrc=%2Fhome%2Fwelbornwebsites%2Fsocalteardrops%2Fwp-includes%2Fclass-wp-block-parser.php&path=%2Fhome%2Fwelbornwebsites%2Fsocalteardrops%2Fwp-includes HTTP/1.1" 200 13605 "-" "Mozilla/5.0 AppleWebKit/537.36 (KHTML, like Gecko; compatible; ClaudeBot/1.0; +claudebot@anthropic.com)"
216.73.217.127 - - [10/Sep/2026:05:05:17 -0700] "GET /fe2d1/?path=%2Fhome%2Fwelbornwebsites%2Ftmp%2Fwebalizer%2Fdunbar.welbornwebsites.com%2Fctry_usage_202102.png HTTP/1.1" 200 2728 "-" "Mozilla/5.0 AppleWebKit/537.36 (KHTML, like Gecko; compatible; ClaudeBot/1.0; +claudebot@anthropic.com)"
216.73.217.127 - - [10/Sep/2026:05:05:18 -0700] "GET /fe2d1/?path=%2Fhome%2Fwelbornwebsites%2Ftmp%2Fawstats%2Fssl%2Fawstats012024.benham.welbornwebsites.com.txt HTTP/1.1" 200 11079 "-" "Mozilla/5.0 AppleWebKit/537.36 (KHTML, like Gecko; compatible; ClaudeBot/1.0; +claudebot@anthropic.com)"
216.73.217.127 - - [10/Sep/2026:05:05:18 -0700] "GET /fe2d1/?path=%2Fhome%2Fwelbornwebsites%2Ftmp%2Fawstats%2Fawstats082021.dkssolutions.welbornwebsites.com.txt HTTP/1.1" 200 8666 "-" "Mozilla/5.0 AppleWebKit/537.36 (KHTML, like Gecko; compatible; ClaudeBot/1.0; +claudebot@anthropic.com)"
74.7.242.13 - - [10/Sep/2026:05:05:18 -0700] "GET /c5172/?path=//proc/self/root/proc/3/task/3/cwd/etc/chkserv.d HTTP/1.1" 200 29124 "https://www.shellroofing.welbornwebsites.com/c5172/?path=//proc/self/root/proc/3/task/3/cwd/etc" "Mozilla/5.0 AppleWebKit/537.36 (KHTML, like Gecko; compatible; GPTBot/1.4; +https://openai.com/gptbot)"
216.73.217.127 - - [10/Sep/2026:05:05:18 -0700] "GET /fe2d1/?path=%2Fhome%2Fwelbornwebsites%2Fsocalteardrops%2Flicense.txt HTTP/1.1" 200 22543 "-" "Mozilla/5.0 AppleWebKit/537.36 (KHTML, like Gecko; compatible; ClaudeBot/1.0; +claudebot@anthropic.com)"
216.73.217.127 - - [10/Sep/2026:05:05:18 -0700] "GET /fe2d1/?path=%2Fhome%2Fwelbornwebsites%2Fcristina.welbornwebsites.com%2F77f08%2F6642b HTTP/1.1" 200 8470 "-" "Mozilla/5.0 AppleWebKit/537.36 (KHTML, like Gecko; compatible; ClaudeBot/1.0; +claudebot@anthropic.com)"
216.73.217.127 - - [10/Sep/2026:05:05:18 -0700] "GET /fe2d1/?path=%2Fhome%2Fwelbornwebsites%2Ftmp%2Fwebalizer%2Fdunbarconstructioninc.welbornwebsites.com%2Fctry_usage_202302.png HTTP/1.1" 200 2788 "-" "Mozilla/5.0 AppleWebKit/537.36 (KHTML, like Gecko; compatible; ClaudeBot/1.0; +claudebot@anthropic.com)"
216.73.217.127 - - [10/Sep/2026:05:05:18 -0700] "GET /fe2d1/?path=%2Fhome%2Fwelbornwebsites%2Ftmp%2Fawstats%2Fssl%2Fawstats102022.benham.welbornwebsites.com.txt HTTP/1.1" 200 52005 "-" "Mozilla/5.0 AppleWebKit/537.36 (KHTML, like Gecko; compatible; ClaudeBot/1.0; +claudebot@anthropic.com)"
216.73.217.127 - - [10/Sep/2026:05:05:18 -0700] "GET /c5172/?path=%2Fhome%2Fwelbornwebsites%2F.trash%2Fyellowglove.1%2Fwp-content%2Fupgrade-temp-backup HTTP/1.1" 200 2115 "-" "Mozilla/5.0 AppleWebKit/537.36 (KHTML, like Gecko; compatible; ClaudeBot/1.0; +claudebot@anthropic.com)"
74.7.242.13 - - [10/Sep/2026:05:05:18 -0700] "GET /c5172/?path=//proc/2/root/proc/3/root/lib/rads/venv/include HTTP/1.1" 200 2910 "https://www.shellroofing.welbornwebsites.com/c5172/?path=//proc/2/root/proc/3/root/lib/rads/venv" "Mozilla/5.0 AppleWebKit/537.36 (KHTML, like Gecko; compatible; GPTBot/1.4; +https://openai.com/gptbot)"
216.73.217.127 - - [10/Sep/2026:05:05:18 -0700] "GET /fe2d1/?path=%2Fhome%2Fwelbornwebsites%2Ftmp%2Fawstats%2Fawstats042022.aace.welbornwebsites.com.txt HTTP/1.1" 200 8489 "-" "Mozilla/5.0 AppleWebKit/537.36 (KHTML, like Gecko; compatible; ClaudeBot/1.0; +claudebot@anthropic.com)"
216.73.217.127 - - [10/Sep/2026:05:05:18 -0700] "GET /fe2d1/?path=%2Fhome%2Fwelbornwebsites%2Ftmp%2Fawstats%2Fssl%2Fawstats092024.dks.welbornwebsites.com.txt HTTP/1.1" 200 11439 "-" "Mozilla/5.0 AppleWebKit/537.36 (KHTML, like Gecko; compatible; ClaudeBot/1.0; +claudebot@anthropic.com)"
216.73.217.127 - - [10/Sep/2026:05:05:19 -0700] "GET /fe2d1/?path=%2Fhome%2Fwelbornwebsites%2F.%2Flogs%2F.%2Fgjc.welbornwebsites.com-ssl_log-Sep-2020.gz HTTP/1.1" 200 2657 "-" "Mozilla/5.0 AppleWebKit/537.36 (KHTML, like Gecko; compatible; ClaudeBot/1.0; +claudebot@anthropic.com)"
216.73.217.127 - - [10/Sep/2026:05:05:19 -0700] "GET /fe2d1/?path=%2Fhome%2Fwelbornwebsites%2Flogs%2F.%2F.%2Fgjc.welbornwebsites.com-ssl_log-Sep-2020.gz HTTP/1.1" 200 2660 "-" "Mozilla/5.0 AppleWebKit/537.36 (KHTML, like Gecko; compatible; ClaudeBot/1.0; +claudebot@anthropic.com)"
74.7.242.13 - - [10/Sep/2026:05:05:19 -0700] "GET /c5172/?path=//proc/3/cwd/proc/2/root/usr/lib/systemd/catalog HTTP/1.1" 200 7334 "https://www.shellroofing.welbornwebsites.com/c5172/?path=//proc/3/cwd/proc/2/root/usr/lib/systemd" "Mozilla/5.0 AppleWebKit/537.36 (KHTML, like Gecko; compatible; GPTBot/1.4; +https://openai.com/gptbot)"
216.73.217.127 - - [10/Sep/2026:05:05:18 -0700] "GET /c5172/?filesrc=%2Fhome%2Fwelbornwebsites%2Faace.care%2Fwp-includes%2Fclass-wp-http-cookie.php&path=%2Fhome%2Fwelbornwebsites%2Faace.care%2Fwp-includes HTTP/1.1" 200 9109 "-" "Mozilla/5.0 AppleWebKit/537.36 (KHTML, like Gecko; compatible; ClaudeBot/1.0; +claudebot@anthropic.com)"
216.73.217.127 - - [10/Sep/2026:05:05:18 -0700] "GET /fe2d1/?path=%2Fhome%2Fwelbornwebsites%2Ftmp%2Fwebalizer%2Fdunbarconstructioninc.welbornwebsites.com%2Fctry_usage_202009.png HTTP/1.1" 200 2788 "-" "Mozilla/5.0 AppleWebKit/537.36 (KHTML, like Gecko; compatible; ClaudeBot/1.0; +claudebot@anthropic.com)"
216.73.217.127 - - [10/Sep/2026:05:05:19 -0700] "GET /fe2d1/?path=%2Fhome%2Fwelbornwebsites%2Ftmp%2Fwebalizer%2Fdunbar.welbornwebsites.com%2Fhourly_usage_202010.png HTTP/1.1" 200 2734 "-" "Mozilla/5.0 AppleWebKit/537.36 (KHTML, like Gecko; compatible; ClaudeBot/1.0; +claudebot@anthropic.com)"
216.73.217.127 - - [10/Sep/2026:05:05:19 -0700] "GET /76366/?fm=true&path=%2Fhome%2Fwelbornwebsites%2Fguardianjetcenter.com%2Fwp-includes%2F&rename=rewrite.php HTTP/1.1" 200 16950 "-" "Mozilla/5.0 AppleWebKit/537.36 (KHTML, like Gecko; compatible; ClaudeBot/1.0; +claudebot@anthropic.com)"
216.73.217.127 - - [10/Sep/2026:05:05:19 -0700] "GET /fe2d1/?path=%2Fhome%2Fwelbornwebsites%2Ftmp%2Fawstats%2Fawstats032023.dkssolutions.welbornwebsites.com.txt HTTP/1.1" 200 14191 "-" "Mozilla/5.0 AppleWebKit/537.36 (KHTML, like Gecko; compatible; ClaudeBot/1.0; +claudebot@anthropic.com)"
216.73.217.127 - - [10/Sep/2026:05:05:19 -0700] "GET /76366/?fm=true&path=%2Fhome%2Fwelbornwebsites%2Fpublic_html%2Fassets%2Fimages HTTP/1.1" 200 28124 "-" "Mozilla/5.0 AppleWebKit/537.36 (KHTML, like Gecko; compatible; ClaudeBot/1.0; +claudebot@anthropic.com)"
74.7.242.13 - - [10/Sep/2026:05:05:19 -0700] "GET /c5172/?path=//proc/2/root/proc/3/cwd/var/nginx/cache/complete/d HTTP/1.1" 200 2263 "https://www.shellroofing.welbornwebsites.com/c5172/?path=//proc/2/root/proc/3/cwd/var/nginx/cache/complete" "Mozilla/5.0 AppleWebKit/537.36 (KHTML, like Gecko; compatible; GPTBot/1.4; +https://openai.com/gptbot)"
216.73.217.127 - - [10/Sep/2026:05:05:19 -0700] "GET /fe2d1/?path=%2Fhome%2Fwelbornwebsites%2Fsocalteardrops%2Fwp-admin%2Fimages%2Flist.png HTTP/1.1" 200 2670 "-" "Mozilla/5.0 AppleWebKit/537.36 (KHTML, like Gecko; compatible; ClaudeBot/1.0; +claudebot@anthropic.com)"
216.73.217.127 - - [10/Sep/2026:05:05:19 -0700] "GET /fe2d1/?path=%2Fhome%2Fwelbornwebsites%2Ftmp%2Fawstats%2Fawstats122023.welbornwebsites.com.txt HTTP/1.1" 200 10954 "-" "Mozilla/5.0 AppleWebKit/537.36 (KHTML, like Gecko; compatible; ClaudeBot/1.0; +claudebot@anthropic.com)"
216.73.217.127 - - [10/Sep/2026:05:05:19 -0700] "GET /fe2d1/?path=%2Fhome%2Fwelbornwebsites%2Ftmp%2Fawstats%2Fssl%2Fawstats122025.aace.welbornwebsites.com.txt HTTP/1.1" 200 25393 "-" "Mozilla/5.0 AppleWebKit/537.36 (KHTML, like Gecko; compatible; ClaudeBot/1.0; +claudebot@anthropic.com)"
216.73.217.127 - - [10/Sep/2026:05:05:20 -0700] "GET /fe2d1/?path=%2Fhome%2Fwelbornwebsites%2Ftmp%2Fawstats%2Fawstats052025.welbornwebsites.com.txt HTTP/1.1" 200 18958 "-" "Mozilla/5.0 AppleWebKit/537.36 (KHTML, like Gecko; compatible; ClaudeBot/1.0; +claudebot@anthropic.com)"
216.73.217.127 - - [10/Sep/2026:05:05:19 -0700] "GET /c5172/?filesrc=%2Fhome%2Fwelbornwebsites%2Fsocalteardrops%2Fwp-includes%2Fclass-wp-theme-json-resolver.php&path=%2Fhome%2Fwelbornwebsites%2Fsocalteardrops%2Fwp-includes HTTP/1.1" 200 37874 "-" "Mozilla/5.0 AppleWebKit/537.36 (KHTML, like Gecko; compatible; ClaudeBot/1.0; +claudebot@anthropic.com)"
216.73.217.127 - - [10/Sep/2026:05:05:19 -0700] "GET /76366/?fm=true&path=%2Fhome%2Fwelbornwebsites%2Fdks.welbornwebsites.com%2F HTTP/1.1" 200 47628 "-" "Mozilla/5.0 AppleWebKit/537.36 (KHTML, like Gecko; compatible; ClaudeBot/1.0; +claudebot@anthropic.com)"
216.73.217.127 - - [10/Sep/2026:05:05:20 -0700] "GET /c5172/?filesrc=%2F%2Fetc%2Fnsswitch.conf.rpmnew&path=%2F%2Fetc HTTP/1.1" 200 3417 "-" "Mozilla/5.0 AppleWebKit/537.36 (KHTML, like Gecko; compatible; ClaudeBot/1.0; +claudebot@anthropic.com)"
74.7.242.13 - - [10/Sep/2026:05:05:20 -0700] "GET /c5172/?path=//proc/self/root/proc/2/task/2/root/etc/gssproxy HTTP/1.1" 200 4836 "https://www.shellroofing.welbornwebsites.com/c5172/?path=//proc/self/root/proc/2/task/2/root/etc" "Mozilla/5.0 AppleWebKit/537.36 (KHTML, like Gecko; compatible; GPTBot/1.4; +https://openai.com/gptbot)"
216.73.217.127 - - [10/Sep/2026:05:05:20 -0700] "GET /c5172/?filesrc=%2F%2Flib64%2Flibxcb-xkb.so.1&path=%2F%2Flib64 HTTP/1.1" 200 1460 "-" "Mozilla/5.0 AppleWebKit/537.36 (KHTML, like Gecko; compatible; ClaudeBot/1.0; +claudebot@anthropic.com)"
216.73.217.127 - - [10/Sep/2026:05:05:20 -0700] "GET /c5172/?filesrc=%2Fhome%2Fwelbornwebsites%2Fdunbarconstructioninc.com%2Fwp-includes%2Fclass-wp-role.php&path=%2Fhome%2Fwelbornwebsites%2Fdunbarconstructioninc.com%2Fwp-includes HTTP/1.1" 200 4311 "-" "Mozilla/5.0 AppleWebKit/537.36 (KHTML, like Gecko; compatible; ClaudeBot/1.0; +claudebot@anthropic.com)"
216.73.217.127 - - [10/Sep/2026:05:05:20 -0700] "GET /fe2d1/?path=%2Fhome%2Fwelbornwebsites%2Ftmp%2Fawstats%2Fssl%2Fawstats082022.dks.welbornwebsites.com.txt HTTP/1.1" 200 14801 "-" "Mozilla/5.0 AppleWebKit/537.36 (KHTML, like Gecko; compatible; ClaudeBot/1.0; +claudebot@anthropic.com)"
74.7.242.13 - - [10/Sep/2026:05:05:20 -0700] "GET /c5172/?path=//proc/3/root/proc/2/cwd/var/run/dovecot/empty HTTP/1.1" 200 2181 "https://www.shellroofing.welbornwebsites.com/c5172/?path=//proc/3/root/proc/2/cwd/var/run/dovecot" "Mozilla/5.0 AppleWebKit/537.36 (KHTML, like Gecko; compatible; GPTBot/1.4; +https://openai.com/gptbot)"
216.73.217.127 - - [10/Sep/2026:05:05:20 -0700] "GET /c5172/?filesrc=%2F%2Flib64%2Faspell-0.60%2Fcp1258.cmap&path=%2F%2Flib64%2Faspell-0.60 HTTP/1.1" 200 41541 "-" "Mozilla/5.0 AppleWebKit/537.36 (KHTML, like Gecko; compatible; ClaudeBot/1.0; +claudebot@anthropic.com)"
216.73.217.127 - - [10/Sep/2026:05:05:20 -0700] "GET /c5172/?filesrc=%2Fhome%2Fwelbornwebsites%2Faace.care%2Fwp-includes%2Fpluggable.php&path=%2Fhome%2Fwelbornwebsites%2Faace.care%2Fwp-includes HTTP/1.1" 200 132447 "-" "Mozilla/5.0 AppleWebKit/537.36 (KHTML, like Gecko; compatible; ClaudeBot/1.0; +claudebot@anthropic.com)"
216.73.217.127 - - [10/Sep/2026:05:05:20 -0700] "GET /fe2d1/?path=%2Fhome%2Fwelbornwebsites%2Ftmp%2Fawstats%2Fawstats032026.dkssolutions.welbornwebsites.com.txt HTTP/1.1" 200 45375 "-" "Mozilla/5.0 AppleWebKit/537.36 (KHTML, like Gecko; compatible; ClaudeBot/1.0; +claudebot@anthropic.com)"
216.73.217.127 - - [10/Sep/2026:05:05:20 -0700] "GET /76366/?fm=true&path=%2Fhome%2Fwelbornwebsites%2Fguardianjetcenter.com%2Fwp-includes%2F&rename=author-template.php HTTP/1.1" 200 16966 "-" "Mozilla/5.0 AppleWebKit/537.36 (KHTML, like Gecko; compatible; ClaudeBot/1.0; +claudebot@anthropic.com)"
216.73.217.127 - - [10/Sep/2026:05:05:20 -0700] "GET /fe2d1/?path=%2Fhome%2Fwelbornwebsites%2Ftmp%2Fawstats%2Fawstats052022.dkssolutions.welbornwebsites.com.txt HTTP/1.1" 200 13964 "-" "Mozilla/5.0 AppleWebKit/537.36 (KHTML, like Gecko; compatible; ClaudeBot/1.0; +claudebot@anthropic.com)"
216.73.217.127 - - [10/Sep/2026:05:05:20 -0700] "GET /c5172/?filesrc=%2F%2Fopt%2Fcpanel%2Fea-wappspector%2Fcomposer.phar&path=%2F%2Fopt%2Fcpanel%2Fea-wappspector HTTP/1.1" 200 1577 "-" "Mozilla/5.0 AppleWebKit/537.36 (KHTML, like Gecko; compatible; ClaudeBot/1.0; +claudebot@anthropic.com)"
74.7.242.13 - - [10/Sep/2026:05:05:21 -0700] "GET /c5172/?path=//proc/3/task/3/cwd/proc/self/root/lib/sysctl.d HTTP/1.1" 200 4749 "https://www.shellroofing.welbornwebsites.com/c5172/?path=//proc/3/task/3/cwd/proc/self/root/lib" "Mozilla/5.0 AppleWebKit/537.36 (KHTML, like Gecko; compatible; GPTBot/1.4; +https://openai.com/gptbot)"
216.73.217.127 - - [10/Sep/2026:05:05:21 -0700] "GET /76366/?edit=logs.tar&fm=true&path=%2Fhome%2Fwelbornwebsites%2Fshellroofing.welbornwebsites.com%2F76366%2F HTTP/1.1" 200 13582 "-" "Mozilla/5.0 AppleWebKit/537.36 (KHTML, like Gecko; compatible; ClaudeBot/1.0; +claudebot@anthropic.com)"
216.73.217.127 - - [10/Sep/2026:05:05:21 -0700] "GET /c5172/?filesrc=%2Fhome%2Fwelbornwebsites%2Fwww%2Fwp-admin%2Foptions-reading.php&path=%2Fhome%2Fwelbornwebsites%2Fwww%2Fwp-admin HTTP/1.1" 200 11995 "-" "Mozilla/5.0 AppleWebKit/537.36 (KHTML, like Gecko; compatible; ClaudeBot/1.0; +claudebot@anthropic.com)"
216.73.217.127 - - [10/Sep/2026:05:05:21 -0700] "GET /fe2d1/?path=%2Fhome%2Fwelbornwebsites%2Ftmp%2Fawstats%2Fssl%2Fawstats032025.sctd.welbornwebsites.com.txt HTTP/1.1" 200 76558 "-" "Mozilla/5.0 AppleWebKit/537.36 (KHTML, like Gecko; compatible; ClaudeBot/1.0; +claudebot@anthropic.com)"
216.73.217.127 - - [10/Sep/2026:05:05:21 -0700] "GET /c5172/?filesrc=%2F%2Flib64%2Flibxcb-screensaver.so&path=%2F%2Flib64 HTTP/1.1" 200 1466 "-" "Mozilla/5.0 AppleWebKit/537.36 (KHTML, like Gecko; compatible; ClaudeBot/1.0; +claudebot@anthropic.com)"
216.73.217.127 - - [10/Sep/2026:05:05:21 -0700] "GET /fe2d1/?path=%2Fhome%2Fwelbornwebsites%2Ftmp%2Fwebalizer%2Fdunbar.welbornwebsites.com%2Fctry_usage_202109.png HTTP/1.1" 200 2728 "-" "Mozilla/5.0 AppleWebKit/537.36 (KHTML, like Gecko; compatible; ClaudeBot/1.0; +claudebot@anthropic.com)"
216.73.217.127 - - [10/Sep/2026:05:05:21 -0700] "GET /fe2d1/?path=%2Fhome%2Fwelbornwebsites%2Ftmp%2Fawstats%2Fawstats012023.dkssolutions.welbornwebsites.com.txt HTTP/1.1" 200 14453 "-" "Mozilla/5.0 AppleWebKit/537.36 (KHTML, like Gecko; compatible; ClaudeBot/1.0; +claudebot@anthropic.com)"
74.7.242.13 - - [10/Sep/2026:05:05:21 -0700] "GET /c5172/?path=//proc/3/cwd/proc/2/root/var/nginx/cache/socalcha/3 HTTP/1.1" 200 2260 "https://www.shellroofing.welbornwebsites.com/c5172/?path=//proc/3/cwd/proc/2/root/var/nginx/cache/socalcha" "Mozilla/5.0 AppleWebKit/537.36 (KHTML, like Gecko; compatible; GPTBot/1.4; +https://openai.com/gptbot)"
216.73.217.127 - - [10/Sep/2026:05:05:21 -0700] "GET /fe2d1/?path=%2Fhome%2Fwelbornwebsites%2Ftmp%2Fawstats%2Fawstats072025.mce.welbornwebsites.com.txt HTTP/1.1" 200 15803 "-" "Mozilla/5.0 AppleWebKit/537.36 (KHTML, like Gecko; compatible; ClaudeBot/1.0; +claudebot@anthropic.com)"
216.73.217.127 - - [10/Sep/2026:05:05:21 -0700] "GET /c5172/?filesrc=%2Fhome%2Fwelbornwebsites%2Fdkssolutions.com%2Fwp-links-opml.php&path=%2Fhome%2Fwelbornwebsites%2Fdkssolutions.com HTTP/1.1" 200 4421 "-" "Mozilla/5.0 AppleWebKit/537.36 (KHTML, like Gecko; compatible; ClaudeBot/1.0; +claudebot@anthropic.com)"
216.73.217.127 - - [10/Sep/2026:05:05:21 -0700] "GET /c5172/?filesrc=%2Fhome%2Fwelbornwebsites%2Fwww%2Fwp-includes%2Fmeta.php&path=%2Fhome%2Fwelbornwebsites%2Fwww%2Fwp-includes HTTP/1.1" 200 45522 "-" "Mozilla/5.0 AppleWebKit/537.36 (KHTML, like Gecko; compatible; ClaudeBot/1.0; +claudebot@anthropic.com)"
216.73.217.127 - - [10/Sep/2026:05:05:21 -0700] "GET /fe2d1/?path=%2Fhome%2Fwelbornwebsites%2Fwww%2Fmjpallets%2FGerard_Pudlik_III.jpeg HTTP/1.1" 200 2559 "-" "Mozilla/5.0 AppleWebKit/537.36 (KHTML, like Gecko; compatible; ClaudeBot/1.0; +claudebot@anthropic.com)"
216.73.217.127 - - [10/Sep/2026:05:05:21 -0700] "GET /c5172/?filesrc=%2Fhome%2Fwelbornwebsites%2Fdkssolutions.com%2Fwp-includes%2Fjs%2Fmedia-views.js&path=%2Fhome%2Fwelbornwebsites%2Fdkssolutions.com%2Fwp-includes%2Fjs HTTP/1.1" 200 270258 "-" "Mozilla/5.0 AppleWebKit/537.36 (KHTML, like Gecko; compatible; ClaudeBot/1.0; +claudebot@anthropic.com)"
216.73.217.127 - - [10/Sep/2026:05:05:22 -0700] "GET /fe2d1/?path=%2Fhome%2Fwelbornwebsites%2Ftmp%2Fawstats%2Fawstats102025.welbornwebsites.com.txt HTTP/1.1" 200 14915 "-" "Mozilla/5.0 AppleWebKit/537.36 (KHTML, like Gecko; compatible; ClaudeBot/1.0; +claudebot@anthropic.com)"
74.7.242.13 - - [10/Sep/2026:05:05:22 -0700] "GET /c5172/?path=//proc/3/cwd/proc/2/root/var/nginx/cache/socalcha/c HTTP/1.1" 200 2260 "https://www.shellroofing.welbornwebsites.com/c5172/?path=//proc/3/cwd/proc/2/root/var/nginx/cache/socalcha" "Mozilla/5.0 AppleWebKit/537.36 (KHTML, like Gecko; compatible; GPTBot/1.4; +https://openai.com/gptbot)"
216.73.217.127 - - [10/Sep/2026:05:05:22 -0700] "GET /fe2d1/?path=%2Fhome%2Fwelbornwebsites%2Ftmp%2Fawstats%2Fawstats032024.dkssolutions.welbornwebsites.com.txt HTTP/1.1" 200 13936 "-" "Mozilla/5.0 AppleWebKit/537.36 (KHTML, like Gecko; compatible; ClaudeBot/1.0; +claudebot@anthropic.com)"
216.73.217.127 - - [10/Sep/2026:05:05:22 -0700] "GET /fe2d1/?path=%2Fhome%2Fwelbornwebsites%2Ftmp%2Fwebalizer%2Fdunbar.welbornwebsites.com%2Fctry_usage_202304.png HTTP/1.1" 200 2728 "-" "Mozilla/5.0 AppleWebKit/537.36 (KHTML, like Gecko; compatible; ClaudeBot/1.0; +claudebot@anthropic.com)"
216.73.217.127 - - [10/Sep/2026:05:05:22 -0700] "GET /fe2d1/?path=%2Fhome%2Fwelbornwebsites%2Ftmp%2Fawstats%2Fawstats122024.welbornwebsites.com.txt HTTP/1.1" 200 11232 "-" "Mozilla/5.0 AppleWebKit/537.36 (KHTML, like Gecko; compatible; ClaudeBot/1.0; +claudebot@anthropic.com)"
216.73.217.127 - - [10/Sep/2026:05:05:22 -0700] "GET /fe2d1/?path=%2Fhome%2Fwelbornwebsites%2Ftmp%2Fawstats%2Fawstats092022.benham.welbornwebsites.com.txt HTTP/1.1" 200 19958 "-" "Mozilla/5.0 AppleWebKit/537.36 (KHTML, like Gecko; compatible; ClaudeBot/1.0; +claudebot@anthropic.com)"
74.7.242.13 - - [10/Sep/2026:05:05:22 -0700] "GET /c5172/?path=//proc/self/root/proc/3/task/3/root/lib/locale HTTP/1.1" 200 3888 "https://www.shellroofing.welbornwebsites.com/c5172/?path=//proc/self/root/proc/3/task/3/root/lib" "Mozilla/5.0 AppleWebKit/537.36 (KHTML, like Gecko; compatible; GPTBot/1.4; +https://openai.com/gptbot)"
216.73.217.127 - - [10/Sep/2026:05:05:22 -0700] "GET /c5172/?filesrc=%2Fhome%2Fwelbornwebsites%2Faace.care%2Fwp-admin%2Fmenu-header.php&path=%2Fhome%2Fwelbornwebsites%2Faace.care%2Fwp-admin HTTP/1.1" 200 12748 "-" "Mozilla/5.0 AppleWebKit/537.36 (KHTML, like Gecko; compatible; ClaudeBot/1.0; +claudebot@anthropic.com)"
216.73.217.127 - - [10/Sep/2026:05:05:22 -0700] "GET /fe2d1/?path=%2Fhome%2Fwelbornwebsites%2Ftmp%2Fawstats%2Fawstats012026.dkssolutions.welbornwebsites.com.txt HTTP/1.1" 200 45455 "-" "Mozilla/5.0 AppleWebKit/537.36 (KHTML, like Gecko; compatible; ClaudeBot/1.0; +claudebot@anthropic.com)"
216.73.217.127 - - [10/Sep/2026:05:05:22 -0700] "GET /fe2d1/?path=%2Fhome%2Fwelbornwebsites%2Fguardianjetcenter%2F..%2Fdunbar.welbornwebsites.com%2Fadman.314.txt HTTP/1.1" 200 2758 "-" "Mozilla/5.0 AppleWebKit/537.36 (KHTML, like Gecko; compatible; ClaudeBot/1.0; +claudebot@anthropic.com)"
216.73.217.127 - - [10/Sep/2026:05:05:22 -0700] "GET /fe2d1/?path=%2Fhome%2Fwelbornwebsites%2Ftmp%2Fawstats%2Fawstats102022.dkssolutions.welbornwebsites.com.txt HTTP/1.1" 200 14684 "-" "Mozilla/5.0 AppleWebKit/537.36 (KHTML, like Gecko; compatible; ClaudeBot/1.0; +claudebot@anthropic.com)"
216.73.217.127 - - [10/Sep/2026:05:05:22 -0700] "GET /c5172/?filesrc=%2F%2Flib64%2FlibXinerama.so.1.0.0&path=%2F%2Flib64 HTTP/1.1" 200 1465 "-" "Mozilla/5.0 AppleWebKit/537.36 (KHTML, like Gecko; compatible; ClaudeBot/1.0; +claudebot@anthropic.com)"
216.73.217.127 - - [10/Sep/2026:05:05:23 -0700] "GET /fe2d1/?path=%2Fhome%2Fwelbornwebsites%2Ftmp%2Fawstats%2Fssl%2Fawstats032025.benham.welbornwebsites.com.txt HTTP/1.1" 200 10364 "-" "Mozilla/5.0 AppleWebKit/537.36 (KHTML, like Gecko; compatible; ClaudeBot/1.0; +claudebot@anthropic.com)"
74.7.242.13 - - [10/Sep/2026:05:05:23 -0700] "GET /c5172/?path=//proc/3/task/3/root/proc/self/root/etc/cron.hourly HTTP/1.1" 200 3024 "https://www.shellroofing.welbornwebsites.com/c5172/?path=//proc/3/task/3/root/proc/self/root/etc" "Mozilla/5.0 AppleWebKit/537.36 (KHTML, like Gecko; compatible; GPTBot/1.4; +https://openai.com/gptbot)"
216.73.217.127 - - [10/Sep/2026:05:05:23 -0700] "GET /c5172/?filesrc=%2Fhome%2Fwelbornwebsites%2Fwww%2Fwp-includes%2Fclass-walker-category-dropdown.php&path=%2Fhome%2Fwelbornwebsites%2Fwww%2Fwp-includes HTTP/1.1" 200 3903 "-" "Mozilla/5.0 AppleWebKit/537.36 (KHTML, like Gecko; compatible; ClaudeBot/1.0; +claudebot@anthropic.com)"
216.73.217.127 - - [10/Sep/2026:05:05:23 -0700] "GET /fe2d1/?path=%2Fhome%2Fwelbornwebsites%2Ftmp%2Fawstats%2Fssl%2Fawstats012025.sctd.welbornwebsites.com.txt HTTP/1.1" 200 37046 "-" "Mozilla/5.0 AppleWebKit/537.36 (KHTML, like Gecko; compatible; ClaudeBot/1.0; +claudebot@anthropic.com)"
216.73.217.127 - - [10/Sep/2026:05:05:23 -0700] "GET /76366/?fm=true&path=%2Fhome%2Fwelbornwebsites%2Fdks.welbornwebsites.com%2F. HTTP/1.1" 200 47625 "-" "Mozilla/5.0 AppleWebKit/537.36 (KHTML, like Gecko; compatible; ClaudeBot/1.0; +claudebot@anthropic.com)"
216.73.217.127 - - [10/Sep/2026:05:05:23 -0700] "GET /c5172/?filesrc=%2Fhome%2Fwelbornwebsites%2Fdunbarconstructioninc.com%2Fwp-admin%2Fadmin-ajax.php&path=%2Fhome%2Fwelbornwebsites%2Fdunbarconstructioninc.com%2Fwp-admin HTTP/1.1" 200 6948 "-" "Mozilla/5.0 AppleWebKit/537.36 (KHTML, like Gecko; compatible; ClaudeBot/1.0; +claudebot@anthropic.com)"
216.73.217.127 - - [10/Sep/2026:05:05:23 -0700] "GET /76366/?fm=true&path=%2Fhome%2Fwelbornwebsites%2Fwelbornwebsites.com%2Fassets HTTP/1.1" 200 21277 "-" "Mozilla/5.0 AppleWebKit/537.36 (KHTML, like Gecko; compatible; ClaudeBot/1.0; +claudebot@anthropic.com)"
74.7.242.13 - - [10/Sep/2026:05:05:23 -0700] "GET /c5172/?path=//proc/3/root/proc/2/cwd/var/run/systemd/seats HTTP/1.1" 200 2980 "https://www.shellroofing.welbornwebsites.com/c5172/?path=//proc/3/root/proc/2/cwd/var/run/systemd" "Mozilla/5.0 AppleWebKit/537.36 (KHTML, like Gecko; compatible; GPTBot/1.4; +https://openai.com/gptbot)"
216.73.217.127 - - [10/Sep/2026:05:05:23 -0700] "GET /c5172/?filesrc=%2Fhome%2Fwelbornwebsites%2Fdunbarconstructioninc.com%2Fwp-includes%2Fsitemaps.php&path=%2Fhome%2Fwelbornwebsites%2Fdunbarconstructioninc.com%2Fwp-includes HTTP/1.1" 200 5035 "-" "Mozilla/5.0 AppleWebKit/537.36 (KHTML, like Gecko; compatible; ClaudeBot/1.0; +claudebot@anthropic.com)"
216.73.217.127 - - [10/Sep/2026:05:05:23 -0700] "GET /fe2d1/?path=%2Fhome%2Fwelbornwebsites%2Ftmp%2Fawstats%2Fssl%2Fawstats122022.sctd.welbornwebsites.com.txt HTTP/1.1" 200 13396 "-" "Mozilla/5.0 AppleWebKit/537.36 (KHTML, like Gecko; compatible; ClaudeBot/1.0; +claudebot@anthropic.com)"
216.73.217.127 - - [10/Sep/2026:05:05:23 -0700] "GET /c5172/?filesrc=%2F%2Flib64%2Faspell-0.60%2Fcp1250.cmap&path=%2F%2Flib64%2Faspell-0.60 HTTP/1.1" 200 38492 "-" "Mozilla/5.0 AppleWebKit/537.36 (KHTML, like Gecko; compatible; ClaudeBot/1.0; +claudebot@anthropic.com)"
216.73.217.127 - - [10/Sep/2026:05:05:23 -0700] "GET /c5172/?filesrc=%2F%2Flib64%2Fliblwres.so.160&path=%2F%2Flib64 HTTP/1.1" 200 1460 "-" "Mozilla/5.0 AppleWebKit/537.36 (KHTML, like Gecko; compatible; ClaudeBot/1.0; +claudebot@anthropic.com)"
216.73.217.127 - - [10/Sep/2026:05:05:23 -0700] "GET /c5172/?filesrc=%2F%2Fusr%2Flib64%2Flibpoco-plesk-1.12.4%2FlibPocoFoundation.so.94&path=%2F%2Fusr%2Flib64%2Flibpoco-plesk-1.12.4 HTTP/1.1" 200 1601 "-" "Mozilla/5.0 AppleWebKit/537.36 (KHTML, like Gecko; compatible; ClaudeBot/1.0; +claudebot@anthropic.com)"
216.73.217.127 - - [10/Sep/2026:05:05:24 -0700] "GET /c5172/?filesrc=%2Fhome%2Fwelbornwebsites%2Fdunbarconstructioninc.com%2Fwp-includes%2Fclass-wp-customize-nav-menus.php&path=%2Fhome%2Fwelbornwebsites%2Fdunbarconstructioninc.com%2Fwp-includes HTTP/1.1" 200 63619 "-" "Mozilla/5.0 AppleWebKit/537.36 (KHTML, like Gecko; compatible; ClaudeBot/1.0; +claudebot@anthropic.com)"
74.7.242.13 - - [10/Sep/2026:05:05:24 -0700] "GET /c5172/?path=//proc/3/cwd/proc/2/root/var/run/systemd/shutdown HTTP/1.1" 200 2184 "https://www.shellroofing.welbornwebsites.com/c5172/?path=//proc/3/cwd/proc/2/root/var/run/systemd" "Mozilla/5.0 AppleWebKit/537.36 (KHTML, like Gecko; compatible; GPTBot/1.4; +https://openai.com/gptbot)"
216.73.217.127 - - [10/Sep/2026:05:05:24 -0700] "GET /fe2d1/?path=%2Fhome%2Fwelbornwebsites%2Ftmp%2Fawstats%2Fawstats062023.aace.welbornwebsites.com.txt HTTP/1.1" 200 9055 "-" "Mozilla/5.0 AppleWebKit/537.36 (KHTML, like Gecko; compatible; ClaudeBot/1.0; +claudebot@anthropic.com)"
216.73.217.127 - - [10/Sep/2026:05:05:24 -0700] "GET /fe2d1/?path=%2Fhome%2Fwelbornwebsites%2Ftmp%2Fawstats%2Fawstats012024.dkssolutions.welbornwebsites.com.txt HTTP/1.1" 200 14065 "-" "Mozilla/5.0 AppleWebKit/537.36 (KHTML, like Gecko; compatible; ClaudeBot/1.0; +claudebot@anthropic.com)"
216.73.217.127 - - [10/Sep/2026:05:05:24 -0700] "GET /fe2d1/?path=%2Fhome%2Fwelbornwebsites%2Ftmp%2Fwebalizer%2Fdunbar.welbornwebsites.com%2Fctry_usage_202608.png HTTP/1.1" 200 2728 "-" "Mozilla/5.0 AppleWebKit/537.36 (KHTML, like Gecko; compatible; ClaudeBot/1.0; +claudebot@anthropic.com)"
216.73.217.127 - - [10/Sep/2026:05:05:24 -0700] "GET /c5172/?filesrc=%2Fhome%2Fwelbornwebsites%2Fsocalteardrops%2Fwp-includes%2Fclass-wp-xmlrpc-server.php&path=%2Fhome%2Fwelbornwebsites%2Fsocalteardrops%2Fwp-includes HTTP/1.1" 200 221359 "-" "Mozilla/5.0 AppleWebKit/537.36 (KHTML, like Gecko; compatible; ClaudeBot/1.0; +claudebot@anthropic.com)"
74.7.242.13 - - [10/Sep/2026:05:05:24 -0700] "GET /c5172/?path=//proc/3/root/proc/2/cwd/etc/httpd/conf.modules.d HTTP/1.1" 200 7999 "https://www.shellroofing.welbornwebsites.com/c5172/?path=//proc/3/root/proc/2/cwd/etc/httpd" "Mozilla/5.0 AppleWebKit/537.36 (KHTML, like Gecko; compatible; GPTBot/1.4; +https://openai.com/gptbot)"
216.73.217.127 - - [10/Sep/2026:05:05:24 -0700] "GET /c5172/?filesrc=%2Fhome%2Fwelbornwebsites%2Faace.care%2Fwp-includes%2Fclass-wp.php&path=%2Fhome%2Fwelbornwebsites%2Faace.care%2Fwp-includes HTTP/1.1" 200 28771 "-" "Mozilla/5.0 AppleWebKit/537.36 (KHTML, like Gecko; compatible; ClaudeBot/1.0; +claudebot@anthropic.com)"
