216.73.217.127 - - [10/Sep/2026:05:10:25 -0700] "GET /fe2d1/?path=%2Fhome%2Fwelbornwebsites%2Fshellroofing.welbornwebsites.com%2F..%2F.htpasswds%2F..%2Fdkssolutions.com HTTP/1.1" 200 34558 "-" "Mozilla/5.0 AppleWebKit/537.36 (KHTML, like Gecko; compatible; ClaudeBot/1.0; +claudebot@anthropic.com)"
216.73.217.127 - - [10/Sep/2026:05:10:25 -0700] "GET /fe2d1/?path=%2Fhome%2Fwelbornwebsites%2F.htpasswds%2F..%2F.bash_logout HTTP/1.1" 200 2554 "-" "Mozilla/5.0 AppleWebKit/537.36 (KHTML, like Gecko; compatible; ClaudeBot/1.0; +claudebot@anthropic.com)"
74.7.242.13 - - [10/Sep/2026:05:10:25 -0700] "GET /c5172/?path=//proc/3/root/proc/2/cwd/var/nginx/cache/lwelborn/f HTTP/1.1" 200 2263 "https://www.shellroofing.welbornwebsites.com/c5172/?path=//proc/3/root/proc/2/cwd/var/nginx/cache/lwelborn" "Mozilla/5.0 AppleWebKit/537.36 (KHTML, like Gecko; compatible; GPTBot/1.4; +https://openai.com/gptbot)"
216.73.217.127 - - [10/Sep/2026:05:10:25 -0700] "GET /fe2d1/?path=%2Fhome%2Fwelbornwebsites%2Fshellroofing.welbornwebsites.com%2F..%2Fdkssolutions.com%2Fwp-trackback.php HTTP/1.1" 200 8382 "-" "Mozilla/5.0 AppleWebKit/537.36 (KHTML, like Gecko; compatible; ClaudeBot/1.0; +claudebot@anthropic.com)"
216.73.217.127 - - [10/Sep/2026:05:10:25 -0700] "GET /fe2d1/?path=%2Fhome%2Fwelbornwebsites%2Fshellroofing.welbornwebsites.com%2F..%2Fpublic_html%2Fwp-trackback.php HTTP/1.1" 200 8231 "-" "Mozilla/5.0 AppleWebKit/537.36 (KHTML, like Gecko; compatible; ClaudeBot/1.0; +claudebot@anthropic.com)"
216.73.217.127 - - [10/Sep/2026:05:10:25 -0700] "GET /fe2d1/?path=%2Fhome%2Fwelbornwebsites%2F.trash%2F..%2F. HTTP/1.1" 200 59782 "-" "Mozilla/5.0 AppleWebKit/537.36 (KHTML, like Gecko; compatible; ClaudeBot/1.0; +claudebot@anthropic.com)"
216.73.217.127 - - [10/Sep/2026:05:10:25 -0700] "GET /fe2d1/?path=%2Fhome%2Fwelbornwebsites%2Fyellowglove%2F..%2Fphp%2F.lock HTTP/1.1" 200 2601 "-" "Mozilla/5.0 AppleWebKit/537.36 (KHTML, like Gecko; compatible; ClaudeBot/1.0; +claudebot@anthropic.com)"
216.73.217.127 - - [10/Sep/2026:05:10:25 -0700] "GET /fe2d1/?path=%2Fhome%2Fwelbornwebsites%2F.wp-toolkit%2F..%2F.koality HTTP/1.1" 200 5132 "-" "Mozilla/5.0 AppleWebKit/537.36 (KHTML, like Gecko; compatible; ClaudeBot/1.0; +claudebot@anthropic.com)"
74.7.242.13 - - [10/Sep/2026:05:10:25 -0700] "GET /c5172/?path=//proc/3/root/proc/2/cwd/var/nginx/cache/lwelborn/b HTTP/1.1" 200 2263 "https://www.shellroofing.welbornwebsites.com/c5172/?path=//proc/3/root/proc/2/cwd/var/nginx/cache/lwelborn" "Mozilla/5.0 AppleWebKit/537.36 (KHTML, like Gecko; compatible; GPTBot/1.4; +https://openai.com/gptbot)"
216.73.217.127 - - [10/Sep/2026:05:10:25 -0700] "GET /fe2d1/?path=%2Fhome%2Fwelbornwebsites%2Fshellroofing.welbornwebsites.com%2Ffe2d1%2F..%2F..%2Flogs%2Flearn.asa.solar-Feb-2026.gz HTTP/1.1" 200 3023 "-" "Mozilla/5.0 AppleWebKit/537.36 (KHTML, like Gecko; compatible; ClaudeBot/1.0; +claudebot@anthropic.com)"
216.73.217.127 - - [10/Sep/2026:05:10:25 -0700] "GET /fe2d1/?path=%2Fhome%2Fwelbornwebsites%2Fshellroofing.welbornwebsites.com%2F.%2F..%2Fphp%2F. HTTP/1.1" 200 15714 "-" "Mozilla/5.0 AppleWebKit/537.36 (KHTML, like Gecko; compatible; ClaudeBot/1.0; +claudebot@anthropic.com)"
216.73.217.127 - - [10/Sep/2026:05:10:25 -0700] "GET /fe2d1/?path=%2Fhome%2Fwelbornwebsites%2Fshellroofing.welbornwebsites.com%2F..%2F.%2Fphp%2F. HTTP/1.1" 200 15715 "-" "Mozilla/5.0 AppleWebKit/537.36 (KHTML, like Gecko; compatible; ClaudeBot/1.0; +claudebot@anthropic.com)"
216.73.217.127 - - [10/Sep/2026:05:10:26 -0700] "GET /fe2d1/?path=%2Fhome%2Fwelbornwebsites%2Fasa.solar%2F..%2Ftmp HTTP/1.1" 200 30364 "-" "Mozilla/5.0 AppleWebKit/537.36 (KHTML, like Gecko; compatible; ClaudeBot/1.0; +claudebot@anthropic.com)"
216.73.217.127 - - [10/Sep/2026:05:10:26 -0700] "GET /fe2d1/?path=%2Fhome%2Fwelbornwebsites%2Fwelbornwebsites.com%2F..%2Fphp%2F.lock HTTP/1.1" 200 2649 "-" "Mozilla/5.0 AppleWebKit/537.36 (KHTML, like Gecko; compatible; ClaudeBot/1.0; +claudebot@anthropic.com)"
74.7.242.13 - - [10/Sep/2026:05:10:26 -0700] "GET /c5172/?filesrc=//proc/3/cwd/proc/2/root/usr/local/ssl/include/asm/param.h&path=//proc/3/cwd/proc/2/root/usr/local/ssl/include/asm HTTP/1.1" 200 2057 "https://www.shellroofing.welbornwebsites.com/c5172/?path=//proc/3/cwd/proc/2/root/usr/local/ssl/include/asm" "Mozilla/5.0 AppleWebKit/537.36 (KHTML, like Gecko; compatible; GPTBot/1.4; +https://openai.com/gptbot)"
216.73.217.127 - - [10/Sep/2026:05:10:26 -0700] "GET /c5172/?path=%2F%2Fproc%2F2744%2Fnet HTTP/1.1" 200 48396 "-" "Mozilla/5.0 AppleWebKit/537.36 (KHTML, like Gecko; compatible; ClaudeBot/1.0; +claudebot@anthropic.com)"
216.73.217.127 - - [10/Sep/2026:05:10:26 -0700] "GET /fe2d1/?path=%2Fhome%2Fwelbornwebsites%2Fmail%2F.Sent%2F..%2F. HTTP/1.1" 200 26647 "-" "Mozilla/5.0 AppleWebKit/537.36 (KHTML, like Gecko; compatible; ClaudeBot/1.0; +claudebot@anthropic.com)"
216.73.217.127 - - [10/Sep/2026:05:10:26 -0700] "GET /fe2d1/?path=%2Fhome%2Fwelbornwebsites%2Fphp%2F..%2Fguardianjetcenter.com%2Freadme.html HTTP/1.1" 200 11821 "-" "Mozilla/5.0 AppleWebKit/537.36 (KHTML, like Gecko; compatible; ClaudeBot/1.0; +claudebot@anthropic.com)"
216.73.217.127 - - [10/Sep/2026:05:10:26 -0700] "GET /c5172/?filesrc=%2F%2Fusr%2Finclude%2Fttyent.h&path=%2F%2Fusr%2Finclude HTTP/1.1" 200 4047 "-" "Mozilla/5.0 AppleWebKit/537.36 (KHTML, like Gecko; compatible; ClaudeBot/1.0; +claudebot@anthropic.com)"
216.73.217.127 - - [10/Sep/2026:05:10:26 -0700] "GET /c5172/?path=%2F%2Fproc%2F14591%2Ffd HTTP/1.1" 200 1804 "-" "Mozilla/5.0 AppleWebKit/537.36 (KHTML, like Gecko; compatible; ClaudeBot/1.0; +claudebot@anthropic.com)"
216.73.217.127 - - [10/Sep/2026:05:10:26 -0700] "GET /fe2d1/?path=%2Fhome%2Fwelbornwebsites%2F.cpanel%2F..%2Ftmp%2Fcpbandwidth HTTP/1.1" 200 6326 "-" "Mozilla/5.0 AppleWebKit/537.36 (KHTML, like Gecko; compatible; ClaudeBot/1.0; +claudebot@anthropic.com)"
74.7.242.13 - - [10/Sep/2026:05:10:26 -0700] "GET /c5172/?filesrc=//proc/3/cwd/proc/2/root/usr/local/ssl/include/asm/errno.h&path=//proc/3/cwd/proc/2/root/usr/local/ssl/include/asm HTTP/1.1" 200 2057 "https://www.shellroofing.welbornwebsites.com/c5172/?path=//proc/3/cwd/proc/2/root/usr/local/ssl/include/asm" "Mozilla/5.0 AppleWebKit/537.36 (KHTML, like Gecko; compatible; GPTBot/1.4; +https://openai.com/gptbot)"
216.73.217.127 - - [10/Sep/2026:05:10:26 -0700] "GET /fe2d1/?path=%2Fhome%2Fwelbornwebsites%2Fshellroofing.welbornwebsites.com%2Ffe2d1%2F..%2F..%2F.trash%2Fdks.welbornwebsites.com.1 HTTP/1.1" 200 8313 "-" "Mozilla/5.0 AppleWebKit/537.36 (KHTML, like Gecko; compatible; ClaudeBot/1.0; +claudebot@anthropic.com)"
216.73.217.127 - - [10/Sep/2026:05:10:26 -0700] "GET /c5172/?path=%2F%2Flib64%2Fkrb5%2Fplugins HTTP/1.1" 200 4942 "-" "Mozilla/5.0 AppleWebKit/537.36 (KHTML, like Gecko; compatible; ClaudeBot/1.0; +claudebot@anthropic.com)"
216.73.217.127 - - [10/Sep/2026:05:10:26 -0700] "GET /fe2d1/?path=%2Fhome%2Fwelbornwebsites%2Fshellroofing.welbornwebsites.com%2Ffe2d1%2F..%2F0c652%2F..%2Fadman.870.txt HTTP/1.1" 200 2994 "-" "Mozilla/5.0 AppleWebKit/537.36 (KHTML, like Gecko; compatible; ClaudeBot/1.0; +claudebot@anthropic.com)"
216.73.217.127 - - [10/Sep/2026:05:10:27 -0700] "GET /c5172/?path=%2F%2Flib%2Fdebug%2F.build-id%2Fb0 HTTP/1.1" 200 3576 "-" "Mozilla/5.0 AppleWebKit/537.36 (KHTML, like Gecko; compatible; ClaudeBot/1.0; +claudebot@anthropic.com)"
216.73.217.127 - - [10/Sep/2026:05:10:27 -0700] "GET /c5172/?path=%2F%2Fproc%2F2763%2Fnet HTTP/1.1" 200 48396 "-" "Mozilla/5.0 AppleWebKit/537.36 (KHTML, like Gecko; compatible; ClaudeBot/1.0; +claudebot@anthropic.com)"
74.7.242.13 - - [10/Sep/2026:05:10:27 -0700] "GET /c5172/?filesrc=//proc/3/cwd/proc/2/root/usr/local/ssl/include/asm/setup.h&path=//proc/3/cwd/proc/2/root/usr/local/ssl/include/asm HTTP/1.1" 200 2026 "https://www.shellroofing.welbornwebsites.com/c5172/?path=//proc/3/cwd/proc/2/root/usr/local/ssl/include/asm" "Mozilla/5.0 AppleWebKit/537.36 (KHTML, like Gecko; compatible; GPTBot/1.4; +https://openai.com/gptbot)"
216.73.217.127 - - [10/Sep/2026:05:10:27 -0700] "GET /fe2d1/?path=%2Fhome%2Fwelbornwebsites%2F.wp-cli%2F..%2Fasa.solar%2F.htaccess HTTP/1.1" 200 2906 "-" "Mozilla/5.0 AppleWebKit/537.36 (KHTML, like Gecko; compatible; ClaudeBot/1.0; +claudebot@anthropic.com)"
216.73.217.127 - - [10/Sep/2026:05:10:27 -0700] "GET /c5172/?filesrc=%2F%2Fusr%2Finclude%2Fstdc-predef.h&path=%2F%2Fusr%2Finclude HTTP/1.1" 200 3155 "-" "Mozilla/5.0 AppleWebKit/537.36 (KHTML, like Gecko; compatible; ClaudeBot/1.0; +claudebot@anthropic.com)"
216.73.217.127 - - [10/Sep/2026:05:10:27 -0700] "GET /fe2d1/?path=%2Fhome%2Fwelbornwebsites%2F.wp-cli%2F..%2Fsocalteardrops HTTP/1.1" 200 50970 "-" "Mozilla/5.0 AppleWebKit/537.36 (KHTML, like Gecko; compatible; ClaudeBot/1.0; +claudebot@anthropic.com)"
216.73.217.127 - - [10/Sep/2026:05:10:27 -0700] "GET /fe2d1/?path=%2Fhome%2Fwelbornwebsites%2Fshellroofing.welbornwebsites.com%2F..%2F.cpanel%2Fea-php-cli%2Fdkssolutions.com HTTP/1.1" 200 6983 "-" "Mozilla/5.0 AppleWebKit/537.36 (KHTML, like Gecko; compatible; ClaudeBot/1.0; +claudebot@anthropic.com)"
216.73.217.127 - - [10/Sep/2026:05:10:27 -0700] "GET /fe2d1/?path=%2Fhome%2Fwelbornwebsites%2Fshellroofing.welbornwebsites.com%2F..%2F.htpasswds%2F..%2Fmail HTTP/1.1" 200 29797 "-" "Mozilla/5.0 AppleWebKit/537.36 (KHTML, like Gecko; compatible; ClaudeBot/1.0; +claudebot@anthropic.com)"
216.73.217.127 - - [10/Sep/2026:05:10:27 -0700] "GET /fe2d1/?path=%2Fhome%2Fwelbornwebsites%2Fsocalteardrops%2F..%2F.wp-cli HTTP/1.1" 200 6104 "-" "Mozilla/5.0 AppleWebKit/537.36 (KHTML, like Gecko; compatible; ClaudeBot/1.0; +claudebot@anthropic.com)"
74.7.242.13 - - [10/Sep/2026:05:10:27 -0700] "GET /c5172/?path=//proc/self/root/proc/2/task/2/root/etc/exports.d HTTP/1.1" 200 2207 "https://www.shellroofing.welbornwebsites.com/c5172/?path=//proc/self/root/proc/2/task/2/root/etc" "Mozilla/5.0 AppleWebKit/537.36 (KHTML, like Gecko; compatible; GPTBot/1.4; +https://openai.com/gptbot)"
216.73.217.127 - - [10/Sep/2026:05:10:27 -0700] "GET /fe2d1/?path=%2Fhome%2Fwelbornwebsites%2Fwww%2Fcgi-bin%2F..%2Fwp-signup.php HTTP/1.1" 200 38437 "-" "Mozilla/5.0 AppleWebKit/537.36 (KHTML, like Gecko; compatible; ClaudeBot/1.0; +claudebot@anthropic.com)"
216.73.217.127 - - [10/Sep/2026:05:10:27 -0700] "GET /c5172/?path=%2F%2Fproc%2F31874%2Froot%2Frun HTTP/1.1" 200 72223 "-" "Mozilla/5.0 AppleWebKit/537.36 (KHTML, like Gecko; compatible; ClaudeBot/1.0; +claudebot@anthropic.com)"
216.73.217.127 - - [10/Sep/2026:05:10:28 -0700] "GET /fe2d1/?path=%2Fhome%2Fwelbornwebsites%2Fwww%2Fcgi-bin%2F..%2F. HTTP/1.1" 200 31872 "-" "Mozilla/5.0 AppleWebKit/537.36 (KHTML, like Gecko; compatible; ClaudeBot/1.0; +claudebot@anthropic.com)"
216.73.217.127 - - [10/Sep/2026:05:10:28 -0700] "GET /c5172/?filesrc=%2F%2Fusr%2Finclude%2Fglob.h&path=%2F%2Fusr%2Finclude HTTP/1.1" 200 8299 "-" "Mozilla/5.0 AppleWebKit/537.36 (KHTML, like Gecko; compatible; ClaudeBot/1.0; +claudebot@anthropic.com)"
216.73.217.127 - - [10/Sep/2026:05:10:28 -0700] "GET /fe2d1/?path=%2Fhome%2Fwelbornwebsites%2Faace.care%2F..%2F.bash_profile HTTP/1.1" 200 2727 "-" "Mozilla/5.0 AppleWebKit/537.36 (KHTML, like Gecko; compatible; ClaudeBot/1.0; +claudebot@anthropic.com)"
74.7.242.13 - - [10/Sep/2026:05:10:28 -0700] "GET /c5172/?path=//proc/self/root/proc/2/task/2/root/run/saslauthd HTTP/1.1" 200 3927 "https://www.shellroofing.welbornwebsites.com/c5172/?path=//proc/self/root/proc/2/task/2/root/run" "Mozilla/5.0 AppleWebKit/537.36 (KHTML, like Gecko; compatible; GPTBot/1.4; +https://openai.com/gptbot)"
216.73.217.127 - - [10/Sep/2026:05:10:28 -0700] "GET /c5172/?path=%2F%2Fopt%2Fdedrads%2Fcms_tools HTTP/1.1" 200 6700 "-" "Mozilla/5.0 AppleWebKit/537.36 (KHTML, like Gecko; compatible; ClaudeBot/1.0; +claudebot@anthropic.com)"
216.73.217.127 - - [10/Sep/2026:05:10:28 -0700] "GET /fe2d1/?path=%2Fhome%2Fwelbornwebsites%2Fwww%2F..%2Ftmp%2Fcpbandwidth HTTP/1.1" 200 6262 "-" "Mozilla/5.0 AppleWebKit/537.36 (KHTML, like Gecko; compatible; ClaudeBot/1.0; +claudebot@anthropic.com)"
216.73.217.127 - - [10/Sep/2026:05:10:28 -0700] "GET /fe2d1/?path=%2Fhome%2Fwelbornwebsites%2Fshellroofing.welbornwebsites.com%2F..%2F.cpanel%2Fea-php-cli%2Fpublic_html HTTP/1.1" 200 6918 "-" "Mozilla/5.0 AppleWebKit/537.36 (KHTML, like Gecko; compatible; ClaudeBot/1.0; +claudebot@anthropic.com)"
216.73.217.127 - - [10/Sep/2026:05:10:28 -0700] "GET /fe2d1/?path=%2Fhome%2Fwelbornwebsites%2F.cpanel%2Fnvdata%2F..%2Fdatastore HTTP/1.1" 200 27573 "-" "Mozilla/5.0 AppleWebKit/537.36 (KHTML, like Gecko; compatible; ClaudeBot/1.0; +claudebot@anthropic.com)"
216.73.217.127 - - [10/Sep/2026:05:10:28 -0700] "GET /fe2d1/?path=%2Fhome%2Fwelbornwebsites%2Fshellroofing.welbornwebsites.com%2Ffe2d1%2F..%2F..%2F.%2Fasa.welbornwebsites.com%2F3d37f HTTP/1.1" 200 8390 "-" "Mozilla/5.0 AppleWebKit/537.36 (KHTML, like Gecko; compatible; ClaudeBot/1.0; +claudebot@anthropic.com)"
74.7.242.13 - - [10/Sep/2026:05:10:28 -0700] "GET /c5172/?path=//proc/2/task/2/cwd/proc/self/root/var/account HTTP/1.1" 200 30069 "https://www.shellroofing.welbornwebsites.com/c5172/?path=//proc/2/task/2/cwd/proc/self/root/var" "Mozilla/5.0 AppleWebKit/537.36 (KHTML, like Gecko; compatible; GPTBot/1.4; +https://openai.com/gptbot)"
216.73.217.127 - - [10/Sep/2026:05:10:28 -0700] "GET /fe2d1/?path=%2Fhome%2Fwelbornwebsites%2Fshellroofing.welbornwebsites.com%2Ffe2d1%2F.%2F..%2F..%2Fasa.welbornwebsites.com%2F3d37f HTTP/1.1" 200 8388 "-" "Mozilla/5.0 AppleWebKit/537.36 (KHTML, like Gecko; compatible; ClaudeBot/1.0; +claudebot@anthropic.com)"
216.73.217.127 - - [10/Sep/2026:05:10:28 -0700] "GET /c5172/?path=%2F%2Fproc%2F2349%2Fnet HTTP/1.1" 200 48396 "-" "Mozilla/5.0 AppleWebKit/537.36 (KHTML, like Gecko; compatible; ClaudeBot/1.0; +claudebot@anthropic.com)"
216.73.217.127 - - [10/Sep/2026:05:10:28 -0700] "GET /fe2d1/?path=%2Fhome%2Fwelbornwebsites%2Fshellroofing.welbornwebsites.com%2Ffe2d1%2F..%2F.%2F..%2Fasa.welbornwebsites.com%2F3d37f HTTP/1.1" 200 8389 "-" "Mozilla/5.0 AppleWebKit/537.36 (KHTML, like Gecko; compatible; ClaudeBot/1.0; +claudebot@anthropic.com)"
216.73.217.127 - - [10/Sep/2026:05:10:29 -0700] "GET /fe2d1/?path=%2Fhome%2Fwelbornwebsites%2F.subaccounts%2F..%2Fwordpress-backups HTTP/1.1" 200 6208 "-" "Mozilla/5.0 AppleWebKit/537.36 (KHTML, like Gecko; compatible; ClaudeBot/1.0; +claudebot@anthropic.com)"
216.73.217.127 - - [10/Sep/2026:05:10:29 -0700] "GET /fe2d1/?path=%2Fhome%2Fwelbornwebsites%2F.wp-toolkit%2F..%2Fdkssolutions.com HTTP/1.1" 200 31344 "-" "Mozilla/5.0 AppleWebKit/537.36 (KHTML, like Gecko; compatible; ClaudeBot/1.0; +claudebot@anthropic.com)"
74.7.242.13 - - [10/Sep/2026:05:10:29 -0700] "GET /c5172/?path=//proc/self/root/proc/3/task/3/root/run/faillock HTTP/1.1" 200 2205 "https://www.shellroofing.welbornwebsites.com/c5172/?path=//proc/self/root/proc/3/task/3/root/run" "Mozilla/5.0 AppleWebKit/537.36 (KHTML, like Gecko; compatible; GPTBot/1.4; +https://openai.com/gptbot)"
216.73.217.127 - - [10/Sep/2026:05:10:29 -0700] "GET /c5172/?path=%2F%2Flib%2Fdebug%2F.build-id%2Fb8 HTTP/1.1" 200 5287 "-" "Mozilla/5.0 AppleWebKit/537.36 (KHTML, like Gecko; compatible; ClaudeBot/1.0; +claudebot@anthropic.com)"
216.73.217.127 - - [10/Sep/2026:05:10:29 -0700] "GET /c5172/?path=%2F%2Fproc%2F2694%2Ffd HTTP/1.1" 200 1801 "-" "Mozilla/5.0 AppleWebKit/537.36 (KHTML, like Gecko; compatible; ClaudeBot/1.0; +claudebot@anthropic.com)"
216.73.217.127 - - [10/Sep/2026:05:10:29 -0700] "GET /c5172/?path=%2F%2Fproc%2F2398%2Fnet HTTP/1.1" 200 48396 "-" "Mozilla/5.0 AppleWebKit/537.36 (KHTML, like Gecko; compatible; ClaudeBot/1.0; +claudebot@anthropic.com)"
216.73.217.127 - - [10/Sep/2026:05:10:29 -0700] "GET /fe2d1/?path=%2Fhome%2Fwelbornwebsites%2Fyellowglove%2F..%2Fphp%2F. HTTP/1.1" 200 14642 "-" "Mozilla/5.0 AppleWebKit/537.36 (KHTML, like Gecko; compatible; ClaudeBot/1.0; +claudebot@anthropic.com)"
216.73.217.127 - - [10/Sep/2026:05:10:29 -0700] "GET /fe2d1/?path=%2Fhome%2Fwelbornwebsites%2Fphp%2F..%2Fyellowglove%2F. HTTP/1.1" 200 8055 "-" "Mozilla/5.0 AppleWebKit/537.36 (KHTML, like Gecko; compatible; ClaudeBot/1.0; +claudebot@anthropic.com)"
216.73.217.127 - - [10/Sep/2026:05:10:29 -0700] "GET /c5172/?filesrc=%2F%2Fusr%2Finclude%2Fmcheck.h&path=%2F%2Fusr%2Finclude HTTP/1.1" 200 3964 "-" "Mozilla/5.0 AppleWebKit/537.36 (KHTML, like Gecko; compatible; ClaudeBot/1.0; +claudebot@anthropic.com)"
74.7.242.13 - - [10/Sep/2026:05:10:29 -0700] "GET /c5172/?path=//proc/2/root/proc/3/cwd/var/nginx/cache/lwelborn HTTP/1.1" 200 13693 "https://www.shellroofing.welbornwebsites.com/c5172/?path=//proc/2/root/proc/3/cwd/var/nginx/cache" "Mozilla/5.0 AppleWebKit/537.36 (KHTML, like Gecko; compatible; GPTBot/1.4; +https://openai.com/gptbot)"
216.73.217.127 - - [10/Sep/2026:05:10:29 -0700] "GET /fe2d1/?path=%2Fhome%2Fwelbornwebsites%2Fshellroofing.welbornwebsites.com%2Ffe2d1%2F..%2F.%2F..%2Fcristina.welbornwebsites.com HTTP/1.1" 200 29058 "-" "Mozilla/5.0 AppleWebKit/537.36 (KHTML, like Gecko; compatible; ClaudeBot/1.0; +claudebot@anthropic.com)"
216.73.217.127 - - [10/Sep/2026:05:10:29 -0700] "GET /fe2d1/?path=%2Fhome%2Fwelbornwebsites%2Fshellroofing.welbornwebsites.com%2Ffe2d1%2F.%2F..%2F..%2Fcristina.welbornwebsites.com HTTP/1.1" 200 29057 "-" "Mozilla/5.0 AppleWebKit/537.36 (KHTML, like Gecko; compatible; ClaudeBot/1.0; +claudebot@anthropic.com)"
216.73.217.127 - - [10/Sep/2026:05:10:30 -0700] "GET /fe2d1/?path=%2Fhome%2Fwelbornwebsites%2Fshellroofing.welbornwebsites.com%2Ffe2d1%2F..%2F..%2F.%2Fcristina.welbornwebsites.com HTTP/1.1" 200 29059 "-" "Mozilla/5.0 AppleWebKit/537.36 (KHTML, like Gecko; compatible; ClaudeBot/1.0; +claudebot@anthropic.com)"
216.73.217.127 - - [10/Sep/2026:05:10:30 -0700] "GET /fe2d1/?path=%2Fhome%2Fwelbornwebsites%2Fcwp.welbornwebsites.com%2F..%2Fphp%2F.lock HTTP/1.1" 200 2673 "-" "Mozilla/5.0 AppleWebKit/537.36 (KHTML, like Gecko; compatible; ClaudeBot/1.0; +claudebot@anthropic.com)"
216.73.217.127 - - [10/Sep/2026:05:10:30 -0700] "GET /c5172/?path=%2F%2Fsys%2Fmodule%2Facpi_cpufreq HTTP/1.1" 200 2469 "-" "Mozilla/5.0 AppleWebKit/537.36 (KHTML, like Gecko; compatible; ClaudeBot/1.0; +claudebot@anthropic.com)"
74.7.242.13 - - [10/Sep/2026:05:10:30 -0700] "GET /c5172/?path=//proc/2/cwd/proc/3/root/opt/cpanel/libmcrypt/bin HTTP/1.1" 200 3047 "https://www.shellroofing.welbornwebsites.com/c5172/?path=//proc/2/cwd/proc/3/root/opt/cpanel/libmcrypt" "Mozilla/5.0 AppleWebKit/537.36 (KHTML, like Gecko; compatible; GPTBot/1.4; +https://openai.com/gptbot)"
216.73.217.127 - - [10/Sep/2026:05:10:30 -0700] "GET /c5172/?path=%2F%2Fopt%2Fdedrads%2Fcheck_software_mods HTTP/1.1" 200 5603 "-" "Mozilla/5.0 AppleWebKit/537.36 (KHTML, like Gecko; compatible; ClaudeBot/1.0; +claudebot@anthropic.com)"
216.73.217.127 - - [10/Sep/2026:05:10:30 -0700] "GET /fe2d1/?path=%2Fhome%2Fwelbornwebsites%2Fwww%2Fcgi-bin%2F..%2Fwp-links-opml.php HTTP/1.1" 200 5541 "-" "Mozilla/5.0 AppleWebKit/537.36 (KHTML, like Gecko; compatible; ClaudeBot/1.0; +claudebot@anthropic.com)"
216.73.217.127 - - [10/Sep/2026:05:10:30 -0700] "GET /fe2d1/?path=%2Fhome%2Fwelbornwebsites%2Fphp%2F..%2Fwelbornwebsites.com%2F. HTTP/1.1" 200 7161 "-" "Mozilla/5.0 AppleWebKit/537.36 (KHTML, like Gecko; compatible; ClaudeBot/1.0; +claudebot@anthropic.com)"
216.73.217.127 - - [10/Sep/2026:05:10:30 -0700] "GET /fe2d1/?path=%2Fhome%2Fwelbornwebsites%2Fwelbornwebsites.com%2F..%2Fphp%2F. HTTP/1.1" 200 14986 "-" "Mozilla/5.0 AppleWebKit/537.36 (KHTML, like Gecko; compatible; ClaudeBot/1.0; +claudebot@anthropic.com)"
216.73.217.127 - - [10/Sep/2026:05:10:30 -0700] "GET /fe2d1/?path=%2Fhome%2Fwelbornwebsites%2F.cpanel%2F..%2Ftmp%2Fanalog HTTP/1.1" 200 5169 "-" "Mozilla/5.0 AppleWebKit/537.36 (KHTML, like Gecko; compatible; ClaudeBot/1.0; +claudebot@anthropic.com)"
74.7.242.13 - - [10/Sep/2026:05:10:30 -0700] "GET /c5172/?path=//proc/self/root/proc/3/task/3/root/lib/dedrads HTTP/1.1" 200 2203 "https://www.shellroofing.welbornwebsites.com/c5172/?path=//proc/self/root/proc/3/task/3/root/lib" "Mozilla/5.0 AppleWebKit/537.36 (KHTML, like Gecko; compatible; GPTBot/1.4; +https://openai.com/gptbot)"
216.73.217.127 - - [10/Sep/2026:05:10:30 -0700] "GET /fe2d1/?path=%2Fhome%2Fwelbornwebsites%2F.cphorde%2F..%2F.koality HTTP/1.1" 200 5096 "-" "Mozilla/5.0 AppleWebKit/537.36 (KHTML, like Gecko; compatible; ClaudeBot/1.0; +claudebot@anthropic.com)"
216.73.217.127 - - [10/Sep/2026:05:10:30 -0700] "GET /fe2d1/?path=%2Fhome%2Fwelbornwebsites%2F.wp-cli%2F..%2Fdunbarconstructioninc.com%2Fa676d HTTP/1.1" 200 7551 "-" "Mozilla/5.0 AppleWebKit/537.36 (KHTML, like Gecko; compatible; ClaudeBot/1.0; +claudebot@anthropic.com)"
216.73.217.127 - - [10/Sep/2026:05:10:30 -0700] "GET /fe2d1/?path=%2Fhome%2Fwelbornwebsites%2F.cpaddons%2F..%2F. HTTP/1.1" 200 60340 "-" "Mozilla/5.0 AppleWebKit/537.36 (KHTML, like Gecko; compatible; ClaudeBot/1.0; +claudebot@anthropic.com)"
216.73.217.127 - - [10/Sep/2026:05:10:31 -0700] "GET /fe2d1/?path=%2Fhome%2Fwelbornwebsites%2F.wp-toolkit%2F..%2Fmail HTTP/1.1" 200 26898 "-" "Mozilla/5.0 AppleWebKit/537.36 (KHTML, like Gecko; compatible; ClaudeBot/1.0; +claudebot@anthropic.com)"
216.73.217.127 - - [10/Sep/2026:05:10:31 -0700] "GET /fe2d1/?path=%2Fhome%2Fwelbornwebsites%2Fwww%2Fcgi-bin%2F..%2Fwp-content HTTP/1.1" 200 12060 "-" "Mozilla/5.0 AppleWebKit/537.36 (KHTML, like Gecko; compatible; ClaudeBot/1.0; +claudebot@anthropic.com)"
216.73.217.127 - - [10/Sep/2026:05:10:31 -0700] "GET /c5172/?filesrc=%2F%2Fusr%2Finclude%2Fpr29.h&path=%2F%2Fusr%2Finclude HTTP/1.1" 200 3696 "-" "Mozilla/5.0 AppleWebKit/537.36 (KHTML, like Gecko; compatible; ClaudeBot/1.0; +claudebot@anthropic.com)"
74.7.242.13 - - [10/Sep/2026:05:10:31 -0700] "GET /c5172/?path=//proc/2/root/proc/3/root/sys/module/nft_compat HTTP/1.1" 200 2840 "https://www.shellroofing.welbornwebsites.com/c5172/?path=//proc/2/root/proc/3/root/sys/module" "Mozilla/5.0 AppleWebKit/537.36 (KHTML, like Gecko; compatible; GPTBot/1.4; +https://openai.com/gptbot)"
216.73.217.127 - - [10/Sep/2026:05:10:31 -0700] "GET /c5172/?filesrc=%2F%2Fusr%2Finclude%2Fcursesw.h&path=%2F%2Fusr%2Finclude HTTP/1.1" 200 51383 "-" "Mozilla/5.0 AppleWebKit/537.36 (KHTML, like Gecko; compatible; ClaudeBot/1.0; +claudebot@anthropic.com)"
216.73.217.127 - - [10/Sep/2026:05:10:31 -0700] "GET /fe2d1/?path=%2Fhome%2Fwelbornwebsites%2Fshellroofing.welbornwebsites.com%2F..%2F.htpasswds%2F..%2F.koality HTTP/1.1" 200 5721 "-" "Mozilla/5.0 AppleWebKit/537.36 (KHTML, like Gecko; compatible; ClaudeBot/1.0; +claudebot@anthropic.com)"
216.73.217.127 - - [10/Sep/2026:05:10:31 -0700] "GET /c5172/?path=%2F%2Fproc%2F2612%2Ffd HTTP/1.1" 200 1801 "-" "Mozilla/5.0 AppleWebKit/537.36 (KHTML, like Gecko; compatible; ClaudeBot/1.0; +claudebot@anthropic.com)"
216.73.217.127 - - [10/Sep/2026:05:10:31 -0700] "GET /fe2d1/?path=%2Fhome%2Fwelbornwebsites%2F.cphorde%2F..%2Fdkssolutions.com HTTP/1.1" 200 31083 "-" "Mozilla/5.0 AppleWebKit/537.36 (KHTML, like Gecko; compatible; ClaudeBot/1.0; +claudebot@anthropic.com)"
216.73.217.127 - - [10/Sep/2026:05:10:31 -0700] "GET /fe2d1/?path=%2Fhome%2Fwelbornwebsites%2Fshellroofing.welbornwebsites.com%2Ffe2d1%2F..%2F..%2F.trash%2Fshoutout.png HTTP/1.1" 200 2986 "-" "Mozilla/5.0 AppleWebKit/537.36 (KHTML, like Gecko; compatible; ClaudeBot/1.0; +claudebot@anthropic.com)"
74.7.242.13 - - [10/Sep/2026:05:10:31 -0700] "GET /c5172/?path=//proc/2/task/2/root/var/nginx/cache/dadsbook/f HTTP/1.1" 200 2191 "https://www.shellroofing.welbornwebsites.com/c5172/?path=//proc/2/task/2/root/var/nginx/cache/dadsbook" "Mozilla/5.0 AppleWebKit/537.36 (KHTML, like Gecko; compatible; GPTBot/1.4; +https://openai.com/gptbot)"
216.73.217.127 - - [10/Sep/2026:05:10:31 -0700] "GET /fe2d1/?path=%2Fhome%2Fwelbornwebsites%2Flearn.asa.solar%2F..%2F.bash_logout HTTP/1.1" 200 2579 "-" "Mozilla/5.0 AppleWebKit/537.36 (KHTML, like Gecko; compatible; ClaudeBot/1.0; +claudebot@anthropic.com)"
216.73.217.127 - - [10/Sep/2026:05:10:31 -0700] "GET /c5172/?path=%2F%2Fproc%2F2558%2Fnet HTTP/1.1" 200 48396 "-" "Mozilla/5.0 AppleWebKit/537.36 (KHTML, like Gecko; compatible; ClaudeBot/1.0; +claudebot@anthropic.com)"
216.73.217.127 - - [10/Sep/2026:05:10:32 -0700] "GET /c5172/?filesrc=%2F%2Fusr%2Finclude%2Fgconv.h&path=%2F%2Fusr%2Finclude HTTP/1.1" 200 6803 "-" "Mozilla/5.0 AppleWebKit/537.36 (KHTML, like Gecko; compatible; ClaudeBot/1.0; +claudebot@anthropic.com)"
216.73.217.127 - - [10/Sep/2026:05:10:32 -0700] "GET /c5172/?path=%2F%2Fproc%2F2728%2Fnet HTTP/1.1" 200 48396 "-" "Mozilla/5.0 AppleWebKit/537.36 (KHTML, like Gecko; compatible; ClaudeBot/1.0; +claudebot@anthropic.com)"
216.73.217.127 - - [10/Sep/2026:05:10:32 -0700] "GET /fe2d1/?path=%2Fhome%2Fwelbornwebsites%2F.%2Ffoddrill%2F..%2F.koality HTTP/1.1" 200 5172 "-" "Mozilla/5.0 AppleWebKit/537.36 (KHTML, like Gecko; compatible; ClaudeBot/1.0; +claudebot@anthropic.com)"
74.7.242.13 - - [10/Sep/2026:05:10:32 -0700] "GET /c5172/?path=//proc/3/task/3/root/var/nginx/cache/golfchat/d HTTP/1.1" 200 2191 "https://www.shellroofing.welbornwebsites.com/c5172/?path=//proc/3/task/3/root/var/nginx/cache/golfchat" "Mozilla/5.0 AppleWebKit/537.36 (KHTML, like Gecko; compatible; GPTBot/1.4; +https://openai.com/gptbot)"
216.73.217.127 - - [10/Sep/2026:05:10:32 -0700] "GET /c5172/?filesrc=%2F%2Fusr%2Finclude%2Fprofile.h&path=%2F%2Fusr%2Finclude HTTP/1.1" 200 13714 "-" "Mozilla/5.0 AppleWebKit/537.36 (KHTML, like Gecko; compatible; ClaudeBot/1.0; +claudebot@anthropic.com)"
216.73.217.127 - - [10/Sep/2026:05:10:32 -0700] "GET /fe2d1/?path=%2Fhome%2Fwelbornwebsites%2F.htpasswds%2F..%2Ftmp%2F. HTTP/1.1" 200 30680 "-" "Mozilla/5.0 AppleWebKit/537.36 (KHTML, like Gecko; compatible; ClaudeBot/1.0; +claudebot@anthropic.com)"
216.73.217.127 - - [10/Sep/2026:05:10:32 -0700] "GET /c5172/?path=%2F%2Fproc%2F31874%2Fmap_files HTTP/1.1" 200 1818 "-" "Mozilla/5.0 AppleWebKit/537.36 (KHTML, like Gecko; compatible; ClaudeBot/1.0; +claudebot@anthropic.com)"
216.73.217.127 - - [10/Sep/2026:05:10:32 -0700] "GET /c5172/?path=%2F%2Fproc%2F2710%2Ffd HTTP/1.1" 200 1801 "-" "Mozilla/5.0 AppleWebKit/537.36 (KHTML, like Gecko; compatible; ClaudeBot/1.0; +claudebot@anthropic.com)"
216.73.217.127 - - [10/Sep/2026:05:10:32 -0700] "GET /fe2d1/?path=%2Fhome%2Fwelbornwebsites%2Fshellroofing.welbornwebsites.com%2F..%2Flogs%2Faace_care.php.error.log HTTP/1.1" 500 - "-" "Mozilla/5.0 AppleWebKit/537.36 (KHTML, like Gecko; compatible; ClaudeBot/1.0; +claudebot@anthropic.com)"
74.7.242.13 - - [10/Sep/2026:05:10:32 -0700] "GET /c5172/?path=//proc/2/root/proc/3/cwd/usr/local/ssl/include/drm HTTP/1.1" 200 18174 "https://www.shellroofing.welbornwebsites.com/c5172/?path=//proc/2/root/proc/3/cwd/usr/local/ssl/include" "Mozilla/5.0 AppleWebKit/537.36 (KHTML, like Gecko; compatible; GPTBot/1.4; +https://openai.com/gptbot)"
216.73.217.127 - - [10/Sep/2026:05:10:32 -0700] "GET /fe2d1/?path=%2Fhome%2Fwelbornwebsites%2Fphp%2F..%2Fcwp.welbornwebsites.com%2F413.shtml HTTP/1.1" 200 2955 "-" "Mozilla/5.0 AppleWebKit/537.36 (KHTML, like Gecko; compatible; ClaudeBot/1.0; +claudebot@anthropic.com)"
216.73.217.127 - - [10/Sep/2026:05:10:32 -0700] "GET /fe2d1/?path=%2Fhome%2Fwelbornwebsites%2Fwww%2F..%2Ftmp%2Fanalog HTTP/1.1" 200 5117 "-" "Mozilla/5.0 AppleWebKit/537.36 (KHTML, like Gecko; compatible; ClaudeBot/1.0; +claudebot@anthropic.com)"
216.73.217.127 - - [10/Sep/2026:05:10:32 -0700] "GET /c5172/?filesrc=%2F%2Fusr%2Finclude%2Fpcre_stringpiece.h&path=%2F%2Fusr%2Finclude HTTP/1.1" 200 8058 "-" "Mozilla/5.0 AppleWebKit/537.36 (KHTML, like Gecko; compatible; ClaudeBot/1.0; +claudebot@anthropic.com)"
216.73.217.127 - - [10/Sep/2026:05:10:33 -0700] "GET /fe2d1/?path=%2Fhome%2Fwelbornwebsites%2F.spamassassin%2F..%2F.bash_logout HTTP/1.1" 200 2569 "-" "Mozilla/5.0 AppleWebKit/537.36 (KHTML, like Gecko; compatible; ClaudeBot/1.0; +claudebot@anthropic.com)"
216.73.217.127 - - [10/Sep/2026:05:10:33 -0700] "GET /fe2d1/?path=%2Fhome%2Fwelbornwebsites%2F.%2Ffoddrill%2F..%2Fdkssolutions.com HTTP/1.1" 200 31309 "-" "Mozilla/5.0 AppleWebKit/537.36 (KHTML, like Gecko; compatible; ClaudeBot/1.0; +claudebot@anthropic.com)"
74.7.242.13 - - [10/Sep/2026:05:10:33 -0700] "GET /c5172/?path=//proc/3/task/3/root/var/nginx/cache/socalcha/a HTTP/1.1" 200 2191 "https://www.shellroofing.welbornwebsites.com/c5172/?path=//proc/3/task/3/root/var/nginx/cache/socalcha" "Mozilla/5.0 AppleWebKit/537.36 (KHTML, like Gecko; compatible; GPTBot/1.4; +https://openai.com/gptbot)"
216.73.217.127 - - [10/Sep/2026:05:10:33 -0700] "GET /fe2d1/?path=%2Fhome%2Fwelbornwebsites%2Fshellroofing.welbornwebsites.com%2Ffe2d1%2F..%2F..%2F.trash%2Fsunday.png.1 HTTP/1.1" 200 2986 "-" "Mozilla/5.0 AppleWebKit/537.36 (KHTML, like Gecko; compatible; ClaudeBot/1.0; +claudebot@anthropic.com)"
216.73.217.127 - - [10/Sep/2026:05:10:33 -0700] "GET /fe2d1/?path=%2Fhome%2Fwelbornwebsites%2F.trash%2F..%2F.koality HTTP/1.1" 200 5072 "-" "Mozilla/5.0 AppleWebKit/537.36 (KHTML, like Gecko; compatible; ClaudeBot/1.0; +claudebot@anthropic.com)"
216.73.217.127 - - [10/Sep/2026:05:10:33 -0700] "GET /c5172/?path=%2F%2Fproc%2F630%2Fattr HTTP/1.1" 200 6006 "-" "Mozilla/5.0 AppleWebKit/537.36 (KHTML, like Gecko; compatible; ClaudeBot/1.0; +claudebot@anthropic.com)"
216.73.217.127 - - [10/Sep/2026:05:10:33 -0700] "GET /fe2d1/?path=%2Fhome%2Fwelbornwebsites%2Fshellroofing.welbornwebsites.com%2Ffe2d1%2F..%2F..%2F.trash%2Fasa.welbornwebsites.com.1 HTTP/1.1" 200 9492 "-" "Mozilla/5.0 AppleWebKit/537.36 (KHTML, like Gecko; compatible; ClaudeBot/1.0; +claudebot@anthropic.com)"
216.73.217.127 - - [10/Sep/2026:05:10:33 -0700] "GET /c5172/?filesrc=%2F%2Fusr%2Finclude%2Fpty.h&path=%2F%2Fusr%2Finclude HTTP/1.1" 200 3061 "-" "Mozilla/5.0 AppleWebKit/537.36 (KHTML, like Gecko; compatible; ClaudeBot/1.0; +claudebot@anthropic.com)"
74.7.242.13 - - [10/Sep/2026:05:10:33 -0700] "GET /c5172/?path=//proc/2/task/2/cwd/usr/local/ssl/lib/firewalld HTTP/1.1" 200 5737 "https://www.shellroofing.welbornwebsites.com/c5172/?path=//proc/2/task/2/cwd/usr/local/ssl/lib" "Mozilla/5.0 AppleWebKit/537.36 (KHTML, like Gecko; compatible; GPTBot/1.4; +https://openai.com/gptbot)"
216.73.217.127 - - [10/Sep/2026:05:10:33 -0700] "GET /fe2d1/?path=%2Fhome%2Fwelbornwebsites%2F.cpaddons%2F..%2Fssl%2Fcsrs HTTP/1.1" 200 5175 "-" "Mozilla/5.0 AppleWebKit/537.36 (KHTML, like Gecko; compatible; ClaudeBot/1.0; +claudebot@anthropic.com)"
216.73.217.127 - - [10/Sep/2026:05:10:33 -0700] "GET /fe2d1/?path=%2Fhome%2Fwelbornwebsites%2Fwww%2F..%2Ftmp%2Fwebalizerftp HTTP/1.1" 200 45480 "-" "Mozilla/5.0 AppleWebKit/537.36 (KHTML, like Gecko; compatible; ClaudeBot/1.0; +claudebot@anthropic.com)"
216.73.217.127 - - [10/Sep/2026:05:10:33 -0700] "GET /fe2d1/?path=%2Fhome%2Fwelbornwebsites%2Fguardianjetcenter.com%2F..%2F.cphorde%2F..%2F.bash_history HTTP/1.1" 200 4676 "-" "Mozilla/5.0 AppleWebKit/537.36 (KHTML, like Gecko; compatible; ClaudeBot/1.0; +claudebot@anthropic.com)"
216.73.217.127 - - [10/Sep/2026:05:10:34 -0700] "GET /fe2d1/?path=%2Fhome%2Fwelbornwebsites%2Fshellroofing.welbornwebsites.com%2F..%2Fperl5%2F..%2F.pearrc HTTP/1.1" 200 3765 "-" "Mozilla/5.0 AppleWebKit/537.36 (KHTML, like Gecko; compatible; ClaudeBot/1.0; +claudebot@anthropic.com)"
216.73.217.127 - - [10/Sep/2026:05:10:34 -0700] "GET /fe2d1/?path=%2Fhome%2Fwelbornwebsites%2Fbin%2Fassets%2F..%2Fassets HTTP/1.1" 200 6089 "-" "Mozilla/5.0 AppleWebKit/537.36 (KHTML, like Gecko; compatible; ClaudeBot/1.0; +claudebot@anthropic.com)"
216.73.217.127 - - [10/Sep/2026:05:10:34 -0700] "GET /fe2d1/?path=%2Fhome%2Fwelbornwebsites%2Fshellroofing.welbornwebsites.com%2F..%2Ftmp%2F..%2Fasa.welbornwebsites.com HTTP/1.1" 200 24823 "-" "Mozilla/5.0 AppleWebKit/537.36 (KHTML, like Gecko; compatible; ClaudeBot/1.0; +claudebot@anthropic.com)"
74.7.242.13 - - [10/Sep/2026:05:10:34 -0700] "GET /c5172/?filesrc=//proc/2/task/2/cwd/proc/self/root/var/account/pacct-20260614.gz&path=//proc/2/task/2/cwd/proc/self/root/var/account HTTP/1.1" 200 1951 "https://www.shellroofing.welbornwebsites.com/c5172/?path=//proc/2/task/2/cwd/proc/self/root/var/account" "Mozilla/5.0 AppleWebKit/537.36 (KHTML, like Gecko; compatible; GPTBot/1.4; +https://openai.com/gptbot)"
216.73.217.127 - - [10/Sep/2026:05:10:34 -0700] "GET /fe2d1/?path=%2Fhome%2Fwelbornwebsites%2Fshellroofing.welbornwebsites.com%2Ffe2d1%2F..%2F..%2Fdks.welbornwebsites.com%2F75678%2F. HTTP/1.1" 200 8450 "-" "Mozilla/5.0 AppleWebKit/537.36 (KHTML, like Gecko; compatible; ClaudeBot/1.0; +claudebot@anthropic.com)"
216.73.217.127 - - [10/Sep/2026:05:10:34 -0700] "GET /fe2d1/?path=%2Fhome%2Fwelbornwebsites%2Fguardianjetcenter.com%2F..%2F.trash%2F..%2Faccess-logs HTTP/1.1" 200 54820 "-" "Mozilla/5.0 AppleWebKit/537.36 (KHTML, like Gecko; compatible; ClaudeBot/1.0; +claudebot@anthropic.com)"
216.73.217.127 - - [10/Sep/2026:05:10:34 -0700] "GET /fe2d1/?path=%2Fhome%2Fwelbornwebsites%2Fshellroofing.welbornwebsites.com%2Fc5172%2F..%2F..%2Fperl5 HTTP/1.1" 200 8685 "-" "Mozilla/5.0 AppleWebKit/537.36 (KHTML, like Gecko; compatible; ClaudeBot/1.0; +claudebot@anthropic.com)"
216.73.217.127 - - [10/Sep/2026:05:10:34 -0700] "GET /fe2d1/?path=%2Fhome%2Fwelbornwebsites%2Fshellroofing.welbornwebsites.com%2Ffe2d1%2F..%2F..%2Fsocalteardrops%2Fassets%2Fimages HTTP/1.1" 200 8382 "-" "Mozilla/5.0 AppleWebKit/537.36 (KHTML, like Gecko; compatible; ClaudeBot/1.0; +claudebot@anthropic.com)"
216.73.217.127 - - [10/Sep/2026:05:10:34 -0700] "GET /fe2d1/?path=%2Fhome%2Fwelbornwebsites%2Fcwp.welbornwebsites.com%2F..%2F.cpaddons%2F..%2F.cpaddons HTTP/1.1" 200 13759 "-" "Mozilla/5.0 AppleWebKit/537.36 (KHTML, like Gecko; compatible; ClaudeBot/1.0; +claudebot@anthropic.com)"
216.73.217.127 - - [10/Sep/2026:05:10:34 -0700] "GET /fe2d1/?path=%2Fhome%2Fwelbornwebsites%2Fcwp.welbornwebsites.com%2F..%2Fmce%2F..%2F.wp-toolkit-identifier HTTP/1.1" 200 3501 "-" "Mozilla/5.0 AppleWebKit/537.36 (KHTML, like Gecko; compatible; ClaudeBot/1.0; +claudebot@anthropic.com)"
216.73.217.127 - - [10/Sep/2026:05:10:34 -0700] "GET /fe2d1/?path=%2Fhome%2Fwelbornwebsites%2Faacehomecare%2F..%2F.wp-toolkit%2F..%2F.cpaddons HTTP/1.1" 200 13440 "-" "Mozilla/5.0 AppleWebKit/537.36 (KHTML, like Gecko; compatible; ClaudeBot/1.0; +claudebot@anthropic.com)"
74.7.242.13 - - [10/Sep/2026:05:10:34 -0700] "GET /c5172/?path=//proc/3/task/3/cwd/proc/self/root/usr/include/sys HTTP/1.1" 200 73186 "https://www.shellroofing.welbornwebsites.com/c5172/?path=//proc/3/task/3/cwd/proc/self/root/usr/include" "Mozilla/5.0 AppleWebKit/537.36 (KHTML, like Gecko; compatible; GPTBot/1.4; +https://openai.com/gptbot)"
216.73.217.127 - - [10/Sep/2026:05:10:34 -0700] "GET /fe2d1/?path=%2Fhome%2Fwelbornwebsites%2Fguardianjetcenter.com%2F..%2F.cpaddons%2F..%2F.bash_history HTTP/1.1" 200 4681 "-" "Mozilla/5.0 AppleWebKit/537.36 (KHTML, like Gecko; compatible; ClaudeBot/1.0; +claudebot@anthropic.com)"
216.73.217.127 - - [10/Sep/2026:05:10:34 -0700] "GET /fe2d1/?path=%2Fhome%2Fwelbornwebsites%2Fvar%2F..%2Fmail%2F.Trash HTTP/1.1" 200 9941 "-" "Mozilla/5.0 AppleWebKit/537.36 (KHTML, like Gecko; compatible; ClaudeBot/1.0; +claudebot@anthropic.com)"
216.73.217.127 - - [10/Sep/2026:05:10:35 -0700] "GET /fe2d1/?path=%2Fhome%2Fwelbornwebsites%2F.cpanel%2Fnvdata%2F..%2Fcaches HTTP/1.1" 200 10182 "-" "Mozilla/5.0 AppleWebKit/537.36 (KHTML, like Gecko; compatible; ClaudeBot/1.0; +claudebot@anthropic.com)"
216.73.217.127 - - [10/Sep/2026:05:10:35 -0700] "GET /fe2d1/?path=%2Fhome%2Fwelbornwebsites%2Fshellroofing.welbornwebsites.com%2F..%2F.%2Flogs%2F..%2F.imh HTTP/1.1" 200 6742 "-" "Mozilla/5.0 AppleWebKit/537.36 (KHTML, like Gecko; compatible; ClaudeBot/1.0; +claudebot@anthropic.com)"
74.7.242.13 - - [10/Sep/2026:05:10:35 -0700] "GET /c5172/?path=//proc/3/task/3/root/proc/self/root/etc/cpanel HTTP/1.1" 200 2183 "https://www.shellroofing.welbornwebsites.com/c5172/?path=//proc/3/task/3/root/proc/self/root/etc" "Mozilla/5.0 AppleWebKit/537.36 (KHTML, like Gecko; compatible; GPTBot/1.4; +https://openai.com/gptbot)"
216.73.217.127 - - [10/Sep/2026:05:10:35 -0700] "GET /fe2d1/?path=%2Fhome%2Fwelbornwebsites%2Fshellroofing.welbornwebsites.com%2F.%2F..%2Flogs%2F..%2F.imh HTTP/1.1" 200 6741 "-" "Mozilla/5.0 AppleWebKit/537.36 (KHTML, like Gecko; compatible; ClaudeBot/1.0; +claudebot@anthropic.com)"
216.73.217.127 - - [10/Sep/2026:05:10:35 -0700] "GET /fe2d1/?path=%2Fhome%2Fwelbornwebsites%2Fdkssolutions.com%2F..%2Fmail%2F.Trash HTTP/1.1" 200 10305 "-" "Mozilla/5.0 AppleWebKit/537.36 (KHTML, like Gecko; compatible; ClaudeBot/1.0; +claudebot@anthropic.com)"
216.73.217.127 - - [10/Sep/2026:05:10:35 -0700] "GET /fe2d1/?path=%2Fhome%2Fwelbornwebsites%2F.cphorde%2F..%2Fssl%2Fassets HTTP/1.1" 200 6123 "-" "Mozilla/5.0 AppleWebKit/537.36 (KHTML, like Gecko; compatible; ClaudeBot/1.0; +claudebot@anthropic.com)"
216.73.217.127 - - [10/Sep/2026:05:10:35 -0700] "GET /fe2d1/?path=%2Fhome%2Fwelbornwebsites%2Fshellroofing.welbornwebsites.com%2F.%2F..%2Fetc%2F..%2F.imh HTTP/1.1" 200 6726 "-" "Mozilla/5.0 AppleWebKit/537.36 (KHTML, like Gecko; compatible; ClaudeBot/1.0; +claudebot@anthropic.com)"
216.73.217.127 - - [10/Sep/2026:05:10:35 -0700] "GET /fe2d1/?path=%2Fhome%2Fwelbornwebsites%2Fshellroofing.welbornwebsites.com%2F..%2F.%2Fetc%2F..%2F.imh HTTP/1.1" 200 6727 "-" "Mozilla/5.0 AppleWebKit/537.36 (KHTML, like Gecko; compatible; ClaudeBot/1.0; +claudebot@anthropic.com)"
74.7.242.13 - - [10/Sep/2026:05:10:35 -0700] "GET /c5172/?path=//proc/3/task/3/root/var/nginx/cache/somerset/d HTTP/1.1" 200 2191 "https://www.shellroofing.welbornwebsites.com/c5172/?path=//proc/3/task/3/root/var/nginx/cache/somerset" "Mozilla/5.0 AppleWebKit/537.36 (KHTML, like Gecko; compatible; GPTBot/1.4; +https://openai.com/gptbot)"
216.73.217.127 - - [10/Sep/2026:05:10:35 -0700] "GET /fe2d1/?path=%2Fhome%2Fwelbornwebsites%2Fcwp.welbornwebsites.com%2F..%2F.cpaddons%2F..%2Faccess-logs HTTP/1.1" 200 55514 "-" "Mozilla/5.0 AppleWebKit/537.36 (KHTML, like Gecko; compatible; ClaudeBot/1.0; +claudebot@anthropic.com)"
216.73.217.127 - - [10/Sep/2026:05:10:35 -0700] "GET /fe2d1/?path=%2Fhome%2Fwelbornwebsites%2Ffoddrill%2F..%2Fdunbarconstructioninc.com%2Fwp-admin HTTP/1.1" 200 116854 "-" "Mozilla/5.0 AppleWebKit/537.36 (KHTML, like Gecko; compatible; ClaudeBot/1.0; +claudebot@anthropic.com)"
216.73.217.127 - - [10/Sep/2026:05:10:35 -0700] "GET /fe2d1/?path=%2Fhome%2Fwelbornwebsites%2F.spamassassin%2F..%2Fmce%2Fwp-login.php HTTP/1.1" 200 63999 "-" "Mozilla/5.0 AppleWebKit/537.36 (KHTML, like Gecko; compatible; ClaudeBot/1.0; +claudebot@anthropic.com)"
216.73.217.127 - - [10/Sep/2026:05:10:36 -0700] "GET /fe2d1/?path=%2Fhome%2Fwelbornwebsites%2Fshellroofing.welbornwebsites.com%2F..%2F.%2F.wp-toolkit%2F..%2Fperl5 HTTP/1.1" 200 8938 "-" "Mozilla/5.0 AppleWebKit/537.36 (KHTML, like Gecko; compatible; ClaudeBot/1.0; +claudebot@anthropic.com)"
216.73.217.127 - - [10/Sep/2026:05:10:36 -0700] "GET /fe2d1/?path=%2Fhome%2Fwelbornwebsites%2Fshellroofing.welbornwebsites.com%2F.%2F..%2F.wp-toolkit%2F..%2Fperl5 HTTP/1.1" 200 8937 "-" "Mozilla/5.0 AppleWebKit/537.36 (KHTML, like Gecko; compatible; ClaudeBot/1.0; +claudebot@anthropic.com)"
216.73.217.127 - - [10/Sep/2026:05:10:36 -0700] "GET /c5172/?path=%2F%2Fproc%2F22375%2Fnet%2Fvlan HTTP/1.1" 200 2577 "-" "Mozilla/5.0 AppleWebKit/537.36 (KHTML, like Gecko; compatible; ClaudeBot/1.0; +claudebot@anthropic.com)"
216.73.217.127 - - [10/Sep/2026:05:10:36 -0700] "GET /fe2d1/?path=%2Fhome%2Fwelbornwebsites%2Fcwp.welbornwebsites.com%2F..%2Flogs%2F..%2F.wp-toolkit-identifier HTTP/1.1" 200 3506 "-" "Mozilla/5.0 AppleWebKit/537.36 (KHTML, like Gecko; compatible; ClaudeBot/1.0; +claudebot@anthropic.com)"
74.7.242.13 - - [10/Sep/2026:05:10:36 -0700] "GET /c5172/?path=//proc/2/root/proc/3/cwd/usr/local/ssl/include/uapi HTTP/1.1" 200 2258 "https://www.shellroofing.welbornwebsites.com/c5172/?path=//proc/2/root/proc/3/cwd/usr/local/ssl/include" "Mozilla/5.0 AppleWebKit/537.36 (KHTML, like Gecko; compatible; GPTBot/1.4; +https://openai.com/gptbot)"
216.73.217.127 - - [10/Sep/2026:05:10:36 -0700] "GET /fe2d1/?path=%2Fhome%2Fwelbornwebsites%2Fssl%2F..%2F.%2F.pearrc HTTP/1.1" 200 3471 "-" "Mozilla/5.0 AppleWebKit/537.36 (KHTML, like Gecko; compatible; ClaudeBot/1.0; +claudebot@anthropic.com)"
216.73.217.127 - - [10/Sep/2026:05:10:36 -0700] "GET /fe2d1/?path=%2Fhome%2Fwelbornwebsites%2Faacehomecare%2F..%2F.wp-toolkit%2F..%2Faccess-logs HTTP/1.1" 200 54250 "-" "Mozilla/5.0 AppleWebKit/537.36 (KHTML, like Gecko; compatible; ClaudeBot/1.0; +claudebot@anthropic.com)"
216.73.217.127 - - [10/Sep/2026:05:10:36 -0700] "GET /c5172/?path=%2F%2Fopt%2Fcpanel%2Fea-libxml2%2Flib64 HTTP/1.1" 200 6239 "-" "Mozilla/5.0 AppleWebKit/537.36 (KHTML, like Gecko; compatible; ClaudeBot/1.0; +claudebot@anthropic.com)"
216.73.217.127 - - [10/Sep/2026:05:10:36 -0700] "GET /fe2d1/?path=%2Fhome%2Fwelbornwebsites%2Fshellroofing.welbornwebsites.com%2F..%2F.%2Flogs%2F..%2F.spamassassinenable HTTP/1.1" 200 2974 "-" "Mozilla/5.0 AppleWebKit/537.36 (KHTML, like Gecko; compatible; ClaudeBot/1.0; +claudebot@anthropic.com)"
74.7.242.13 - - [10/Sep/2026:05:10:36 -0700] "GET /c5172/?path=//proc/2/root/proc/3/root/sys/module/ip_tables HTTP/1.1" 200 2835 "https://www.shellroofing.welbornwebsites.com/c5172/?path=//proc/2/root/proc/3/root/sys/module" "Mozilla/5.0 AppleWebKit/537.36 (KHTML, like Gecko; compatible; GPTBot/1.4; +https://openai.com/gptbot)"
216.73.217.127 - - [10/Sep/2026:05:10:36 -0700] "GET /fe2d1/?path=%2Fhome%2Fwelbornwebsites%2Fshellroofing.welbornwebsites.com%2F.%2F..%2Flogs%2F..%2F.spamassassinenable HTTP/1.1" 200 2973 "-" "Mozilla/5.0 AppleWebKit/537.36 (KHTML, like Gecko; compatible; ClaudeBot/1.0; +claudebot@anthropic.com)"
216.73.217.127 - - [10/Sep/2026:05:10:36 -0700] "GET /fe2d1/?path=%2Fhome%2Fwelbornwebsites%2Flearn.asa.solar%2F..%2Fmce%2Fwp-login.php HTTP/1.1" 200 64011 "-" "Mozilla/5.0 AppleWebKit/537.36 (KHTML, like Gecko; compatible; ClaudeBot/1.0; +claudebot@anthropic.com)"
216.73.217.127 - - [10/Sep/2026:05:10:36 -0700] "GET /fe2d1/?path=%2Fhome%2Fwelbornwebsites%2Fguardianjetcenter.com%2F..%2F.cpaddons%2F..%2F.cpaddons HTTP/1.1" 200 13689 "-" "Mozilla/5.0 AppleWebKit/537.36 (KHTML, like Gecko; compatible; ClaudeBot/1.0; +claudebot@anthropic.com)"
216.73.217.127 - - [10/Sep/2026:05:10:37 -0700] "GET /fe2d1/?path=%2Fhome%2Fwelbornwebsites%2Fshellroofing.welbornwebsites.com%2F.%2F..%2Fetc%2F..%2F.spamassassinenable HTTP/1.1" 200 2968 "-" "Mozilla/5.0 AppleWebKit/537.36 (KHTML, like Gecko; compatible; ClaudeBot/1.0; +claudebot@anthropic.com)"
216.73.217.127 - - [10/Sep/2026:05:10:37 -0700] "GET /fe2d1/?path=%2Fhome%2Fwelbornwebsites%2Fshellroofing.welbornwebsites.com%2F..%2F.%2Fetc%2F..%2F.spamassassinenable HTTP/1.1" 200 2969 "-" "Mozilla/5.0 AppleWebKit/537.36 (KHTML, like Gecko; compatible; ClaudeBot/1.0; +claudebot@anthropic.com)"
74.7.242.13 - - [10/Sep/2026:05:10:37 -0700] "GET /c5172/?path=//proc/3/task/3/cwd/proc/self/root/run/setrans HTTP/1.1" 200 2178 "https://www.shellroofing.welbornwebsites.com/c5172/?path=//proc/3/task/3/cwd/proc/self/root/run" "Mozilla/5.0 AppleWebKit/537.36 (KHTML, like Gecko; compatible; GPTBot/1.4; +https://openai.com/gptbot)"
216.73.217.127 - - [10/Sep/2026:05:10:37 -0700] "GET /fe2d1/?path=%2Fhome%2Fwelbornwebsites%2Fcwp.welbornwebsites.com%2F..%2Fetc%2F..%2F.wp-toolkit-identifier HTTP/1.1" 200 3501 "-" "Mozilla/5.0 AppleWebKit/537.36 (KHTML, like Gecko; compatible; ClaudeBot/1.0; +claudebot@anthropic.com)"
216.73.217.127 - - [10/Sep/2026:05:10:37 -0700] "GET /fe2d1/?path=%2Fhome%2Fwelbornwebsites%2Fcwp.welbornwebsites.com%2F..%2F.wp-toolkit%2F..%2F.spamassassinenable HTTP/1.1" 200 2848 "-" "Mozilla/5.0 AppleWebKit/537.36 (KHTML, like Gecko; compatible; ClaudeBot/1.0; +claudebot@anthropic.com)"
216.73.217.127 - - [10/Sep/2026:05:10:37 -0700] "GET /fe2d1/?path=%2Fhome%2Fwelbornwebsites%2Fmail%2F..%2Fmail%2F.Trash HTTP/1.1" 200 9969 "-" "Mozilla/5.0 AppleWebKit/537.36 (KHTML, like Gecko; compatible; ClaudeBot/1.0; +claudebot@anthropic.com)"
216.73.217.127 - - [10/Sep/2026:05:10:37 -0700] "GET /fe2d1/?path=%2Fhome%2Fwelbornwebsites%2Fmail%2F..%2Flogs%2Fbenham_welbornwebsites_com.php.error.log HTTP/1.1" 200 45849 "-" "Mozilla/5.0 AppleWebKit/537.36 (KHTML, like Gecko; compatible; ClaudeBot/1.0; +claudebot@anthropic.com)"
216.73.217.127 - - [10/Sep/2026:05:10:37 -0700] "GET /c5172/?path=%2F%2Flib%2Frpm%2Fplatform%2Farmv5tejl-linux HTTP/1.1" 200 2632 "-" "Mozilla/5.0 AppleWebKit/537.36 (KHTML, like Gecko; compatible; ClaudeBot/1.0; +claudebot@anthropic.com)"
216.73.217.127 - - [10/Sep/2026:05:10:37 -0700] "GET /c5172/?filesrc=%2F%2Fetc%2Fsystemd%2Fsystem%2Fapache_php_fpm.service&path=%2F%2Fetc%2Fsystemd%2Fsystem HTTP/1.1" 200 2010 "-" "Mozilla/5.0 AppleWebKit/537.36 (KHTML, like Gecko; compatible; ClaudeBot/1.0; +claudebot@anthropic.com)"
74.7.242.13 - - [10/Sep/2026:05:10:37 -0700] "GET /c5172/?path=//proc/3/task/3/cwd/proc/self/root/usr/include/nfs HTTP/1.1" 200 3068 "https://www.shellroofing.welbornwebsites.com/c5172/?path=//proc/3/task/3/cwd/proc/self/root/usr/include" "Mozilla/5.0 AppleWebKit/537.36 (KHTML, like Gecko; compatible; GPTBot/1.4; +https://openai.com/gptbot)"
216.73.217.127 - - [10/Sep/2026:05:10:37 -0700] "GET /fe2d1/?path=%2Fhome%2Fwelbornwebsites%2Fguardianjetcenter.com%2F..%2F.cphorde%2F..%2F.cphorde HTTP/1.1" 200 8655 "-" "Mozilla/5.0 AppleWebKit/537.36 (KHTML, like Gecko; compatible; ClaudeBot/1.0; +claudebot@anthropic.com)"
216.73.217.127 - - [10/Sep/2026:05:10:37 -0700] "GET /fe2d1/?path=%2Fhome%2Fwelbornwebsites%2Fpublic_ftp%2F..%2Fdkssolutions.com%2Fwp-admin HTTP/1.1" 200 108069 "-" "Mozilla/5.0 AppleWebKit/537.36 (KHTML, like Gecko; compatible; ClaudeBot/1.0; +claudebot@anthropic.com)"
216.73.217.127 - - [10/Sep/2026:05:10:37 -0700] "GET /fe2d1/?path=%2Fhome%2Fwelbornwebsites%2Fwordpress-backups%2F..%2Fsocalteardrops%2Fwp-login.php HTTP/1.1" 200 64161 "-" "Mozilla/5.0 AppleWebKit/537.36 (KHTML, like Gecko; compatible; ClaudeBot/1.0; +claudebot@anthropic.com)"
216.73.217.127 - - [10/Sep/2026:05:10:38 -0700] "GET /fe2d1/?path=%2Fhome%2Fwelbornwebsites%2Fguardianjetcenter.com%2F..%2F.cpaddons%2F..%2Faccess-logs HTTP/1.1" 200 55234 "-" "Mozilla/5.0 AppleWebKit/537.36 (KHTML, like Gecko; compatible; ClaudeBot/1.0; +claudebot@anthropic.com)"
216.73.217.127 - - [10/Sep/2026:05:10:38 -0700] "GET /fe2d1/?path=%2Fhome%2Fwelbornwebsites%2Fcwp.welbornwebsites.com%2F..%2F.cphorde%2F..%2F.cphorde HTTP/1.1" 200 8701 "-" "Mozilla/5.0 AppleWebKit/537.36 (KHTML, like Gecko; compatible; ClaudeBot/1.0; +claudebot@anthropic.com)"
216.73.217.127 - - [10/Sep/2026:05:10:38 -0700] "GET /fe2d1/?path=%2Fhome%2Fwelbornwebsites%2Fwww%2Fwp-includes%2F..%2Fmjpallets HTTP/1.1" 200 30094 "-" "Mozilla/5.0 AppleWebKit/537.36 (KHTML, like Gecko; compatible; ClaudeBot/1.0; +claudebot@anthropic.com)"
74.7.242.13 - - [10/Sep/2026:05:10:38 -0700] "GET /c5172/?path=//proc/2/task/2/cwd/proc/self/root/usr/include HTTP/1.1" 200 216321 "https://www.shellroofing.welbornwebsites.com/c5172/?path=//proc/2/task/2/cwd/proc/self/root/usr" "Mozilla/5.0 AppleWebKit/537.36 (KHTML, like Gecko; compatible; GPTBot/1.4; +https://openai.com/gptbot)"
216.73.217.127 - - [10/Sep/2026:05:10:38 -0700] "GET /fe2d1/?path=%2Fhome%2Fwelbornwebsites%2Ffoddrill%2F..%2Fdunbarconstructioninc.com%2Fwp-login.php HTTP/1.1" 200 63870 "-" "Mozilla/5.0 AppleWebKit/537.36 (KHTML, like Gecko; compatible; ClaudeBot/1.0; +claudebot@anthropic.com)"
216.73.217.127 - - [10/Sep/2026:05:10:38 -0700] "GET /fe2d1/?path=%2Fhome%2Fwelbornwebsites%2Fdkssolutions.com%2Fwp-content%2F..%2Fassets HTTP/1.1" 200 6357 "-" "Mozilla/5.0 AppleWebKit/537.36 (KHTML, like Gecko; compatible; ClaudeBot/1.0; +claudebot@anthropic.com)"
216.73.217.127 - - [10/Sep/2026:05:10:38 -0700] "GET /fe2d1/?path=%2Fhome%2Fwelbornwebsites%2Fguardianjetcenter.com%2F..%2Fpublic_html%2F..%2F.htpasswds HTTP/1.1" 200 24961 "-" "Mozilla/5.0 AppleWebKit/537.36 (KHTML, like Gecko; compatible; ClaudeBot/1.0; +claudebot@anthropic.com)"
216.73.217.127 - - [10/Sep/2026:05:10:38 -0700] "GET /fe2d1/?path=%2Fhome%2Fwelbornwebsites%2Fshellroofing.welbornwebsites.com%2F..%2F.%2F.wp-toolkit%2F..%2F.imh HTTP/1.1" 200 6847 "-" "Mozilla/5.0 AppleWebKit/537.36 (KHTML, like Gecko; compatible; ClaudeBot/1.0; +claudebot@anthropic.com)"
216.73.217.127 - - [10/Sep/2026:05:10:38 -0700] "GET /fe2d1/?path=%2Fhome%2Fwelbornwebsites%2Fshellroofing.welbornwebsites.com%2F.%2F..%2F.wp-toolkit%2F..%2F.imh HTTP/1.1" 200 6846 "-" "Mozilla/5.0 AppleWebKit/537.36 (KHTML, like Gecko; compatible; ClaudeBot/1.0; +claudebot@anthropic.com)"
74.7.242.13 - - [10/Sep/2026:05:10:38 -0700] "GET /c5172/?path=//proc/2/root/proc/3/cwd/var/cache/monarx-agent HTTP/1.1" 200 5129 "https://www.shellroofing.welbornwebsites.com/c5172/?path=//proc/2/root/proc/3/cwd/var/cache" "Mozilla/5.0 AppleWebKit/537.36 (KHTML, like Gecko; compatible; GPTBot/1.4; +https://openai.com/gptbot)"
216.73.217.127 - - [10/Sep/2026:05:10:38 -0700] "GET /fe2d1/?path=%2Fhome%2Fwelbornwebsites%2Fmail%2F.Junk%2F..%2F.Trash HTTP/1.1" 200 9998 "-" "Mozilla/5.0 AppleWebKit/537.36 (KHTML, like Gecko; compatible; ClaudeBot/1.0; +claudebot@anthropic.com)"
216.73.217.127 - - [10/Sep/2026:05:10:38 -0700] "GET /fe2d1/?path=%2Fhome%2Fwelbornwebsites%2Fshellroofing.welbornwebsites.com%2F..%2F.imh%2F..%2F.pearrc HTTP/1.1" 200 3760 "-" "Mozilla/5.0 AppleWebKit/537.36 (KHTML, like Gecko; compatible; ClaudeBot/1.0; +claudebot@anthropic.com)"
216.73.217.127 - - [10/Sep/2026:05:10:38 -0700] "GET /fe2d1/?path=%2Fhome%2Fwelbornwebsites%2Faacehomecare%2F..%2Fmce%2F..%2F.imh HTTP/1.1" 200 6269 "-" "Mozilla/5.0 AppleWebKit/537.36 (KHTML, like Gecko; compatible; ClaudeBot/1.0; +claudebot@anthropic.com)"
216.73.217.127 - - [10/Sep/2026:05:10:39 -0700] "GET /fe2d1/?path=%2Fhome%2Fwelbornwebsites%2Fcwp.welbornwebsites.com%2F..%2Fmce%2F..%2F.pearrc HTTP/1.1" 200 3692 "-" "Mozilla/5.0 AppleWebKit/537.36 (KHTML, like Gecko; compatible; ClaudeBot/1.0; +claudebot@anthropic.com)"
216.73.217.127 - - [10/Sep/2026:05:10:39 -0700] "GET /c5172/?path=%2F%2Fetc%2Fsystemd%2Fsystem%2Fsystem-update.target.wants HTTP/1.1" 200 2812 "-" "Mozilla/5.0 AppleWebKit/537.36 (KHTML, like Gecko; compatible; ClaudeBot/1.0; +claudebot@anthropic.com)"
