216.73.217.127 - - [10/Sep/2026:05:08:44 -0700] "GET /fe2d1/?path=%2Fhome%2Fwelbornwebsites%2Flogs%2F..%2Flogs HTTP/1.1" 200 135651 "-" "Mozilla/5.0 AppleWebKit/537.36 (KHTML, like Gecko; compatible; ClaudeBot/1.0; +claudebot@anthropic.com)"
216.73.217.127 - - [10/Sep/2026:05:08:44 -0700] "GET /fe2d1/?path=%2Fhome%2Fwelbornwebsites%2Fmce%2F..%2Faace.care%2Fwp-load.php HTTP/1.1" 200 7029 "-" "Mozilla/5.0 AppleWebKit/537.36 (KHTML, like Gecko; compatible; ClaudeBot/1.0; +claudebot@anthropic.com)"
216.73.217.127 - - [10/Sep/2026:05:08:44 -0700] "GET /fe2d1/?path=%2Fhome%2Fwelbornwebsites%2Fshellroofing.welbornwebsites.com%2Ffe2d1%2F..%2F..%2F.trash%2Fweekly.png.1 HTTP/1.1" 200 2986 "-" "Mozilla/5.0 AppleWebKit/537.36 (KHTML, like Gecko; compatible; ClaudeBot/1.0; +claudebot@anthropic.com)"
216.73.217.127 - - [10/Sep/2026:05:08:44 -0700] "GET /fe2d1/?path=%2Fhome%2Fwelbornwebsites%2F.subaccounts%2F..%2F.%2F.wp-cli HTTP/1.1" 200 6168 "-" "Mozilla/5.0 AppleWebKit/537.36 (KHTML, like Gecko; compatible; ClaudeBot/1.0; +claudebot@anthropic.com)"
216.73.217.127 - - [10/Sep/2026:05:08:44 -0700] "GET /fe2d1/?path=%2Fhome%2Fwelbornwebsites%2Fshellroofing.welbornwebsites.com%2F..%2F.%2F.trash%2F.. HTTP/1.1" 200 66641 "-" "Mozilla/5.0 AppleWebKit/537.36 (KHTML, like Gecko; compatible; ClaudeBot/1.0; +claudebot@anthropic.com)"
74.7.242.13 - - [10/Sep/2026:05:08:44 -0700] "GET /c5172/?filesrc=//proc/3/root/proc/2/root/usr/libexec/git-core/git-show-ref&path=//proc/3/root/proc/2/root/usr/libexec/git-core HTTP/1.1" 200 1895 "https://www.shellroofing.welbornwebsites.com/c5172/?path=//proc/3/root/proc/2/root/usr/libexec/git-core" "Mozilla/5.0 AppleWebKit/537.36 (KHTML, like Gecko; compatible; GPTBot/1.4; +https://openai.com/gptbot)"
216.73.217.127 - - [10/Sep/2026:05:08:44 -0700] "GET /fe2d1/?path=%2Fhome%2Fwelbornwebsites%2Fshellroofing.welbornwebsites.com%2F.%2F..%2F.trash%2F.. HTTP/1.1" 200 66640 "-" "Mozilla/5.0 AppleWebKit/537.36 (KHTML, like Gecko; compatible; ClaudeBot/1.0; +claudebot@anthropic.com)"
216.73.217.127 - - [10/Sep/2026:05:08:44 -0700] "GET /fe2d1/?path=%2Fhome%2Fwelbornwebsites%2Fshellroofing.welbornwebsites.com%2F..%2F.trash%2F.%2F.. HTTP/1.1" 200 66646 "-" "Mozilla/5.0 AppleWebKit/537.36 (KHTML, like Gecko; compatible; ClaudeBot/1.0; +claudebot@anthropic.com)"
216.73.217.127 - - [10/Sep/2026:05:08:44 -0700] "GET /fe2d1/?path=%2Fhome%2Fwelbornwebsites%2Fshellroofing.welbornwebsites.com%2Ffe2d1%2F..%2F..%2F.htpasswds%2Flearn.asa.solar%2F. HTTP/1.1" 200 6092 "-" "Mozilla/5.0 AppleWebKit/537.36 (KHTML, like Gecko; compatible; ClaudeBot/1.0; +claudebot@anthropic.com)"
216.73.217.127 - - [10/Sep/2026:05:08:45 -0700] "GET /fe2d1/?path=%2Fhome%2Fwelbornwebsites%2F.trash%2Fwp-admin%2Foptions-permalink.php HTTP/1.1" 200 26747 "-" "Mozilla/5.0 AppleWebKit/537.36 (KHTML, like Gecko; compatible; ClaudeBot/1.0; +claudebot@anthropic.com)"
216.73.217.127 - - [10/Sep/2026:05:08:45 -0700] "GET /fe2d1/?path=%2Fhome%2Fwelbornwebsites%2Fshellroofing.welbornwebsites.com%2F..%2Ftmp%2F..%2Fdunbarconstructioninc.com HTTP/1.1" 200 52874 "-" "Mozilla/5.0 AppleWebKit/537.36 (KHTML, like Gecko; compatible; ClaudeBot/1.0; +claudebot@anthropic.com)"
216.73.217.127 - - [10/Sep/2026:05:08:45 -0700] "GET /fe2d1/?path=%2Fhome%2Fwelbornwebsites%2Ffoddrill%2F..%2F.cphorde HTTP/1.1" 200 7983 "-" "Mozilla/5.0 AppleWebKit/537.36 (KHTML, like Gecko; compatible; ClaudeBot/1.0; +claudebot@anthropic.com)"
74.7.242.13 - - [10/Sep/2026:05:08:45 -0700] "GET /c5172/?filesrc=//proc/3/root/proc/2/root/usr/libexec/git-core/git-show-index&path=//proc/3/root/proc/2/root/usr/libexec/git-core HTTP/1.1" 200 1897 "https://www.shellroofing.welbornwebsites.com/c5172/?path=//proc/3/root/proc/2/root/usr/libexec/git-core" "Mozilla/5.0 AppleWebKit/537.36 (KHTML, like Gecko; compatible; GPTBot/1.4; +https://openai.com/gptbot)"
216.73.217.127 - - [10/Sep/2026:05:08:45 -0700] "GET /fe2d1/?path=%2Fhome%2Fwelbornwebsites%2Fmce%2F..%2Fetc HTTP/1.1" 200 8791 "-" "Mozilla/5.0 AppleWebKit/537.36 (KHTML, like Gecko; compatible; ClaudeBot/1.0; +claudebot@anthropic.com)"
216.73.217.127 - - [10/Sep/2026:05:08:45 -0700] "GET /fe2d1/?path=%2Fhome%2Fwelbornwebsites%2Fshellroofing.welbornwebsites.com%2F..%2F.wp-cli%2F..%2Fsocalteardrops HTTP/1.1" 200 56431 "-" "Mozilla/5.0 AppleWebKit/537.36 (KHTML, like Gecko; compatible; ClaudeBot/1.0; +claudebot@anthropic.com)"
216.73.217.127 - - [10/Sep/2026:05:08:45 -0700] "GET /fe2d1/?path=%2Fhome%2Fwelbornwebsites%2Fshellroofing.welbornwebsites.com%2Ffe2d1%2F..%2F..%2Fyellowglove%2F.%2Fassets HTTP/1.1" 200 7070 "-" "Mozilla/5.0 AppleWebKit/537.36 (KHTML, like Gecko; compatible; ClaudeBot/1.0; +claudebot@anthropic.com)"
216.73.217.127 - - [10/Sep/2026:05:08:45 -0700] "GET /fe2d1/?path=%2Fhome%2Fwelbornwebsites%2Fshellroofing.welbornwebsites.com%2F..%2F.imh%2F..%2F.bash_logout HTTP/1.1" 200 2873 "-" "Mozilla/5.0 AppleWebKit/537.36 (KHTML, like Gecko; compatible; ClaudeBot/1.0; +claudebot@anthropic.com)"
216.73.217.127 - - [10/Sep/2026:05:08:45 -0700] "GET /fe2d1/?path=%2Fhome%2Fwelbornwebsites%2Fshellroofing.welbornwebsites.com%2Ffe2d1%2F..%2F76366%2F..%2F.%2F.ftpquota HTTP/1.1" 200 3091 "-" "Mozilla/5.0 AppleWebKit/537.36 (KHTML, like Gecko; compatible; ClaudeBot/1.0; +claudebot@anthropic.com)"
74.7.242.13 - - [10/Sep/2026:05:08:45 -0700] "GET /c5172/?filesrc=//proc/3/root/proc/2/root/usr/libexec/git-core/git-show-branch&path=//proc/3/root/proc/2/root/usr/libexec/git-core HTTP/1.1" 200 1898 "https://www.shellroofing.welbornwebsites.com/c5172/?path=//proc/3/root/proc/2/root/usr/libexec/git-core" "Mozilla/5.0 AppleWebKit/537.36 (KHTML, like Gecko; compatible; GPTBot/1.4; +https://openai.com/gptbot)"
216.73.217.127 - - [10/Sep/2026:05:08:45 -0700] "GET /fe2d1/?path=%2Fhome%2Fwelbornwebsites%2Fshellroofing.welbornwebsites.com%2Ffe2d1%2F..%2F.%2F76366%2F..%2F.ftpquota HTTP/1.1" 200 3086 "-" "Mozilla/5.0 AppleWebKit/537.36 (KHTML, like Gecko; compatible; ClaudeBot/1.0; +claudebot@anthropic.com)"
216.73.217.127 - - [10/Sep/2026:05:08:45 -0700] "GET /fe2d1/?path=%2Fhome%2Fwelbornwebsites%2Fwww%2Fwp-admin%2Fadmin-post.php HTTP/1.1" 200 4336 "-" "Mozilla/5.0 AppleWebKit/537.36 (KHTML, like Gecko; compatible; ClaudeBot/1.0; +claudebot@anthropic.com)"
216.73.217.127 - - [10/Sep/2026:05:08:46 -0700] "GET /fe2d1/?path=%2Fhome%2Fwelbornwebsites%2Fshellroofing.welbornwebsites.com%2Ffe2d1%2F..%2F76366%2F.%2F..%2F.ftpquota HTTP/1.1" 200 3090 "-" "Mozilla/5.0 AppleWebKit/537.36 (KHTML, like Gecko; compatible; ClaudeBot/1.0; +claudebot@anthropic.com)"
216.73.217.127 - - [10/Sep/2026:05:08:46 -0700] "GET /fe2d1/?path=%2Fhome%2Fwelbornwebsites%2Fshellroofing.welbornwebsites.com%2Ffe2d1%2F.%2F..%2F76366%2F..%2F.ftpquota HTTP/1.1" 200 3085 "-" "Mozilla/5.0 AppleWebKit/537.36 (KHTML, like Gecko; compatible; ClaudeBot/1.0; +claudebot@anthropic.com)"
216.73.217.127 - - [10/Sep/2026:05:08:46 -0700] "GET /c5172/?path=%2F%2Fopt%2Fcpanel%2Fea-libzip HTTP/1.1" 200 2446 "-" "Mozilla/5.0 AppleWebKit/537.36 (KHTML, like Gecko; compatible; ClaudeBot/1.0; +claudebot@anthropic.com)"
74.7.242.13 - - [10/Sep/2026:05:08:46 -0700] "GET /c5172/?filesrc=//proc/3/root/proc/2/root/usr/libexec/git-core/git-show&path=//proc/3/root/proc/2/root/usr/libexec/git-core HTTP/1.1" 200 1891 "https://www.shellroofing.welbornwebsites.com/c5172/?path=//proc/3/root/proc/2/root/usr/libexec/git-core" "Mozilla/5.0 AppleWebKit/537.36 (KHTML, like Gecko; compatible; GPTBot/1.4; +https://openai.com/gptbot)"
216.73.217.127 - - [10/Sep/2026:05:08:46 -0700] "GET /fe2d1/?path=%2Fhome%2Fwelbornwebsites%2Fmce%2F..%2Flogs HTTP/1.1" 200 135288 "-" "Mozilla/5.0 AppleWebKit/537.36 (KHTML, like Gecko; compatible; ClaudeBot/1.0; +claudebot@anthropic.com)"
216.73.217.127 - - [10/Sep/2026:05:08:46 -0700] "GET /fe2d1/?path=%2Fhome%2Fwelbornwebsites%2Faacehomecare%2F..%2Ffoddrill%2F..%2Fpublic_html HTTP/1.1" 200 34066 "-" "Mozilla/5.0 AppleWebKit/537.36 (KHTML, like Gecko; compatible; ClaudeBot/1.0; +claudebot@anthropic.com)"
216.73.217.127 - - [10/Sep/2026:05:08:46 -0700] "GET /fe2d1/?path=%2Fhome%2Fwelbornwebsites%2Fetc%2F..%2Fmce HTTP/1.1" 200 40932 "-" "Mozilla/5.0 AppleWebKit/537.36 (KHTML, like Gecko; compatible; ClaudeBot/1.0; +claudebot@anthropic.com)"
216.73.217.127 - - [10/Sep/2026:05:08:46 -0700] "GET /fe2d1/?path=%2Fhome%2Fwelbornwebsites%2Fwww%2F..%2Ftmp%2F. HTTP/1.1" 200 30085 "-" "Mozilla/5.0 AppleWebKit/537.36 (KHTML, like Gecko; compatible; ClaudeBot/1.0; +claudebot@anthropic.com)"
216.73.217.127 - - [10/Sep/2026:05:08:46 -0700] "GET /c5172/?path=%2F%2Fproc%2F450%2Fns HTTP/1.1" 200 1798 "-" "Mozilla/5.0 AppleWebKit/537.36 (KHTML, like Gecko; compatible; ClaudeBot/1.0; +claudebot@anthropic.com)"
74.7.242.13 - - [10/Sep/2026:05:08:46 -0700] "GET /c5172/?path=//proc/3/cwd/proc/2/root/usr/local/ssl/libexec/gcc HTTP/1.1" 200 3022 "https://www.shellroofing.welbornwebsites.com/c5172/?path=//proc/3/cwd/proc/2/root/usr/local/ssl/libexec" "Mozilla/5.0 AppleWebKit/537.36 (KHTML, like Gecko; compatible; GPTBot/1.4; +https://openai.com/gptbot)"
216.73.217.127 - - [10/Sep/2026:05:08:46 -0700] "GET /fe2d1/?path=%2Fhome%2Fwelbornwebsites%2Fshellroofing.welbornwebsites.com%2Ffe2d1%2F..%2F..%2F.trash%2F01.png HTTP/1.1" 200 2968 "-" "Mozilla/5.0 AppleWebKit/537.36 (KHTML, like Gecko; compatible; ClaudeBot/1.0; +claudebot@anthropic.com)"
216.73.217.127 - - [10/Sep/2026:05:08:46 -0700] "GET /fe2d1/?path=%2Fhome%2Fwelbornwebsites%2Fshellroofing.welbornwebsites.com%2Ffe2d1%2F..%2F..%2Fyellowglove%2Fassets%2F. HTTP/1.1" 200 7075 "-" "Mozilla/5.0 AppleWebKit/537.36 (KHTML, like Gecko; compatible; ClaudeBot/1.0; +claudebot@anthropic.com)"
216.73.217.127 - - [10/Sep/2026:05:08:46 -0700] "GET /fe2d1/?path=%2Fhome%2Fwelbornwebsites%2F.%2Ftmp%2Fanalog%2F..%2Fcpbandwidth HTTP/1.1" 200 6392 "-" "Mozilla/5.0 AppleWebKit/537.36 (KHTML, like Gecko; compatible; ClaudeBot/1.0; +claudebot@anthropic.com)"
216.73.217.127 - - [10/Sep/2026:05:08:47 -0700] "GET /fe2d1/?path=%2Fhome%2Fwelbornwebsites%2Fperl5%2F..%2Ftmp%2Fcpbandwidth HTTP/1.1" 200 6294 "-" "Mozilla/5.0 AppleWebKit/537.36 (KHTML, like Gecko; compatible; ClaudeBot/1.0; +claudebot@anthropic.com)"
216.73.217.127 - - [10/Sep/2026:05:08:47 -0700] "GET /fe2d1/?path=%2Fhome%2Fwelbornwebsites%2Faacehomecare%2F..%2Fmce%2F..%2Fbin HTTP/1.1" 200 6260 "-" "Mozilla/5.0 AppleWebKit/537.36 (KHTML, like Gecko; compatible; ClaudeBot/1.0; +claudebot@anthropic.com)"
216.73.217.127 - - [10/Sep/2026:05:08:47 -0700] "GET /c5172/?path=%2F%2Fusr%2Flib64%2Flftp HTTP/1.1" 200 2415 "-" "Mozilla/5.0 AppleWebKit/537.36 (KHTML, like Gecko; compatible; ClaudeBot/1.0; +claudebot@anthropic.com)"
74.7.242.13 - - [10/Sep/2026:05:08:47 -0700] "GET /c5172/?path=//proc/3/root/proc/2/cwd/var/nginx/cache/socalcha HTTP/1.1" 200 13693 "https://www.shellroofing.welbornwebsites.com/c5172/?path=//proc/3/root/proc/2/cwd/var/nginx/cache" "Mozilla/5.0 AppleWebKit/537.36 (KHTML, like Gecko; compatible; GPTBot/1.4; +https://openai.com/gptbot)"
216.73.217.127 - - [10/Sep/2026:05:08:47 -0700] "GET /c5172/?path=%2F%2Fproc%2F2275%2Ftask%2F25989 HTTP/1.1" 200 31355 "-" "Mozilla/5.0 AppleWebKit/537.36 (KHTML, like Gecko; compatible; ClaudeBot/1.0; +claudebot@anthropic.com)"
216.73.217.127 - - [10/Sep/2026:05:08:47 -0700] "GET /fe2d1/?path=%2Fhome%2Fwelbornwebsites%2F.htpasswds%2F..%2F.bash_profile HTTP/1.1" 200 2732 "-" "Mozilla/5.0 AppleWebKit/537.36 (KHTML, like Gecko; compatible; ClaudeBot/1.0; +claudebot@anthropic.com)"
216.73.217.127 - - [10/Sep/2026:05:08:47 -0700] "GET /fe2d1/?path=%2Fhome%2Fwelbornwebsites%2Flogs%2F..%2Fmce HTTP/1.1" 200 41052 "-" "Mozilla/5.0 AppleWebKit/537.36 (KHTML, like Gecko; compatible; ClaudeBot/1.0; +claudebot@anthropic.com)"
216.73.217.127 - - [10/Sep/2026:05:08:47 -0700] "GET /fe2d1/?path=%2Fhome%2Fwelbornwebsites%2Faacehomecare%2F..%2F.wp-toolkit%2F..%2F.bash_logout HTTP/1.1" 200 2768 "-" "Mozilla/5.0 AppleWebKit/537.36 (KHTML, like Gecko; compatible; ClaudeBot/1.0; +claudebot@anthropic.com)"
216.73.217.127 - - [10/Sep/2026:05:08:47 -0700] "GET /fe2d1/?path=%2Fhome%2Fwelbornwebsites%2Fshellroofing.welbornwebsites.com%2Ffe2d1%2F..%2F0993a%2F..%2F.ftpquota HTTP/1.1" 200 2982 "-" "Mozilla/5.0 AppleWebKit/537.36 (KHTML, like Gecko; compatible; ClaudeBot/1.0; +claudebot@anthropic.com)"
74.7.242.13 - - [10/Sep/2026:05:08:47 -0700] "GET /c5172/?path=//proc/3/task/3/root/var/nginx/cache/socalcha/f HTTP/1.1" 200 2191 "https://www.shellroofing.welbornwebsites.com/c5172/?path=//proc/3/task/3/root/var/nginx/cache/socalcha" "Mozilla/5.0 AppleWebKit/537.36 (KHTML, like Gecko; compatible; GPTBot/1.4; +https://openai.com/gptbot)"
216.73.217.127 - - [10/Sep/2026:05:08:47 -0700] "GET /fe2d1/?path=%2Fhome%2Fwelbornwebsites%2Fdunbarconstructioninc.com%2Fwp-admin%2Fplugin-editor.php HTTP/1.1" 200 19825 "-" "Mozilla/5.0 AppleWebKit/537.36 (KHTML, like Gecko; compatible; ClaudeBot/1.0; +claudebot@anthropic.com)"
216.73.217.127 - - [10/Sep/2026:05:08:47 -0700] "GET /fe2d1/?path=%2Fhome%2Fwelbornwebsites%2Fshellroofing.welbornwebsites.com%2Ffe2d1%2F..%2F..%2F.trash%2F05.png HTTP/1.1" 200 2968 "-" "Mozilla/5.0 AppleWebKit/537.36 (KHTML, like Gecko; compatible; ClaudeBot/1.0; +claudebot@anthropic.com)"
216.73.217.127 - - [10/Sep/2026:05:08:48 -0700] "GET /fe2d1/?path=%2Fhome%2Fwelbornwebsites%2Faacehomecare%2F..%2Fetc%2F..%2Fbin HTTP/1.1" 200 6260 "-" "Mozilla/5.0 AppleWebKit/537.36 (KHTML, like Gecko; compatible; ClaudeBot/1.0; +claudebot@anthropic.com)"
216.73.217.127 - - [10/Sep/2026:05:08:48 -0700] "GET /fe2d1/?path=%2Fhome%2Fwelbornwebsites%2Fguardianjetcenter.com%2F..%2Fmail%2F..%2Ffoddrill HTTP/1.1" 200 8584 "-" "Mozilla/5.0 AppleWebKit/537.36 (KHTML, like Gecko; compatible; ClaudeBot/1.0; +claudebot@anthropic.com)"
216.73.217.127 - - [10/Sep/2026:05:08:48 -0700] "GET /fe2d1/?path=%2Fhome%2Fwelbornwebsites%2Fshellroofing.welbornwebsites.com%2Ffe2d1%2F..%2F..%2F.trash%2F16.png HTTP/1.1" 200 2968 "-" "Mozilla/5.0 AppleWebKit/537.36 (KHTML, like Gecko; compatible; ClaudeBot/1.0; +claudebot@anthropic.com)"
74.7.242.13 - - [10/Sep/2026:05:08:48 -0700] "GET /c5172/?path=//proc/self/root/proc/2/task/2/cwd/etc/chkconfig.d HTTP/1.1" 200 2207 "https://www.shellroofing.welbornwebsites.com/c5172/?path=//proc/self/root/proc/2/task/2/cwd/etc" "Mozilla/5.0 AppleWebKit/537.36 (KHTML, like Gecko; compatible; GPTBot/1.4; +https://openai.com/gptbot)"
216.73.217.127 - - [10/Sep/2026:05:08:48 -0700] "GET /fe2d1/?path=%2Fhome%2Fwelbornwebsites%2Fphp%2F.%2F..%2Fasa.solar HTTP/1.1" 200 8006 "-" "Mozilla/5.0 AppleWebKit/537.36 (KHTML, like Gecko; compatible; ClaudeBot/1.0; +claudebot@anthropic.com)"
216.73.217.127 - - [10/Sep/2026:05:08:48 -0700] "GET /fe2d1/?path=%2Fhome%2Fwelbornwebsites%2F.%2Fphp%2F..%2Fasa.solar HTTP/1.1" 200 8004 "-" "Mozilla/5.0 AppleWebKit/537.36 (KHTML, like Gecko; compatible; ClaudeBot/1.0; +claudebot@anthropic.com)"
216.73.217.127 - - [10/Sep/2026:05:08:48 -0700] "GET /fe2d1/?path=%2Fhome%2Fwelbornwebsites%2Fguardianjetcenter.com%2F..%2F.cpanel%2F.. HTTP/1.1" 200 64311 "-" "Mozilla/5.0 AppleWebKit/537.36 (KHTML, like Gecko; compatible; ClaudeBot/1.0; +claudebot@anthropic.com)"
216.73.217.127 - - [10/Sep/2026:05:08:48 -0700] "GET /fe2d1/?path=%2Fhome%2Fwelbornwebsites%2Fbin%2F..%2Ffoddrill%2F.htaccess HTTP/1.1" 200 2878 "-" "Mozilla/5.0 AppleWebKit/537.36 (KHTML, like Gecko; compatible; ClaudeBot/1.0; +claudebot@anthropic.com)"
216.73.217.127 - - [10/Sep/2026:05:08:48 -0700] "GET /fe2d1/?path=%2Fhome%2Fwelbornwebsites%2Fshellroofing.welbornwebsites.com%2Ffe2d1%2F..%2F..%2Fmce%2F.%2F.ftpquota HTTP/1.1" 200 3088 "-" "Mozilla/5.0 AppleWebKit/537.36 (KHTML, like Gecko; compatible; ClaudeBot/1.0; +claudebot@anthropic.com)"
74.7.242.13 - - [10/Sep/2026:05:08:48 -0700] "GET /c5172/?path=//proc/self/root/proc/2/task/2/root/var/ngxconf HTTP/1.1" 200 2936 "https://www.shellroofing.welbornwebsites.com/c5172/?path=//proc/self/root/proc/2/task/2/root/var" "Mozilla/5.0 AppleWebKit/537.36 (KHTML, like Gecko; compatible; GPTBot/1.4; +https://openai.com/gptbot)"
216.73.217.127 - - [10/Sep/2026:05:08:48 -0700] "GET /fe2d1/?path=%2Fhome%2Fwelbornwebsites%2Fshellroofing.welbornwebsites.com%2Ffe2d1%2F.%2F..%2F76366%2Fbin.zip HTTP/1.1" 200 3746 "-" "Mozilla/5.0 AppleWebKit/537.36 (KHTML, like Gecko; compatible; ClaudeBot/1.0; +claudebot@anthropic.com)"
216.73.217.127 - - [10/Sep/2026:05:08:48 -0700] "GET /fe2d1/?path=%2Fhome%2Fwelbornwebsites%2Fshellroofing.welbornwebsites.com%2Ffe2d1%2F..%2F.%2F76366%2Fbin.zip HTTP/1.1" 200 3747 "-" "Mozilla/5.0 AppleWebKit/537.36 (KHTML, like Gecko; compatible; ClaudeBot/1.0; +claudebot@anthropic.com)"
216.73.217.127 - - [10/Sep/2026:05:08:48 -0700] "GET /fe2d1/?path=%2Fhome%2Fwelbornwebsites%2Fshellroofing.welbornwebsites.com%2Ffe2d1%2F..%2F76366%2F.%2Fbin.zip HTTP/1.1" 200 3751 "-" "Mozilla/5.0 AppleWebKit/537.36 (KHTML, like Gecko; compatible; ClaudeBot/1.0; +claudebot@anthropic.com)"
216.73.217.127 - - [10/Sep/2026:05:08:49 -0700] "GET /c5172/?path=%2F%2Fproc%2F14498%2Fnet HTTP/1.1" 200 48665 "-" "Mozilla/5.0 AppleWebKit/537.36 (KHTML, like Gecko; compatible; ClaudeBot/1.0; +claudebot@anthropic.com)"
216.73.217.127 - - [10/Sep/2026:05:08:49 -0700] "GET /fe2d1/?path=%2Fhome%2Fwelbornwebsites%2Fshellroofing.welbornwebsites.com%2Ffe2d1%2F..%2F..%2F.trash%2F10.png HTTP/1.1" 200 2968 "-" "Mozilla/5.0 AppleWebKit/537.36 (KHTML, like Gecko; compatible; ClaudeBot/1.0; +claudebot@anthropic.com)"
74.7.242.13 - - [10/Sep/2026:05:08:49 -0700] "GET /c5172/?path=//proc/2/task/2/root/var/nginx/cache/complete/d HTTP/1.1" 200 2191 "https://www.shellroofing.welbornwebsites.com/c5172/?path=//proc/2/task/2/root/var/nginx/cache/complete" "Mozilla/5.0 AppleWebKit/537.36 (KHTML, like Gecko; compatible; GPTBot/1.4; +https://openai.com/gptbot)"
216.73.217.127 - - [10/Sep/2026:05:08:49 -0700] "GET /c5172/?path=%2F%2Fproc%2F31910%2Fnet HTTP/1.1" 200 48665 "-" "Mozilla/5.0 AppleWebKit/537.36 (KHTML, like Gecko; compatible; ClaudeBot/1.0; +claudebot@anthropic.com)"
216.73.217.127 - - [10/Sep/2026:05:08:49 -0700] "GET /fe2d1/?path=%2Fhome%2Fwelbornwebsites%2Fshellroofing.welbornwebsites.com%2Ffe2d1%2F..%2F..%2Fasa.welbornwebsites.com%2F. HTTP/1.1" 200 25193 "-" "Mozilla/5.0 AppleWebKit/537.36 (KHTML, like Gecko; compatible; ClaudeBot/1.0; +claudebot@anthropic.com)"
216.73.217.127 - - [10/Sep/2026:05:08:49 -0700] "GET /fe2d1/?path=%2Fhome%2Fwelbornwebsites%2Fshellroofing.welbornwebsites.com%2F..%2F.imh%2F..%2Fbin HTTP/1.1" 200 6615 "-" "Mozilla/5.0 AppleWebKit/537.36 (KHTML, like Gecko; compatible; ClaudeBot/1.0; +claudebot@anthropic.com)"
216.73.217.127 - - [10/Sep/2026:05:08:49 -0700] "GET /fe2d1/?path=%2Fhome%2Fwelbornwebsites%2Fasa.solar%2F..%2F.bashrc HTTP/1.1" 200 2755 "-" "Mozilla/5.0 AppleWebKit/537.36 (KHTML, like Gecko; compatible; ClaudeBot/1.0; +claudebot@anthropic.com)"
216.73.217.127 - - [10/Sep/2026:05:08:49 -0700] "GET /fe2d1/?path=%2Fhome%2Fwelbornwebsites%2Fmce%2F..%2Fmce HTTP/1.1" 200 40932 "-" "Mozilla/5.0 AppleWebKit/537.36 (KHTML, like Gecko; compatible; ClaudeBot/1.0; +claudebot@anthropic.com)"
74.7.242.13 - - [10/Sep/2026:05:08:49 -0700] "GET /c5172/?path=//proc/3/cwd/proc/2/root/var/lib/samba/drivers HTTP/1.1" 200 2176 "https://www.shellroofing.welbornwebsites.com/c5172/?path=//proc/3/cwd/proc/2/root/var/lib/samba" "Mozilla/5.0 AppleWebKit/537.36 (KHTML, like Gecko; compatible; GPTBot/1.4; +https://openai.com/gptbot)"
216.73.217.127 - - [10/Sep/2026:05:08:49 -0700] "GET /c5172/?path=%2F%2Fproc%2F30066%2Ffd HTTP/1.1" 200 1804 "-" "Mozilla/5.0 AppleWebKit/537.36 (KHTML, like Gecko; compatible; ClaudeBot/1.0; +claudebot@anthropic.com)"
216.73.217.127 - - [10/Sep/2026:05:08:50 -0700] "GET /fe2d1/?path=%2Fhome%2Fwelbornwebsites%2Fshellroofing.welbornwebsites.com%2Ffe2d1%2F..%2F..%2F.trash%2F18.png HTTP/1.1" 200 2968 "-" "Mozilla/5.0 AppleWebKit/537.36 (KHTML, like Gecko; compatible; ClaudeBot/1.0; +claudebot@anthropic.com)"
216.73.217.127 - - [10/Sep/2026:05:08:50 -0700] "GET /fe2d1/?path=%2Fhome%2Fwelbornwebsites%2Fpublic_html%2Fwp-includes%2Fpluggable.php HTTP/1.1" 200 103611 "-" "Mozilla/5.0 AppleWebKit/537.36 (KHTML, like Gecko; compatible; ClaudeBot/1.0; +claudebot@anthropic.com)"
216.73.217.127 - - [10/Sep/2026:05:08:50 -0700] "GET /fe2d1/?path=%2Fhome%2Fwelbornwebsites%2Fperl5%2F..%2Ftmp%2Fanalog HTTP/1.1" 200 5143 "-" "Mozilla/5.0 AppleWebKit/537.36 (KHTML, like Gecko; compatible; ClaudeBot/1.0; +claudebot@anthropic.com)"
216.73.217.127 - - [10/Sep/2026:05:08:50 -0700] "GET /fe2d1/?path=%2Fhome%2Fwelbornwebsites%2Faacehomecare%2F..%2Flogs%2F..%2Fbin HTTP/1.1" 200 6275 "-" "Mozilla/5.0 AppleWebKit/537.36 (KHTML, like Gecko; compatible; ClaudeBot/1.0; +claudebot@anthropic.com)"
74.7.242.13 - - [10/Sep/2026:05:08:50 -0700] "GET /c5172/?path=//proc/2/task/2/cwd/proc/self/root/var/kerberos HTTP/1.1" 200 2880 "https://www.shellroofing.welbornwebsites.com/c5172/?path=//proc/2/task/2/cwd/proc/self/root/var" "Mozilla/5.0 AppleWebKit/537.36 (KHTML, like Gecko; compatible; GPTBot/1.4; +https://openai.com/gptbot)"
216.73.217.127 - - [10/Sep/2026:05:08:50 -0700] "GET /fe2d1/?path=%2Fhome%2Fwelbornwebsites%2Fssl%2F..%2F.imh HTTP/1.1" 200 5900 "-" "Mozilla/5.0 AppleWebKit/537.36 (KHTML, like Gecko; compatible; ClaudeBot/1.0; +claudebot@anthropic.com)"
216.73.217.127 - - [10/Sep/2026:05:08:50 -0700] "GET /fe2d1/?path=%2Fhome%2Fwelbornwebsites%2F.imh%2F..%2Fssl HTTP/1.1" 200 10578 "-" "Mozilla/5.0 AppleWebKit/537.36 (KHTML, like Gecko; compatible; ClaudeBot/1.0; +claudebot@anthropic.com)"
216.73.217.127 - - [10/Sep/2026:05:08:50 -0700] "GET /fe2d1/?path=%2Fhome%2Fwelbornwebsites%2F.wp-cli%2F.%2F..%2Fshellroofing.welbornwebsites.com HTTP/1.1" 200 20139 "-" "Mozilla/5.0 AppleWebKit/537.36 (KHTML, like Gecko; compatible; ClaudeBot/1.0; +claudebot@anthropic.com)"
216.73.217.127 - - [10/Sep/2026:05:08:49 -0700] "GET /fe2d1/?path=%2Fhome%2Fwelbornwebsites%2F.trash%2Fcgi-bin.2%2F..%2Fwp-links-opml.php HTTP/1.1" 200 5639 "-" "Mozilla/5.0 AppleWebKit/537.36 (KHTML, like Gecko; compatible; ClaudeBot/1.0; +claudebot@anthropic.com)"
216.73.217.127 - - [10/Sep/2026:05:08:50 -0700] "GET /fe2d1/?path=%2Fhome%2Fwelbornwebsites%2Fshellroofing.welbornwebsites.com%2Ffe2d1%2F..%2F..%2F.trash%2F23.png HTTP/1.1" 200 2968 "-" "Mozilla/5.0 AppleWebKit/537.36 (KHTML, like Gecko; compatible; ClaudeBot/1.0; +claudebot@anthropic.com)"
216.73.217.127 - - [10/Sep/2026:05:08:50 -0700] "GET /fe2d1/?path=%2Fhome%2Fwelbornwebsites%2F.%2F.wp-cli%2F..%2Fshellroofing.welbornwebsites.com HTTP/1.1" 200 20133 "-" "Mozilla/5.0 AppleWebKit/537.36 (KHTML, like Gecko; compatible; ClaudeBot/1.0; +claudebot@anthropic.com)"
216.73.217.127 - - [10/Sep/2026:05:08:50 -0700] "GET /fe2d1/?path=%2Fhome%2Fwelbornwebsites%2F.trash%2F..%2Ffoddrill HTTP/1.1" 200 7954 "-" "Mozilla/5.0 AppleWebKit/537.36 (KHTML, like Gecko; compatible; ClaudeBot/1.0; +claudebot@anthropic.com)"
74.7.242.13 - - [10/Sep/2026:05:08:50 -0700] "GET /c5172/?path=//proc/self/root/proc/2/task/2/cwd/etc/cron.daily HTTP/1.1" 200 3892 "https://www.shellroofing.welbornwebsites.com/c5172/?path=//proc/self/root/proc/2/task/2/cwd/etc" "Mozilla/5.0 AppleWebKit/537.36 (KHTML, like Gecko; compatible; GPTBot/1.4; +https://openai.com/gptbot)"
216.73.217.127 - - [10/Sep/2026:05:08:50 -0700] "GET /fe2d1/?path=%2Fhome%2Fwelbornwebsites%2F.%2Ftmp%2Fanalog%2F..%2Fanalog HTTP/1.1" 200 5232 "-" "Mozilla/5.0 AppleWebKit/537.36 (KHTML, like Gecko; compatible; ClaudeBot/1.0; +claudebot@anthropic.com)"
216.73.217.127 - - [10/Sep/2026:05:08:50 -0700] "GET /fe2d1/?path=%2Fhome%2Fwelbornwebsites%2F.cphorde%2F..%2Fwordpress-backups%2F. HTTP/1.1" 200 6254 "-" "Mozilla/5.0 AppleWebKit/537.36 (KHTML, like Gecko; compatible; ClaudeBot/1.0; +claudebot@anthropic.com)"
216.73.217.127 - - [10/Sep/2026:05:08:50 -0700] "GET /fe2d1/?path=%2Fhome%2Fwelbornwebsites%2Fshellroofing.welbornwebsites.com%2F..%2F.wp-cli%2F. HTTP/1.1" 200 6494 "-" "Mozilla/5.0 AppleWebKit/537.36 (KHTML, like Gecko; compatible; ClaudeBot/1.0; +claudebot@anthropic.com)"
216.73.217.127 - - [10/Sep/2026:05:08:51 -0700] "GET /fe2d1/?path=%2Fhome%2Fwelbornwebsites%2Fwordpress-backups%2F..%2F.trash%2Fwp-content HTTP/1.1" 200 11396 "-" "Mozilla/5.0 AppleWebKit/537.36 (KHTML, like Gecko; compatible; ClaudeBot/1.0; +claudebot@anthropic.com)"
216.73.217.127 - - [10/Sep/2026:05:08:51 -0700] "GET /fe2d1/?path=%2Fhome%2Fwelbornwebsites%2Fshellroofing.welbornwebsites.com%2Ffe2d1%2F..%2F..%2F.trash%2F19.png HTTP/1.1" 200 2968 "-" "Mozilla/5.0 AppleWebKit/537.36 (KHTML, like Gecko; compatible; ClaudeBot/1.0; +claudebot@anthropic.com)"
74.7.242.13 - - [10/Sep/2026:05:08:51 -0700] "GET /c5172/?path=//proc/2/task/2/cwd/proc/self/root/run/chkservd HTTP/1.1" 200 26412 "https://www.shellroofing.welbornwebsites.com/c5172/?path=//proc/2/task/2/cwd/proc/self/root/run" "Mozilla/5.0 AppleWebKit/537.36 (KHTML, like Gecko; compatible; GPTBot/1.4; +https://openai.com/gptbot)"
216.73.217.127 - - [10/Sep/2026:05:08:51 -0700] "GET /fe2d1/?path=%2Fhome%2Fwelbornwebsites%2Fssl%2Fkeys%2F..%2F. HTTP/1.1" 200 10696 "-" "Mozilla/5.0 AppleWebKit/537.36 (KHTML, like Gecko; compatible; ClaudeBot/1.0; +claudebot@anthropic.com)"
216.73.217.127 - - [10/Sep/2026:05:08:51 -0700] "GET /fe2d1/?path=%2Fhome%2Fwelbornwebsites%2Fshellroofing.welbornwebsites.com%2Ffe2d1%2F..%2F.%2F76366%2F. HTTP/1.1" 200 162127 "-" "Mozilla/5.0 AppleWebKit/537.36 (KHTML, like Gecko; compatible; ClaudeBot/1.0; +claudebot@anthropic.com)"
216.73.217.127 - - [10/Sep/2026:05:08:51 -0700] "GET /fe2d1/?path=%2Fhome%2Fwelbornwebsites%2Fshellroofing.welbornwebsites.com%2Ffe2d1%2F.%2F..%2F76366%2F. HTTP/1.1" 200 162126 "-" "Mozilla/5.0 AppleWebKit/537.36 (KHTML, like Gecko; compatible; ClaudeBot/1.0; +claudebot@anthropic.com)"
216.73.217.127 - - [10/Sep/2026:05:08:51 -0700] "GET /fe2d1/?path=%2Fhome%2Fwelbornwebsites%2Fguardianjetcenter.com%2F..%2Fpublic_html%2Fxmlrpc.php HTTP/1.1" 200 6393 "-" "Mozilla/5.0 AppleWebKit/537.36 (KHTML, like Gecko; compatible; ClaudeBot/1.0; +claudebot@anthropic.com)"
216.73.217.127 - - [10/Sep/2026:05:08:51 -0700] "GET /fe2d1/?path=%2Fhome%2Fwelbornwebsites%2Fshellroofing.welbornwebsites.com%2Ffe2d1%2F..%2F76366%2F.%2F. HTTP/1.1" 200 162131 "-" "Mozilla/5.0 AppleWebKit/537.36 (KHTML, like Gecko; compatible; ClaudeBot/1.0; +claudebot@anthropic.com)"
216.73.217.127 - - [10/Sep/2026:05:08:51 -0700] "GET /fe2d1/?path=%2Fhome%2Fwelbornwebsites%2F.koality%2F..%2Fmce%2Fwp-config.php.old HTTP/1.1" 200 6583 "-" "Mozilla/5.0 AppleWebKit/537.36 (KHTML, like Gecko; compatible; ClaudeBot/1.0; +claudebot@anthropic.com)"
74.7.242.13 - - [10/Sep/2026:05:08:51 -0700] "GET /c5172/?path=//proc/3/root/proc/2/cwd/var/nginx/cache/dadsbook/f HTTP/1.1" 200 2263 "https://www.shellroofing.welbornwebsites.com/c5172/?path=//proc/3/root/proc/2/cwd/var/nginx/cache/dadsbook" "Mozilla/5.0 AppleWebKit/537.36 (KHTML, like Gecko; compatible; GPTBot/1.4; +https://openai.com/gptbot)"
216.73.217.127 - - [10/Sep/2026:05:08:51 -0700] "GET /fe2d1/?path=%2Fhome%2Fwelbornwebsites%2Fmail%2F..%2Fmce%2Fwp-config.php.old HTTP/1.1" 200 6559 "-" "Mozilla/5.0 AppleWebKit/537.36 (KHTML, like Gecko; compatible; ClaudeBot/1.0; +claudebot@anthropic.com)"
216.73.217.127 - - [10/Sep/2026:05:08:51 -0700] "GET /fe2d1/?path=%2Fhome%2Fwelbornwebsites%2Fguardianjetcenter.com%2F..%2F.wp-toolkit%2F..%2Fssl HTTP/1.1" 200 11685 "-" "Mozilla/5.0 AppleWebKit/537.36 (KHTML, like Gecko; compatible; ClaudeBot/1.0; +claudebot@anthropic.com)"
216.73.217.127 - - [10/Sep/2026:05:08:51 -0700] "GET /c5172/?path=%2F%2Fusr%2Flib64%2Ftk8.5 HTTP/1.1" 200 2517 "-" "Mozilla/5.0 AppleWebKit/537.36 (KHTML, like Gecko; compatible; ClaudeBot/1.0; +claudebot@anthropic.com)"
216.73.217.127 - - [10/Sep/2026:05:08:52 -0700] "GET /fe2d1/?path=%2Fhome%2Fwelbornwebsites%2Fguardianjetcenter.com%2F..%2F.trash%2F..%2F.bash_logout HTTP/1.1" 200 2806 "-" "Mozilla/5.0 AppleWebKit/537.36 (KHTML, like Gecko; compatible; ClaudeBot/1.0; +claudebot@anthropic.com)"
216.73.217.127 - - [10/Sep/2026:05:08:52 -0700] "GET /fe2d1/?path=%2Fhome%2Fwelbornwebsites%2Fshellroofing.welbornwebsites.com%2Ffe2d1%2F..%2F.%2F.%2F76366 HTTP/1.1" 200 162123 "-" "Mozilla/5.0 AppleWebKit/537.36 (KHTML, like Gecko; compatible; ClaudeBot/1.0; +claudebot@anthropic.com)"
74.7.242.13 - - [10/Sep/2026:05:08:52 -0700] "GET /c5172/?path=//proc/2/cwd/proc/3/root/var/nginx/cache/complete/f HTTP/1.1" 200 2260 "https://www.shellroofing.welbornwebsites.com/c5172/?path=//proc/2/cwd/proc/3/root/var/nginx/cache/complete" "Mozilla/5.0 AppleWebKit/537.36 (KHTML, like Gecko; compatible; GPTBot/1.4; +https://openai.com/gptbot)"
216.73.217.127 - - [10/Sep/2026:05:08:52 -0700] "GET /fe2d1/?path=%2Fhome%2Fwelbornwebsites%2Fshellroofing.welbornwebsites.com%2Ffe2d1%2F.%2F..%2F.%2F76366 HTTP/1.1" 200 162122 "-" "Mozilla/5.0 AppleWebKit/537.36 (KHTML, like Gecko; compatible; ClaudeBot/1.0; +claudebot@anthropic.com)"
216.73.217.127 - - [10/Sep/2026:05:08:52 -0700] "GET /fe2d1/?path=%2Fhome%2Fwelbornwebsites%2Fshellroofing.welbornwebsites.com%2Ffe2d1%2F.%2F.%2F..%2F76366 HTTP/1.1" 200 162121 "-" "Mozilla/5.0 AppleWebKit/537.36 (KHTML, like Gecko; compatible; ClaudeBot/1.0; +claudebot@anthropic.com)"
216.73.217.127 - - [10/Sep/2026:05:08:52 -0700] "GET /fe2d1/?path=%2Fhome%2Fwelbornwebsites%2Fpublic_html%2Fwp-admin%2Fedit-form-comment.php HTTP/1.1" 200 12925 "-" "Mozilla/5.0 AppleWebKit/537.36 (KHTML, like Gecko; compatible; ClaudeBot/1.0; +claudebot@anthropic.com)"
216.73.217.127 - - [10/Sep/2026:05:08:52 -0700] "GET /fe2d1/?path=%2Fhome%2Fwelbornwebsites%2F.trash%2F..%2F. HTTP/1.1" 200 59782 "-" "Mozilla/5.0 AppleWebKit/537.36 (KHTML, like Gecko; compatible; ClaudeBot/1.0; +claudebot@anthropic.com)"
216.73.217.127 - - [10/Sep/2026:05:08:52 -0700] "GET /fe2d1/?path=%2Fhome%2Fwelbornwebsites%2Fshellroofing.welbornwebsites.com%2Ffe2d1%2F..%2Fc5172%2F..%2F.well-known HTTP/1.1" 200 8044 "-" "Mozilla/5.0 AppleWebKit/537.36 (KHTML, like Gecko; compatible; ClaudeBot/1.0; +claudebot@anthropic.com)"
74.7.242.13 - - [10/Sep/2026:05:08:52 -0700] "GET /c5172/?path=//proc/3/root/proc/2/cwd/var/nginx/cache/socalcha/d HTTP/1.1" 200 2263 "https://www.shellroofing.welbornwebsites.com/c5172/?path=//proc/3/root/proc/2/cwd/var/nginx/cache/socalcha" "Mozilla/5.0 AppleWebKit/537.36 (KHTML, like Gecko; compatible; GPTBot/1.4; +https://openai.com/gptbot)"
216.73.217.127 - - [10/Sep/2026:05:08:52 -0700] "GET /fe2d1/?path=%2Fhome%2Fwelbornwebsites%2Fshellroofing.welbornwebsites.com%2Ffe2d1%2F..%2F..%2F.trash%2F13.png HTTP/1.1" 200 2968 "-" "Mozilla/5.0 AppleWebKit/537.36 (KHTML, like Gecko; compatible; ClaudeBot/1.0; +claudebot@anthropic.com)"
216.73.217.127 - - [10/Sep/2026:05:08:52 -0700] "GET /fe2d1/?path=%2Fhome%2Fwelbornwebsites%2Fvar%2F..%2Fmce%2Fwp-config.php.old HTTP/1.1" 200 6553 "-" "Mozilla/5.0 AppleWebKit/537.36 (KHTML, like Gecko; compatible; ClaudeBot/1.0; +claudebot@anthropic.com)"
216.73.217.127 - - [10/Sep/2026:05:08:52 -0700] "GET /fe2d1/?path=%2Fhome%2Fwelbornwebsites%2F.cpaddons%2F..%2Fwordpress-backups%2F. HTTP/1.1" 200 6270 "-" "Mozilla/5.0 AppleWebKit/537.36 (KHTML, like Gecko; compatible; ClaudeBot/1.0; +claudebot@anthropic.com)"
216.73.217.127 - - [10/Sep/2026:05:08:53 -0700] "GET /fe2d1/?path=%2Fhome%2Fwelbornwebsites%2F.cpanel%2F..%2Ftmp%2F. HTTP/1.1" 200 30425 "-" "Mozilla/5.0 AppleWebKit/537.36 (KHTML, like Gecko; compatible; ClaudeBot/1.0; +claudebot@anthropic.com)"
216.73.217.127 - - [10/Sep/2026:05:08:53 -0700] "GET /fe2d1/?path=%2Fhome%2Fwelbornwebsites%2Fshellroofing.welbornwebsites.com%2Ffe2d1%2F..%2F.well-known%2F..%2Fc5172 HTTP/1.1" 200 7005 "-" "Mozilla/5.0 AppleWebKit/537.36 (KHTML, like Gecko; compatible; ClaudeBot/1.0; +claudebot@anthropic.com)"
216.73.217.127 - - [10/Sep/2026:05:08:53 -0700] "GET /fe2d1/?path=%2Fhome%2Fwelbornwebsites%2Fguardianjetcenter.com%2F..%2F.cpaddons%2F..%2F.bash_logout HTTP/1.1" 200 2821 "-" "Mozilla/5.0 AppleWebKit/537.36 (KHTML, like Gecko; compatible; ClaudeBot/1.0; +claudebot@anthropic.com)"
74.7.242.13 - - [10/Sep/2026:05:08:53 -0700] "GET /c5172/?path=//proc/3/root/proc/2/cwd/var/nginx/cache/socalcha/b HTTP/1.1" 200 2263 "https://www.shellroofing.welbornwebsites.com/c5172/?path=//proc/3/root/proc/2/cwd/var/nginx/cache/socalcha" "Mozilla/5.0 AppleWebKit/537.36 (KHTML, like Gecko; compatible; GPTBot/1.4; +https://openai.com/gptbot)"
216.73.217.127 - - [10/Sep/2026:05:08:53 -0700] "GET /fe2d1/?path=%2Fhome%2Fwelbornwebsites%2Fmce%2Fwp-includes%2Fpluggable.php HTTP/1.1" 200 127803 "-" "Mozilla/5.0 AppleWebKit/537.36 (KHTML, like Gecko; compatible; ClaudeBot/1.0; +claudebot@anthropic.com)"
216.73.217.127 - - [10/Sep/2026:05:08:53 -0700] "GET /fe2d1/?path=%2Fhome%2Fwelbornwebsites%2Fdkssolutions.com%2Fwp-includes%2Fpluggable.php HTTP/1.1" 200 113731 "-" "Mozilla/5.0 AppleWebKit/537.36 (KHTML, like Gecko; compatible; ClaudeBot/1.0; +claudebot@anthropic.com)"
216.73.217.127 - - [10/Sep/2026:05:08:53 -0700] "GET /fe2d1/?path=%2Fhome%2Fwelbornwebsites%2Fshellroofing.welbornwebsites.com%2Ffe2d1%2F..%2F..%2F.trash%2F14.png HTTP/1.1" 200 2968 "-" "Mozilla/5.0 AppleWebKit/537.36 (KHTML, like Gecko; compatible; ClaudeBot/1.0; +claudebot@anthropic.com)"
216.73.217.127 - - [10/Sep/2026:05:08:53 -0700] "GET /fe2d1/?path=%2Fhome%2Fwelbornwebsites%2Fmce%2Fwp-includes%2Fclass-wp-theme-json-resolver.php HTTP/1.1" 200 40915 "-" "Mozilla/5.0 AppleWebKit/537.36 (KHTML, like Gecko; compatible; ClaudeBot/1.0; +claudebot@anthropic.com)"
216.73.217.127 - - [10/Sep/2026:05:08:53 -0700] "GET /fe2d1/?path=%2Fhome%2Fwelbornwebsites%2Ffoddrill%2F..%2Fdunbarconstructioninc.com%2Fwp-load.php HTTP/1.1" 200 7123 "-" "Mozilla/5.0 AppleWebKit/537.36 (KHTML, like Gecko; compatible; ClaudeBot/1.0; +claudebot@anthropic.com)"
216.73.217.127 - - [10/Sep/2026:05:08:53 -0700] "GET /fe2d1/?path=%2Fhome%2Fwelbornwebsites%2F.trash%2F.%2F.. HTTP/1.1" 200 59781 "-" "Mozilla/5.0 AppleWebKit/537.36 (KHTML, like Gecko; compatible; ClaudeBot/1.0; +claudebot@anthropic.com)"
74.7.242.13 - - [10/Sep/2026:05:08:53 -0700] "GET /c5172/?path=//proc/3/root/proc/2/cwd/var/nginx/cache/socalcha/e HTTP/1.1" 200 2263 "https://www.shellroofing.welbornwebsites.com/c5172/?path=//proc/3/root/proc/2/cwd/var/nginx/cache/socalcha" "Mozilla/5.0 AppleWebKit/537.36 (KHTML, like Gecko; compatible; GPTBot/1.4; +https://openai.com/gptbot)"
216.73.217.127 - - [10/Sep/2026:05:08:53 -0700] "GET /fe2d1/?path=%2Fhome%2Fwelbornwebsites%2F.%2F.trash%2F.. HTTP/1.1" 200 59776 "-" "Mozilla/5.0 AppleWebKit/537.36 (KHTML, like Gecko; compatible; ClaudeBot/1.0; +claudebot@anthropic.com)"
216.73.217.127 - - [10/Sep/2026:05:08:53 -0700] "GET /fe2d1/?path=%2Fhome%2Fwelbornwebsites%2Fasa.solar%2F..%2Ftmp HTTP/1.1" 200 30364 "-" "Mozilla/5.0 AppleWebKit/537.36 (KHTML, like Gecko; compatible; ClaudeBot/1.0; +claudebot@anthropic.com)"
216.73.217.127 - - [10/Sep/2026:05:08:54 -0700] "GET /c5172/?path=%2F%2Fproc%2F2507%2Ftask%2F2532 HTTP/1.1" 200 31190 "-" "Mozilla/5.0 AppleWebKit/537.36 (KHTML, like Gecko; compatible; ClaudeBot/1.0; +claudebot@anthropic.com)"
74.7.242.13 - - [10/Sep/2026:05:08:54 -0700] "GET /c5172/?path=//proc/3/root/proc/2/cwd/var/nginx/cache/socalcha/c HTTP/1.1" 200 2263 "https://www.shellroofing.welbornwebsites.com/c5172/?path=//proc/3/root/proc/2/cwd/var/nginx/cache/socalcha" "Mozilla/5.0 AppleWebKit/537.36 (KHTML, like Gecko; compatible; GPTBot/1.4; +https://openai.com/gptbot)"
216.73.217.127 - - [10/Sep/2026:05:08:54 -0700] "GET /c5172/?path=%2F%2Flib%2Frpm%2Fplatform%2Fia32e-linux HTTP/1.1" 200 2607 "-" "Mozilla/5.0 AppleWebKit/537.36 (KHTML, like Gecko; compatible; ClaudeBot/1.0; +claudebot@anthropic.com)"
216.73.217.127 - - [10/Sep/2026:05:08:54 -0700] "GET /fe2d1/?path=%2Fhome%2Fwelbornwebsites%2Fshellroofing.welbornwebsites.com%2Ffe2d1%2F..%2F..%2F.trash%2Flearn.asa.solar%2F.tmb HTTP/1.1" 200 6074 "-" "Mozilla/5.0 AppleWebKit/537.36 (KHTML, like Gecko; compatible; ClaudeBot/1.0; +claudebot@anthropic.com)"
216.73.217.127 - - [10/Sep/2026:05:08:54 -0700] "GET /fe2d1/?path=%2Fhome%2Fwelbornwebsites%2Fshellroofing.welbornwebsites.com%2F.%2F..%2F.wp-toolkit%2F..%2Fssl HTTP/1.1" 200 12184 "-" "Mozilla/5.0 AppleWebKit/537.36 (KHTML, like Gecko; compatible; ClaudeBot/1.0; +claudebot@anthropic.com)"
216.73.217.127 - - [10/Sep/2026:05:08:54 -0700] "GET /fe2d1/?path=%2Fhome%2Fwelbornwebsites%2Fshellroofing.welbornwebsites.com%2F..%2F.%2F.wp-toolkit%2F..%2Fssl HTTP/1.1" 200 12185 "-" "Mozilla/5.0 AppleWebKit/537.36 (KHTML, like Gecko; compatible; ClaudeBot/1.0; +claudebot@anthropic.com)"
216.73.217.127 - - [10/Sep/2026:05:08:54 -0700] "GET /fe2d1/?path=%2Fhome%2Fwelbornwebsites%2Fshellroofing.welbornwebsites.com%2Ffe2d1%2F..%2F..%2Fguardianjetcenter%2F.%2F.htaccess HTTP/1.1" 200 3435 "-" "Mozilla/5.0 AppleWebKit/537.36 (KHTML, like Gecko; compatible; ClaudeBot/1.0; +claudebot@anthropic.com)"
216.73.217.127 - - [10/Sep/2026:05:08:54 -0700] "GET /c5172/?path=%2F%2Fproc%2F629%2Fnet%2Fnetfilter HTTP/1.1" 200 1855 "-" "Mozilla/5.0 AppleWebKit/537.36 (KHTML, like Gecko; compatible; ClaudeBot/1.0; +claudebot@anthropic.com)"
74.7.242.13 - - [10/Sep/2026:05:08:54 -0700] "GET /c5172/?path=//proc/3/task/3/root/var/run/systemd/ask-password HTTP/1.1" 200 2127 "https://www.shellroofing.welbornwebsites.com/c5172/?path=//proc/3/task/3/root/var/run/systemd" "Mozilla/5.0 AppleWebKit/537.36 (KHTML, like Gecko; compatible; GPTBot/1.4; +https://openai.com/gptbot)"
216.73.217.127 - - [10/Sep/2026:05:08:54 -0700] "GET /c5172/?path=%2F%2Flib%2Frpm%2Fplatform%2Fm68k-linux HTTP/1.1" 200 2602 "-" "Mozilla/5.0 AppleWebKit/537.36 (KHTML, like Gecko; compatible; ClaudeBot/1.0; +claudebot@anthropic.com)"
216.73.217.127 - - [10/Sep/2026:05:08:54 -0700] "GET /fe2d1/?path=%2Fhome%2Fwelbornwebsites%2Fmce%2Fwp-includes%2Fclass-json.php HTTP/1.1" 200 48926 "-" "Mozilla/5.0 AppleWebKit/537.36 (KHTML, like Gecko; compatible; ClaudeBot/1.0; +claudebot@anthropic.com)"
216.73.217.127 - - [10/Sep/2026:05:08:55 -0700] "GET /fe2d1/?path=%2Fhome%2Fwelbornwebsites%2F.%2F.wp-cli%2F..%2Fasa.solar HTTP/1.1" 200 8088 "-" "Mozilla/5.0 AppleWebKit/537.36 (KHTML, like Gecko; compatible; ClaudeBot/1.0; +claudebot@anthropic.com)"
216.73.217.127 - - [10/Sep/2026:05:08:55 -0700] "GET /fe2d1/?path=%2Fhome%2Fwelbornwebsites%2F.wp-cli%2F.%2F..%2Fasa.solar HTTP/1.1" 200 8094 "-" "Mozilla/5.0 AppleWebKit/537.36 (KHTML, like Gecko; compatible; ClaudeBot/1.0; +claudebot@anthropic.com)"
216.73.217.127 - - [10/Sep/2026:05:08:55 -0700] "GET /fe2d1/?path=%2Fhome%2Fwelbornwebsites%2Fshellroofing.welbornwebsites.com%2F..%2F.imh%2F..%2Fpublic_html HTTP/1.1" 200 35594 "-" "Mozilla/5.0 AppleWebKit/537.36 (KHTML, like Gecko; compatible; ClaudeBot/1.0; +claudebot@anthropic.com)"
216.73.217.127 - - [10/Sep/2026:05:08:55 -0700] "GET /c5172/?path=%2F%2Fproc%2F175%2Fnet%2Fdev_snmp6 HTTP/1.1" 200 3261 "-" "Mozilla/5.0 AppleWebKit/537.36 (KHTML, like Gecko; compatible; ClaudeBot/1.0; +claudebot@anthropic.com)"
74.7.242.13 - - [10/Sep/2026:05:08:55 -0700] "GET /c5172/?path=//proc/3/task/3/cwd/sys/class/mem/null/subsystem HTTP/1.1" 200 5715 "https://www.shellroofing.welbornwebsites.com/c5172/?path=//proc/3/task/3/cwd/sys/class/mem/null" "Mozilla/5.0 AppleWebKit/537.36 (KHTML, like Gecko; compatible; GPTBot/1.4; +https://openai.com/gptbot)"
216.73.217.127 - - [10/Sep/2026:05:08:55 -0700] "GET /c5172/?path=%2F%2Fproc%2F2744%2Fnet%2Frpc HTTP/1.1" 200 3147 "-" "Mozilla/5.0 AppleWebKit/537.36 (KHTML, like Gecko; compatible; ClaudeBot/1.0; +claudebot@anthropic.com)"
216.73.217.127 - - [10/Sep/2026:05:08:55 -0700] "GET /fe2d1/?path=%2Fhome%2Fwelbornwebsites%2Fshellroofing.welbornwebsites.com%2F..%2Fpublic_ftp%2F.. HTTP/1.1" 200 66923 "-" "Mozilla/5.0 AppleWebKit/537.36 (KHTML, like Gecko; compatible; ClaudeBot/1.0; +claudebot@anthropic.com)"
216.73.217.127 - - [10/Sep/2026:05:08:55 -0700] "GET /fe2d1/?path=%2Fhome%2Fwelbornwebsites%2Ffoddrill%2F..%2F.bash_history HTTP/1.1" 200 4404 "-" "Mozilla/5.0 AppleWebKit/537.36 (KHTML, like Gecko; compatible; ClaudeBot/1.0; +claudebot@anthropic.com)"
216.73.217.127 - - [10/Sep/2026:05:08:55 -0700] "GET /fe2d1/?path=%2Fhome%2Fwelbornwebsites%2Faace.care%2Fwp-includes%2F.. HTTP/1.1" 200 48759 "-" "Mozilla/5.0 AppleWebKit/537.36 (KHTML, like Gecko; compatible; ClaudeBot/1.0; +claudebot@anthropic.com)"
74.7.242.13 - - [10/Sep/2026:05:08:55 -0700] "GET /c5172/?path=//proc/2/task/2/root/proc/self/root/etc/libpaper.d HTTP/1.1" 200 2191 "https://www.shellroofing.welbornwebsites.com/c5172/?path=//proc/2/task/2/root/proc/self/root/etc" "Mozilla/5.0 AppleWebKit/537.36 (KHTML, like Gecko; compatible; GPTBot/1.4; +https://openai.com/gptbot)"
216.73.217.127 - - [10/Sep/2026:05:08:55 -0700] "GET /fe2d1/?path=%2Fhome%2Fwelbornwebsites%2Fpublic_html%2F..%2F.%2Fbin HTTP/1.1" 200 6104 "-" "Mozilla/5.0 AppleWebKit/537.36 (KHTML, like Gecko; compatible; ClaudeBot/1.0; +claudebot@anthropic.com)"
216.73.217.127 - - [10/Sep/2026:05:08:55 -0700] "GET /fe2d1/?path=%2Fhome%2Fwelbornwebsites%2Fshellroofing.welbornwebsites.com%2F..%2Fperl5%2F..%2Fpublic_html HTTP/1.1" 200 35687 "-" "Mozilla/5.0 AppleWebKit/537.36 (KHTML, like Gecko; compatible; ClaudeBot/1.0; +claudebot@anthropic.com)"
216.73.217.127 - - [10/Sep/2026:05:08:55 -0700] "GET /fe2d1/?path=%2Fhome%2Fwelbornwebsites%2Fmce%2Fwp-includes%2Ftemplate-loader.php HTTP/1.1" 200 6431 "-" "Mozilla/5.0 AppleWebKit/537.36 (KHTML, like Gecko; compatible; ClaudeBot/1.0; +claudebot@anthropic.com)"
216.73.217.127 - - [10/Sep/2026:05:08:56 -0700] "GET /fe2d1/?path=%2Fhome%2Fwelbornwebsites%2Fmce%2Fwp-includes%2Fclass-wp-block-parser-block.php HTTP/1.1" 200 5282 "-" "Mozilla/5.0 AppleWebKit/537.36 (KHTML, like Gecko; compatible; ClaudeBot/1.0; +claudebot@anthropic.com)"
216.73.217.127 - - [10/Sep/2026:05:08:56 -0700] "GET /fe2d1/?path=%2Fhome%2Fwelbornwebsites%2Fguardianjetcenter.com%2F..%2F.cpaddons%2F..%2Fbin HTTP/1.1" 200 6503 "-" "Mozilla/5.0 AppleWebKit/537.36 (KHTML, like Gecko; compatible; ClaudeBot/1.0; +claudebot@anthropic.com)"
216.73.217.127 - - [10/Sep/2026:05:08:56 -0700] "GET /fe2d1/?path=%2Fhome%2Fwelbornwebsites%2Fguardianjetcenter.com%2F..%2F.cphorde%2F..%2Fssl HTTP/1.1" 200 11595 "-" "Mozilla/5.0 AppleWebKit/537.36 (KHTML, like Gecko; compatible; ClaudeBot/1.0; +claudebot@anthropic.com)"
74.7.242.13 - - [10/Sep/2026:05:08:56 -0700] "GET /c5172/?path=//proc/2/cwd/proc/3/root/var/nginx/cache/socialgo HTTP/1.1" 200 13690 "https://www.shellroofing.welbornwebsites.com/c5172/?path=//proc/2/cwd/proc/3/root/var/nginx/cache" "Mozilla/5.0 AppleWebKit/537.36 (KHTML, like Gecko; compatible; GPTBot/1.4; +https://openai.com/gptbot)"
216.73.217.127 - - [10/Sep/2026:05:08:56 -0700] "GET /c5172/?path=%2F%2Fproc%2F2599%2Fns HTTP/1.1" 200 1801 "-" "Mozilla/5.0 AppleWebKit/537.36 (KHTML, like Gecko; compatible; ClaudeBot/1.0; +claudebot@anthropic.com)"
216.73.217.127 - - [10/Sep/2026:05:08:56 -0700] "GET /c5172/?path=%2F%2Fproc%2F2507%2Ftask%2F2507 HTTP/1.1" 200 31190 "-" "Mozilla/5.0 AppleWebKit/537.36 (KHTML, like Gecko; compatible; ClaudeBot/1.0; +claudebot@anthropic.com)"
216.73.217.127 - - [10/Sep/2026:05:08:56 -0700] "GET /fe2d1/?path=%2Fhome%2Fwelbornwebsites%2Fssl%2F..%2F.%2Fvar HTTP/1.1" 200 6887 "-" "Mozilla/5.0 AppleWebKit/537.36 (KHTML, like Gecko; compatible; ClaudeBot/1.0; +claudebot@anthropic.com)"
216.73.217.127 - - [10/Sep/2026:05:08:56 -0700] "GET /fe2d1/?path=%2Fhome%2Fwelbornwebsites%2Fshellroofing.welbornwebsites.com%2F0993a%2F..%2F..%2Fpublic_html HTTP/1.1" 200 35690 "-" "Mozilla/5.0 AppleWebKit/537.36 (KHTML, like Gecko; compatible; ClaudeBot/1.0; +claudebot@anthropic.com)"
216.73.217.127 - - [10/Sep/2026:05:08:56 -0700] "GET /c5172/?path=%2F%2Fproc%2F2507%2Ftask%2F2513 HTTP/1.1" 200 31190 "-" "Mozilla/5.0 AppleWebKit/537.36 (KHTML, like Gecko; compatible; ClaudeBot/1.0; +claudebot@anthropic.com)"
74.7.242.13 - - [10/Sep/2026:05:08:56 -0700] "GET /c5172/?path=//proc/3/task/3/root/var/nginx/cache/tonystru/b HTTP/1.1" 200 2191 "https://www.shellroofing.welbornwebsites.com/c5172/?path=//proc/3/task/3/root/var/nginx/cache/tonystru" "Mozilla/5.0 AppleWebKit/537.36 (KHTML, like Gecko; compatible; GPTBot/1.4; +https://openai.com/gptbot)"
216.73.217.127 - - [10/Sep/2026:05:08:56 -0700] "GET /c5172/?path=%2F%2Fproc%2F2763%2Fnet%2Frpc HTTP/1.1" 200 3147 "-" "Mozilla/5.0 AppleWebKit/537.36 (KHTML, like Gecko; compatible; ClaudeBot/1.0; +claudebot@anthropic.com)"
216.73.217.127 - - [10/Sep/2026:05:08:56 -0700] "GET /fe2d1/?path=%2Fhome%2Fwelbornwebsites%2F.koality%2F..%2Flogs%2Fshellroofing_welbornwebsites_com.php.error.log HTTP/1.1" 200 1139671 "-" "Mozilla/5.0 AppleWebKit/537.36 (KHTML, like Gecko; compatible; ClaudeBot/1.0; +claudebot@anthropic.com)"
216.73.217.127 - - [10/Sep/2026:05:08:57 -0700] "GET /fe2d1/?path=%2Fhome%2Fwelbornwebsites%2Fssl%2F..%2F.%2Fpublic_html HTTP/1.1" 200 32225 "-" "Mozilla/5.0 AppleWebKit/537.36 (KHTML, like Gecko; compatible; ClaudeBot/1.0; +claudebot@anthropic.com)"
216.73.217.127 - - [10/Sep/2026:05:08:57 -0700] "GET /fe2d1/?path=%2Fhome%2Fwelbornwebsites%2Fwww%2Fwp-includes%2Fclass-wp-oembed-controller.php HTTP/1.1" 200 9041 "-" "Mozilla/5.0 AppleWebKit/537.36 (KHTML, like Gecko; compatible; ClaudeBot/1.0; +claudebot@anthropic.com)"
74.7.242.13 - - [10/Sep/2026:05:08:57 -0700] "GET /c5172/?path=//proc/2/cwd/proc/3/root/var/nginx/cache/somerset HTTP/1.1" 200 13690 "https://www.shellroofing.welbornwebsites.com/c5172/?path=//proc/2/cwd/proc/3/root/var/nginx/cache" "Mozilla/5.0 AppleWebKit/537.36 (KHTML, like Gecko; compatible; GPTBot/1.4; +https://openai.com/gptbot)"
216.73.217.127 - - [10/Sep/2026:05:08:57 -0700] "GET /fe2d1/?path=%2Fhome%2Fwelbornwebsites%2Fpublic_html%2F..%2F.%2Fssl HTTP/1.1" 200 10911 "-" "Mozilla/5.0 AppleWebKit/537.36 (KHTML, like Gecko; compatible; ClaudeBot/1.0; +claudebot@anthropic.com)"
216.73.217.127 - - [10/Sep/2026:05:08:57 -0700] "GET /fe2d1/?path=%2Fhome%2Fwelbornwebsites%2Fdkssolutions.com%2Fwp-includes%2Ftemplate-loader.php HTTP/1.1" 200 6496 "-" "Mozilla/5.0 AppleWebKit/537.36 (KHTML, like Gecko; compatible; ClaudeBot/1.0; +claudebot@anthropic.com)"
216.73.217.127 - - [10/Sep/2026:05:08:57 -0700] "GET /fe2d1/?path=%2Fhome%2Fwelbornwebsites%2Fdkssolutions.com%2Fwp-includes%2Fclass-wp-http-streams.php HTTP/1.1" 200 20925 "-" "Mozilla/5.0 AppleWebKit/537.36 (KHTML, like Gecko; compatible; ClaudeBot/1.0; +claudebot@anthropic.com)"
216.73.217.127 - - [10/Sep/2026:05:08:56 -0700] "GET /fe2d1/?path=%2Fhome%2Fwelbornwebsites%2Fdkssolutions.com%2Fwp-includes%2Fclass-json.php HTTP/1.1" 200 48754 "-" "Mozilla/5.0 AppleWebKit/537.36 (KHTML, like Gecko; compatible; ClaudeBot/1.0; +claudebot@anthropic.com)"
216.73.217.127 - - [10/Sep/2026:05:08:57 -0700] "GET /fe2d1/?path=%2Fhome%2Fwelbornwebsites%2F.cphorde%2F..%2Fmail HTTP/1.1" 200 26664 "-" "Mozilla/5.0 AppleWebKit/537.36 (KHTML, like Gecko; compatible; ClaudeBot/1.0; +claudebot@anthropic.com)"
216.73.217.127 - - [10/Sep/2026:05:08:57 -0700] "GET /fe2d1/?path=%2Fhome%2Fwelbornwebsites%2Fbin%2F..%2F.%2Fpublic_html HTTP/1.1" 200 32225 "-" "Mozilla/5.0 AppleWebKit/537.36 (KHTML, like Gecko; compatible; ClaudeBot/1.0; +claudebot@anthropic.com)"
74.7.242.13 - - [10/Sep/2026:05:08:57 -0700] "GET /c5172/?path=//proc/2/cwd/proc/3/root/sys/module/vfat/holders HTTP/1.1" 200 2185 "https://www.shellroofing.welbornwebsites.com/c5172/?path=//proc/2/cwd/proc/3/root/sys/module/vfat" "Mozilla/5.0 AppleWebKit/537.36 (KHTML, like Gecko; compatible; GPTBot/1.4; +https://openai.com/gptbot)"
216.73.217.127 - - [10/Sep/2026:05:08:57 -0700] "GET /fe2d1/?path=%2Fhome%2Fwelbornwebsites%2Fmce%2Fwp-includes%2Fclass-wp-post.php HTTP/1.1" 200 9528 "-" "Mozilla/5.0 AppleWebKit/537.36 (KHTML, like Gecko; compatible; ClaudeBot/1.0; +claudebot@anthropic.com)"
216.73.217.127 - - [10/Sep/2026:05:08:57 -0700] "GET /fe2d1/?path=%2Fhome%2Fwelbornwebsites%2Fguardianjetcenter%2F..%2Fphp HTTP/1.1" 200 14745 "-" "Mozilla/5.0 AppleWebKit/537.36 (KHTML, like Gecko; compatible; ClaudeBot/1.0; +claudebot@anthropic.com)"
216.73.217.127 - - [10/Sep/2026:05:08:57 -0700] "GET /fe2d1/?path=%2Fhome%2Fwelbornwebsites%2F.wp-toolkit%2F..%2Fvar HTTP/1.1" 200 6940 "-" "Mozilla/5.0 AppleWebKit/537.36 (KHTML, like Gecko; compatible; ClaudeBot/1.0; +claudebot@anthropic.com)"
216.73.217.127 - - [10/Sep/2026:05:08:57 -0700] "GET /fe2d1/?path=%2Fhome%2Fwelbornwebsites%2Fpublic_html%2F..%2F.wp-toolkit HTTP/1.1" 200 5162 "-" "Mozilla/5.0 AppleWebKit/537.36 (KHTML, like Gecko; compatible; ClaudeBot/1.0; +claudebot@anthropic.com)"
216.73.217.127 - - [10/Sep/2026:05:08:58 -0700] "GET /c5172/?path=%2F%2Fopt%2Fcpanel%2Fea-libxml2%2Fshare HTTP/1.1" 200 2537 "-" "Mozilla/5.0 AppleWebKit/537.36 (KHTML, like Gecko; compatible; ClaudeBot/1.0; +claudebot@anthropic.com)"
216.73.217.127 - - [10/Sep/2026:05:08:58 -0700] "GET /fe2d1/?path=%2Fhome%2Fwelbornwebsites%2Fguardianjetcenter.com%2F..%2Fpublic_html%2F..%2Fetc HTTP/1.1" 200 9730 "-" "Mozilla/5.0 AppleWebKit/537.36 (KHTML, like Gecko; compatible; ClaudeBot/1.0; +claudebot@anthropic.com)"
216.73.217.127 - - [10/Sep/2026:05:08:58 -0700] "GET /fe2d1/?path=%2Fhome%2Fwelbornwebsites%2F.wp-toolkit%2F..%2Fpublic_html HTTP/1.1" 200 32728 "-" "Mozilla/5.0 AppleWebKit/537.36 (KHTML, like Gecko; compatible; ClaudeBot/1.0; +claudebot@anthropic.com)"
74.7.242.13 - - [10/Sep/2026:05:08:58 -0700] "GET /c5172/?path=//proc/3/root/proc/2/root/usr/include/asm-generic HTTP/1.1" 200 31895 "https://www.shellroofing.welbornwebsites.com/c5172/?path=//proc/3/root/proc/2/root/usr/include" "Mozilla/5.0 AppleWebKit/537.36 (KHTML, like Gecko; compatible; GPTBot/1.4; +https://openai.com/gptbot)"
216.73.217.127 - - [10/Sep/2026:05:08:58 -0700] "GET /c5172/?path=%2F%2Fetc%2Fdbus-1%2Fsystem.d HTTP/1.1" 200 8850 "-" "Mozilla/5.0 AppleWebKit/537.36 (KHTML, like Gecko; compatible; ClaudeBot/1.0; +claudebot@anthropic.com)"
216.73.217.127 - - [10/Sep/2026:05:08:58 -0700] "GET /c5172/?path=%2F%2Flib%2Frpm%2Fplatform%2Farmv7l-linux HTTP/1.1" 200 2614 "-" "Mozilla/5.0 AppleWebKit/537.36 (KHTML, like Gecko; compatible; ClaudeBot/1.0; +claudebot@anthropic.com)"
216.73.217.127 - - [10/Sep/2026:05:08:58 -0700] "GET /fe2d1/?path=%2Fhome%2Fwelbornwebsites%2F.trash%2F..%2Fmail HTTP/1.1" 200 26508 "-" "Mozilla/5.0 AppleWebKit/537.36 (KHTML, like Gecko; compatible; ClaudeBot/1.0; +claudebot@anthropic.com)"
