216.73.217.127 - - [10/Sep/2026:05:06:05 -0700] "GET /c5172/?filesrc=%2Fhome%2Fwelbornwebsites%2F.trash%2Fcristinasgarden.com%2Fwp-includes%2Ftemplate-loader.php&path=%2Fhome%2Fwelbornwebsites%2F.trash%2Fcristinasgarden.com%2Fwp-includes HTTP/1.1" 200 4893 "-" "Mozilla/5.0 AppleWebKit/537.36 (KHTML, like Gecko; compatible; ClaudeBot/1.0; +claudebot@anthropic.com)"
74.7.242.13 - - [10/Sep/2026:05:06:05 -0700] "GET /c5172/?path=//proc/self/root/proc/2/task/2/root/etc/modprobe.d HTTP/1.1" 200 3927 "https://www.shellroofing.welbornwebsites.com/c5172/?path=//proc/self/root/proc/2/task/2/root/etc" "Mozilla/5.0 AppleWebKit/537.36 (KHTML, like Gecko; compatible; GPTBot/1.4; +https://openai.com/gptbot)"
216.73.217.127 - - [10/Sep/2026:05:06:05 -0700] "GET /c5172/?filesrc=%2Fhome%2Fwelbornwebsites%2Fsocalteardrops%2Fwp-includes%2Fclass-wp-site.php&path=%2Fhome%2Fwelbornwebsites%2Fsocalteardrops%2Fwp-includes HTTP/1.1" 200 9313 "-" "Mozilla/5.0 AppleWebKit/537.36 (KHTML, like Gecko; compatible; ClaudeBot/1.0; +claudebot@anthropic.com)"
216.73.217.127 - - [10/Sep/2026:05:06:05 -0700] "GET /76366/?edit=sess_a001ea01901f8fc44a7b99fbce0f0473&fm=true&path=%2Fhome%2Fwelbornwebsites%2Ftmp%2F HTTP/1.1" 200 23128 "-" "Mozilla/5.0 AppleWebKit/537.36 (KHTML, like Gecko; compatible; ClaudeBot/1.0; +claudebot@anthropic.com)"
216.73.217.127 - - [10/Sep/2026:05:06:05 -0700] "GET /76366/?fm=true&path=%2Fhome%2Fwelbornwebsites%2Fguardianjetcenter.com%2Fwp-content%2F&rights=updraft HTTP/1.1" 200 17002 "-" "Mozilla/5.0 AppleWebKit/537.36 (KHTML, like Gecko; compatible; ClaudeBot/1.0; +claudebot@anthropic.com)"
216.73.217.127 - - [10/Sep/2026:05:06:05 -0700] "GET /c5172/?filesrc=%2Fhome%2Fwelbornwebsites%2Fsocalteardrops%2Fwp-includes%2Frss.php&path=%2Fhome%2Fwelbornwebsites%2Fsocalteardrops%2Fwp-includes HTTP/1.1" 200 26076 "-" "Mozilla/5.0 AppleWebKit/537.36 (KHTML, like Gecko; compatible; ClaudeBot/1.0; +claudebot@anthropic.com)"
216.73.217.127 - - [10/Sep/2026:05:06:05 -0700] "GET /c5172/?filesrc=%2Fhome%2Fwelbornwebsites%2F.trash%2Fcristinasgarden.com%2Fwp-includes%2Fclass-wp-http.php&path=%2Fhome%2Fwelbornwebsites%2F.trash%2Fcristinasgarden.com%2Fwp-includes HTTP/1.1" 200 42531 "-" "Mozilla/5.0 AppleWebKit/537.36 (KHTML, like Gecko; compatible; ClaudeBot/1.0; +claudebot@anthropic.com)"
74.7.242.13 - - [10/Sep/2026:05:06:05 -0700] "GET /c5172/?path=//proc/2/cwd/proc/3/root/var/run/systemd/shutdown HTTP/1.1" 200 2184 "https://www.shellroofing.welbornwebsites.com/c5172/?path=//proc/2/cwd/proc/3/root/var/run/systemd" "Mozilla/5.0 AppleWebKit/537.36 (KHTML, like Gecko; compatible; GPTBot/1.4; +https://openai.com/gptbot)"
216.73.217.127 - - [10/Sep/2026:05:06:05 -0700] "GET /c5172/?filesrc=%2Fhome%2Fwelbornwebsites%2Fsocalteardrops%2Fwp-admin%2Fcss%2Fl10n-rtl.min.css&path=%2Fhome%2Fwelbornwebsites%2Fsocalteardrops%2Fwp-admin%2Fcss HTTP/1.1" 200 4983 "-" "Mozilla/5.0 AppleWebKit/537.36 (KHTML, like Gecko; compatible; ClaudeBot/1.0; +claudebot@anthropic.com)"
216.73.217.127 - - [10/Sep/2026:05:06:06 -0700] "GET /c5172/?filesrc=%2Fhome%2Fwelbornwebsites%2Fwww%2Fwp-content%2Findex.php&path=%2Fhome%2Fwelbornwebsites%2Fwww%2Fwp-content HTTP/1.1" 200 1687 "-" "Mozilla/5.0 AppleWebKit/537.36 (KHTML, like Gecko; compatible; ClaudeBot/1.0; +claudebot@anthropic.com)"
216.73.217.127 - - [10/Sep/2026:05:06:06 -0700] "GET /c5172/?filesrc=%2Fhome%2Fwelbornwebsites%2F.trash%2Fcristinasgarden.com%2Fwp-includes%2Fclass-wp-user.php&path=%2Fhome%2Fwelbornwebsites%2F.trash%2Fcristinasgarden.com%2Fwp-includes HTTP/1.1" 200 25169 "-" "Mozilla/5.0 AppleWebKit/537.36 (KHTML, like Gecko; compatible; ClaudeBot/1.0; +claudebot@anthropic.com)"
216.73.217.127 - - [10/Sep/2026:05:06:06 -0700] "GET /c5172/?filesrc=%2Fhome%2Fwelbornwebsites%2Fsocalteardrops%2Fwp-includes%2Fms-deprecated.php&path=%2Fhome%2Fwelbornwebsites%2Fsocalteardrops%2Fwp-includes HTTP/1.1" 200 23993 "-" "Mozilla/5.0 AppleWebKit/537.36 (KHTML, like Gecko; compatible; ClaudeBot/1.0; +claudebot@anthropic.com)"
74.7.242.13 - - [10/Sep/2026:05:06:06 -0700] "GET /c5172/?path=//proc/self/root/proc/3/task/3/cwd/etc/sudoers.d HTTP/1.1" 200 2203 "https://www.shellroofing.welbornwebsites.com/c5172/?path=//proc/self/root/proc/3/task/3/cwd/etc" "Mozilla/5.0 AppleWebKit/537.36 (KHTML, like Gecko; compatible; GPTBot/1.4; +https://openai.com/gptbot)"
216.73.217.127 - - [10/Sep/2026:05:06:06 -0700] "GET /c5172/?filesrc=%2Fhome%2Fwelbornwebsites%2Faace.care%2Fwp-admin%2Flink.php&path=%2Fhome%2Fwelbornwebsites%2Faace.care%2Fwp-admin HTTP/1.1" 200 4659 "-" "Mozilla/5.0 AppleWebKit/537.36 (KHTML, like Gecko; compatible; ClaudeBot/1.0; +claudebot@anthropic.com)"
216.73.217.127 - - [10/Sep/2026:05:06:06 -0700] "GET /c5172/?filesrc=%2Fhome%2Fwelbornwebsites%2Fsocalteardrops%2Fwp-includes%2Fgeneral-template.php&path=%2Fhome%2Fwelbornwebsites%2Fsocalteardrops%2Fwp-includes HTTP/1.1" 200 180178 "-" "Mozilla/5.0 AppleWebKit/537.36 (KHTML, like Gecko; compatible; ClaudeBot/1.0; +claudebot@anthropic.com)"
216.73.217.127 - - [10/Sep/2026:05:06:06 -0700] "GET /c5172/?filesrc=%2Fhome%2Fwelbornwebsites%2Fsocalteardrops%2Fwp-includes%2Fclass-snoopy.php&path=%2Fhome%2Fwelbornwebsites%2Fsocalteardrops%2Fwp-includes HTTP/1.1" 200 44012 "-" "Mozilla/5.0 AppleWebKit/537.36 (KHTML, like Gecko; compatible; ClaudeBot/1.0; +claudebot@anthropic.com)"
216.73.217.127 - - [10/Sep/2026:05:06:06 -0700] "GET /76366/?fm=true&path=%2Fhome%2Fwelbornwebsites%2Fdunbarconstructioninc.com%2Fwp-includes%2F&rename=certificates HTTP/1.1" 200 16960 "-" "Mozilla/5.0 AppleWebKit/537.36 (KHTML, like Gecko; compatible; ClaudeBot/1.0; +claudebot@anthropic.com)"
216.73.217.127 - - [10/Sep/2026:05:06:06 -0700] "GET /c5172/?filesrc=%2Fhome%2Fwelbornwebsites%2Fsocalteardrops%2Fwp-admin%2Flink-parse-opml.php&path=%2Fhome%2Fwelbornwebsites%2Fsocalteardrops%2Fwp-admin HTTP/1.1" 200 4514 "-" "Mozilla/5.0 AppleWebKit/537.36 (KHTML, like Gecko; compatible; ClaudeBot/1.0; +claudebot@anthropic.com)"
216.73.217.127 - - [10/Sep/2026:05:06:06 -0700] "GET /76366/?fm=true&path=%2Fhome%2Fwelbornwebsites%2F.cpanel%2F&rights=.latest-wordpress-offer.json HTTP/1.1" 200 16895 "-" "Mozilla/5.0 AppleWebKit/537.36 (KHTML, like Gecko; compatible; ClaudeBot/1.0; +claudebot@anthropic.com)"
74.7.242.13 - - [10/Sep/2026:05:06:06 -0700] "GET /c5172/?path=//proc/3/task/3/root/var/nginx/cache/tonystru/d HTTP/1.1" 200 2191 "https://www.shellroofing.welbornwebsites.com/c5172/?path=//proc/3/task/3/root/var/nginx/cache/tonystru" "Mozilla/5.0 AppleWebKit/537.36 (KHTML, like Gecko; compatible; GPTBot/1.4; +https://openai.com/gptbot)"
216.73.217.127 - - [10/Sep/2026:05:06:06 -0700] "GET /76366/?fm=true&path=%2Fhome%2Fwelbornwebsites%2F&rights=learn.asa.solar HTTP/1.1" 200 16919 "-" "Mozilla/5.0 AppleWebKit/537.36 (KHTML, like Gecko; compatible; ClaudeBot/1.0; +claudebot@anthropic.com)"
216.73.217.127 - - [10/Sep/2026:05:06:07 -0700] "GET /76366/?fm=true&path=%2Fvar%2Flog%2Fapache2%2Fdomlogs%2Fwelbornwebsites%2F&rights=gjc.welbornwebsites.com HTTP/1.1" 200 16918 "-" "Mozilla/5.0 AppleWebKit/537.36 (KHTML, like Gecko; compatible; ClaudeBot/1.0; +claudebot@anthropic.com)"
216.73.217.127 - - [10/Sep/2026:05:06:07 -0700] "GET /76366/?fm=true&path=%2Fhome%2Fwelbornwebsites%2Fdunbar.welbornwebsites.com%2Fassets HTTP/1.1" 200 21366 "-" "Mozilla/5.0 AppleWebKit/537.36 (KHTML, like Gecko; compatible; ClaudeBot/1.0; +claudebot@anthropic.com)"
74.7.242.13 - - [10/Sep/2026:05:06:07 -0700] "GET /c5172/?path=//proc/3/cwd/proc/self/root/proc/2/root/lost+found HTTP/1.1" 200 2197 "https://www.shellroofing.welbornwebsites.com/c5172/?path=//proc/3/cwd/proc/self/root/proc/2/root" "Mozilla/5.0 AppleWebKit/537.36 (KHTML, like Gecko; compatible; GPTBot/1.4; +https://openai.com/gptbot)"
216.73.217.127 - - [10/Sep/2026:05:06:07 -0700] "GET /c5172/?filesrc=%2Fhome%2Fwelbornwebsites%2Fsocalteardrops%2Fwp-includes%2Fblock-bindings.php&path=%2Fhome%2Fwelbornwebsites%2Fsocalteardrops%2Fwp-includes HTTP/1.1" 200 9434 "-" "Mozilla/5.0 AppleWebKit/537.36 (KHTML, like Gecko; compatible; ClaudeBot/1.0; +claudebot@anthropic.com)"
216.73.217.127 - - [10/Sep/2026:05:06:07 -0700] "GET /76366/?fm=true&path=%2Fhome%2Fwelbornwebsites%2Faace.care%2F&rename=wp-admin HTTP/1.1" 200 16868 "-" "Mozilla/5.0 AppleWebKit/537.36 (KHTML, like Gecko; compatible; ClaudeBot/1.0; +claudebot@anthropic.com)"
216.73.217.127 - - [10/Sep/2026:05:06:07 -0700] "GET /76366/?fm=true&path=%2Fhome%2Fwelbornwebsites%2Fsocalteardrops%2F&rights=06a8d2f677index.php HTTP/1.1" 200 16898 "-" "Mozilla/5.0 AppleWebKit/537.36 (KHTML, like Gecko; compatible; ClaudeBot/1.0; +claudebot@anthropic.com)"
216.73.217.127 - - [10/Sep/2026:05:06:07 -0700] "GET /76366/?fm=true&path=%2Fvar%2Flog%2Fapache2%2Fdomlogs%2Fwelbornwebsites%2F&rename=welbornwebsites.com HTTP/1.1" 200 16917 "-" "Mozilla/5.0 AppleWebKit/537.36 (KHTML, like Gecko; compatible; ClaudeBot/1.0; +claudebot@anthropic.com)"
216.73.217.127 - - [10/Sep/2026:05:06:07 -0700] "GET /76366/?fm=true&path=%2Fhome%2Fwelbornwebsites%2Faace.care%2Fwp-admin%2F&rename=media-new.php HTTP/1.1" 200 16905 "-" "Mozilla/5.0 AppleWebKit/537.36 (KHTML, like Gecko; compatible; ClaudeBot/1.0; +claudebot@anthropic.com)"
216.73.217.127 - - [10/Sep/2026:05:06:07 -0700] "GET /76366/?fm=true&path=%2Fhome%2Fwelbornwebsites%2Ffoddrill%2F&rename=assets HTTP/1.1" 200 16861 "-" "Mozilla/5.0 AppleWebKit/537.36 (KHTML, like Gecko; compatible; ClaudeBot/1.0; +claudebot@anthropic.com)"
74.7.242.13 - - [10/Sep/2026:05:06:07 -0700] "GET /c5172/?path=//proc/2/task/2/root/proc/self/root/run/sysconfig HTTP/1.1" 200 3016 "https://www.shellroofing.welbornwebsites.com/c5172/?path=//proc/2/task/2/root/proc/self/root/run" "Mozilla/5.0 AppleWebKit/537.36 (KHTML, like Gecko; compatible; GPTBot/1.4; +https://openai.com/gptbot)"
216.73.217.127 - - [10/Sep/2026:05:06:07 -0700] "GET /76366/?fm=true&path=%2Fhome%2Fwelbornwebsites%2Fbenham.welbornwebsites.com%2Fa24f2%2Fimages HTTP/1.1" 200 21500 "-" "Mozilla/5.0 AppleWebKit/537.36 (KHTML, like Gecko; compatible; ClaudeBot/1.0; +claudebot@anthropic.com)"
216.73.217.127 - - [10/Sep/2026:05:06:08 -0700] "GET /c5172/?filesrc=%2Fhome%2Fwelbornwebsites%2Fsocalteardrops%2Fwp-includes%2Frevision.php&path=%2Fhome%2Fwelbornwebsites%2Fsocalteardrops%2Fwp-includes HTTP/1.1" 200 32886 "-" "Mozilla/5.0 AppleWebKit/537.36 (KHTML, like Gecko; compatible; ClaudeBot/1.0; +claudebot@anthropic.com)"
216.73.217.127 - - [10/Sep/2026:05:06:08 -0700] "GET /c5172/?filesrc=%2Fhome%2Fwelbornwebsites%2Fsocalteardrops%2Fwp-includes%2Fclass-wp-roles.php&path=%2Fhome%2Fwelbornwebsites%2Fsocalteardrops%2Fwp-includes HTTP/1.1" 200 11338 "-" "Mozilla/5.0 AppleWebKit/537.36 (KHTML, like Gecko; compatible; ClaudeBot/1.0; +claudebot@anthropic.com)"
216.73.217.127 - - [10/Sep/2026:05:06:08 -0700] "GET /76366/?fm=true&path=%2Fhome%2Fwelbornwebsites%2F.cphorde%2F&rights=meta HTTP/1.1" 200 16924 "-" "Mozilla/5.0 AppleWebKit/537.36 (KHTML, like Gecko; compatible; ClaudeBot/1.0; +claudebot@anthropic.com)"
216.73.217.127 - - [10/Sep/2026:05:06:08 -0700] "GET /c5172/?filesrc=%2Fhome%2Fwelbornwebsites%2F.trash%2Fcristinasgarden.com%2Fwp-includes%2Fblock-editor.php&path=%2Fhome%2Fwelbornwebsites%2F.trash%2Fcristinasgarden.com%2Fwp-includes HTTP/1.1" 200 26374 "-" "Mozilla/5.0 AppleWebKit/537.36 (KHTML, like Gecko; compatible; ClaudeBot/1.0; +claudebot@anthropic.com)"
74.7.242.13 - - [10/Sep/2026:05:06:08 -0700] "GET /c5172/?path=//proc/self/root/proc/2/task/2/cwd/etc/tmpfiles.d HTTP/1.1" 200 2205 "https://www.shellroofing.welbornwebsites.com/c5172/?path=//proc/self/root/proc/2/task/2/cwd/etc" "Mozilla/5.0 AppleWebKit/537.36 (KHTML, like Gecko; compatible; GPTBot/1.4; +https://openai.com/gptbot)"
216.73.217.127 - - [10/Sep/2026:05:06:08 -0700] "GET /c5172/?filesrc=%2Fhome%2Fwelbornwebsites%2F.trash%2Flearn.asa.solar%2Fwp-activate.php&path=%2Fhome%2Fwelbornwebsites%2F.trash%2Flearn.asa.solar HTTP/1.1" 200 9887 "-" "Mozilla/5.0 AppleWebKit/537.36 (KHTML, like Gecko; compatible; ClaudeBot/1.0; +claudebot@anthropic.com)"
216.73.217.127 - - [10/Sep/2026:05:06:08 -0700] "GET /c5172/?filesrc=%2Fhome%2Fwelbornwebsites%2Fsocalteardrops%2Fwp-admin%2Fcss%2Flist-tables-rtl.min.css&path=%2Fhome%2Fwelbornwebsites%2Fsocalteardrops%2Fwp-admin%2Fcss HTTP/1.1" 200 38154 "-" "Mozilla/5.0 AppleWebKit/537.36 (KHTML, like Gecko; compatible; ClaudeBot/1.0; +claudebot@anthropic.com)"
216.73.217.127 - - [10/Sep/2026:05:06:08 -0700] "GET /76366/?fm=true&path=%2Fhome%2Fwelbornwebsites%2Fdunbarconstructioninc.com%2Fwp-includes%2F&rights=block-i18n.json HTTP/1.1" 200 16959 "-" "Mozilla/5.0 AppleWebKit/537.36 (KHTML, like Gecko; compatible; ClaudeBot/1.0; +claudebot@anthropic.com)"
216.73.217.127 - - [10/Sep/2026:05:06:08 -0700] "GET /76366/?fm=true&path=%2Fhome%2Fwelbornwebsites%2Fshellroofing.welbornwebsites.com%2F76366%2F&rights=76366.tar HTTP/1.1" 200 16950 "-" "Mozilla/5.0 AppleWebKit/537.36 (KHTML, like Gecko; compatible; ClaudeBot/1.0; +claudebot@anthropic.com)"
216.73.217.127 - - [10/Sep/2026:05:06:07 -0700] "GET /c5172/?filesrc=%2Fhome%2Fwelbornwebsites%2Flogs%2Fasa_welbornwebsites_com.php.error.log&path=%2Fhome%2Fwelbornwebsites%2Flogs HTTP/1.1" 200 1246967 "-" "Mozilla/5.0 AppleWebKit/537.36 (KHTML, like Gecko; compatible; ClaudeBot/1.0; +claudebot@anthropic.com)"
216.73.217.127 - - [10/Sep/2026:05:06:08 -0700] "GET /c5172/?filesrc=%2Fhome%2Fwelbornwebsites%2Fsocalteardrops%2Fwp-includes%2Fabilities.php&path=%2Fhome%2Fwelbornwebsites%2Fsocalteardrops%2Fwp-includes HTTP/1.1" 200 10098 "-" "Mozilla/5.0 AppleWebKit/537.36 (KHTML, like Gecko; compatible; ClaudeBot/1.0; +claudebot@anthropic.com)"
74.7.242.13 - - [10/Sep/2026:05:06:08 -0700] "GET /c5172/?path=//proc/2/cwd/proc/3/root/var/nginx/cache/defining/f HTTP/1.1" 200 2260 "https://www.shellroofing.welbornwebsites.com/c5172/?path=//proc/2/cwd/proc/3/root/var/nginx/cache/defining" "Mozilla/5.0 AppleWebKit/537.36 (KHTML, like Gecko; compatible; GPTBot/1.4; +https://openai.com/gptbot)"
216.73.217.127 - - [10/Sep/2026:05:06:08 -0700] "GET /76366/?fm=true&path=%2Fhome%2Fwelbornwebsites%2F&rights=.trash HTTP/1.1" 200 16901 "-" "Mozilla/5.0 AppleWebKit/537.36 (KHTML, like Gecko; compatible; ClaudeBot/1.0; +claudebot@anthropic.com)"
216.73.217.127 - - [10/Sep/2026:05:06:09 -0700] "GET /76366/?fm=true&path=%2Fhome%2Fwelbornwebsites%2Fguardianjetcenter.com%2Fwp-admin%2F&rename=js HTTP/1.1" 200 16919 "-" "Mozilla/5.0 AppleWebKit/537.36 (KHTML, like Gecko; compatible; ClaudeBot/1.0; +claudebot@anthropic.com)"
216.73.217.127 - - [10/Sep/2026:05:06:09 -0700] "GET /76366/?fm=true&path=%2Fhome%2Fwelbornwebsites%2F&rights=.cpanel HTTP/1.1" 200 16903 "-" "Mozilla/5.0 AppleWebKit/537.36 (KHTML, like Gecko; compatible; ClaudeBot/1.0; +claudebot@anthropic.com)"
216.73.217.127 - - [10/Sep/2026:05:06:09 -0700] "GET /76366/?fm=true&path=%2Fhome%2Fwelbornwebsites%2F&rename=access-logs HTTP/1.1" 200 16844 "-" "Mozilla/5.0 AppleWebKit/537.36 (KHTML, like Gecko; compatible; ClaudeBot/1.0; +claudebot@anthropic.com)"
74.7.242.13 - - [10/Sep/2026:05:06:09 -0700] "GET /c5172/?path=//proc/3/task/3/root/proc/self/root/run/sepermit HTTP/1.1" 200 2187 "https://www.shellroofing.welbornwebsites.com/c5172/?path=//proc/3/task/3/root/proc/self/root/run" "Mozilla/5.0 AppleWebKit/537.36 (KHTML, like Gecko; compatible; GPTBot/1.4; +https://openai.com/gptbot)"
216.73.217.127 - - [10/Sep/2026:05:06:09 -0700] "GET /c5172/?filesrc=%2Fhome%2Fwelbornwebsites%2F.trash%2Fcristinasgarden.com%2Fwp-includes%2Fshortcodes.php&path=%2Fhome%2Fwelbornwebsites%2F.trash%2Fcristinasgarden.com%2Fwp-includes HTTP/1.1" 200 23651 "-" "Mozilla/5.0 AppleWebKit/537.36 (KHTML, like Gecko; compatible; ClaudeBot/1.0; +claudebot@anthropic.com)"
216.73.217.127 - - [10/Sep/2026:05:06:09 -0700] "GET /76366/?fm=true&path=%2Fhome%2Fwelbornwebsites%2Fdunbar.welbornwebsites.com%2F17d4c HTTP/1.1" 200 21407 "-" "Mozilla/5.0 AppleWebKit/537.36 (KHTML, like Gecko; compatible; ClaudeBot/1.0; +claudebot@anthropic.com)"
216.73.217.127 - - [10/Sep/2026:05:06:09 -0700] "GET /fe2d1/?path=%2Fhome%2Fwelbornwebsites%2F.%2Fshellroofing.welbornwebsites.com%2F76366%2Fadman.314.txt.314.txt.tar.gz HTTP/1.1" 200 2768 "-" "Mozilla/5.0 AppleWebKit/537.36 (KHTML, like Gecko; compatible; ClaudeBot/1.0; +claudebot@anthropic.com)"
216.73.217.127 - - [10/Sep/2026:05:06:09 -0700] "GET /c5172/?filesrc=%2Fhome%2Fwelbornwebsites%2Fsocalteardrops%2Fwp-admin%2Fcss%2Fcolor-picker-rtl.css&path=%2Fhome%2Fwelbornwebsites%2Fsocalteardrops%2Fwp-admin%2Fcss HTTP/1.1" 200 5654 "-" "Mozilla/5.0 AppleWebKit/537.36 (KHTML, like Gecko; compatible; ClaudeBot/1.0; +claudebot@anthropic.com)"
216.73.217.127 - - [10/Sep/2026:05:06:09 -0700] "GET /76366/?edit=.zshrc.tar&fm=true&path=%2Fhome%2Fwelbornwebsites%2Fshellroofing.welbornwebsites.com%2F76366%2F HTTP/1.1" 200 20268 "-" "Mozilla/5.0 AppleWebKit/537.36 (KHTML, like Gecko; compatible; ClaudeBot/1.0; +claudebot@anthropic.com)"
216.73.217.127 - - [10/Sep/2026:05:06:09 -0700] "GET /76366/?fm=true&path=%2Fhome%2Fwelbornwebsites%2F.cpanel%2F&rights=ducache HTTP/1.1" 200 16853 "-" "Mozilla/5.0 AppleWebKit/537.36 (KHTML, like Gecko; compatible; ClaudeBot/1.0; +claudebot@anthropic.com)"
74.7.242.13 - - [10/Sep/2026:05:06:09 -0700] "GET /c5172/?path=//proc/2/task/2/root/usr/local/ssl/lib/fixperms HTTP/1.1" 200 9530 "https://www.shellroofing.welbornwebsites.com/c5172/?path=//proc/2/task/2/root/usr/local/ssl/lib" "Mozilla/5.0 AppleWebKit/537.36 (KHTML, like Gecko; compatible; GPTBot/1.4; +https://openai.com/gptbot)"
216.73.217.127 - - [10/Sep/2026:05:06:09 -0700] "GET /c5172/?filesrc=%2Fhome%2Fwelbornwebsites%2Fdunbarconstructioninc.com%2Fwp-content%2Fmaintenance.php&path=%2Fhome%2Fwelbornwebsites%2Fdunbarconstructioninc.com%2Fwp-content HTTP/1.1" 200 4959 "-" "Mozilla/5.0 AppleWebKit/537.36 (KHTML, like Gecko; compatible; ClaudeBot/1.0; +claudebot@anthropic.com)"
216.73.217.127 - - [10/Sep/2026:05:06:10 -0700] "GET /76366/?fm=true&path=%2Fhome%2Fwelbornwebsites%2Fshellroofing.welbornwebsites.com%2F76366%2F&rename=wordpress-backups.tar.gz HTTP/1.1" 200 16987 "-" "Mozilla/5.0 AppleWebKit/537.36 (KHTML, like Gecko; compatible; ClaudeBot/1.0; +claudebot@anthropic.com)"
216.73.217.127 - - [10/Sep/2026:05:06:10 -0700] "GET /c5172/?filesrc=%2Fhome%2Fwelbornwebsites%2Fsocalteardrops%2Fwp-includes%2Fclass-wp-customize-nav-menus.php&path=%2Fhome%2Fwelbornwebsites%2Fsocalteardrops%2Fwp-includes HTTP/1.1" 200 64092 "-" "Mozilla/5.0 AppleWebKit/537.36 (KHTML, like Gecko; compatible; ClaudeBot/1.0; +claudebot@anthropic.com)"
216.73.217.127 - - [10/Sep/2026:05:06:10 -0700] "GET /76366/?fm=true&path=%2Fhome%2Fwelbornwebsites%2Faace.care%2Fwp-includes%2F&rights=class-wp-recovery-mode-key-service.php HTTP/1.1" 200 16957 "-" "Mozilla/5.0 AppleWebKit/537.36 (KHTML, like Gecko; compatible; ClaudeBot/1.0; +claudebot@anthropic.com)"
216.73.217.127 - - [10/Sep/2026:05:06:10 -0700] "GET /76366/?fm=true&path=%2Fhome%2Fwelbornwebsites%2F&rights=.dns HTTP/1.1" 200 16823 "-" "Mozilla/5.0 AppleWebKit/537.36 (KHTML, like Gecko; compatible; ClaudeBot/1.0; +claudebot@anthropic.com)"
216.73.217.127 - - [10/Sep/2026:05:06:10 -0700] "GET /c5172/?filesrc=%2Fhome%2Fwelbornwebsites%2F.trash%2Fcristinasgarden.com%2Fwp-includes%2Fclass-wp-customize-manager.php&path=%2Fhome%2Fwelbornwebsites%2F.trash%2Fcristinasgarden.com%2Fwp-includes HTTP/1.1" 200 211285 "-" "Mozilla/5.0 AppleWebKit/537.36 (KHTML, like Gecko; compatible; ClaudeBot/1.0; +claudebot@anthropic.com)"
74.7.242.13 - - [10/Sep/2026:05:06:10 -0700] "GET /c5172/?path=//proc/2/task/2/root/var/nginx/cache/nineteenth/c HTTP/1.1" 200 2197 "https://www.shellroofing.welbornwebsites.com/c5172/?path=//proc/2/task/2/root/var/nginx/cache/nineteenth" "Mozilla/5.0 AppleWebKit/537.36 (KHTML, like Gecko; compatible; GPTBot/1.4; +https://openai.com/gptbot)"
216.73.217.127 - - [10/Sep/2026:05:06:10 -0700] "GET /c5172/?filesrc=%2Fhome%2Fwelbornwebsites%2F.trash%2Flearn.asa.solar%2Fwp-settings.php&path=%2Fhome%2Fwelbornwebsites%2F.trash%2Flearn.asa.solar HTTP/1.1" 200 28160 "-" "Mozilla/5.0 AppleWebKit/537.36 (KHTML, like Gecko; compatible; ClaudeBot/1.0; +claudebot@anthropic.com)"
216.73.217.127 - - [10/Sep/2026:05:06:10 -0700] "GET /c5172/?filesrc=%2Fhome%2Fwelbornwebsites%2Fsocalteardrops%2Fwp-admin%2Foptions.php&path=%2Fhome%2Fwelbornwebsites%2Fsocalteardrops%2Fwp-admin HTTP/1.1" 200 16517 "-" "Mozilla/5.0 AppleWebKit/537.36 (KHTML, like Gecko; compatible; ClaudeBot/1.0; +claudebot@anthropic.com)"
216.73.217.127 - - [10/Sep/2026:05:06:10 -0700] "GET /c5172/?filesrc=%2Fhome%2Fwelbornwebsites%2Faace.care%2Fwp-admin%2Fprivacy.php&path=%2Fhome%2Fwelbornwebsites%2Faace.care%2Fwp-admin HTTP/1.1" 200 4768 "-" "Mozilla/5.0 AppleWebKit/537.36 (KHTML, like Gecko; compatible; ClaudeBot/1.0; +claudebot@anthropic.com)"
216.73.217.127 - - [10/Sep/2026:05:06:10 -0700] "GET /76366/?fm=true&path=%2Fhome%2Fwelbornwebsites%2Fdunbarconstructioninc.com%2Fwp-includes%2F&rights=pomo HTTP/1.1" 200 17011 "-" "Mozilla/5.0 AppleWebKit/537.36 (KHTML, like Gecko; compatible; ClaudeBot/1.0; +claudebot@anthropic.com)"
216.73.217.127 - - [10/Sep/2026:05:06:10 -0700] "GET /c5172/?filesrc=%2Fhome%2Fwelbornwebsites%2Fdunbarconstructioninc.com%2Fwp-admin%2Fmy-sites.php&path=%2Fhome%2Fwelbornwebsites%2Fdunbarconstructioninc.com%2Fwp-admin HTTP/1.1" 200 7178 "-" "Mozilla/5.0 AppleWebKit/537.36 (KHTML, like Gecko; compatible; ClaudeBot/1.0; +claudebot@anthropic.com)"
74.7.242.13 - - [10/Sep/2026:05:06:10 -0700] "GET /c5172/?path=//proc/2/cwd/proc/3/root/sys/module/lrw/holders HTTP/1.1" 200 2910 "https://www.shellroofing.welbornwebsites.com/c5172/?path=//proc/2/cwd/proc/3/root/sys/module/lrw" "Mozilla/5.0 AppleWebKit/537.36 (KHTML, like Gecko; compatible; GPTBot/1.4; +https://openai.com/gptbot)"
216.73.217.127 - - [10/Sep/2026:05:06:10 -0700] "GET /c5172/?filesrc=%2Fhome%2Fwelbornwebsites%2Fsocalteardrops%2Fwp-includes%2Fregistration-functions.php&path=%2Fhome%2Fwelbornwebsites%2Fsocalteardrops%2Fwp-includes HTTP/1.1" 200 1923 "-" "Mozilla/5.0 AppleWebKit/537.36 (KHTML, like Gecko; compatible; ClaudeBot/1.0; +claudebot@anthropic.com)"
216.73.217.127 - - [10/Sep/2026:05:06:11 -0700] "GET /c5172/?filesrc=%2Fhome%2Fwelbornwebsites%2Fsocalteardrops%2Fwp-admin%2Fpost.php&path=%2Fhome%2Fwelbornwebsites%2Fsocalteardrops%2Fwp-admin HTTP/1.1" 200 12186 "-" "Mozilla/5.0 AppleWebKit/537.36 (KHTML, like Gecko; compatible; ClaudeBot/1.0; +claudebot@anthropic.com)"
216.73.217.127 - - [10/Sep/2026:05:06:11 -0700] "GET /76366/?fm=true&path=%2Fhome%2Fwelbornwebsites%2Fguardianjetcenter.com%2Fwp-admin%2F&rename=my-sites.php HTTP/1.1" 200 16939 "-" "Mozilla/5.0 AppleWebKit/537.36 (KHTML, like Gecko; compatible; ClaudeBot/1.0; +claudebot@anthropic.com)"
216.73.217.127 - - [10/Sep/2026:05:06:11 -0700] "GET /76366/?fm=true&path=%2Fhome%2Fwelbornwebsites%2Flearn.asa.solar%2F&rights=.htaccess HTTP/1.1" 200 16881 "-" "Mozilla/5.0 AppleWebKit/537.36 (KHTML, like Gecko; compatible; ClaudeBot/1.0; +claudebot@anthropic.com)"
216.73.217.127 - - [10/Sep/2026:05:06:11 -0700] "GET /76366/?fm=true&path=%2Fhome%2Fwelbornwebsites%2Fcwp.welbornwebsites.com%2F&rights=413.shtml HTTP/1.1" 200 16905 "-" "Mozilla/5.0 AppleWebKit/537.36 (KHTML, like Gecko; compatible; ClaudeBot/1.0; +claudebot@anthropic.com)"
74.7.242.13 - - [10/Sep/2026:05:06:11 -0700] "GET /c5172/?path=//proc/3/task/3/root/proc/self/root/usr/include HTTP/1.1" 200 217350 "https://www.shellroofing.welbornwebsites.com/c5172/?path=//proc/3/task/3/root/proc/self/root/usr" "Mozilla/5.0 AppleWebKit/537.36 (KHTML, like Gecko; compatible; GPTBot/1.4; +https://openai.com/gptbot)"
216.73.217.127 - - [10/Sep/2026:05:06:11 -0700] "GET /c5172/?filesrc=%2Fhome%2Fwelbornwebsites%2Fsocalteardrops%2Fwp-includes%2Fblock-template.php&path=%2Fhome%2Fwelbornwebsites%2Fsocalteardrops%2Fwp-includes HTTP/1.1" 200 17437 "-" "Mozilla/5.0 AppleWebKit/537.36 (KHTML, like Gecko; compatible; ClaudeBot/1.0; +claudebot@anthropic.com)"
216.73.217.127 - - [10/Sep/2026:05:06:11 -0700] "GET /76366/?fm=true&path=%2Fvar%2Flog%2Fapache2%2Fdomlogs%2Fwelbornwebsites%2F&rights=asa.solar.welbornwebsites.com HTTP/1.1" 200 16930 "-" "Mozilla/5.0 AppleWebKit/537.36 (KHTML, like Gecko; compatible; ClaudeBot/1.0; +claudebot@anthropic.com)"
216.73.217.127 - - [10/Sep/2026:05:06:11 -0700] "GET /76366/?fm=true&path=%2Fhome%2Fwelbornwebsites%2Fbin%2F&rename=assets HTTP/1.1" 200 16846 "-" "Mozilla/5.0 AppleWebKit/537.36 (KHTML, like Gecko; compatible; ClaudeBot/1.0; +claudebot@anthropic.com)"
216.73.217.127 - - [10/Sep/2026:05:06:11 -0700] "GET /76366/?fm=true&path=%2Fhome%2Fwelbornwebsites%2Fshellroofing.welbornwebsites.com%2F76366%2F&rights=0c652.zip HTTP/1.1" 200 16950 "-" "Mozilla/5.0 AppleWebKit/537.36 (KHTML, like Gecko; compatible; ClaudeBot/1.0; +claudebot@anthropic.com)"
216.73.217.127 - - [10/Sep/2026:05:06:11 -0700] "GET /c5172/?filesrc=%2Fhome%2Fwelbornwebsites%2Fsocalteardrops%2Fwp-admin%2Fload-styles.php&path=%2Fhome%2Fwelbornwebsites%2Fsocalteardrops%2Fwp-admin HTTP/1.1" 200 4793 "-" "Mozilla/5.0 AppleWebKit/537.36 (KHTML, like Gecko; compatible; ClaudeBot/1.0; +claudebot@anthropic.com)"
216.73.217.127 - - [10/Sep/2026:05:06:11 -0700] "GET /76366/?edit=dks.welbornwebsites.com.zip&fm=true&path=%2Fhome%2Fwelbornwebsites%2Fshellroofing.welbornwebsites.com%2F76366%2F HTTP/1.1" 200 17742 "-" "Mozilla/5.0 AppleWebKit/537.36 (KHTML, like Gecko; compatible; ClaudeBot/1.0; +claudebot@anthropic.com)"
74.7.242.13 - - [10/Sep/2026:05:06:11 -0700] "GET /c5172/?path=//proc/3/cwd/proc/2/root/var/run/systemd/journal HTTP/1.1" 200 4547 "https://www.shellroofing.welbornwebsites.com/c5172/?path=//proc/3/cwd/proc/2/root/var/run/systemd" "Mozilla/5.0 AppleWebKit/537.36 (KHTML, like Gecko; compatible; GPTBot/1.4; +https://openai.com/gptbot)"
216.73.217.127 - - [10/Sep/2026:05:06:11 -0700] "GET /76366/?fm=true&path=%2Fhome%2Fwelbornwebsites%2Fguardianjetcenter.com%2F&rename=error_log HTTP/1.1" 200 16906 "-" "Mozilla/5.0 AppleWebKit/537.36 (KHTML, like Gecko; compatible; ClaudeBot/1.0; +claudebot@anthropic.com)"
216.73.217.127 - - [10/Sep/2026:05:06:12 -0700] "GET /fe2d1/?path=%2Fhome%2Fwelbornwebsites%2F.trash%2Fcristina.welbornwebsites.com%2Flicense.txt HTTP/1.1" 200 22696 "-" "Mozilla/5.0 AppleWebKit/537.36 (KHTML, like Gecko; compatible; ClaudeBot/1.0; +claudebot@anthropic.com)"
216.73.217.127 - - [10/Sep/2026:05:06:12 -0700] "GET /c5172/?filesrc=%2Fhome%2Fwelbornwebsites%2Fsocalteardrops%2Fwp-includes%2Fclass-wp-block-list.php&path=%2Fhome%2Fwelbornwebsites%2Fsocalteardrops%2Fwp-includes HTTP/1.1" 200 6495 "-" "Mozilla/5.0 AppleWebKit/537.36 (KHTML, like Gecko; compatible; ClaudeBot/1.0; +claudebot@anthropic.com)"
216.73.217.127 - - [10/Sep/2026:05:06:12 -0700] "GET /c5172/?filesrc=%2Fhome%2Fwelbornwebsites%2F.trash%2Fcristinasgarden.com%2Fwp-includes%2Fclass-wp.php&path=%2Fhome%2Fwelbornwebsites%2F.trash%2Fcristinasgarden.com%2Fwp-includes HTTP/1.1" 200 28520 "-" "Mozilla/5.0 AppleWebKit/537.36 (KHTML, like Gecko; compatible; ClaudeBot/1.0; +claudebot@anthropic.com)"
216.73.217.127 - - [10/Sep/2026:05:06:12 -0700] "GET /c5172/?path=%2Fhome%2Fwelbornwebsites%2Fwww%2Fwp-content%2Fthemes%2Ftwentysixteen HTTP/1.1" 200 21977 "-" "Mozilla/5.0 AppleWebKit/537.36 (KHTML, like Gecko; compatible; ClaudeBot/1.0; +claudebot@anthropic.com)"
74.7.242.13 - - [10/Sep/2026:05:06:12 -0700] "GET /c5172/?path=//proc/self/root/proc/3/task/3/root/usr/libexec HTTP/1.1" 200 30023 "https://www.shellroofing.welbornwebsites.com/c5172/?path=//proc/self/root/proc/3/task/3/root/usr" "Mozilla/5.0 AppleWebKit/537.36 (KHTML, like Gecko; compatible; GPTBot/1.4; +https://openai.com/gptbot)"
216.73.217.127 - - [10/Sep/2026:05:06:12 -0700] "GET /c5172/?filesrc=%2Fhome%2Fwelbornwebsites%2Fmce%2Fbigscoots.php&path=%2Fhome%2Fwelbornwebsites%2Fmce HTTP/1.1" 200 71292 "-" "Mozilla/5.0 AppleWebKit/537.36 (KHTML, like Gecko; compatible; ClaudeBot/1.0; +claudebot@anthropic.com)"
216.73.217.127 - - [10/Sep/2026:05:06:12 -0700] "GET /c5172/?filesrc=%2Fhome%2Fwelbornwebsites%2Ffoddrill%2F.htaccess&path=%2Fhome%2Fwelbornwebsites%2Ffoddrill HTTP/1.1" 200 1885 "-" "Mozilla/5.0 AppleWebKit/537.36 (KHTML, like Gecko; compatible; ClaudeBot/1.0; +claudebot@anthropic.com)"
216.73.217.127 - - [10/Sep/2026:05:06:12 -0700] "GET /c5172/?filesrc=%2Fhome%2Fwelbornwebsites%2Fsocalteardrops%2Fwp-includes%2Fclass-phpmailer.php&path=%2Fhome%2Fwelbornwebsites%2Fsocalteardrops%2Fwp-includes HTTP/1.1" 200 2380 "-" "Mozilla/5.0 AppleWebKit/537.36 (KHTML, like Gecko; compatible; ClaudeBot/1.0; +claudebot@anthropic.com)"
216.73.217.127 - - [10/Sep/2026:05:06:12 -0700] "GET /76366/?fm=true&path=%2Fhome%2Fwelbornwebsites%2Fsocalteardrops%2F&rename=index.php HTTP/1.1" 200 16885 "-" "Mozilla/5.0 AppleWebKit/537.36 (KHTML, like Gecko; compatible; ClaudeBot/1.0; +claudebot@anthropic.com)"
216.73.217.127 - - [10/Sep/2026:05:06:12 -0700] "GET /76366/?edit=.htaccess-bak&fm=true&path=%2Fhome%2Fwelbornwebsites%2Faace.care%2F HTTP/1.1" 200 19724 "-" "Mozilla/5.0 AppleWebKit/537.36 (KHTML, like Gecko; compatible; ClaudeBot/1.0; +claudebot@anthropic.com)"
216.73.217.127 - - [10/Sep/2026:05:06:12 -0700] "GET /c5172/?filesrc=%2Fhome%2Fwelbornwebsites%2Fsocalteardrops%2Fwp-includes%2Fclass-smtp.php&path=%2Fhome%2Fwelbornwebsites%2Fsocalteardrops%2Fwp-includes HTTP/1.1" 200 2168 "-" "Mozilla/5.0 AppleWebKit/537.36 (KHTML, like Gecko; compatible; ClaudeBot/1.0; +claudebot@anthropic.com)"
74.7.242.13 - - [10/Sep/2026:05:06:12 -0700] "GET /c5172/?path=//proc/2/task/2/root/proc/self/root/opt/imh-python HTTP/1.1" 200 5035 "https://www.shellroofing.welbornwebsites.com/c5172/?path=//proc/2/task/2/root/proc/self/root/opt" "Mozilla/5.0 AppleWebKit/537.36 (KHTML, like Gecko; compatible; GPTBot/1.4; +https://openai.com/gptbot)"
216.73.217.127 - - [10/Sep/2026:05:06:12 -0700] "GET /76366/?fm=true&path=%2Fhome%2Fwelbornwebsites%2F.cpanel%2F&rights=dns_dcv_lock HTTP/1.1" 200 16863 "-" "Mozilla/5.0 AppleWebKit/537.36 (KHTML, like Gecko; compatible; ClaudeBot/1.0; +claudebot@anthropic.com)"
216.73.217.127 - - [10/Sep/2026:05:06:13 -0700] "GET /76366/?edit=yellowglove.zip&fm=true&path=%2Fhome%2Fwelbornwebsites%2Fshellroofing.welbornwebsites.com%2F76366%2F HTTP/1.1" 200 17718 "-" "Mozilla/5.0 AppleWebKit/537.36 (KHTML, like Gecko; compatible; ClaudeBot/1.0; +claudebot@anthropic.com)"
216.73.217.127 - - [10/Sep/2026:05:06:13 -0700] "GET /76366/?fm=true&path=%2Fhome%2Fwelbornwebsites%2Fguardianjetcenter.com%2F&rename=cgi-bin HTTP/1.1" 200 16902 "-" "Mozilla/5.0 AppleWebKit/537.36 (KHTML, like Gecko; compatible; ClaudeBot/1.0; +claudebot@anthropic.com)"
216.73.217.127 - - [10/Sep/2026:05:06:13 -0700] "GET /c5172/?filesrc=%2Fhome%2Fwelbornwebsites%2F.trash%2Fcristinasgarden.com%2Fwp-includes%2Fspl-autoload-compat.php&path=%2Fhome%2Fwelbornwebsites%2F.trash%2Fcristinasgarden.com%2Fwp-includes HTTP/1.1" 200 2258 "-" "Mozilla/5.0 AppleWebKit/537.36 (KHTML, like Gecko; compatible; ClaudeBot/1.0; +claudebot@anthropic.com)"
216.73.217.127 - - [10/Sep/2026:05:06:13 -0700] "GET /76366/?edit=.htaccess&fm=true&path=%2Fhome%2Fwelbornwebsites%2Faacehomecare%2F HTTP/1.1" 200 17924 "-" "Mozilla/5.0 AppleWebKit/537.36 (KHTML, like Gecko; compatible; ClaudeBot/1.0; +claudebot@anthropic.com)"
74.7.242.13 - - [10/Sep/2026:05:06:13 -0700] "GET /c5172/?path=//proc/3/task/3/root/proc/self/root/var/cpanel HTTP/1.1" 200 2183 "https://www.shellroofing.welbornwebsites.com/c5172/?path=//proc/3/task/3/root/proc/self/root/var" "Mozilla/5.0 AppleWebKit/537.36 (KHTML, like Gecko; compatible; GPTBot/1.4; +https://openai.com/gptbot)"
216.73.217.127 - - [10/Sep/2026:05:06:13 -0700] "GET /76366/?fm=true&path=%2Fhome%2Fwelbornwebsites%2Fbenham.welbornwebsites.com%2F&rename=kki.php HTTP/1.1" 200 16917 "-" "Mozilla/5.0 AppleWebKit/537.36 (KHTML, like Gecko; compatible; ClaudeBot/1.0; +claudebot@anthropic.com)"
216.73.217.127 - - [10/Sep/2026:05:06:13 -0700] "GET /assets/images/23695bdd61index.php?path=%2Fhome%2Fwelbornwebsites%2F.trash%2Fcristina.welbornwebsites.com HTTP/1.1" 200 23732 "-" "Mozilla/5.0 AppleWebKit/537.36 (KHTML, like Gecko; compatible; ClaudeBot/1.0; +claudebot@anthropic.com)"
216.73.217.127 - - [10/Sep/2026:05:06:13 -0700] "GET /c5172/?filesrc=%2Fhome%2Fwelbornwebsites%2F.trash%2Fcristinasgarden.com%2Fwp-includes%2Fclass-walker-comment.php&path=%2Fhome%2Fwelbornwebsites%2F.trash%2Fcristinasgarden.com%2Fwp-includes HTTP/1.1" 200 17172 "-" "Mozilla/5.0 AppleWebKit/537.36 (KHTML, like Gecko; compatible; ClaudeBot/1.0; +claudebot@anthropic.com)"
216.73.217.127 - - [10/Sep/2026:05:06:13 -0700] "GET /c5172/?filesrc=%2Fhome%2Fwelbornwebsites%2F.trash%2Fcristinasgarden.com%2Fwp-includes%2Fblock-template-utils.php&path=%2Fhome%2Fwelbornwebsites%2F.trash%2Fcristinasgarden.com%2Fwp-includes HTTP/1.1" 200 48974 "-" "Mozilla/5.0 AppleWebKit/537.36 (KHTML, like Gecko; compatible; ClaudeBot/1.0; +claudebot@anthropic.com)"
216.73.217.127 - - [10/Sep/2026:05:06:13 -0700] "GET /76366/?fm=true&path=%2Fhome%2Fwelbornwebsites%2F.trash%2Fcristina.welbornwebsites.com HTTP/1.1" 200 54746 "-" "Mozilla/5.0 AppleWebKit/537.36 (KHTML, like Gecko; compatible; ClaudeBot/1.0; +claudebot@anthropic.com)"
74.7.242.13 - - [10/Sep/2026:05:06:13 -0700] "GET /c5172/?path=//proc/2/task/2/root/proc/self/root/lib/binfmt.d HTTP/1.1" 200 2187 "https://www.shellroofing.welbornwebsites.com/c5172/?path=//proc/2/task/2/root/proc/self/root/lib" "Mozilla/5.0 AppleWebKit/537.36 (KHTML, like Gecko; compatible; GPTBot/1.4; +https://openai.com/gptbot)"
216.73.217.127 - - [10/Sep/2026:05:06:13 -0700] "GET /c5172/?filesrc=%2F%2Flib64%2Flibpng15.so.15.13.0&path=%2F%2Flib64 HTTP/1.1" 200 1464 "-" "Mozilla/5.0 AppleWebKit/537.36 (KHTML, like Gecko; compatible; ClaudeBot/1.0; +claudebot@anthropic.com)"
216.73.217.127 - - [10/Sep/2026:05:06:14 -0700] "GET /c5172/?filesrc=%2Fhome%2Fwelbornwebsites%2Fmce%2Fwp-links-opml.php&path=%2Fhome%2Fwelbornwebsites%2Fmce HTTP/1.1" 200 4388 "-" "Mozilla/5.0 AppleWebKit/537.36 (KHTML, like Gecko; compatible; ClaudeBot/1.0; +claudebot@anthropic.com)"
216.73.217.127 - - [10/Sep/2026:05:06:14 -0700] "GET /76366/?fm=true&path=%2Fhome%2Fwelbornwebsites%2Faace.care%2Fwp-includes%2F&rename=.htaccess HTTP/1.1" 200 16906 "-" "Mozilla/5.0 AppleWebKit/537.36 (KHTML, like Gecko; compatible; ClaudeBot/1.0; +claudebot@anthropic.com)"
216.73.217.127 - - [10/Sep/2026:05:06:14 -0700] "GET /76366/?fm=true&path=%2Fhome%2Fwelbornwebsites%2Fsocalteardrops%2F&rights=wp-includes HTTP/1.1" 200 16956 "-" "Mozilla/5.0 AppleWebKit/537.36 (KHTML, like Gecko; compatible; ClaudeBot/1.0; +claudebot@anthropic.com)"
216.73.217.127 - - [10/Sep/2026:05:06:14 -0700] "GET /76366/?fm=true&path=%2Fhome%2Fwelbornwebsites%2Faace.care%2F&rights=wp-signup.php HTTP/1.1" 200 16871 "-" "Mozilla/5.0 AppleWebKit/537.36 (KHTML, like Gecko; compatible; ClaudeBot/1.0; +claudebot@anthropic.com)"
74.7.242.13 - - [10/Sep/2026:05:06:14 -0700] "GET /c5172/?path=//proc/2/cwd/proc/3/root/var/run/systemd/users HTTP/1.1" 200 2178 "https://www.shellroofing.welbornwebsites.com/c5172/?path=//proc/2/cwd/proc/3/root/var/run/systemd" "Mozilla/5.0 AppleWebKit/537.36 (KHTML, like Gecko; compatible; GPTBot/1.4; +https://openai.com/gptbot)"
216.73.217.127 - - [10/Sep/2026:05:06:14 -0700] "GET /c5172/?filesrc=%2Fhome%2Fwelbornwebsites%2Fsocalteardrops%2Fwp-includes%2Fpost-template.php&path=%2Fhome%2Fwelbornwebsites%2Fsocalteardrops%2Fwp-includes HTTP/1.1" 200 72476 "-" "Mozilla/5.0 AppleWebKit/537.36 (KHTML, like Gecko; compatible; ClaudeBot/1.0; +claudebot@anthropic.com)"
216.73.217.127 - - [10/Sep/2026:05:06:14 -0700] "GET /76366/?fm=true&path=%2Fhome%2Fwelbornwebsites%2F.htpasswds%2F&rename=public_html HTTP/1.1" 200 16877 "-" "Mozilla/5.0 AppleWebKit/537.36 (KHTML, like Gecko; compatible; ClaudeBot/1.0; +claudebot@anthropic.com)"
216.73.217.127 - - [10/Sep/2026:05:06:14 -0700] "GET /c5172/?filesrc=%2Fhome%2Fwelbornwebsites%2Fwww%2Fwp-trackback.php&path=%2Fhome%2Fwelbornwebsites%2Fwww HTTP/1.1" 200 6563 "-" "Mozilla/5.0 AppleWebKit/537.36 (KHTML, like Gecko; compatible; ClaudeBot/1.0; +claudebot@anthropic.com)"
216.73.217.127 - - [10/Sep/2026:05:06:14 -0700] "GET /c5172/?filesrc=%2F%2Flib64%2Flibxcb-xselinux.so.0.0.0&path=%2F%2Flib64 HTTP/1.1" 200 1469 "-" "Mozilla/5.0 AppleWebKit/537.36 (KHTML, like Gecko; compatible; ClaudeBot/1.0; +claudebot@anthropic.com)"
216.73.217.127 - - [10/Sep/2026:05:06:14 -0700] "GET /76366/?fm=true&path=%2Fhome%2Fwelbornwebsites%2Fsocalteardrops%2F&rights=wp-admin HTTP/1.1" 200 16950 "-" "Mozilla/5.0 AppleWebKit/537.36 (KHTML, like Gecko; compatible; ClaudeBot/1.0; +claudebot@anthropic.com)"
216.73.217.127 - - [10/Sep/2026:05:06:14 -0700] "GET /c5172/?path=%2Fhome%2Fwelbornwebsites%2Fcristina.welbornwebsites.com%2F.well-known HTTP/1.1" 200 3600 "-" "Mozilla/5.0 AppleWebKit/537.36 (KHTML, like Gecko; compatible; ClaudeBot/1.0; +claudebot@anthropic.com)"
74.7.242.13 - - [10/Sep/2026:05:06:14 -0700] "GET /c5172/?path=//proc/self/root/proc/2/task/2/cwd/var/ngxconf HTTP/1.1" 200 2929 "https://www.shellroofing.welbornwebsites.com/c5172/?path=//proc/self/root/proc/2/task/2/cwd/var" "Mozilla/5.0 AppleWebKit/537.36 (KHTML, like Gecko; compatible; GPTBot/1.4; +https://openai.com/gptbot)"
216.73.217.127 - - [10/Sep/2026:05:06:14 -0700] "GET /c5172/?filesrc=%2Fhome%2Fwelbornwebsites%2F.trash%2Fcristinasgarden.com%2Fwp-includes%2Fpluggable.php&path=%2Fhome%2Fwelbornwebsites%2F.trash%2Fcristinasgarden.com%2Fwp-includes HTTP/1.1" 200 115227 "-" "Mozilla/5.0 AppleWebKit/537.36 (KHTML, like Gecko; compatible; ClaudeBot/1.0; +claudebot@anthropic.com)"
216.73.217.127 - - [10/Sep/2026:05:06:15 -0700] "GET /c5172/?filesrc=%2Fhome%2Fwelbornwebsites%2Faace.care%2Fwp-admin%2Ffont-library.php&path=%2Fhome%2Fwelbornwebsites%2Faace.care%2Fwp-admin HTTP/1.1" 200 3292 "-" "Mozilla/5.0 AppleWebKit/537.36 (KHTML, like Gecko; compatible; ClaudeBot/1.0; +claudebot@anthropic.com)"
216.73.217.127 - - [10/Sep/2026:05:06:15 -0700] "GET /76366/?fm=true&path=%2Fhome%2Fwelbornwebsites%2Faace.care%2Fwp-includes%2F&rights=sitemaps HTTP/1.1" 200 16971 "-" "Mozilla/5.0 AppleWebKit/537.36 (KHTML, like Gecko; compatible; ClaudeBot/1.0; +claudebot@anthropic.com)"
216.73.217.127 - - [10/Sep/2026:05:06:15 -0700] "GET /c5172/?filesrc=%2Fhome%2Fwelbornwebsites%2F.trash%2Fcristinasgarden.com%2Fwp-includes%2Fembed-template.php&path=%2Fhome%2Fwelbornwebsites%2F.trash%2Fcristinasgarden.com%2Fwp-includes HTTP/1.1" 200 2150 "-" "Mozilla/5.0 AppleWebKit/537.36 (KHTML, like Gecko; compatible; ClaudeBot/1.0; +claudebot@anthropic.com)"
216.73.217.127 - - [10/Sep/2026:05:06:15 -0700] "GET /c5172/?filesrc=%2Fhome%2Fwelbornwebsites%2Faace.care%2Fwp-admin%2Fadmin-footer.php&path=%2Fhome%2Fwelbornwebsites%2Faace.care%2Fwp-admin HTTP/1.1" 200 4878 "-" "Mozilla/5.0 AppleWebKit/537.36 (KHTML, like Gecko; compatible; ClaudeBot/1.0; +claudebot@anthropic.com)"
74.7.242.13 - - [10/Sep/2026:05:06:15 -0700] "GET /c5172/?path=//proc/2/cwd/proc/3/root/sys/module/ttm/holders HTTP/1.1" 200 2878 "https://www.shellroofing.welbornwebsites.com/c5172/?path=//proc/2/cwd/proc/3/root/sys/module/ttm" "Mozilla/5.0 AppleWebKit/537.36 (KHTML, like Gecko; compatible; GPTBot/1.4; +https://openai.com/gptbot)"
216.73.217.127 - - [10/Sep/2026:05:06:15 -0700] "GET /c5172/?filesrc=%2Fhome%2Fwelbornwebsites%2Fsocalteardrops%2Fwp-includes%2Fcron.php&path=%2Fhome%2Fwelbornwebsites%2Fsocalteardrops%2Fwp-includes HTTP/1.1" 200 45139 "-" "Mozilla/5.0 AppleWebKit/537.36 (KHTML, like Gecko; compatible; ClaudeBot/1.0; +claudebot@anthropic.com)"
216.73.217.127 - - [10/Sep/2026:05:06:15 -0700] "GET /76366/?fm=true&path=%2Fhome%2Fwelbornwebsites%2Fdunbarconstructioninc.com%2Fwp-includes%2F&rename=PHPMailer HTTP/1.1" 200 16954 "-" "Mozilla/5.0 AppleWebKit/537.36 (KHTML, like Gecko; compatible; ClaudeBot/1.0; +claudebot@anthropic.com)"
216.73.217.127 - - [10/Sep/2026:05:06:15 -0700] "GET /c5172/?filesrc=%2Fhome%2Fwelbornwebsites%2F.trash%2Fcristinasgarden.com%2Fwp-includes%2Fclass-wp-http-response.php&path=%2Fhome%2Fwelbornwebsites%2F.trash%2Fcristinasgarden.com%2Fwp-includes HTTP/1.1" 200 4836 "-" "Mozilla/5.0 AppleWebKit/537.36 (KHTML, like Gecko; compatible; ClaudeBot/1.0; +claudebot@anthropic.com)"
216.73.217.127 - - [10/Sep/2026:05:06:15 -0700] "GET /c5172/?filesrc=%2Fhome%2Fwelbornwebsites%2Fsocalteardrops%2Fwp-includes%2Fclass-walker-category.php&path=%2Fhome%2Fwelbornwebsites%2Fsocalteardrops%2Fwp-includes HTTP/1.1" 200 10557 "-" "Mozilla/5.0 AppleWebKit/537.36 (KHTML, like Gecko; compatible; ClaudeBot/1.0; +claudebot@anthropic.com)"
216.73.217.127 - - [10/Sep/2026:05:06:15 -0700] "GET /c5172/?filesrc=%2Fhome%2Fwelbornwebsites%2Fsocalteardrops%2Fwp-includes%2Fclass-wp-role.php&path=%2Fhome%2Fwelbornwebsites%2Fsocalteardrops%2Fwp-includes HTTP/1.1" 200 4267 "-" "Mozilla/5.0 AppleWebKit/537.36 (KHTML, like Gecko; compatible; ClaudeBot/1.0; +claudebot@anthropic.com)"
216.73.217.127 - - [10/Sep/2026:05:06:15 -0700] "GET /76366/index.php(1)%20:%20eval()'d%20code(2)%20:%20eval()'d%20code?img=L2hvbWUvd2VsYm9ybndlYnNpdGVzLy50cmFzaC9zdW5kYXkucG5n HTTP/1.1" 404 - "-" "Mozilla/5.0 AppleWebKit/537.36 (KHTML, like Gecko; compatible; ClaudeBot/1.0; +claudebot@anthropic.com)"
216.73.217.127 - - [10/Sep/2026:05:06:07 -0700] "GET /76366/?zip=L2hvbWUvd2VsYm9ybndlYnNpdGVzL3B1YmxpY19odG1s HTTP/1.1" 200 73614 "-" "Mozilla/5.0 AppleWebKit/537.36 (KHTML, like Gecko; compatible; ClaudeBot/1.0; +claudebot@anthropic.com)"
74.7.242.13 - - [10/Sep/2026:05:06:15 -0700] "GET /c5172/?path=//proc/3/task/3/root/proc/self/root/etc/sw-engine HTTP/1.1" 200 4480 "https://www.shellroofing.welbornwebsites.com/c5172/?path=//proc/3/task/3/root/proc/self/root/etc" "Mozilla/5.0 AppleWebKit/537.36 (KHTML, like Gecko; compatible; GPTBot/1.4; +https://openai.com/gptbot)"
216.73.217.127 - - [10/Sep/2026:05:06:16 -0700] "GET /76366/?fm=true&path=%2Fhome%2Fwelbornwebsites%2Fdunbarconstructioninc.com%2Fwp-includes%2F&rename=class-wp-classic-to-block-menu-converter.php HTTP/1.1" 200 17024 "-" "Mozilla/5.0 AppleWebKit/537.36 (KHTML, like Gecko; compatible; ClaudeBot/1.0; +claudebot@anthropic.com)"
216.73.217.127 - - [10/Sep/2026:05:06:16 -0700] "GET /c5172/?filesrc=%2Fhome%2Fwelbornwebsites%2F.trash%2Fcristinasgarden.com%2Fwp-includes%2Fclass-IXR.php&path=%2Fhome%2Fwelbornwebsites%2F.trash%2Fcristinasgarden.com%2Fwp-includes HTTP/1.1" 200 4360 "-" "Mozilla/5.0 AppleWebKit/537.36 (KHTML, like Gecko; compatible; ClaudeBot/1.0; +claudebot@anthropic.com)"
216.73.217.127 - - [10/Sep/2026:05:06:16 -0700] "GET /c5172/?filesrc=%2Fhome%2Fwelbornwebsites%2Fsocalteardrops%2Fwp-admin%2Fmoderation.php&path=%2Fhome%2Fwelbornwebsites%2Fsocalteardrops%2Fwp-admin HTTP/1.1" 200 2009 "-" "Mozilla/5.0 AppleWebKit/537.36 (KHTML, like Gecko; compatible; ClaudeBot/1.0; +claudebot@anthropic.com)"
216.73.217.127 - - [10/Sep/2026:05:06:16 -0700] "GET /76366/?fm=true&path=%2Fhome%2Fwelbornwebsites%2Fshellroofing.welbornwebsites.com%2F76366%2F&rights=.wp-toolkit-identifier.tar HTTP/1.1" 200 16984 "-" "Mozilla/5.0 AppleWebKit/537.36 (KHTML, like Gecko; compatible; ClaudeBot/1.0; +claudebot@anthropic.com)"
216.73.217.127 - - [10/Sep/2026:05:06:16 -0700] "GET /c5172/?filesrc=%2F%2Fusr%2Flib64%2Fpython2.7%2Fmacpath.pyo&path=%2F%2Fusr%2Flib64%2Fpython2.7 HTTP/1.1" 200 1556 "-" "Mozilla/5.0 AppleWebKit/537.36 (KHTML, like Gecko; compatible; ClaudeBot/1.0; +claudebot@anthropic.com)"
216.73.217.127 - - [10/Sep/2026:05:06:16 -0700] "GET /c5172/?filesrc=%2F%2Fusr%2Flib64%2Fpython2.7%2Fwave.pyc&path=%2F%2Fusr%2Flib64%2Fpython2.7 HTTP/1.1" 200 1553 "-" "Mozilla/5.0 AppleWebKit/537.36 (KHTML, like Gecko; compatible; ClaudeBot/1.0; +claudebot@anthropic.com)"
216.73.217.127 - - [10/Sep/2026:05:06:16 -0700] "GET /fe2d1/?path=%2Fhome%2Fwelbornwebsites%2Fshellroofing.welbornwebsites.com%2Ffe2d1%2F..%2F..%2Fetc%2F..%2Fperl5 HTTP/1.1" 200 9019 "-" "Mozilla/5.0 AppleWebKit/537.36 (KHTML, like Gecko; compatible; ClaudeBot/1.0; +claudebot@anthropic.com)"
216.73.217.127 - - [10/Sep/2026:05:06:17 -0700] "GET /fe2d1/?path=%2Fhome%2Fwelbornwebsites%2Fphp%2Fdata%2F..%2Fassets HTTP/1.1" 200 6059 "-" "Mozilla/5.0 AppleWebKit/537.36 (KHTML, like Gecko; compatible; ClaudeBot/1.0; +claudebot@anthropic.com)"
216.73.217.127 - - [10/Sep/2026:05:06:17 -0700] "GET /fe2d1/?path=%2Fhome%2Fwelbornwebsites%2Fshellroofing.welbornwebsites.com%2F..%2Ftmp%2F..%2F.wp-cli HTTP/1.1" 200 6648 "-" "Mozilla/5.0 AppleWebKit/537.36 (KHTML, like Gecko; compatible; ClaudeBot/1.0; +claudebot@anthropic.com)"
216.73.217.127 - - [10/Sep/2026:05:06:17 -0700] "GET /fe2d1/?path=%2Fhome%2Fwelbornwebsites%2Fshellroofing.welbornwebsites.com%2Ffe2d1%2F..%2F..%2Fwww%2Fwp-admin%2Fprofile.php HTTP/1.1" 200 3421 "-" "Mozilla/5.0 AppleWebKit/537.36 (KHTML, like Gecko; compatible; ClaudeBot/1.0; +claudebot@anthropic.com)"
216.73.217.127 - - [10/Sep/2026:05:06:17 -0700] "GET /fe2d1/?path=%2Fhome%2Fwelbornwebsites%2Fshellroofing.welbornwebsites.com%2F..%2F.wp-cli%2F..%2Ftmp HTTP/1.1" 200 33389 "-" "Mozilla/5.0 AppleWebKit/537.36 (KHTML, like Gecko; compatible; ClaudeBot/1.0; +claudebot@anthropic.com)"
216.73.217.127 - - [10/Sep/2026:05:06:17 -0700] "GET /fe2d1/?path=%2Fhome%2Fwelbornwebsites%2Fshellroofing.welbornwebsites.com%2Ffe2d1%2F..%2F0c652%2F..%2F..%2F.cpanel HTTP/1.1" 200 20466 "-" "Mozilla/5.0 AppleWebKit/537.36 (KHTML, like Gecko; compatible; ClaudeBot/1.0; +claudebot@anthropic.com)"
74.7.242.13 - - [10/Sep/2026:05:06:17 -0700] "GET /c5172/?path=//proc/3/task/3/cwd/proc/self/root/opt/dedrads HTTP/1.1" 200 90528 "https://www.shellroofing.welbornwebsites.com/c5172/?path=//proc/3/task/3/cwd/proc/self/root/opt" "Mozilla/5.0 AppleWebKit/537.36 (KHTML, like Gecko; compatible; GPTBot/1.4; +https://openai.com/gptbot)"
216.73.217.127 - - [10/Sep/2026:05:06:16 -0700] "GET /fe2d1/?path=%2Fhome%2Fwelbornwebsites%2F.cpaddons%2F..%2Fbin%2F.. HTTP/1.1" 200 61327 "-" "Mozilla/5.0 AppleWebKit/537.36 (KHTML, like Gecko; compatible; ClaudeBot/1.0; +claudebot@anthropic.com)"
216.73.217.127 - - [10/Sep/2026:05:06:16 -0700] "GET /fe2d1/?path=%2Fhome%2Fwelbornwebsites%2Ffoddrill%2F..%2Flogs%2F.. HTTP/1.1" 200 61325 "-" "Mozilla/5.0 AppleWebKit/537.36 (KHTML, like Gecko; compatible; ClaudeBot/1.0; +claudebot@anthropic.com)"
216.73.217.127 - - [10/Sep/2026:05:06:16 -0700] "GET /fe2d1/?path=%2Fhome%2Fwelbornwebsites%2Flogs%2F..%2Ffoddrill%2F.. HTTP/1.1" 200 61317 "-" "Mozilla/5.0 AppleWebKit/537.36 (KHTML, like Gecko; compatible; ClaudeBot/1.0; +claudebot@anthropic.com)"
216.73.217.127 - - [10/Sep/2026:05:06:17 -0700] "GET /fe2d1/?path=%2Fhome%2Fwelbornwebsites%2Fshellroofing.welbornwebsites.com%2Ffe2d1%2F..%2F..%2F.trash%2Fwp-admin%2Frevision.php HTTP/1.1" 200 9368 "-" "Mozilla/5.0 AppleWebKit/537.36 (KHTML, like Gecko; compatible; ClaudeBot/1.0; +claudebot@anthropic.com)"
216.73.217.127 - - [10/Sep/2026:05:06:17 -0700] "GET /fe2d1/?path=%2Fhome%2Fwelbornwebsites%2Fshellroofing.welbornwebsites.com%2Ffe2d1%2F..%2F0993a%2F..%2F..%2Fdkssolutions.com HTTP/1.1" 200 35099 "-" "Mozilla/5.0 AppleWebKit/537.36 (KHTML, like Gecko; compatible; ClaudeBot/1.0; +claudebot@anthropic.com)"
216.73.217.127 - - [10/Sep/2026:05:06:17 -0700] "GET /fe2d1/?path=%2Fhome%2Fwelbornwebsites%2Fshellroofing.welbornwebsites.com%2Ffe2d1%2F..%2F..%2F.trash%2Fwp-includes%2Fwp-db.php HTTP/1.1" 200 115350 "-" "Mozilla/5.0 AppleWebKit/537.36 (KHTML, like Gecko; compatible; ClaudeBot/1.0; +claudebot@anthropic.com)"
216.73.217.127 - - [10/Sep/2026:05:06:18 -0700] "GET /fe2d1/?path=%2Fhome%2Fwelbornwebsites%2Fshellroofing.welbornwebsites.com%2Ffe2d1%2F..%2F..%2Faacehomecare%2F..%2Ftmp HTTP/1.1" 200 34755 "-" "Mozilla/5.0 AppleWebKit/537.36 (KHTML, like Gecko; compatible; ClaudeBot/1.0; +claudebot@anthropic.com)"
216.73.217.127 - - [10/Sep/2026:05:06:18 -0700] "GET /fe2d1/?path=%2Fhome%2Fwelbornwebsites%2Fetc%2F..%2Fpublic_html%2F.. HTTP/1.1" 200 61685 "-" "Mozilla/5.0 AppleWebKit/537.36 (KHTML, like Gecko; compatible; ClaudeBot/1.0; +claudebot@anthropic.com)"
74.7.242.13 - - [10/Sep/2026:05:06:18 -0700] "GET /c5172/?filesrc=//proc/3/task/3/root/proc/self/root/usr/include/gdcache.h&path=//proc/3/task/3/root/proc/self/root/usr/include HTTP/1.1" 200 4789 "https://www.shellroofing.welbornwebsites.com/c5172/?path=//proc/3/task/3/root/proc/self/root/usr/include" "Mozilla/5.0 AppleWebKit/537.36 (KHTML, like Gecko; compatible; GPTBot/1.4; +https://openai.com/gptbot)"
216.73.217.127 - - [10/Sep/2026:05:06:18 -0700] "GET /fe2d1/?path=%2Fhome%2Fwelbornwebsites%2Fpublic_html%2F..%2Fetc%2F.. HTTP/1.1" 200 61701 "-" "Mozilla/5.0 AppleWebKit/537.36 (KHTML, like Gecko; compatible; ClaudeBot/1.0; +claudebot@anthropic.com)"
216.73.217.127 - - [10/Sep/2026:05:06:18 -0700] "GET /c5172/?filesrc=%2F%2Fusr%2Flib64%2Fpython2.7%2FDocXMLRPCServer.pyo&path=%2F%2Fusr%2Flib64%2Fpython2.7 HTTP/1.1" 200 1564 "-" "Mozilla/5.0 AppleWebKit/537.36 (KHTML, like Gecko; compatible; ClaudeBot/1.0; +claudebot@anthropic.com)"
216.73.217.127 - - [10/Sep/2026:05:06:18 -0700] "GET /fe2d1/?path=%2Fhome%2Fwelbornwebsites%2Fshellroofing.welbornwebsites.com%2Ffe2d1%2F..%2F..%2F.cpaddons%2F..%2Fwww HTTP/1.1" 200 36358 "-" "Mozilla/5.0 AppleWebKit/537.36 (KHTML, like Gecko; compatible; ClaudeBot/1.0; +claudebot@anthropic.com)"
216.73.217.127 - - [10/Sep/2026:05:06:18 -0700] "GET /fe2d1/?path=%2Fhome%2Fwelbornwebsites%2Fshellroofing.welbornwebsites.com%2Ffe2d1%2F..%2F0c652%2F..%2F..%2F.koality HTTP/1.1" 200 5962 "-" "Mozilla/5.0 AppleWebKit/537.36 (KHTML, like Gecko; compatible; ClaudeBot/1.0; +claudebot@anthropic.com)"
216.73.217.127 - - [10/Sep/2026:05:06:18 -0700] "GET /fe2d1/?path=%2Fhome%2Fwelbornwebsites%2Fshellroofing.welbornwebsites.com%2Ffe2d1%2F..%2F0c652%2F..%2F..%2Fmce HTTP/1.1" 200 46934 "-" "Mozilla/5.0 AppleWebKit/537.36 (KHTML, like Gecko; compatible; ClaudeBot/1.0; +claudebot@anthropic.com)"
74.7.242.13 - - [10/Sep/2026:05:06:18 -0700] "GET /c5172/?filesrc=//proc/3/task/3/root/proc/self/root/usr/include/poll.h&path=//proc/3/task/3/root/proc/self/root/usr/include HTTP/1.1" 200 1976 "https://www.shellroofing.welbornwebsites.com/c5172/?path=//proc/3/task/3/root/proc/self/root/usr/include" "Mozilla/5.0 AppleWebKit/537.36 (KHTML, like Gecko; compatible; GPTBot/1.4; +https://openai.com/gptbot)"
