216.73.217.127 - - [10/Sep/2026:05:08:01 -0700] "GET /fe2d1/?path=%2Fhome%2Fwelbornwebsites%2Fshellroofing.welbornwebsites.com%2Ffe2d1%2F..%2Fc5172%2F..%2F..%2Fyellowglove HTTP/1.1" 200 9297 "-" "Mozilla/5.0 AppleWebKit/537.36 (KHTML, like Gecko; compatible; ClaudeBot/1.0; +claudebot@anthropic.com)"
216.73.217.127 - - [10/Sep/2026:05:08:01 -0700] "GET /fe2d1/?path=%2Fhome%2Fwelbornwebsites%2Fshellroofing.welbornwebsites.com%2Ffe2d1%2F..%2F..%2Fasa.solar%2F..%2F.zshrc HTTP/1.1" 200 3755 "-" "Mozilla/5.0 AppleWebKit/537.36 (KHTML, like Gecko; compatible; ClaudeBot/1.0; +claudebot@anthropic.com)"
216.73.217.127 - - [10/Sep/2026:05:08:01 -0700] "GET /fe2d1/?path=%2Fhome%2Fwelbornwebsites%2Fshellroofing.welbornwebsites.com%2F..%2F.trash%2Fforminator%2F..%2Fxmlrpc.php HTTP/1.1" 200 6752 "-" "Mozilla/5.0 AppleWebKit/537.36 (KHTML, like Gecko; compatible; ClaudeBot/1.0; +claudebot@anthropic.com)"
216.73.217.127 - - [10/Sep/2026:05:08:01 -0700] "GET /fe2d1/?path=%2Fhome%2Fwelbornwebsites%2Fshellroofing.welbornwebsites.com%2F..%2Fperl5%2F..%2Fphp HTTP/1.1" 200 15922 "-" "Mozilla/5.0 AppleWebKit/537.36 (KHTML, like Gecko; compatible; ClaudeBot/1.0; +claudebot@anthropic.com)"
74.7.242.13 - - [10/Sep/2026:05:08:01 -0700] "GET /c5172/?path=//proc/2/cwd/proc/3/root/sys/module/ptp/holders HTTP/1.1" 200 2882 "https://www.shellroofing.welbornwebsites.com/c5172/?path=//proc/2/cwd/proc/3/root/sys/module/ptp" "Mozilla/5.0 AppleWebKit/537.36 (KHTML, like Gecko; compatible; GPTBot/1.4; +https://openai.com/gptbot)"
216.73.217.127 - - [10/Sep/2026:05:08:01 -0700] "GET /fe2d1/?path=%2Fhome%2Fwelbornwebsites%2Fshellroofing.welbornwebsites.com%2F..%2Fphp%2F..%2Fperl5 HTTP/1.1" 200 8640 "-" "Mozilla/5.0 AppleWebKit/537.36 (KHTML, like Gecko; compatible; ClaudeBot/1.0; +claudebot@anthropic.com)"
216.73.217.127 - - [10/Sep/2026:05:08:01 -0700] "GET /fe2d1/?path=%2Fhome%2Fwelbornwebsites%2Ffoddrill%2F..%2Fdkssolutions.com%2Fwp-load.php HTTP/1.1" 200 6420 "-" "Mozilla/5.0 AppleWebKit/537.36 (KHTML, like Gecko; compatible; ClaudeBot/1.0; +claudebot@anthropic.com)"
216.73.217.127 - - [10/Sep/2026:05:08:02 -0700] "GET /fe2d1/?path=%2Fhome%2Fwelbornwebsites%2Fshellroofing.welbornwebsites.com%2F..%2Ftmp%2F..%2Ffoddrill HTTP/1.1" 200 8816 "-" "Mozilla/5.0 AppleWebKit/537.36 (KHTML, like Gecko; compatible; ClaudeBot/1.0; +claudebot@anthropic.com)"
216.73.217.127 - - [10/Sep/2026:05:08:02 -0700] "GET /c5172/?path=%2F%2Fvar%2Frun%2Fuser HTTP/1.1" 200 1798 "-" "Mozilla/5.0 AppleWebKit/537.36 (KHTML, like Gecko; compatible; ClaudeBot/1.0; +claudebot@anthropic.com)"
216.73.217.127 - - [10/Sep/2026:05:08:02 -0700] "GET /fe2d1/?path=%2Fhome%2Fwelbornwebsites%2Faace.care%2F..%2F.wp-cli%2Fcache HTTP/1.1" 200 7127 "-" "Mozilla/5.0 AppleWebKit/537.36 (KHTML, like Gecko; compatible; ClaudeBot/1.0; +claudebot@anthropic.com)"
74.7.242.13 - - [10/Sep/2026:05:08:02 -0700] "GET /c5172/?path=//proc/self/root/proc/2/task/2/cwd/lib/fontconfig HTTP/1.1" 200 2915 "https://www.shellroofing.welbornwebsites.com/c5172/?path=//proc/self/root/proc/2/task/2/cwd/lib" "Mozilla/5.0 AppleWebKit/537.36 (KHTML, like Gecko; compatible; GPTBot/1.4; +https://openai.com/gptbot)"
216.73.217.127 - - [10/Sep/2026:05:08:02 -0700] "GET /fe2d1/?path=%2Fhome%2Fwelbornwebsites%2Fshellroofing.welbornwebsites.com%2Ffe2d1%2F..%2F..%2F.cpanel%2F..%2Fguardianjetcenter HTTP/1.1" 200 9450 "-" "Mozilla/5.0 AppleWebKit/537.36 (KHTML, like Gecko; compatible; ClaudeBot/1.0; +claudebot@anthropic.com)"
216.73.217.127 - - [10/Sep/2026:05:08:02 -0700] "GET /fe2d1/?path=%2Fhome%2Fwelbornwebsites%2Fbin%2F..%2F.bash_logout HTTP/1.1" 200 2519 "-" "Mozilla/5.0 AppleWebKit/537.36 (KHTML, like Gecko; compatible; ClaudeBot/1.0; +claudebot@anthropic.com)"
216.73.217.127 - - [10/Sep/2026:05:08:02 -0700] "GET /fe2d1/?path=%2Fhome%2Fwelbornwebsites%2Ffoddrill%2F..%2Fpublic_html%2Fwp-activate.php HTTP/1.1" 200 11021 "-" "Mozilla/5.0 AppleWebKit/537.36 (KHTML, like Gecko; compatible; ClaudeBot/1.0; +claudebot@anthropic.com)"
216.73.217.127 - - [10/Sep/2026:05:08:02 -0700] "GET /fe2d1/?path=%2Fhome%2Fwelbornwebsites%2Fguardianjetcenter.com%2F..%2F.trash%2F..%2Fphp HTTP/1.1" 200 15480 "-" "Mozilla/5.0 AppleWebKit/537.36 (KHTML, like Gecko; compatible; ClaudeBot/1.0; +claudebot@anthropic.com)"
216.73.217.127 - - [10/Sep/2026:05:08:02 -0700] "GET /fe2d1/?path=%2Fhome%2Fwelbornwebsites%2Fpublic_html%2F..%2F.wp-cli%2F. HTTP/1.1" 200 6158 "-" "Mozilla/5.0 AppleWebKit/537.36 (KHTML, like Gecko; compatible; ClaudeBot/1.0; +claudebot@anthropic.com)"
216.73.217.127 - - [10/Sep/2026:05:08:02 -0700] "GET /c5172/?path=%2F%2Flib%2Frpm%2Fplatform%2Fgeode-linux HTTP/1.1" 200 2607 "-" "Mozilla/5.0 AppleWebKit/537.36 (KHTML, like Gecko; compatible; ClaudeBot/1.0; +claudebot@anthropic.com)"
74.7.242.13 - - [10/Sep/2026:05:08:02 -0700] "GET /c5172/?path=//proc/2/task/2/cwd/proc/self/root/etc/cron.weekly HTTP/1.1" 200 2186 "https://www.shellroofing.welbornwebsites.com/c5172/?path=//proc/2/task/2/cwd/proc/self/root/etc" "Mozilla/5.0 AppleWebKit/537.36 (KHTML, like Gecko; compatible; GPTBot/1.4; +https://openai.com/gptbot)"
216.73.217.127 - - [10/Sep/2026:05:08:02 -0700] "GET /fe2d1/?path=%2Fhome%2Fwelbornwebsites%2Faacehomecare%2F..%2Fetc%2F..%2F.wp-cli HTTP/1.1" 200 6308 "-" "Mozilla/5.0 AppleWebKit/537.36 (KHTML, like Gecko; compatible; ClaudeBot/1.0; +claudebot@anthropic.com)"
216.73.217.127 - - [10/Sep/2026:05:08:02 -0700] "GET /fe2d1/?path=%2Fhome%2Fwelbornwebsites%2F.wp-cli%2F.%2F..%2Fpublic_html HTTP/1.1" 200 32600 "-" "Mozilla/5.0 AppleWebKit/537.36 (KHTML, like Gecko; compatible; ClaudeBot/1.0; +claudebot@anthropic.com)"
216.73.217.127 - - [10/Sep/2026:05:08:03 -0700] "GET /c5172/?path=%2F%2Fproc%2F175%2Fmap_files HTTP/1.1" 200 1812 "-" "Mozilla/5.0 AppleWebKit/537.36 (KHTML, like Gecko; compatible; ClaudeBot/1.0; +claudebot@anthropic.com)"
216.73.217.127 - - [10/Sep/2026:05:08:03 -0700] "GET /fe2d1/?path=%2Fhome%2Fwelbornwebsites%2F.%2F.wp-cli%2F..%2Fpublic_html HTTP/1.1" 200 32594 "-" "Mozilla/5.0 AppleWebKit/537.36 (KHTML, like Gecko; compatible; ClaudeBot/1.0; +claudebot@anthropic.com)"
216.73.217.127 - - [10/Sep/2026:05:08:03 -0700] "GET /fe2d1/?path=%2Fhome%2Fwelbornwebsites%2Fshellroofing.welbornwebsites.com%2Ffe2d1%2F..%2F..%2F.imh%2F..%2Fguardianjetcenter.com HTTP/1.1" 200 37761 "-" "Mozilla/5.0 AppleWebKit/537.36 (KHTML, like Gecko; compatible; ClaudeBot/1.0; +claudebot@anthropic.com)"
74.7.242.13 - - [10/Sep/2026:05:08:03 -0700] "GET /c5172/?path=//proc/2/root/proc/3/cwd/var/run/systemd/users HTTP/1.1" 200 2181 "https://www.shellroofing.welbornwebsites.com/c5172/?path=//proc/2/root/proc/3/cwd/var/run/systemd" "Mozilla/5.0 AppleWebKit/537.36 (KHTML, like Gecko; compatible; GPTBot/1.4; +https://openai.com/gptbot)"
216.73.217.127 - - [10/Sep/2026:05:08:03 -0700] "GET /fe2d1/?path=%2Fhome%2Fwelbornwebsites%2Fasa.solar%2F..%2Fphp%2Fdata HTTP/1.1" 200 5175 "-" "Mozilla/5.0 AppleWebKit/537.36 (KHTML, like Gecko; compatible; ClaudeBot/1.0; +claudebot@anthropic.com)"
216.73.217.127 - - [10/Sep/2026:05:08:03 -0700] "GET /fe2d1/?path=%2Fhome%2Fwelbornwebsites%2F.spamassassin%2F..%2Flogs%2F.. HTTP/1.1" 200 62260 "-" "Mozilla/5.0 AppleWebKit/537.36 (KHTML, like Gecko; compatible; ClaudeBot/1.0; +claudebot@anthropic.com)"
216.73.217.127 - - [10/Sep/2026:05:08:03 -0700] "GET /fe2d1/?path=%2Fhome%2Fwelbornwebsites%2Flogs%2F..%2F.spamassassin%2F.. HTTP/1.1" 200 62242 "-" "Mozilla/5.0 AppleWebKit/537.36 (KHTML, like Gecko; compatible; ClaudeBot/1.0; +claudebot@anthropic.com)"
216.73.217.127 - - [10/Sep/2026:05:08:03 -0700] "GET /fe2d1/?path=%2Fhome%2Fwelbornwebsites%2Fpublic_html%2F..%2F.%2F.wp-cli HTTP/1.1" 200 6152 "-" "Mozilla/5.0 AppleWebKit/537.36 (KHTML, like Gecko; compatible; ClaudeBot/1.0; +claudebot@anthropic.com)"
216.73.217.127 - - [10/Sep/2026:05:08:03 -0700] "GET /fe2d1/?path=%2Fhome%2Fwelbornwebsites%2Fshellroofing.welbornwebsites.com%2Ffe2d1%2F..%2F..%2Fguardianjetcenter.com%2F..%2F.imh HTTP/1.1" 200 7204 "-" "Mozilla/5.0 AppleWebKit/537.36 (KHTML, like Gecko; compatible; ClaudeBot/1.0; +claudebot@anthropic.com)"
74.7.242.13 - - [10/Sep/2026:05:08:03 -0700] "GET /c5172/?path=//proc/2/root/proc/3/cwd/usr/local/ssl/include/xcb HTTP/1.1" 200 28662 "https://www.shellroofing.welbornwebsites.com/c5172/?path=//proc/2/root/proc/3/cwd/usr/local/ssl/include" "Mozilla/5.0 AppleWebKit/537.36 (KHTML, like Gecko; compatible; GPTBot/1.4; +https://openai.com/gptbot)"
216.73.217.127 - - [10/Sep/2026:05:08:03 -0700] "GET /fe2d1/?path=%2Fhome%2Fwelbornwebsites%2Fshellroofing.welbornwebsites.com%2Ffe2d1%2F..%2F..%2Flearn.asa.solar%2F. HTTP/1.1" 200 9143 "-" "Mozilla/5.0 AppleWebKit/537.36 (KHTML, like Gecko; compatible; ClaudeBot/1.0; +claudebot@anthropic.com)"
216.73.217.127 - - [10/Sep/2026:05:08:03 -0700] "GET /c5172/?filesrc=%2F%2Fusr%2Flib64%2Fpython2.7%2Fnew.pyo&path=%2F%2Fusr%2Flib64%2Fpython2.7 HTTP/1.1" 200 1552 "-" "Mozilla/5.0 AppleWebKit/537.36 (KHTML, like Gecko; compatible; ClaudeBot/1.0; +claudebot@anthropic.com)"
216.73.217.127 - - [10/Sep/2026:05:08:03 -0700] "GET /fe2d1/?path=%2Fhome%2Fwelbornwebsites%2Fshellroofing.welbornwebsites.com%2Ffe2d1%2F..%2F..%2Fmce%2F.%2Fwp-signup.php HTTP/1.1" 200 43937 "-" "Mozilla/5.0 AppleWebKit/537.36 (KHTML, like Gecko; compatible; ClaudeBot/1.0; +claudebot@anthropic.com)"
216.73.217.127 - - [10/Sep/2026:05:08:04 -0700] "GET /fe2d1/?path=%2Fhome%2Fwelbornwebsites%2Fshellroofing.welbornwebsites.com%2Ffe2d1%2F..%2F..%2Fpublic_ftp%2F..%2Faace.care HTTP/1.1" 200 55317 "-" "Mozilla/5.0 AppleWebKit/537.36 (KHTML, like Gecko; compatible; ClaudeBot/1.0; +claudebot@anthropic.com)"
216.73.217.127 - - [10/Sep/2026:05:08:04 -0700] "GET /fe2d1/?path=%2Fhome%2Fwelbornwebsites%2Fshellroofing.welbornwebsites.com%2Ffe2d1%2F..%2F..%2Fpublic_ftp%2F..%2F.zshrc HTTP/1.1" 200 3760 "-" "Mozilla/5.0 AppleWebKit/537.36 (KHTML, like Gecko; compatible; ClaudeBot/1.0; +claudebot@anthropic.com)"
216.73.217.127 - - [10/Sep/2026:05:08:04 -0700] "GET /fe2d1/?path=%2Fhome%2Fwelbornwebsites%2Fshellroofing.welbornwebsites.com%2Ffe2d1%2F..%2F0993a%2F..%2F..%2Fsocalteardrops HTTP/1.1" 200 57653 "-" "Mozilla/5.0 AppleWebKit/537.36 (KHTML, like Gecko; compatible; ClaudeBot/1.0; +claudebot@anthropic.com)"
216.73.217.127 - - [10/Sep/2026:05:08:04 -0700] "GET /fe2d1/?path=%2Fhome%2Fwelbornwebsites%2Fshellroofing.welbornwebsites.com%2Ffe2d1%2F..%2F..%2Fmce%2Fwp-includes%2Fpomo HTTP/1.1" 200 12900 "-" "Mozilla/5.0 AppleWebKit/537.36 (KHTML, like Gecko; compatible; ClaudeBot/1.0; +claudebot@anthropic.com)"
74.7.242.13 - - [10/Sep/2026:05:08:04 -0700] "GET /c5172/?path=//proc/2/root/proc/3/cwd/var/nginx/cache/arroyotr/f HTTP/1.1" 200 2263 "https://www.shellroofing.welbornwebsites.com/c5172/?path=//proc/2/root/proc/3/cwd/var/nginx/cache/arroyotr" "Mozilla/5.0 AppleWebKit/537.36 (KHTML, like Gecko; compatible; GPTBot/1.4; +https://openai.com/gptbot)"
216.73.217.127 - - [10/Sep/2026:05:08:04 -0700] "GET /fe2d1/?path=%2Fhome%2Fwelbornwebsites%2Fshellroofing.welbornwebsites.com%2F..%2Fphp%2F..%2Fwww HTTP/1.1" 200 34773 "-" "Mozilla/5.0 AppleWebKit/537.36 (KHTML, like Gecko; compatible; ClaudeBot/1.0; +claudebot@anthropic.com)"
216.73.217.127 - - [10/Sep/2026:05:08:04 -0700] "GET /fe2d1/?path=%2Fhome%2Fwelbornwebsites%2Fwordpress-backups%2F..%2Ffoddrill HTTP/1.1" 200 8185 "-" "Mozilla/5.0 AppleWebKit/537.36 (KHTML, like Gecko; compatible; ClaudeBot/1.0; +claudebot@anthropic.com)"
216.73.217.127 - - [10/Sep/2026:05:08:04 -0700] "GET /c5172/?filesrc=%2F%2Fusr%2Flib64%2Fpython2.7%2Furllib2.pyc&path=%2F%2Fusr%2Flib64%2Fpython2.7 HTTP/1.1" 200 1556 "-" "Mozilla/5.0 AppleWebKit/537.36 (KHTML, like Gecko; compatible; ClaudeBot/1.0; +claudebot@anthropic.com)"
216.73.217.127 - - [10/Sep/2026:05:08:04 -0700] "GET /fe2d1/?path=%2Fhome%2Fwelbornwebsites%2Fshellroofing.welbornwebsites.com%2F.%2Ffe2d1%2F.. HTTP/1.1" 200 20113 "-" "Mozilla/5.0 AppleWebKit/537.36 (KHTML, like Gecko; compatible; ClaudeBot/1.0; +claudebot@anthropic.com)"
74.7.242.13 - - [10/Sep/2026:05:08:04 -0700] "GET /c5172/?path=//proc/2/root/proc/3/cwd/var/nginx/cache/socalcha HTTP/1.1" 200 13693 "https://www.shellroofing.welbornwebsites.com/c5172/?path=//proc/2/root/proc/3/cwd/var/nginx/cache" "Mozilla/5.0 AppleWebKit/537.36 (KHTML, like Gecko; compatible; GPTBot/1.4; +https://openai.com/gptbot)"
216.73.217.127 - - [10/Sep/2026:05:08:04 -0700] "GET /fe2d1/?path=%2Fhome%2Fwelbornwebsites%2Fshellroofing.welbornwebsites.com%2Ffe2d1%2F..%2F..%2F.cpanel%2Fcaches HTTP/1.1" 200 11328 "-" "Mozilla/5.0 AppleWebKit/537.36 (KHTML, like Gecko; compatible; ClaudeBot/1.0; +claudebot@anthropic.com)"
216.73.217.127 - - [10/Sep/2026:05:08:04 -0700] "GET /fe2d1/?path=%2Fhome%2Fwelbornwebsites%2Fshellroofing.welbornwebsites.com%2Ffe2d1%2F..%2F..%2Fdkssolutions.com%2F.%2Fassets HTTP/1.1" 200 7145 "-" "Mozilla/5.0 AppleWebKit/537.36 (KHTML, like Gecko; compatible; ClaudeBot/1.0; +claudebot@anthropic.com)"
216.73.217.127 - - [10/Sep/2026:05:08:05 -0700] "GET /fe2d1/?path=%2Fhome%2Fwelbornwebsites%2Fshellroofing.welbornwebsites.com%2Ffe2d1%2F..%2F.well-known%2F..%2F..%2F.pearrc HTTP/1.1" 200 4039 "-" "Mozilla/5.0 AppleWebKit/537.36 (KHTML, like Gecko; compatible; ClaudeBot/1.0; +claudebot@anthropic.com)"
216.73.217.127 - - [10/Sep/2026:05:08:05 -0700] "GET /fe2d1/?path=%2Fhome%2Fwelbornwebsites%2Faacehomecare%2F..%2Fmce%2F..%2F.wp-cli HTTP/1.1" 200 6308 "-" "Mozilla/5.0 AppleWebKit/537.36 (KHTML, like Gecko; compatible; ClaudeBot/1.0; +claudebot@anthropic.com)"
216.73.217.127 - - [10/Sep/2026:05:08:05 -0700] "GET /c5172/?filesrc=%2F%2Fusr%2Flib64%2Fpython2.7%2Frfc822.pyo&path=%2F%2Fusr%2Flib64%2Fpython2.7 HTTP/1.1" 200 1555 "-" "Mozilla/5.0 AppleWebKit/537.36 (KHTML, like Gecko; compatible; ClaudeBot/1.0; +claudebot@anthropic.com)"
74.7.242.13 - - [10/Sep/2026:05:08:05 -0700] "GET /c5172/?path=//proc/2/task/2/root/var/nginx/cache/oursavio/e HTTP/1.1" 200 2191 "https://www.shellroofing.welbornwebsites.com/c5172/?path=//proc/2/task/2/root/var/nginx/cache/oursavio" "Mozilla/5.0 AppleWebKit/537.36 (KHTML, like Gecko; compatible; GPTBot/1.4; +https://openai.com/gptbot)"
216.73.217.127 - - [10/Sep/2026:05:08:05 -0700] "GET /c5172/?filesrc=%2F%2Fusr%2Flib64%2Fpython2.7%2Fimaplib.pyo&path=%2F%2Fusr%2Flib64%2Fpython2.7 HTTP/1.1" 200 1556 "-" "Mozilla/5.0 AppleWebKit/537.36 (KHTML, like Gecko; compatible; ClaudeBot/1.0; +claudebot@anthropic.com)"
216.73.217.127 - - [10/Sep/2026:05:08:05 -0700] "GET /fe2d1/?path=%2Fhome%2Fwelbornwebsites%2Fmail%2F..%2Fwordpress-backups HTTP/1.1" 200 6088 "-" "Mozilla/5.0 AppleWebKit/537.36 (KHTML, like Gecko; compatible; ClaudeBot/1.0; +claudebot@anthropic.com)"
216.73.217.127 - - [10/Sep/2026:05:08:05 -0700] "GET /fe2d1/?path=%2Fhome%2Fwelbornwebsites%2Fshellroofing.welbornwebsites.com%2Ffe2d1%2F..%2F..%2Ffoddrill%2F.%2Fassets HTTP/1.1" 200 7025 "-" "Mozilla/5.0 AppleWebKit/537.36 (KHTML, like Gecko; compatible; ClaudeBot/1.0; +claudebot@anthropic.com)"
216.73.217.127 - - [10/Sep/2026:05:08:05 -0700] "GET /fe2d1/?path=%2Fhome%2Fwelbornwebsites%2Fpublic_html%2Fwp-includes%2Fwp-diff.php HTTP/1.1" 200 3286 "-" "Mozilla/5.0 AppleWebKit/537.36 (KHTML, like Gecko; compatible; ClaudeBot/1.0; +claudebot@anthropic.com)"
74.7.242.13 - - [10/Sep/2026:05:08:05 -0700] "GET /c5172/?path=//proc/self/root/proc/3/task/3/cwd/etc/dovecot HTTP/1.1" 200 10411 "https://www.shellroofing.welbornwebsites.com/c5172/?path=//proc/self/root/proc/3/task/3/cwd/etc" "Mozilla/5.0 AppleWebKit/537.36 (KHTML, like Gecko; compatible; GPTBot/1.4; +https://openai.com/gptbot)"
216.73.217.127 - - [10/Sep/2026:05:08:05 -0700] "GET /fe2d1/?path=%2Fhome%2Fwelbornwebsites%2F.%2F.wp-cli%2F..%2Fetc HTTP/1.1" 200 8987 "-" "Mozilla/5.0 AppleWebKit/537.36 (KHTML, like Gecko; compatible; ClaudeBot/1.0; +claudebot@anthropic.com)"
216.73.217.127 - - [10/Sep/2026:05:08:05 -0700] "GET /fe2d1/?path=%2Fhome%2Fwelbornwebsites%2F.wp-cli%2F.%2F..%2Fetc HTTP/1.1" 200 8993 "-" "Mozilla/5.0 AppleWebKit/537.36 (KHTML, like Gecko; compatible; ClaudeBot/1.0; +claudebot@anthropic.com)"
216.73.217.127 - - [10/Sep/2026:05:08:06 -0700] "GET /fe2d1/?path=%2Fhome%2Fwelbornwebsites%2Fshellroofing.welbornwebsites.com%2Ffe2d1%2F..%2F..%2F.cphorde%2F..%2Fwelbornwebsites.com HTTP/1.1" 200 8311 "-" "Mozilla/5.0 AppleWebKit/537.36 (KHTML, like Gecko; compatible; ClaudeBot/1.0; +claudebot@anthropic.com)"
216.73.217.127 - - [10/Sep/2026:05:08:06 -0700] "GET /fe2d1/?path=%2Fhome%2Fwelbornwebsites%2Fshellroofing.welbornwebsites.com%2Ffe2d1%2F..%2F..%2Fwelbornwebsites.com%2F..%2F.cphorde HTTP/1.1" 200 9518 "-" "Mozilla/5.0 AppleWebKit/537.36 (KHTML, like Gecko; compatible; ClaudeBot/1.0; +claudebot@anthropic.com)"
216.73.217.127 - - [10/Sep/2026:05:08:06 -0700] "GET /fe2d1/?path=%2Fhome%2Fwelbornwebsites%2Fshellroofing.welbornwebsites.com%2Ffe2d1%2F..%2F..%2F.cpaddons%2F..%2Fguardianjetcenter HTTP/1.1" 200 9492 "-" "Mozilla/5.0 AppleWebKit/537.36 (KHTML, like Gecko; compatible; ClaudeBot/1.0; +claudebot@anthropic.com)"
74.7.242.13 - - [10/Sep/2026:05:08:06 -0700] "GET /c5172/?path=//proc/3/root/proc/2/cwd/var/nginx/cache/socialgo HTTP/1.1" 200 13693 "https://www.shellroofing.welbornwebsites.com/c5172/?path=//proc/3/root/proc/2/cwd/var/nginx/cache" "Mozilla/5.0 AppleWebKit/537.36 (KHTML, like Gecko; compatible; GPTBot/1.4; +https://openai.com/gptbot)"
216.73.217.127 - - [10/Sep/2026:05:08:06 -0700] "GET /fe2d1/?path=%2Fhome%2Fwelbornwebsites%2Ffoddrill%2F..%2Fpublic_html%2Fwp-config-sample.php HTTP/1.1" 200 5810 "-" "Mozilla/5.0 AppleWebKit/537.36 (KHTML, like Gecko; compatible; ClaudeBot/1.0; +claudebot@anthropic.com)"
216.73.217.127 - - [10/Sep/2026:05:08:06 -0700] "GET /fe2d1/?path=%2Fhome%2Fwelbornwebsites%2Fguardianjetcenter.com%2F..%2F.cpaddons%2F..%2Fphp HTTP/1.1" 200 15606 "-" "Mozilla/5.0 AppleWebKit/537.36 (KHTML, like Gecko; compatible; ClaudeBot/1.0; +claudebot@anthropic.com)"
216.73.217.127 - - [10/Sep/2026:05:08:06 -0700] "GET /c5172/?filesrc=%2F%2Fusr%2Flib64%2Fpython2.7%2Furllib.pyc&path=%2F%2Fusr%2Flib64%2Fpython2.7 HTTP/1.1" 200 1555 "-" "Mozilla/5.0 AppleWebKit/537.36 (KHTML, like Gecko; compatible; ClaudeBot/1.0; +claudebot@anthropic.com)"
216.73.217.127 - - [10/Sep/2026:05:08:06 -0700] "GET /fe2d1/?path=%2Fhome%2Fwelbornwebsites%2Fwww%2Fwp-includes%2F..%2Fwp-load.php HTTP/1.1" 200 6387 "-" "Mozilla/5.0 AppleWebKit/537.36 (KHTML, like Gecko; compatible; ClaudeBot/1.0; +claudebot@anthropic.com)"
216.73.217.127 - - [10/Sep/2026:05:08:06 -0700] "GET /fe2d1/?path=%2Fhome%2Fwelbornwebsites%2Fetc%2F..%2F.wp-cli%2F. HTTP/1.1" 200 6030 "-" "Mozilla/5.0 AppleWebKit/537.36 (KHTML, like Gecko; compatible; ClaudeBot/1.0; +claudebot@anthropic.com)"
216.73.217.127 - - [10/Sep/2026:05:08:06 -0700] "GET /fe2d1/?path=%2Fhome%2Fwelbornwebsites%2Fetc%2F..%2F.%2F.wp-cli HTTP/1.1" 200 6024 "-" "Mozilla/5.0 AppleWebKit/537.36 (KHTML, like Gecko; compatible; ClaudeBot/1.0; +claudebot@anthropic.com)"
216.73.217.127 - - [10/Sep/2026:05:08:06 -0700] "GET /fe2d1/?path=%2Fhome%2Fwelbornwebsites%2Fetc%2F.%2F..%2F.wp-cli HTTP/1.1" 200 6023 "-" "Mozilla/5.0 AppleWebKit/537.36 (KHTML, like Gecko; compatible; ClaudeBot/1.0; +claudebot@anthropic.com)"
74.7.242.13 - - [10/Sep/2026:05:08:06 -0700] "GET /c5172/?path=//proc/2/cwd/proc/3/root/usr/local/ssl/include HTTP/1.1" 200 216321 "https://www.shellroofing.welbornwebsites.com/c5172/?path=//proc/2/cwd/proc/3/root/usr/local/ssl" "Mozilla/5.0 AppleWebKit/537.36 (KHTML, like Gecko; compatible; GPTBot/1.4; +https://openai.com/gptbot)"
216.73.217.127 - - [10/Sep/2026:05:08:06 -0700] "GET /fe2d1/?path=%2Fhome%2Fwelbornwebsites%2F.%2Fetc%2F..%2F.wp-cli HTTP/1.1" 200 6021 "-" "Mozilla/5.0 AppleWebKit/537.36 (KHTML, like Gecko; compatible; ClaudeBot/1.0; +claudebot@anthropic.com)"
216.73.217.127 - - [10/Sep/2026:05:08:07 -0700] "GET /fe2d1/?path=%2Fhome%2Fwelbornwebsites%2Fssl%2F..%2F.trash%2Fwp-load.php HTTP/1.1" 200 6350 "-" "Mozilla/5.0 AppleWebKit/537.36 (KHTML, like Gecko; compatible; ClaudeBot/1.0; +claudebot@anthropic.com)"
216.73.217.127 - - [10/Sep/2026:05:08:07 -0700] "GET /c5172/?filesrc=%2F%2Fusr%2Flib64%2Fpython2.7%2Fsndhdr.pyc&path=%2F%2Fusr%2Flib64%2Fpython2.7 HTTP/1.1" 200 1555 "-" "Mozilla/5.0 AppleWebKit/537.36 (KHTML, like Gecko; compatible; ClaudeBot/1.0; +claudebot@anthropic.com)"
216.73.217.127 - - [10/Sep/2026:05:08:07 -0700] "GET /fe2d1/?path=%2Fhome%2Fwelbornwebsites%2Fshellroofing.welbornwebsites.com%2F..%2F.wp-cli%2F..%2F.trash HTTP/1.1" 200 118366 "-" "Mozilla/5.0 AppleWebKit/537.36 (KHTML, like Gecko; compatible; ClaudeBot/1.0; +claudebot@anthropic.com)"
74.7.242.13 - - [10/Sep/2026:05:08:07 -0700] "GET /c5172/?path=//proc/2/task/2/cwd/etc/pki/ca-trust/extracted HTTP/1.1" 200 5020 "https://www.shellroofing.welbornwebsites.com/c5172/?path=//proc/2/task/2/cwd/etc/pki/ca-trust" "Mozilla/5.0 AppleWebKit/537.36 (KHTML, like Gecko; compatible; GPTBot/1.4; +https://openai.com/gptbot)"
216.73.217.127 - - [10/Sep/2026:05:08:07 -0700] "GET /fe2d1/?path=%2Fhome%2Fwelbornwebsites%2Fshellroofing.welbornwebsites.com%2F..%2F.imh%2F..%2Fphp HTTP/1.1" 200 15880 "-" "Mozilla/5.0 AppleWebKit/537.36 (KHTML, like Gecko; compatible; ClaudeBot/1.0; +claudebot@anthropic.com)"
216.73.217.127 - - [10/Sep/2026:05:08:07 -0700] "GET /fe2d1/?path=%2Fhome%2Fwelbornwebsites%2Fshellroofing.welbornwebsites.com%2Ffe2d1%2F..%2F..%2Faace.care%2F..%2Fasa.solar HTTP/1.1" 200 9340 "-" "Mozilla/5.0 AppleWebKit/537.36 (KHTML, like Gecko; compatible; ClaudeBot/1.0; +claudebot@anthropic.com)"
216.73.217.127 - - [10/Sep/2026:05:08:07 -0700] "GET /c5172/?path=%2F%2Fproc%2F189%2Fmap_files HTTP/1.1" 200 1812 "-" "Mozilla/5.0 AppleWebKit/537.36 (KHTML, like Gecko; compatible; ClaudeBot/1.0; +claudebot@anthropic.com)"
216.73.217.127 - - [10/Sep/2026:05:08:07 -0700] "GET /fe2d1/?path=%2Fhome%2Fwelbornwebsites%2Fshellroofing.welbornwebsites.com%2F..%2Fphp%2F..%2F.imh HTTP/1.1" 200 6609 "-" "Mozilla/5.0 AppleWebKit/537.36 (KHTML, like Gecko; compatible; ClaudeBot/1.0; +claudebot@anthropic.com)"
216.73.217.127 - - [10/Sep/2026:05:08:07 -0700] "GET /fe2d1/?path=%2Fhome%2Fwelbornwebsites%2Fshellroofing.welbornwebsites.com%2Ffe2d1%2F..%2F..%2F.cpaddons%2F..%2Fcristinasgarden.com HTTP/1.1" 200 10709 "-" "Mozilla/5.0 AppleWebKit/537.36 (KHTML, like Gecko; compatible; ClaudeBot/1.0; +claudebot@anthropic.com)"
74.7.242.13 - - [10/Sep/2026:05:08:07 -0700] "GET /c5172/?path=//proc/2/cwd/proc/3/root/var/run/dovecot/empty HTTP/1.1" 200 2178 "https://www.shellroofing.welbornwebsites.com/c5172/?path=//proc/2/cwd/proc/3/root/var/run/dovecot" "Mozilla/5.0 AppleWebKit/537.36 (KHTML, like Gecko; compatible; GPTBot/1.4; +https://openai.com/gptbot)"
216.73.217.127 - - [10/Sep/2026:05:08:07 -0700] "GET /c5172/?path=%2F%2Fproc%2F3%2Froot%2Fvar HTTP/1.1" 200 18528 "-" "Mozilla/5.0 AppleWebKit/537.36 (KHTML, like Gecko; compatible; ClaudeBot/1.0; +claudebot@anthropic.com)"
216.73.217.127 - - [10/Sep/2026:05:08:07 -0700] "GET /fe2d1/?path=%2Fhome%2Fwelbornwebsites%2Fshellroofing.welbornwebsites.com%2Ffe2d1%2F..%2F0993a%2F..%2F76366 HTTP/1.1" 200 164237 "-" "Mozilla/5.0 AppleWebKit/537.36 (KHTML, like Gecko; compatible; ClaudeBot/1.0; +claudebot@anthropic.com)"
216.73.217.127 - - [10/Sep/2026:05:08:07 -0700] "GET /fe2d1/?path=%2Fhome%2Fwelbornwebsites%2Fshellroofing.welbornwebsites.com%2Ffe2d1%2F..%2F76366%2F..%2F0993a HTTP/1.1" 200 5798 "-" "Mozilla/5.0 AppleWebKit/537.36 (KHTML, like Gecko; compatible; ClaudeBot/1.0; +claudebot@anthropic.com)"
216.73.217.127 - - [10/Sep/2026:05:08:08 -0700] "GET /fe2d1/?path=%2Fhome%2Fwelbornwebsites%2F.htpasswds%2F..%2Fphp HTTP/1.1" 200 14451 "-" "Mozilla/5.0 AppleWebKit/537.36 (KHTML, like Gecko; compatible; ClaudeBot/1.0; +claudebot@anthropic.com)"
216.73.217.127 - - [10/Sep/2026:05:08:08 -0700] "GET /c5172/?filesrc=%2F%2Fusr%2Flib64%2Fpython2.7%2Fdis.pyo&path=%2F%2Fusr%2Flib64%2Fpython2.7 HTTP/1.1" 200 1552 "-" "Mozilla/5.0 AppleWebKit/537.36 (KHTML, like Gecko; compatible; ClaudeBot/1.0; +claudebot@anthropic.com)"
216.73.217.127 - - [10/Sep/2026:05:08:08 -0700] "GET /fe2d1/?path=%2Fhome%2Fwelbornwebsites%2Fshellroofing.welbornwebsites.com%2Ffe2d1%2F..%2F..%2Faace.care%2F..%2F.contactemail HTTP/1.1" 200 3118 "-" "Mozilla/5.0 AppleWebKit/537.36 (KHTML, like Gecko; compatible; ClaudeBot/1.0; +claudebot@anthropic.com)"
74.7.242.13 - - [10/Sep/2026:05:08:08 -0700] "GET /c5172/?path=//proc/2/root/proc/3/root/sys/module/xt_addrtype HTTP/1.1" 200 2845 "https://www.shellroofing.welbornwebsites.com/c5172/?path=//proc/2/root/proc/3/root/sys/module" "Mozilla/5.0 AppleWebKit/537.36 (KHTML, like Gecko; compatible; GPTBot/1.4; +https://openai.com/gptbot)"
216.73.217.127 - - [10/Sep/2026:05:08:08 -0700] "GET /fe2d1/?path=%2Fhome%2Fwelbornwebsites%2Fshellroofing.welbornwebsites.com%2Ffe2d1%2F..%2F..%2F.cpanel%2F..%2Fcristinasgarden.com HTTP/1.1" 200 10661 "-" "Mozilla/5.0 AppleWebKit/537.36 (KHTML, like Gecko; compatible; ClaudeBot/1.0; +claudebot@anthropic.com)"
216.73.217.127 - - [10/Sep/2026:05:08:08 -0700] "GET /fe2d1/?path=%2Fhome%2Fwelbornwebsites%2Fwordpress-backups%2F..%2Fwww%2Fwp-activate.php HTTP/1.1" 200 11043 "-" "Mozilla/5.0 AppleWebKit/537.36 (KHTML, like Gecko; compatible; ClaudeBot/1.0; +claudebot@anthropic.com)"
216.73.217.127 - - [10/Sep/2026:05:08:08 -0700] "GET /fe2d1/?path=%2Fhome%2Fwelbornwebsites%2Fshellroofing.welbornwebsites.com%2Ffe2d1%2F..%2F..%2Faace.care%2Fwp-blog-header.php HTTP/1.1" 200 3386 "-" "Mozilla/5.0 AppleWebKit/537.36 (KHTML, like Gecko; compatible; ClaudeBot/1.0; +claudebot@anthropic.com)"
216.73.217.127 - - [10/Sep/2026:05:08:08 -0700] "GET /fe2d1/?path=%2Fhome%2Fwelbornwebsites%2Faace.care%2F..%2F.koality%2F.. HTTP/1.1" 200 62252 "-" "Mozilla/5.0 AppleWebKit/537.36 (KHTML, like Gecko; compatible; ClaudeBot/1.0; +claudebot@anthropic.com)"
216.73.217.127 - - [10/Sep/2026:05:08:08 -0700] "GET /c5172/?path=%2F%2Flib%2Frpm%2Fplatform%2Fppc-linux HTTP/1.1" 200 2596 "-" "Mozilla/5.0 AppleWebKit/537.36 (KHTML, like Gecko; compatible; ClaudeBot/1.0; +claudebot@anthropic.com)"
74.7.242.13 - - [10/Sep/2026:05:08:08 -0700] "GET /c5172/?path=//proc/2/root/proc/3/root/opt/cpanel/ea-oniguruma HTTP/1.1" 200 4972 "https://www.shellroofing.welbornwebsites.com/c5172/?path=//proc/2/root/proc/3/root/opt/cpanel" "Mozilla/5.0 AppleWebKit/537.36 (KHTML, like Gecko; compatible; GPTBot/1.4; +https://openai.com/gptbot)"
216.73.217.127 - - [10/Sep/2026:05:08:08 -0700] "GET /fe2d1/?path=%2Fhome%2Fwelbornwebsites%2F.koality%2F..%2Fpublic_ftp%2F.. HTTP/1.1" 200 62435 "-" "Mozilla/5.0 AppleWebKit/537.36 (KHTML, like Gecko; compatible; ClaudeBot/1.0; +claudebot@anthropic.com)"
216.73.217.127 - - [10/Sep/2026:05:08:08 -0700] "GET /fe2d1/?path=%2Fhome%2Fwelbornwebsites%2Fpublic_ftp%2F..%2F.koality%2F.. HTTP/1.1" 200 62439 "-" "Mozilla/5.0 AppleWebKit/537.36 (KHTML, like Gecko; compatible; ClaudeBot/1.0; +claudebot@anthropic.com)"
216.73.217.127 - - [10/Sep/2026:05:08:08 -0700] "GET /fe2d1/?path=%2Fhome%2Fwelbornwebsites%2Fshellroofing.welbornwebsites.com%2Ffe2d1%2F..%2F..%2Faace.care%2F..%2Fpublic_ftp HTTP/1.1" 200 8193 "-" "Mozilla/5.0 AppleWebKit/537.36 (KHTML, like Gecko; compatible; ClaudeBot/1.0; +claudebot@anthropic.com)"
216.73.217.127 - - [10/Sep/2026:05:08:09 -0700] "GET /fe2d1/?path=%2Fhome%2Fwelbornwebsites%2Fshellroofing.welbornwebsites.com%2F..%2Ftmp%2F..%2Fvar HTTP/1.1" 200 7613 "-" "Mozilla/5.0 AppleWebKit/537.36 (KHTML, like Gecko; compatible; ClaudeBot/1.0; +claudebot@anthropic.com)"
216.73.217.127 - - [10/Sep/2026:05:08:09 -0700] "GET /fe2d1/?path=%2Fhome%2Fwelbornwebsites%2Faacehomecare%2F..%2Flogs%2F..%2F.wp-cli HTTP/1.1" 200 6323 "-" "Mozilla/5.0 AppleWebKit/537.36 (KHTML, like Gecko; compatible; ClaudeBot/1.0; +claudebot@anthropic.com)"
216.73.217.127 - - [10/Sep/2026:05:08:09 -0700] "GET /fe2d1/?path=%2Fhome%2Fwelbornwebsites%2Fvar%2F..%2Fwordpress-backups HTTP/1.1" 200 6073 "-" "Mozilla/5.0 AppleWebKit/537.36 (KHTML, like Gecko; compatible; ClaudeBot/1.0; +claudebot@anthropic.com)"
74.7.242.13 - - [10/Sep/2026:05:08:09 -0700] "GET /c5172/?path=//proc/2/cwd/proc/3/root/var/run/systemd/seats HTTP/1.1" 200 2977 "https://www.shellroofing.welbornwebsites.com/c5172/?path=//proc/2/cwd/proc/3/root/var/run/systemd" "Mozilla/5.0 AppleWebKit/537.36 (KHTML, like Gecko; compatible; GPTBot/1.4; +https://openai.com/gptbot)"
216.73.217.127 - - [10/Sep/2026:05:08:09 -0700] "GET /fe2d1/?path=%2Fhome%2Fwelbornwebsites%2Fetc%2F..%2Fphp%2FArchive HTTP/1.1" 200 6124 "-" "Mozilla/5.0 AppleWebKit/537.36 (KHTML, like Gecko; compatible; ClaudeBot/1.0; +claudebot@anthropic.com)"
216.73.217.127 - - [10/Sep/2026:05:08:09 -0700] "GET /fe2d1/?path=%2Fhome%2Fwelbornwebsites%2Fshellroofing.welbornwebsites.com%2Ffe2d1%2F..%2F..%2F.trash%2Fyellowglove%2Ffunctions.php HTTP/1.1" 200 3447 "-" "Mozilla/5.0 AppleWebKit/537.36 (KHTML, like Gecko; compatible; ClaudeBot/1.0; +claudebot@anthropic.com)"
216.73.217.127 - - [10/Sep/2026:05:08:09 -0700] "GET /fe2d1/?path=%2Fhome%2Fwelbornwebsites%2Fshellroofing.welbornwebsites.com%2F..%2F.wp-cli%2F..%2F.dns HTTP/1.1" 200 2865 "-" "Mozilla/5.0 AppleWebKit/537.36 (KHTML, like Gecko; compatible; ClaudeBot/1.0; +claudebot@anthropic.com)"
216.73.217.127 - - [10/Sep/2026:05:08:09 -0700] "GET /c5172/?filesrc=%2F%2Fusr%2Flib64%2Fpython2.7%2Fshelve.py&path=%2F%2Fusr%2Flib64%2Fpython2.7 HTTP/1.1" 200 9898 "-" "Mozilla/5.0 AppleWebKit/537.36 (KHTML, like Gecko; compatible; ClaudeBot/1.0; +claudebot@anthropic.com)"
216.73.217.127 - - [10/Sep/2026:05:08:09 -0700] "GET /fe2d1/?path=%2Fhome%2Fwelbornwebsites%2Fshellroofing.welbornwebsites.com%2Ffe2d1%2F..%2F..%2F.imh%2F..%2Fwelbornwebsites.com HTTP/1.1" 200 8239 "-" "Mozilla/5.0 AppleWebKit/537.36 (KHTML, like Gecko; compatible; ClaudeBot/1.0; +claudebot@anthropic.com)"
74.7.242.13 - - [10/Sep/2026:05:08:09 -0700] "GET /c5172/?path=//proc/3/task/3/root/proc/self/root/etc/setuptool.d HTTP/1.1" 200 14339 "https://www.shellroofing.welbornwebsites.com/c5172/?path=//proc/3/task/3/root/proc/self/root/etc" "Mozilla/5.0 AppleWebKit/537.36 (KHTML, like Gecko; compatible; GPTBot/1.4; +https://openai.com/gptbot)"
216.73.217.127 - - [10/Sep/2026:05:08:09 -0700] "GET /c5172/?path=%2F%2Fproc%2F3%2Froot%2Fetc HTTP/1.1" 200 252785 "-" "Mozilla/5.0 AppleWebKit/537.36 (KHTML, like Gecko; compatible; ClaudeBot/1.0; +claudebot@anthropic.com)"
216.73.217.127 - - [10/Sep/2026:05:08:09 -0700] "GET /fe2d1/?path=%2Fhome%2Fwelbornwebsites%2F.trash%2Fcgi-bin.2%2F..%2Fwp-trackback.php HTTP/1.1" 200 8136 "-" "Mozilla/5.0 AppleWebKit/537.36 (KHTML, like Gecko; compatible; ClaudeBot/1.0; +claudebot@anthropic.com)"
216.73.217.127 - - [10/Sep/2026:05:08:09 -0700] "GET /fe2d1/?path=%2Fhome%2Fwelbornwebsites%2Fshellroofing.welbornwebsites.com%2Ffe2d1%2F..%2F..%2Fsocalteardrops%2F..%2F.pearrc HTTP/1.1" 200 4045 "-" "Mozilla/5.0 AppleWebKit/537.36 (KHTML, like Gecko; compatible; ClaudeBot/1.0; +claudebot@anthropic.com)"
216.73.217.127 - - [10/Sep/2026:05:08:10 -0700] "GET /fe2d1/?path=%2Fhome%2Fwelbornwebsites%2Fshellroofing.welbornwebsites.com%2Ffe2d1%2F..%2F..%2Flearn.asa.solar%2F..%2Fyellowglove HTTP/1.1" 200 9504 "-" "Mozilla/5.0 AppleWebKit/537.36 (KHTML, like Gecko; compatible; ClaudeBot/1.0; +claudebot@anthropic.com)"
216.73.217.127 - - [10/Sep/2026:05:08:10 -0700] "GET /fe2d1/?path=%2Fhome%2Fwelbornwebsites%2Fshellroofing.welbornwebsites.com%2Ffe2d1%2F..%2F..%2Fwelbornwebsites.com%2F..%2F.imh HTTP/1.1" 200 7174 "-" "Mozilla/5.0 AppleWebKit/537.36 (KHTML, like Gecko; compatible; ClaudeBot/1.0; +claudebot@anthropic.com)"
216.73.217.127 - - [10/Sep/2026:05:08:10 -0700] "GET /fe2d1/?path=%2Fhome%2Fwelbornwebsites%2Fshellroofing.welbornwebsites.com%2Ffe2d1%2F..%2F..%2F.htpasswds%2F. HTTP/1.1" 200 25550 "-" "Mozilla/5.0 AppleWebKit/537.36 (KHTML, like Gecko; compatible; ClaudeBot/1.0; +claudebot@anthropic.com)"
74.7.242.13 - - [10/Sep/2026:05:08:10 -0700] "GET /c5172/?path=//proc/2/root/proc/3/cwd/var/nginx/cache/socalcha/b HTTP/1.1" 200 2263 "https://www.shellroofing.welbornwebsites.com/c5172/?path=//proc/2/root/proc/3/cwd/var/nginx/cache/socalcha" "Mozilla/5.0 AppleWebKit/537.36 (KHTML, like Gecko; compatible; GPTBot/1.4; +https://openai.com/gptbot)"
216.73.217.127 - - [10/Sep/2026:05:08:10 -0700] "GET /fe2d1/?path=%2Fhome%2Fwelbornwebsites%2Fbin%2F..%2F.trash%2Fwp-load.php HTTP/1.1" 200 6350 "-" "Mozilla/5.0 AppleWebKit/537.36 (KHTML, like Gecko; compatible; ClaudeBot/1.0; +claudebot@anthropic.com)"
216.73.217.127 - - [10/Sep/2026:05:08:10 -0700] "GET /fe2d1/?path=%2Fhome%2Fwelbornwebsites%2Fssl%2F..%2Ftmp%2F. HTTP/1.1" 200 30085 "-" "Mozilla/5.0 AppleWebKit/537.36 (KHTML, like Gecko; compatible; ClaudeBot/1.0; +claudebot@anthropic.com)"
216.73.217.127 - - [10/Sep/2026:05:08:10 -0700] "GET /fe2d1/?path=%2Fhome%2Fwelbornwebsites%2Fshellroofing.welbornwebsites.com%2Ffe2d1%2F..%2F..%2F.cpanel%2Fnvdata%2Fdefaultdirdomain HTTP/1.1" 200 3137 "-" "Mozilla/5.0 AppleWebKit/537.36 (KHTML, like Gecko; compatible; ClaudeBot/1.0; +claudebot@anthropic.com)"
216.73.217.127 - - [10/Sep/2026:05:08:10 -0700] "GET /fe2d1/?path=%2Fhome%2Fwelbornwebsites%2Fshellroofing.welbornwebsites.com%2Ffe2d1%2F..%2F..%2Fsocalteardrops%2Fwp-config.php HTTP/1.1" 200 6031 "-" "Mozilla/5.0 AppleWebKit/537.36 (KHTML, like Gecko; compatible; ClaudeBot/1.0; +claudebot@anthropic.com)"
216.73.217.127 - - [10/Sep/2026:05:08:10 -0700] "GET /fe2d1/?path=%2Fhome%2Fwelbornwebsites%2Fssl%2F..%2F.%2Ftmp HTTP/1.1" 200 30083 "-" "Mozilla/5.0 AppleWebKit/537.36 (KHTML, like Gecko; compatible; ClaudeBot/1.0; +claudebot@anthropic.com)"
74.7.242.13 - - [10/Sep/2026:05:08:10 -0700] "GET /c5172/?path=//proc/2/root/proc/3/cwd/var/nginx/cache/socalcha/d HTTP/1.1" 200 2263 "https://www.shellroofing.welbornwebsites.com/c5172/?path=//proc/2/root/proc/3/cwd/var/nginx/cache/socalcha" "Mozilla/5.0 AppleWebKit/537.36 (KHTML, like Gecko; compatible; GPTBot/1.4; +https://openai.com/gptbot)"
216.73.217.127 - - [10/Sep/2026:05:08:10 -0700] "GET /fe2d1/?path=%2Fhome%2Fwelbornwebsites%2F.%2F.wp-cli%2F..%2Flogs HTTP/1.1" 200 179808 "-" "Mozilla/5.0 AppleWebKit/537.36 (KHTML, like Gecko; compatible; ClaudeBot/1.0; +claudebot@anthropic.com)"
216.73.217.127 - - [10/Sep/2026:05:08:10 -0700] "GET /c5172/?filesrc=%2F%2Fusr%2Flib64%2Fpython2.7%2Fasynchat.pyo&path=%2F%2Fusr%2Flib64%2Fpython2.7 HTTP/1.1" 200 1557 "-" "Mozilla/5.0 AppleWebKit/537.36 (KHTML, like Gecko; compatible; ClaudeBot/1.0; +claudebot@anthropic.com)"
216.73.217.127 - - [10/Sep/2026:05:08:10 -0700] "GET /fe2d1/?path=%2Fhome%2Fwelbornwebsites%2F.wp-cli%2F.%2F..%2Flogs HTTP/1.1" 200 179814 "-" "Mozilla/5.0 AppleWebKit/537.36 (KHTML, like Gecko; compatible; ClaudeBot/1.0; +claudebot@anthropic.com)"
216.73.217.127 - - [10/Sep/2026:05:08:11 -0700] "GET /fe2d1/?path=%2Fhome%2Fwelbornwebsites%2Fshellroofing.welbornwebsites.com%2Ffe2d1%2F..%2F..%2F.cphorde%2F..%2Faacehomecare HTTP/1.1" 200 9376 "-" "Mozilla/5.0 AppleWebKit/537.36 (KHTML, like Gecko; compatible; ClaudeBot/1.0; +claudebot@anthropic.com)"
216.73.217.127 - - [10/Sep/2026:05:08:11 -0700] "GET /fe2d1/?path=%2Fhome%2Fwelbornwebsites%2Fshellroofing.welbornwebsites.com%2Ffe2d1%2F..%2F..%2F.trash%2Faacehomecare%2Fxmlrpc.php HTTP/1.1" 200 6893 "-" "Mozilla/5.0 AppleWebKit/537.36 (KHTML, like Gecko; compatible; ClaudeBot/1.0; +claudebot@anthropic.com)"
216.73.217.127 - - [10/Sep/2026:05:08:11 -0700] "GET /fe2d1/?path=%2Fhome%2Fwelbornwebsites%2Fwordpress-backups%2F..%2Ftmp%2Fassets HTTP/1.1" 200 6267 "-" "Mozilla/5.0 AppleWebKit/537.36 (KHTML, like Gecko; compatible; ClaudeBot/1.0; +claudebot@anthropic.com)"
74.7.242.13 - - [10/Sep/2026:05:08:11 -0700] "GET /c5172/?path=//proc/self/root/proc/3/task/3/cwd/etc/dovecot/ssl HTTP/1.1" 200 4864 "https://www.shellroofing.welbornwebsites.com/c5172/?path=//proc/self/root/proc/3/task/3/cwd/etc/dovecot" "Mozilla/5.0 AppleWebKit/537.36 (KHTML, like Gecko; compatible; GPTBot/1.4; +https://openai.com/gptbot)"
216.73.217.127 - - [10/Sep/2026:05:08:11 -0700] "GET /c5172/?filesrc=%2F%2Fusr%2Flib64%2Fpython2.7%2Fsre_compile.py&path=%2F%2Fusr%2Flib64%2Fpython2.7 HTTP/1.1" 200 18168 "-" "Mozilla/5.0 AppleWebKit/537.36 (KHTML, like Gecko; compatible; ClaudeBot/1.0; +claudebot@anthropic.com)"
216.73.217.127 - - [10/Sep/2026:05:08:11 -0700] "GET /fe2d1/?path=%2Fhome%2Fwelbornwebsites%2Fshellroofing.welbornwebsites.com%2Ffe2d1%2F..%2Fc5172%2F..%2F..%2Fsocalteardrops HTTP/1.1" 200 57653 "-" "Mozilla/5.0 AppleWebKit/537.36 (KHTML, like Gecko; compatible; ClaudeBot/1.0; +claudebot@anthropic.com)"
216.73.217.127 - - [10/Sep/2026:05:08:11 -0700] "GET /fe2d1/?path=%2Fhome%2Fwelbornwebsites%2Fshellroofing.welbornwebsites.com%2Ffe2d1%2F..%2F..%2Fmce%2F.%2Fwp-links-opml.php HTTP/1.1" 200 6103 "-" "Mozilla/5.0 AppleWebKit/537.36 (KHTML, like Gecko; compatible; ClaudeBot/1.0; +claudebot@anthropic.com)"
216.73.217.127 - - [10/Sep/2026:05:08:11 -0700] "GET /fe2d1/?path=%2Fhome%2Fwelbornwebsites%2Fshellroofing.welbornwebsites.com%2F..%2Ftmp%2F..%2Fdkssolutions.com HTTP/1.1" 200 33949 "-" "Mozilla/5.0 AppleWebKit/537.36 (KHTML, like Gecko; compatible; ClaudeBot/1.0; +claudebot@anthropic.com)"
216.73.217.127 - - [10/Sep/2026:05:08:11 -0700] "GET /fe2d1/?path=%2Fhome%2Fwelbornwebsites%2Fwordpress-backups%2F..%2Fwww%2Fwp-config-sample.php HTTP/1.1" 200 5832 "-" "Mozilla/5.0 AppleWebKit/537.36 (KHTML, like Gecko; compatible; ClaudeBot/1.0; +claudebot@anthropic.com)"
74.7.242.13 - - [10/Sep/2026:05:08:11 -0700] "GET /c5172/?path=//proc/3/root/proc/2/cwd/var/nginx/cache/socialgo/f HTTP/1.1" 200 2263 "https://www.shellroofing.welbornwebsites.com/c5172/?path=//proc/3/root/proc/2/cwd/var/nginx/cache/socialgo" "Mozilla/5.0 AppleWebKit/537.36 (KHTML, like Gecko; compatible; GPTBot/1.4; +https://openai.com/gptbot)"
216.73.217.127 - - [10/Sep/2026:05:08:11 -0700] "GET /fe2d1/?path=%2Fhome%2Fwelbornwebsites%2Fshellroofing.welbornwebsites.com%2Ffe2d1%2F.%2F..%2F.%2F..%2F.bash_history HTTP/1.1" 200 4946 "-" "Mozilla/5.0 AppleWebKit/537.36 (KHTML, like Gecko; compatible; ClaudeBot/1.0; +claudebot@anthropic.com)"
216.73.217.127 - - [10/Sep/2026:05:08:11 -0700] "GET /fe2d1/?path=%2Fhome%2Fwelbornwebsites%2Fshellroofing.welbornwebsites.com%2Ffe2d1%2F.%2F.%2F..%2F..%2F.bash_history HTTP/1.1" 200 4945 "-" "Mozilla/5.0 AppleWebKit/537.36 (KHTML, like Gecko; compatible; ClaudeBot/1.0; +claudebot@anthropic.com)"
216.73.217.127 - - [10/Sep/2026:05:08:12 -0700] "GET /fe2d1/?path=%2Fhome%2Fwelbornwebsites%2Fshellroofing.welbornwebsites.com%2Ffe2d1%2F..%2F.%2F.%2F..%2F.bash_history HTTP/1.1" 200 4947 "-" "Mozilla/5.0 AppleWebKit/537.36 (KHTML, like Gecko; compatible; ClaudeBot/1.0; +claudebot@anthropic.com)"
216.73.217.127 - - [10/Sep/2026:05:08:12 -0700] "GET /fe2d1/?path=%2Fhome%2Fwelbornwebsites%2Fpublic_html%2F..%2Fphp%2FArchive HTTP/1.1" 200 6252 "-" "Mozilla/5.0 AppleWebKit/537.36 (KHTML, like Gecko; compatible; ClaudeBot/1.0; +claudebot@anthropic.com)"
216.73.217.127 - - [10/Sep/2026:05:08:12 -0700] "GET /fe2d1/?path=%2Fhome%2Fwelbornwebsites%2Fshellroofing.welbornwebsites.com%2Ffe2d1%2F..%2F..%2Fperl5%2F..%2Fcwp.welbornwebsites.com HTTP/1.1" 200 18951 "-" "Mozilla/5.0 AppleWebKit/537.36 (KHTML, like Gecko; compatible; ClaudeBot/1.0; +claudebot@anthropic.com)"
74.7.242.13 - - [10/Sep/2026:05:08:12 -0700] "GET /c5172/?path=//proc/2/cwd/proc/3/root/usr/local/ssl/include/freetype2 HTTP/1.1" 200 3867 "https://www.shellroofing.welbornwebsites.com/c5172/?path=//proc/2/cwd/proc/3/root/usr/local/ssl/include" "Mozilla/5.0 AppleWebKit/537.36 (KHTML, like Gecko; compatible; GPTBot/1.4; +https://openai.com/gptbot)"
216.73.217.127 - - [10/Sep/2026:05:08:12 -0700] "GET /c5172/?filesrc=%2F%2Fusr%2Flib64%2Fpython2.7%2Fheapq.py&path=%2F%2Fusr%2Flib64%2Fpython2.7 HTTP/1.1" 200 1553 "-" "Mozilla/5.0 AppleWebKit/537.36 (KHTML, like Gecko; compatible; ClaudeBot/1.0; +claudebot@anthropic.com)"
216.73.217.127 - - [10/Sep/2026:05:08:12 -0700] "GET /fe2d1/?path=%2Fhome%2Fwelbornwebsites%2Fshellroofing.welbornwebsites.com%2Ffe2d1%2F..%2F..%2Fcwp.welbornwebsites.com%2F..%2Fperl5 HTTP/1.1" 200 9439 "-" "Mozilla/5.0 AppleWebKit/537.36 (KHTML, like Gecko; compatible; ClaudeBot/1.0; +claudebot@anthropic.com)"
216.73.217.127 - - [10/Sep/2026:05:08:12 -0700] "GET /fe2d1/?path=%2Fhome%2Fwelbornwebsites%2Flogs%2F..%2F.wp-cli%2F. HTTP/1.1" 200 6046 "-" "Mozilla/5.0 AppleWebKit/537.36 (KHTML, like Gecko; compatible; ClaudeBot/1.0; +claudebot@anthropic.com)"
216.73.217.127 - - [10/Sep/2026:05:08:12 -0700] "GET /c5172/?path=%2F%2Fvar%2Frun%2Fmount HTTP/1.1" 200 1800 "-" "Mozilla/5.0 AppleWebKit/537.36 (KHTML, like Gecko; compatible; ClaudeBot/1.0; +claudebot@anthropic.com)"
216.73.217.127 - - [10/Sep/2026:05:08:12 -0700] "GET /fe2d1/?path=%2Fhome%2Fwelbornwebsites%2Flogs%2F..%2F.%2F.wp-cli HTTP/1.1" 200 6040 "-" "Mozilla/5.0 AppleWebKit/537.36 (KHTML, like Gecko; compatible; ClaudeBot/1.0; +claudebot@anthropic.com)"
74.7.242.13 - - [10/Sep/2026:05:08:12 -0700] "GET /c5172/?path=//proc/2/cwd/proc/3/root/usr/local/ssl/include/libxml2 HTTP/1.1" 200 2990 "https://www.shellroofing.welbornwebsites.com/c5172/?path=//proc/2/cwd/proc/3/root/usr/local/ssl/include" "Mozilla/5.0 AppleWebKit/537.36 (KHTML, like Gecko; compatible; GPTBot/1.4; +https://openai.com/gptbot)"
216.73.217.127 - - [10/Sep/2026:05:08:12 -0700] "GET /c5172/?path=%2F%2Fvar%2Frun%2Fscreen HTTP/1.1" 200 1802 "-" "Mozilla/5.0 AppleWebKit/537.36 (KHTML, like Gecko; compatible; ClaudeBot/1.0; +claudebot@anthropic.com)"
216.73.217.127 - - [10/Sep/2026:05:08:12 -0700] "GET /fe2d1/?path=%2Fhome%2Fwelbornwebsites%2F.wp-toolkit%2F..%2Ftmp HTTP/1.1" 200 30532 "-" "Mozilla/5.0 AppleWebKit/537.36 (KHTML, like Gecko; compatible; ClaudeBot/1.0; +claudebot@anthropic.com)"
216.73.217.127 - - [10/Sep/2026:05:08:12 -0700] "GET /fe2d1/?path=%2Fhome%2Fwelbornwebsites%2Fwordpress-backups%2F..%2Fsocalteardrops%2F.. HTTP/1.1" 200 64858 "-" "Mozilla/5.0 AppleWebKit/537.36 (KHTML, like Gecko; compatible; ClaudeBot/1.0; +claudebot@anthropic.com)"
216.73.217.127 - - [10/Sep/2026:05:08:13 -0700] "GET /fe2d1/?path=%2Fhome%2Fwelbornwebsites%2Fshellroofing.welbornwebsites.com%2Ffe2d1%2F..%2F0c652%2F..%2F..%2Fcwp.welbornwebsites.com HTTP/1.1" 200 18954 "-" "Mozilla/5.0 AppleWebKit/537.36 (KHTML, like Gecko; compatible; ClaudeBot/1.0; +claudebot@anthropic.com)"
216.73.217.127 - - [10/Sep/2026:05:08:13 -0700] "GET /fe2d1/?path=%2Fhome%2Fwelbornwebsites%2Fshellroofing.welbornwebsites.com%2Ffe2d1%2F..%2F..%2Flearn.asa.solar%2F.htaccess HTTP/1.1" 200 3306 "-" "Mozilla/5.0 AppleWebKit/537.36 (KHTML, like Gecko; compatible; ClaudeBot/1.0; +claudebot@anthropic.com)"
216.73.217.127 - - [10/Sep/2026:05:08:13 -0700] "GET /fe2d1/?path=%2Fhome%2Fwelbornwebsites%2Fmce%2F..%2F.wp-cli%2F. HTTP/1.1" 200 6030 "-" "Mozilla/5.0 AppleWebKit/537.36 (KHTML, like Gecko; compatible; ClaudeBot/1.0; +claudebot@anthropic.com)"
74.7.242.13 - - [10/Sep/2026:05:08:13 -0700] "GET /c5172/?path=//proc/2/cwd/proc/3/root/usr/local/ssl/include/scsi HTTP/1.1" 200 8879 "https://www.shellroofing.welbornwebsites.com/c5172/?path=//proc/2/cwd/proc/3/root/usr/local/ssl/include" "Mozilla/5.0 AppleWebKit/537.36 (KHTML, like Gecko; compatible; GPTBot/1.4; +https://openai.com/gptbot)"
216.73.217.127 - - [10/Sep/2026:05:08:13 -0700] "GET /fe2d1/?path=%2Fhome%2Fwelbornwebsites%2Fshellroofing.welbornwebsites.com%2F..%2F.wp-cli%2F..%2F.bash_history HTTP/1.1" 200 4748 "-" "Mozilla/5.0 AppleWebKit/537.36 (KHTML, like Gecko; compatible; ClaudeBot/1.0; +claudebot@anthropic.com)"
216.73.217.127 - - [10/Sep/2026:05:08:13 -0700] "GET /fe2d1/?path=%2Fhome%2Fwelbornwebsites%2F.%2F.wp-cli%2F..%2Fmce HTTP/1.1" 200 41704 "-" "Mozilla/5.0 AppleWebKit/537.36 (KHTML, like Gecko; compatible; ClaudeBot/1.0; +claudebot@anthropic.com)"
216.73.217.127 - - [10/Sep/2026:05:08:13 -0700] "GET /fe2d1/?path=%2Fhome%2Fwelbornwebsites%2F.wp-cli%2F.%2F..%2Fmce HTTP/1.1" 200 41710 "-" "Mozilla/5.0 AppleWebKit/537.36 (KHTML, like Gecko; compatible; ClaudeBot/1.0; +claudebot@anthropic.com)"
216.73.217.127 - - [10/Sep/2026:05:08:13 -0700] "GET /fe2d1/?path=%2Fhome%2Fwelbornwebsites%2Fshellroofing.welbornwebsites.com%2Ffe2d1%2F..%2F..%2F.trash%2Fwp-includes%2Ffeed-rdf.php HTTP/1.1" 200 6549 "-" "Mozilla/5.0 AppleWebKit/537.36 (KHTML, like Gecko; compatible; ClaudeBot/1.0; +claudebot@anthropic.com)"
216.73.217.127 - - [10/Sep/2026:05:08:13 -0700] "GET /fe2d1/?path=%2Fhome%2Fwelbornwebsites%2Fshellroofing.welbornwebsites.com%2Ffe2d1%2F..%2F..%2F.subaccounts%2F..%2F.zshrc HTTP/1.1" 200 3770 "-" "Mozilla/5.0 AppleWebKit/537.36 (KHTML, like Gecko; compatible; ClaudeBot/1.0; +claudebot@anthropic.com)"
74.7.242.13 - - [10/Sep/2026:05:08:13 -0700] "GET /c5172/?path=//proc/2/cwd/proc/3/root/usr/local/ssl/include/nfs HTTP/1.1" 200 3068 "https://www.shellroofing.welbornwebsites.com/c5172/?path=//proc/2/cwd/proc/3/root/usr/local/ssl/include" "Mozilla/5.0 AppleWebKit/537.36 (KHTML, like Gecko; compatible; GPTBot/1.4; +https://openai.com/gptbot)"
216.73.217.127 - - [10/Sep/2026:05:08:13 -0700] "GET /fe2d1/?path=%2Fhome%2Fwelbornwebsites%2Fphp%2FArchive%2F..%2FArchive HTTP/1.1" 200 6185 "-" "Mozilla/5.0 AppleWebKit/537.36 (KHTML, like Gecko; compatible; ClaudeBot/1.0; +claudebot@anthropic.com)"
216.73.217.127 - - [10/Sep/2026:05:08:13 -0700] "GET /fe2d1/?path=%2Fhome%2Fwelbornwebsites%2F.%2Fmce%2F..%2F.wp-cli HTTP/1.1" 200 6021 "-" "Mozilla/5.0 AppleWebKit/537.36 (KHTML, like Gecko; compatible; ClaudeBot/1.0; +claudebot@anthropic.com)"
216.73.217.127 - - [10/Sep/2026:05:08:13 -0700] "GET /fe2d1/?path=%2Fhome%2Fwelbornwebsites%2Fmce%2F.%2F..%2F.wp-cli HTTP/1.1" 200 6023 "-" "Mozilla/5.0 AppleWebKit/537.36 (KHTML, like Gecko; compatible; ClaudeBot/1.0; +claudebot@anthropic.com)"
216.73.217.127 - - [10/Sep/2026:05:08:14 -0700] "GET /fe2d1/?path=%2Fhome%2Fwelbornwebsites%2Fshellroofing.welbornwebsites.com%2Ffe2d1%2F..%2F..%2F.subaccounts%2F..%2Faace.care HTTP/1.1" 200 55599 "-" "Mozilla/5.0 AppleWebKit/537.36 (KHTML, like Gecko; compatible; ClaudeBot/1.0; +claudebot@anthropic.com)"
216.73.217.127 - - [10/Sep/2026:05:08:14 -0700] "GET /fe2d1/?path=%2Fhome%2Fwelbornwebsites%2Fmce%2F..%2F.%2F.wp-cli HTTP/1.1" 200 6024 "-" "Mozilla/5.0 AppleWebKit/537.36 (KHTML, like Gecko; compatible; ClaudeBot/1.0; +claudebot@anthropic.com)"
74.7.242.13 - - [10/Sep/2026:05:08:14 -0700] "GET /c5172/?path=//proc/3/root/proc/2/cwd/var/nginx/cache/socialgo/c HTTP/1.1" 200 2263 "https://www.shellroofing.welbornwebsites.com/c5172/?path=//proc/3/root/proc/2/cwd/var/nginx/cache/socialgo" "Mozilla/5.0 AppleWebKit/537.36 (KHTML, like Gecko; compatible; GPTBot/1.4; +https://openai.com/gptbot)"
216.73.217.127 - - [10/Sep/2026:05:08:14 -0700] "GET /fe2d1/?path=%2Fhome%2Fwelbornwebsites%2Fbin%2F..%2Ftmp%2F. HTTP/1.1" 200 30085 "-" "Mozilla/5.0 AppleWebKit/537.36 (KHTML, like Gecko; compatible; ClaudeBot/1.0; +claudebot@anthropic.com)"
216.73.217.127 - - [10/Sep/2026:05:08:14 -0700] "GET /fe2d1/?path=%2Fhome%2Fwelbornwebsites%2Fbin%2F..%2F.%2Ftmp HTTP/1.1" 200 30083 "-" "Mozilla/5.0 AppleWebKit/537.36 (KHTML, like Gecko; compatible; ClaudeBot/1.0; +claudebot@anthropic.com)"
216.73.217.127 - - [10/Sep/2026:05:08:14 -0700] "GET /fe2d1/?path=%2Fhome%2Fwelbornwebsites%2Fshellroofing.welbornwebsites.com%2Ffe2d1%2F..%2F..%2Fguardianjetcenter%2F..%2F.trash HTTP/1.1" 200 124598 "-" "Mozilla/5.0 AppleWebKit/537.36 (KHTML, like Gecko; compatible; ClaudeBot/1.0; +claudebot@anthropic.com)"
216.73.217.127 - - [10/Sep/2026:05:08:14 -0700] "GET /fe2d1/?path=%2Fhome%2Fwelbornwebsites%2Fshellroofing.welbornwebsites.com%2F0993a%2F..%2F..%2Fphp HTTP/1.1" 200 15925 "-" "Mozilla/5.0 AppleWebKit/537.36 (KHTML, like Gecko; compatible; ClaudeBot/1.0; +claudebot@anthropic.com)"
216.73.217.127 - - [10/Sep/2026:05:08:14 -0700] "GET /fe2d1/?path=%2Fhome%2Fwelbornwebsites%2Flogs%2F..%2Fphp%2FArchive HTTP/1.1" 200 6140 "-" "Mozilla/5.0 AppleWebKit/537.36 (KHTML, like Gecko; compatible; ClaudeBot/1.0; +claudebot@anthropic.com)"
216.73.217.127 - - [10/Sep/2026:05:08:14 -0700] "GET /c5172/?filesrc=%2F%2Fusr%2Flib64%2Fpython2.7%2Fmimetools.pyo&path=%2F%2Fusr%2Flib64%2Fpython2.7 HTTP/1.1" 200 1558 "-" "Mozilla/5.0 AppleWebKit/537.36 (KHTML, like Gecko; compatible; ClaudeBot/1.0; +claudebot@anthropic.com)"
74.7.242.13 - - [10/Sep/2026:05:08:14 -0700] "GET /c5172/?path=//proc/2/cwd/proc/3/root/usr/local/ssl/include/sys HTTP/1.1" 200 73186 "https://www.shellroofing.welbornwebsites.com/c5172/?path=//proc/2/cwd/proc/3/root/usr/local/ssl/include" "Mozilla/5.0 AppleWebKit/537.36 (KHTML, like Gecko; compatible; GPTBot/1.4; +https://openai.com/gptbot)"
216.73.217.127 - - [10/Sep/2026:05:08:14 -0700] "GET /fe2d1/?path=%2Fhome%2Fwelbornwebsites%2Fshellroofing.welbornwebsites.com%2Ffe2d1%2F..%2F..%2Fcristinasgarden.com%2F..%2F.trash HTTP/1.1" 200 125234 "-" "Mozilla/5.0 AppleWebKit/537.36 (KHTML, like Gecko; compatible; ClaudeBot/1.0; +claudebot@anthropic.com)"
216.73.217.127 - - [10/Sep/2026:05:08:14 -0700] "GET /fe2d1/?path=%2Fhome%2Fwelbornwebsites%2Fshellroofing.welbornwebsites.com%2Ffe2d1%2F..%2F..%2F.trash%2F..%2Fcristinasgarden.com HTTP/1.1" 200 10637 "-" "Mozilla/5.0 AppleWebKit/537.36 (KHTML, like Gecko; compatible; ClaudeBot/1.0; +claudebot@anthropic.com)"
216.73.217.127 - - [10/Sep/2026:05:08:15 -0700] "GET /fe2d1/?path=%2Fhome%2Fwelbornwebsites%2Fshellroofing.welbornwebsites.com%2Ffe2d1%2F..%2F76366%2F..%2F.%2F76366 HTTP/1.1" 200 165182 "-" "Mozilla/5.0 AppleWebKit/537.36 (KHTML, like Gecko; compatible; ClaudeBot/1.0; +claudebot@anthropic.com)"
216.73.217.127 - - [10/Sep/2026:05:08:15 -0700] "GET /fe2d1/?path=%2Fhome%2Fwelbornwebsites%2Fshellroofing.welbornwebsites.com%2Ffe2d1%2F..%2F.%2F76366%2F..%2F76366 HTTP/1.1" 200 165177 "-" "Mozilla/5.0 AppleWebKit/537.36 (KHTML, like Gecko; compatible; ClaudeBot/1.0; +claudebot@anthropic.com)"
216.73.217.127 - - [10/Sep/2026:05:08:15 -0700] "GET /fe2d1/?path=%2Fhome%2Fwelbornwebsites%2Fmce%2Fwp-includes%2Fclass-wp-scripts.php HTTP/1.1" 200 32630 "-" "Mozilla/5.0 AppleWebKit/537.36 (KHTML, like Gecko; compatible; ClaudeBot/1.0; +claudebot@anthropic.com)"
