216.73.217.127 - - [10/Sep/2026:05:04:29 -0700] "GET /c5172/?filesrc=%2Fhome%2Fwelbornwebsites%2Faace.care%2Fwp-includes%2Fclass-json.php&path=%2Fhome%2Fwelbornwebsites%2Faace.care%2Fwp-includes HTTP/1.1" 200 46351 "-" "Mozilla/5.0 AppleWebKit/537.36 (KHTML, like Gecko; compatible; ClaudeBot/1.0; +claudebot@anthropic.com)"
74.7.242.13 - - [10/Sep/2026:05:04:29 -0700] "GET /c5172/?path=//proc/2/task/2/root/proc/self/root/lib/systemd/user HTTP/1.1" 200 12574 "https://www.shellroofing.welbornwebsites.com/c5172/?path=//proc/2/task/2/root/proc/self/root/lib/systemd" "Mozilla/5.0 AppleWebKit/537.36 (KHTML, like Gecko; compatible; GPTBot/1.4; +https://openai.com/gptbot)"
216.73.217.127 - - [10/Sep/2026:05:04:29 -0700] "GET /c5172/?path=%2Fhome%2Fwelbornwebsites%2F.trash%2Faacehomecare%2Fwp-content%2Fupgrade HTTP/1.1" 200 2087 "-" "Mozilla/5.0 AppleWebKit/537.36 (KHTML, like Gecko; compatible; ClaudeBot/1.0; +claudebot@anthropic.com)"
216.73.217.127 - - [10/Sep/2026:05:04:30 -0700] "GET /fe2d1/?path=%2Fhome%2Fwelbornwebsites%2Fguardianjetcenter%2F.well-known%2Fpki-validation HTTP/1.1" 200 5363 "-" "Mozilla/5.0 AppleWebKit/537.36 (KHTML, like Gecko; compatible; ClaudeBot/1.0; +claudebot@anthropic.com)"
216.73.217.127 - - [10/Sep/2026:05:04:30 -0700] "GET /fe2d1/?path=%2Fhome%2Fwelbornwebsites%2Ftmp%2Fawstats%2Fssl%2Fawstats012026.aace.welbornwebsites.com.txt HTTP/1.1" 200 26426 "-" "Mozilla/5.0 AppleWebKit/537.36 (KHTML, like Gecko; compatible; ClaudeBot/1.0; +claudebot@anthropic.com)"
216.73.217.127 - - [10/Sep/2026:05:04:30 -0700] "GET /c5172/?filesrc=%2Fhome%2Fwelbornwebsites%2Fwww%2Fwp-includes%2Fpost-template.php&path=%2Fhome%2Fwelbornwebsites%2Fwww%2Fwp-includes HTTP/1.1" 200 61914 "-" "Mozilla/5.0 AppleWebKit/537.36 (KHTML, like Gecko; compatible; ClaudeBot/1.0; +claudebot@anthropic.com)"
216.73.217.127 - - [10/Sep/2026:05:04:30 -0700] "GET /c5172/?filesrc=%2Fhome%2Fwelbornwebsites%2Faace.care%2Fwp-includes%2Fclass-wp-view-config-data.php&path=%2Fhome%2Fwelbornwebsites%2Faace.care%2Fwp-includes HTTP/1.1" 200 31421 "-" "Mozilla/5.0 AppleWebKit/537.36 (KHTML, like Gecko; compatible; ClaudeBot/1.0; +claudebot@anthropic.com)"
74.7.242.13 - - [10/Sep/2026:05:04:30 -0700] "GET /c5172/?path=//proc/2/cwd/proc/3/root/opt/cpanel/libmcrypt/man/man3 HTTP/1.1" 200 3116 "https://www.shellroofing.welbornwebsites.com/c5172/?path=//proc/2/cwd/proc/3/root/opt/cpanel/libmcrypt/man" "Mozilla/5.0 AppleWebKit/537.36 (KHTML, like Gecko; compatible; GPTBot/1.4; +https://openai.com/gptbot)"
216.73.217.127 - - [10/Sep/2026:05:04:30 -0700] "GET /c5172/?filesrc=%2Fhome%2Fwelbornwebsites%2Fdkssolutions.com%2Fwp-includes%2Fjs%2Funderscore.min.js&path=%2Fhome%2Fwelbornwebsites%2Fdkssolutions.com%2Fwp-includes%2Fjs HTTP/1.1" 200 19826 "-" "Mozilla/5.0 AppleWebKit/537.36 (KHTML, like Gecko; compatible; ClaudeBot/1.0; +claudebot@anthropic.com)"
216.73.217.127 - - [10/Sep/2026:05:04:30 -0700] "GET /76366/?fm=true&path=%2Fhome%2Fwelbornwebsites%2Fdkssolutions.com%2F&rename=readme.html HTTP/1.1" 200 16899 "-" "Mozilla/5.0 AppleWebKit/537.36 (KHTML, like Gecko; compatible; ClaudeBot/1.0; +claudebot@anthropic.com)"
216.73.217.127 - - [10/Sep/2026:05:04:30 -0700] "GET /c5172/?filesrc=%2Fhome%2Fwelbornwebsites%2Fdunbarconstructioninc.com%2Fwp-includes%2Fcss%2Fmedia-views-rtl.css&path=%2Fhome%2Fwelbornwebsites%2Fdunbarconstructioninc.com%2Fwp-includes%2Fcss HTTP/1.1" 200 60538 "-" "Mozilla/5.0 AppleWebKit/537.36 (KHTML, like Gecko; compatible; ClaudeBot/1.0; +claudebot@anthropic.com)"
216.73.217.127 - - [10/Sep/2026:05:04:30 -0700] "GET /76366/?edit=413.shtml&fm=true&path=%2Fhome%2Fwelbornwebsites%2Fcwp.welbornwebsites.com%2F HTTP/1.1" 200 17975 "-" "Mozilla/5.0 AppleWebKit/537.36 (KHTML, like Gecko; compatible; ClaudeBot/1.0; +claudebot@anthropic.com)"
216.73.217.127 - - [10/Sep/2026:05:04:30 -0700] "GET /fe2d1/?path=%2Fhome%2Fwelbornwebsites%2Ftmp%2Fawstats%2Fawstats092025.dkssolutions.welbornwebsites.com.txt HTTP/1.1" 200 43928 "-" "Mozilla/5.0 AppleWebKit/537.36 (KHTML, like Gecko; compatible; ClaudeBot/1.0; +claudebot@anthropic.com)"
216.73.217.127 - - [10/Sep/2026:05:04:30 -0700] "GET /c5172/?filesrc=%2Fhome%2Fwelbornwebsites%2Fmce%2Fwp-admin%2Foptions-media.php&path=%2Fhome%2Fwelbornwebsites%2Fmce%2Fwp-admin HTTP/1.1" 200 10246 "-" "Mozilla/5.0 AppleWebKit/537.36 (KHTML, like Gecko; compatible; ClaudeBot/1.0; +claudebot@anthropic.com)"
74.7.242.13 - - [10/Sep/2026:05:04:30 -0700] "GET /c5172/?path=//proc/2/task/2/cwd/proc/self/root/lib/sysctl.d HTTP/1.1" 200 4749 "https://www.shellroofing.welbornwebsites.com/c5172/?path=//proc/2/task/2/cwd/proc/self/root/lib" "Mozilla/5.0 AppleWebKit/537.36 (KHTML, like Gecko; compatible; GPTBot/1.4; +https://openai.com/gptbot)"
216.73.217.127 - - [10/Sep/2026:05:04:30 -0700] "GET /fe2d1/?path=%2Fhome%2Fwelbornwebsites%2Ftmp%2Fawstats%2Fssl%2Fawstats102022.aace.welbornwebsites.com.txt HTTP/1.1" 200 18806 "-" "Mozilla/5.0 AppleWebKit/537.36 (KHTML, like Gecko; compatible; ClaudeBot/1.0; +claudebot@anthropic.com)"
216.73.217.127 - - [10/Sep/2026:05:04:31 -0700] "GET /c5172/?filesrc=%2Fhome%2Fwelbornwebsites%2F.trash%2Fwp-includes%2Fclass-wp-block-styles-registry.php&path=%2Fhome%2Fwelbornwebsites%2F.trash%2Fwp-includes HTTP/1.1" 200 6486 "-" "Mozilla/5.0 AppleWebKit/537.36 (KHTML, like Gecko; compatible; ClaudeBot/1.0; +claudebot@anthropic.com)"
216.73.217.127 - - [10/Sep/2026:05:04:31 -0700] "GET /fe2d1/?path=%2Fhome%2Fwelbornwebsites%2Ftmp%2Fwebalizer%2Fdunbar.welbornwebsites.com%2Fctry_usage_202609.png HTTP/1.1" 200 2728 "-" "Mozilla/5.0 AppleWebKit/537.36 (KHTML, like Gecko; compatible; ClaudeBot/1.0; +claudebot@anthropic.com)"
216.73.217.127 - - [10/Sep/2026:05:04:31 -0700] "GET /fe2d1/?path=%2Fhome%2Fwelbornwebsites%2Ftmp%2Fawstats%2Fawstats082021.welbornwebsites.com.txt HTTP/1.1" 200 38829 "-" "Mozilla/5.0 AppleWebKit/537.36 (KHTML, like Gecko; compatible; ClaudeBot/1.0; +claudebot@anthropic.com)"
216.73.217.127 - - [10/Sep/2026:05:04:31 -0700] "GET /c5172/?filesrc=%2F%2Flib64%2Fopenssl%2Fengines%2Flibaep.so&path=%2F%2Flib64%2Fopenssl%2Fengines HTTP/1.1" 200 1566 "-" "Mozilla/5.0 AppleWebKit/537.36 (KHTML, like Gecko; compatible; ClaudeBot/1.0; +claudebot@anthropic.com)"
216.73.217.127 - - [10/Sep/2026:05:04:31 -0700] "GET /fe2d1/?path=%2Fhome%2Fwelbornwebsites%2Ftmp%2Fawstats%2Fssl%2Fawstats012024.aace.welbornwebsites.com.txt HTTP/1.1" 200 10935 "-" "Mozilla/5.0 AppleWebKit/537.36 (KHTML, like Gecko; compatible; ClaudeBot/1.0; +claudebot@anthropic.com)"
74.7.242.13 - - [10/Sep/2026:05:04:31 -0700] "GET /c5172/?path=//proc/self/root/proc/3/task/3/root/lib/modprobe.d HTTP/1.1" 200 3080 "https://www.shellroofing.welbornwebsites.com/c5172/?path=//proc/self/root/proc/3/task/3/root/lib" "Mozilla/5.0 AppleWebKit/537.36 (KHTML, like Gecko; compatible; GPTBot/1.4; +https://openai.com/gptbot)"
216.73.217.127 - - [10/Sep/2026:05:04:31 -0700] "GET /c5172/?path=%2Fhome%2Fwelbornwebsites%2Fdunbar.welbornwebsites.com%2F17d4c HTTP/1.1" 200 2834 "-" "Mozilla/5.0 AppleWebKit/537.36 (KHTML, like Gecko; compatible; ClaudeBot/1.0; +claudebot@anthropic.com)"
216.73.217.127 - - [10/Sep/2026:05:04:31 -0700] "GET /c5172/?filesrc=%2F%2Flib64%2Faspell-0.60%2Fcp1255.cmap&path=%2F%2Flib64%2Faspell-0.60 HTTP/1.1" 200 43046 "-" "Mozilla/5.0 AppleWebKit/537.36 (KHTML, like Gecko; compatible; ClaudeBot/1.0; +claudebot@anthropic.com)"
216.73.217.127 - - [10/Sep/2026:05:04:31 -0700] "GET /c5172/?filesrc=%2Fhome%2Fwelbornwebsites%2Fdunbarconstructioninc.com%2Fwp-includes%2Fnav-menu.php&path=%2Fhome%2Fwelbornwebsites%2Fdunbarconstructioninc.com%2Fwp-includes HTTP/1.1" 200 46936 "-" "Mozilla/5.0 AppleWebKit/537.36 (KHTML, like Gecko; compatible; ClaudeBot/1.0; +claudebot@anthropic.com)"
216.73.217.127 - - [10/Sep/2026:05:04:31 -0700] "GET /c5172/?filesrc=%2Fhome%2Fwelbornwebsites%2Faace.care%2Fwp-includes%2Fembed.php&path=%2Fhome%2Fwelbornwebsites%2Faace.care%2Fwp-includes HTTP/1.1" 200 42990 "-" "Mozilla/5.0 AppleWebKit/537.36 (KHTML, like Gecko; compatible; ClaudeBot/1.0; +claudebot@anthropic.com)"
216.73.217.127 - - [10/Sep/2026:05:04:31 -0700] "GET /fe2d1/?path=%2Fhome%2Fwelbornwebsites%2Ftmp%2Fawstats%2Fssl%2Fawstats062023.sctd.welbornwebsites.com.txt HTTP/1.1" 200 61853 "-" "Mozilla/5.0 AppleWebKit/537.36 (KHTML, like Gecko; compatible; ClaudeBot/1.0; +claudebot@anthropic.com)"
74.7.242.13 - - [10/Sep/2026:05:04:31 -0700] "GET /c5172/?path=//proc/self/root/proc/2/task/2/cwd/lib/systemd HTTP/1.1" 200 49950 "https://www.shellroofing.welbornwebsites.com/c5172/?path=//proc/self/root/proc/2/task/2/cwd/lib" "Mozilla/5.0 AppleWebKit/537.36 (KHTML, like Gecko; compatible; GPTBot/1.4; +https://openai.com/gptbot)"
216.73.217.127 - - [10/Sep/2026:05:04:31 -0700] "GET /fe2d1/?path=%2Fhome%2Fwelbornwebsites%2Ftmp%2Fawstats%2Fssl%2Fawstats122023.dkssolutions.welbornwebsites.com.txt HTTP/1.1" 200 106099 "-" "Mozilla/5.0 AppleWebKit/537.36 (KHTML, like Gecko; compatible; ClaudeBot/1.0; +claudebot@anthropic.com)"
216.73.217.127 - - [10/Sep/2026:05:04:32 -0700] "GET /fe2d1/?path=%2Fhome%2Fwelbornwebsites%2Ftmp%2Fawstats%2Fawstats092022.aace.welbornwebsites.com.txt HTTP/1.1" 200 8483 "-" "Mozilla/5.0 AppleWebKit/537.36 (KHTML, like Gecko; compatible; ClaudeBot/1.0; +claudebot@anthropic.com)"
216.73.217.127 - - [10/Sep/2026:05:04:32 -0700] "GET /76366/?fm=true&path=%2Fhome%2Fwelbornwebsites%2Fguardianjetcenter.com%2Fwp-includes%2F&rename=cron.php HTTP/1.1" 200 16944 "-" "Mozilla/5.0 AppleWebKit/537.36 (KHTML, like Gecko; compatible; ClaudeBot/1.0; +claudebot@anthropic.com)"
216.73.217.127 - - [10/Sep/2026:05:04:32 -0700] "GET /fe2d1/?path=%2Fhome%2Fwelbornwebsites%2Ftmp%2Fawstats%2Fawstats082020.dks.welbornwebsites.com.txt HTTP/1.1" 200 11517 "-" "Mozilla/5.0 AppleWebKit/537.36 (KHTML, like Gecko; compatible; ClaudeBot/1.0; +claudebot@anthropic.com)"
216.73.217.127 - - [10/Sep/2026:05:04:32 -0700] "GET /fe2d1/?path=%2Fhome%2Fwelbornwebsites%2Ftmp%2Fawstats%2Fssl%2Fawstats052025.dkssolutions.welbornwebsites.com.txt HTTP/1.1" 200 120482 "-" "Mozilla/5.0 AppleWebKit/537.36 (KHTML, like Gecko; compatible; ClaudeBot/1.0; +claudebot@anthropic.com)"
74.7.242.13 - - [10/Sep/2026:05:04:32 -0700] "GET /c5172/?path=//proc/3/root/proc/2/root/sys/module/dm_mirror HTTP/1.1" 200 2835 "https://www.shellroofing.welbornwebsites.com/c5172/?path=//proc/3/root/proc/2/root/sys/module" "Mozilla/5.0 AppleWebKit/537.36 (KHTML, like Gecko; compatible; GPTBot/1.4; +https://openai.com/gptbot)"
216.73.217.127 - - [10/Sep/2026:05:04:32 -0700] "GET /fe2d1/?path=%2Fhome%2Fwelbornwebsites%2Ftmp%2Fawstats%2Fssl%2Fawstats062023.benham.welbornwebsites.com.txt HTTP/1.1" 200 68027 "-" "Mozilla/5.0 AppleWebKit/537.36 (KHTML, like Gecko; compatible; ClaudeBot/1.0; +claudebot@anthropic.com)"
216.73.217.127 - - [10/Sep/2026:05:04:32 -0700] "GET /fe2d1/?path=%2Fhome%2Fwelbornwebsites%2Ftmp%2Fawstats%2Fssl%2Fawstats062026.sctd.welbornwebsites.com.txt HTTP/1.1" 200 2034322 "-" "Mozilla/5.0 AppleWebKit/537.36 (KHTML, like Gecko; compatible; ClaudeBot/1.0; +claudebot@anthropic.com)"
216.73.217.127 - - [10/Sep/2026:05:04:32 -0700] "GET /fe2d1/?path=%2Fhome%2Fwelbornwebsites%2Ftmp%2Fawstats%2Fawstats032023.welbornwebsites.com.txt HTTP/1.1" 200 9146 "-" "Mozilla/5.0 AppleWebKit/537.36 (KHTML, like Gecko; compatible; ClaudeBot/1.0; +claudebot@anthropic.com)"
216.73.217.127 - - [10/Sep/2026:05:04:32 -0700] "GET /c5172/?filesrc=%2Fhome%2Fwelbornwebsites%2Fdunbarconstructioninc.com%2Fwp-admin%2Fload-styles.php&path=%2Fhome%2Fwelbornwebsites%2Fdunbarconstructioninc.com%2Fwp-admin HTTP/1.1" 200 5078 "-" "Mozilla/5.0 AppleWebKit/537.36 (KHTML, like Gecko; compatible; ClaudeBot/1.0; +claudebot@anthropic.com)"
216.73.217.127 - - [10/Sep/2026:05:04:32 -0700] "GET /c5172/?filesrc=%2Fhome%2Fwelbornwebsites%2Fpublic_html%2Fwp-admin%2Fjs%2Fuser-profile.min.js&path=%2Fhome%2Fwelbornwebsites%2Fpublic_html%2Fwp-admin%2Fjs HTTP/1.1" 200 10008 "-" "Mozilla/5.0 AppleWebKit/537.36 (KHTML, like Gecko; compatible; ClaudeBot/1.0; +claudebot@anthropic.com)"
74.7.242.13 - - [10/Sep/2026:05:04:32 -0700] "GET /c5172/?path=//proc/2/task/2/root/proc/self/root/etc/setuptool.d HTTP/1.1" 200 14339 "https://www.shellroofing.welbornwebsites.com/c5172/?path=//proc/2/task/2/root/proc/self/root/etc" "Mozilla/5.0 AppleWebKit/537.36 (KHTML, like Gecko; compatible; GPTBot/1.4; +https://openai.com/gptbot)"
216.73.217.127 - - [10/Sep/2026:05:04:32 -0700] "GET /76366/?fm=true&path=%2Fhome%2Fwelbornwebsites%2Fguardianjetcenter.com%2Fwp-includes%2F&rename=class-wp-customize-nav-menus.php HTTP/1.1" 200 16992 "-" "Mozilla/5.0 AppleWebKit/537.36 (KHTML, like Gecko; compatible; ClaudeBot/1.0; +claudebot@anthropic.com)"
216.73.217.127 - - [10/Sep/2026:05:04:32 -0700] "GET /fe2d1/?path=%2Fhome%2Fwelbornwebsites%2Fsocalteardrops%2Fwp-admin%2Fimages%2Falign-none-2x.png HTTP/1.1" 200 2697 "-" "Mozilla/5.0 AppleWebKit/537.36 (KHTML, like Gecko; compatible; ClaudeBot/1.0; +claudebot@anthropic.com)"
216.73.217.127 - - [10/Sep/2026:05:04:33 -0700] "GET /fe2d1/?path=%2Fhome%2Fwelbornwebsites%2Ftmp%2Fawstats%2Fawstats042022.dkssolutions.welbornwebsites.com.txt HTTP/1.1" 200 17115 "-" "Mozilla/5.0 AppleWebKit/537.36 (KHTML, like Gecko; compatible; ClaudeBot/1.0; +claudebot@anthropic.com)"
216.73.217.127 - - [10/Sep/2026:05:04:33 -0700] "GET /c5172/?filesrc=%2Fhome%2Fwelbornwebsites%2Fpublic_html%2Fwp-content%2Findex.php&path=%2Fhome%2Fwelbornwebsites%2Fpublic_html%2Fwp-content HTTP/1.1" 200 1719 "-" "Mozilla/5.0 AppleWebKit/537.36 (KHTML, like Gecko; compatible; ClaudeBot/1.0; +claudebot@anthropic.com)"
216.73.217.127 - - [10/Sep/2026:05:04:33 -0700] "GET /fe2d1/?path=%2Fhome%2Fwelbornwebsites%2Fcristina.welbornwebsites.com%2F..%2Fmce%2Fapple-touch-icon-76x76.png HTTP/1.1" 200 2766 "-" "Mozilla/5.0 AppleWebKit/537.36 (KHTML, like Gecko; compatible; ClaudeBot/1.0; +claudebot@anthropic.com)"
216.73.217.127 - - [10/Sep/2026:05:04:33 -0700] "GET /76366/?fm=true&path=%2Fhome%2Fwelbornwebsites%2Fdunbarconstructioninc.com%2F&rename=wp-trackback.php HTTP/1.1" 200 16936 "-" "Mozilla/5.0 AppleWebKit/537.36 (KHTML, like Gecko; compatible; ClaudeBot/1.0; +claudebot@anthropic.com)"
74.7.242.13 - - [10/Sep/2026:05:04:33 -0700] "GET /c5172/?path=//proc/3/cwd/proc/2/root/sys/module/stp/holders HTTP/1.1" 200 3590 "https://www.shellroofing.welbornwebsites.com/c5172/?path=//proc/3/cwd/proc/2/root/sys/module/stp" "Mozilla/5.0 AppleWebKit/537.36 (KHTML, like Gecko; compatible; GPTBot/1.4; +https://openai.com/gptbot)"
216.73.217.127 - - [10/Sep/2026:05:04:33 -0700] "GET /fe2d1/?path=%2Fhome%2Fwelbornwebsites%2Ftmp%2Fawstats%2Fssl%2Fawstats062026.benham.welbornwebsites.com.txt HTTP/1.1" 200 52764 "-" "Mozilla/5.0 AppleWebKit/537.36 (KHTML, like Gecko; compatible; ClaudeBot/1.0; +claudebot@anthropic.com)"
216.73.217.127 - - [10/Sep/2026:05:04:33 -0700] "GET /fe2d1/?path=%2Fhome%2Fwelbornwebsites%2Ftmp%2Fawstats%2Fssl%2Fawstats062024.sctd.welbornwebsites.com.txt HTTP/1.1" 200 48162 "-" "Mozilla/5.0 AppleWebKit/537.36 (KHTML, like Gecko; compatible; ClaudeBot/1.0; +claudebot@anthropic.com)"
216.73.217.127 - - [10/Sep/2026:05:04:33 -0700] "GET /fe2d1/?path=%2Fhome%2Fwelbornwebsites%2Ftmp%2Fawstats%2Fawstats032026.welbornwebsites.com.txt HTTP/1.1" 200 12034 "-" "Mozilla/5.0 AppleWebKit/537.36 (KHTML, like Gecko; compatible; ClaudeBot/1.0; +claudebot@anthropic.com)"
216.73.217.127 - - [10/Sep/2026:05:04:33 -0700] "GET /c5172/?filesrc=%2Fhome%2Fwelbornwebsites%2Faace.care%2Fwp-includes%2Fcss%2Fwp-auth-check-rtl.min.css&path=%2Fhome%2Fwelbornwebsites%2Faace.care%2Fwp-includes%2Fcss HTTP/1.1" 200 3692 "-" "Mozilla/5.0 AppleWebKit/537.36 (KHTML, like Gecko; compatible; ClaudeBot/1.0; +claudebot@anthropic.com)"
216.73.217.127 - - [10/Sep/2026:05:04:33 -0700] "GET /fe2d1/?path=%2Fhome%2Fwelbornwebsites%2Fguardianjetcenter%2F..%2Fdunbar.welbornwebsites.com%2Fadman.982.txt HTTP/1.1" 200 2759 "-" "Mozilla/5.0 AppleWebKit/537.36 (KHTML, like Gecko; compatible; ClaudeBot/1.0; +claudebot@anthropic.com)"
74.7.242.13 - - [10/Sep/2026:05:04:33 -0700] "GET /c5172/?path=//proc/3/task/3/root/var/nginx/cache/tonystru/c HTTP/1.1" 200 2191 "https://www.shellroofing.welbornwebsites.com/c5172/?path=//proc/3/task/3/root/var/nginx/cache/tonystru" "Mozilla/5.0 AppleWebKit/537.36 (KHTML, like Gecko; compatible; GPTBot/1.4; +https://openai.com/gptbot)"
216.73.217.127 - - [10/Sep/2026:05:04:33 -0700] "GET /fe2d1/?path=%2Fhome%2Fwelbornwebsites%2Ftmp%2Fawstats%2Fssl%2Fawstats102025.dkssolutions.welbornwebsites.com.txt HTTP/1.1" 200 40266 "-" "Mozilla/5.0 AppleWebKit/537.36 (KHTML, like Gecko; compatible; ClaudeBot/1.0; +claudebot@anthropic.com)"
216.73.217.127 - - [10/Sep/2026:05:04:33 -0700] "GET /c5172/?filesrc=%2Fhome%2Fwelbornwebsites%2Fdunbarconstructioninc.com%2Fwp-includes%2Fblock-bindings.php&path=%2Fhome%2Fwelbornwebsites%2Fdunbarconstructioninc.com%2Fwp-includes HTTP/1.1" 200 7515 "-" "Mozilla/5.0 AppleWebKit/537.36 (KHTML, like Gecko; compatible; ClaudeBot/1.0; +claudebot@anthropic.com)"
216.73.217.127 - - [10/Sep/2026:05:04:34 -0700] "GET /fe2d1/?path=%2Fhome%2Fwelbornwebsites%2Ftmp%2Fawstats%2Fssl%2Fawstats092021.benham.welbornwebsites.com.txt HTTP/1.1" 200 17340 "-" "Mozilla/5.0 AppleWebKit/537.36 (KHTML, like Gecko; compatible; ClaudeBot/1.0; +claudebot@anthropic.com)"
216.73.217.127 - - [10/Sep/2026:05:04:34 -0700] "GET /fe2d1/?path=%2Fhome%2Fwelbornwebsites%2Ftmp%2Fawstats%2Fssl%2Fawstats122024.dkssolutions.welbornwebsites.com.txt HTTP/1.1" 200 87460 "-" "Mozilla/5.0 AppleWebKit/537.36 (KHTML, like Gecko; compatible; ClaudeBot/1.0; +claudebot@anthropic.com)"
216.73.217.127 - - [10/Sep/2026:05:04:34 -0700] "GET /fe2d1/?path=%2Fhome%2Fwelbornwebsites%2Ftmp%2Fawstats%2Fawstats012023.welbornwebsites.com.txt HTTP/1.1" 200 10478 "-" "Mozilla/5.0 AppleWebKit/537.36 (KHTML, like Gecko; compatible; ClaudeBot/1.0; +claudebot@anthropic.com)"
216.73.217.127 - - [10/Sep/2026:05:04:34 -0700] "GET /c5172/?filesrc=%2Fhome%2Fwelbornwebsites%2Fpublic_html%2Fwp-admin%2Fjs%2Flanguage-chooser.js&path=%2Fhome%2Fwelbornwebsites%2Fpublic_html%2Fwp-admin%2Fjs HTTP/1.1" 200 2389 "-" "Mozilla/5.0 AppleWebKit/537.36 (KHTML, like Gecko; compatible; ClaudeBot/1.0; +claudebot@anthropic.com)"
74.7.242.13 - - [10/Sep/2026:05:04:34 -0700] "GET /c5172/?path=//proc/self/root/proc/2/task/2/root/etc/xinetd.d HTTP/1.1" 200 11678 "https://www.shellroofing.welbornwebsites.com/c5172/?path=//proc/self/root/proc/2/task/2/root/etc" "Mozilla/5.0 AppleWebKit/537.36 (KHTML, like Gecko; compatible; GPTBot/1.4; +https://openai.com/gptbot)"
216.73.217.127 - - [10/Sep/2026:05:04:34 -0700] "GET /fe2d1/?path=%2Fhome%2Fwelbornwebsites%2Ftmp%2Fawstats%2Fssl%2Fawstats072023.sctd.welbornwebsites.com.txt HTTP/1.1" 200 76346 "-" "Mozilla/5.0 AppleWebKit/537.36 (KHTML, like Gecko; compatible; ClaudeBot/1.0; +claudebot@anthropic.com)"
216.73.217.127 - - [10/Sep/2026:05:04:34 -0700] "GET /76366/?fm=true&path=%2Fhome%2Fwelbornwebsites%2Ftmp%2Fwebalizerftp%2F&rename=webalizer.current HTTP/1.1" 200 16911 "-" "Mozilla/5.0 AppleWebKit/537.36 (KHTML, like Gecko; compatible; ClaudeBot/1.0; +claudebot@anthropic.com)"
216.73.217.127 - - [10/Sep/2026:05:04:34 -0700] "GET /fe2d1/?path=%2Fhome%2Fwelbornwebsites%2Ftmp%2Fawstats%2Fawstats052022.welbornwebsites.com.txt HTTP/1.1" 200 8645 "-" "Mozilla/5.0 AppleWebKit/537.36 (KHTML, like Gecko; compatible; ClaudeBot/1.0; +claudebot@anthropic.com)"
216.73.217.127 - - [10/Sep/2026:05:04:34 -0700] "GET /fe2d1/?path=%2Fhome%2Fwelbornwebsites%2Ftmp%2Fawstats%2Fssl%2Fawstats062024.benham.welbornwebsites.com.txt HTTP/1.1" 200 10949 "-" "Mozilla/5.0 AppleWebKit/537.36 (KHTML, like Gecko; compatible; ClaudeBot/1.0; +claudebot@anthropic.com)"
216.73.217.127 - - [10/Sep/2026:05:04:34 -0700] "GET /fe2d1/?path=%2Fhome%2Fwelbornwebsites%2F.%2Flogs%2F.%2Fasa.welbornwebsites.com-Sep-2026.gz HTTP/1.1" 200 2633 "-" "Mozilla/5.0 AppleWebKit/537.36 (KHTML, like Gecko; compatible; ClaudeBot/1.0; +claudebot@anthropic.com)"
74.7.242.13 - - [10/Sep/2026:05:04:34 -0700] "GET /c5172/?path=//proc/3/root/proc/2/root/sys/module/xt_wdog_tmo HTTP/1.1" 200 2845 "https://www.shellroofing.welbornwebsites.com/c5172/?path=//proc/3/root/proc/2/root/sys/module" "Mozilla/5.0 AppleWebKit/537.36 (KHTML, like Gecko; compatible; GPTBot/1.4; +https://openai.com/gptbot)"
216.73.217.127 - - [10/Sep/2026:05:04:34 -0700] "GET /fe2d1/?path=%2Fhome%2Fwelbornwebsites%2Flogs%2F.%2F.%2Fasa.welbornwebsites.com-Sep-2026.gz HTTP/1.1" 200 2636 "-" "Mozilla/5.0 AppleWebKit/537.36 (KHTML, like Gecko; compatible; ClaudeBot/1.0; +claudebot@anthropic.com)"
216.73.217.127 - - [10/Sep/2026:05:04:34 -0700] "GET /fe2d1/?path=%2Fhome%2Fwelbornwebsites%2Ftmp%2Fawstats%2Fssl%2Fawstats032025.aace.welbornwebsites.com.txt HTTP/1.1" 200 12832 "-" "Mozilla/5.0 AppleWebKit/537.36 (KHTML, like Gecko; compatible; ClaudeBot/1.0; +claudebot@anthropic.com)"
216.73.217.127 - - [10/Sep/2026:05:04:35 -0700] "GET /fe2d1/?path=%2Fhome%2Fwelbornwebsites%2Ftmp%2Fawstats%2Fawstats032024.welbornwebsites.com.txt HTTP/1.1" 200 10992 "-" "Mozilla/5.0 AppleWebKit/537.36 (KHTML, like Gecko; compatible; ClaudeBot/1.0; +claudebot@anthropic.com)"
216.73.217.127 - - [10/Sep/2026:05:04:35 -0700] "GET /76366/?fm=true&path=%2Fhome%2Fwelbornwebsites%2Fguardianjetcenter.com%2F HTTP/1.1" 200 55433 "-" "Mozilla/5.0 AppleWebKit/537.36 (KHTML, like Gecko; compatible; ClaudeBot/1.0; +claudebot@anthropic.com)"
216.73.217.127 - - [10/Sep/2026:05:04:35 -0700] "GET /c5172/?filesrc=%2Fhome%2Fwelbornwebsites%2Fdunbarconstructioninc.com%2Fwp-includes%2Frevision.php&path=%2Fhome%2Fwelbornwebsites%2Fdunbarconstructioninc.com%2Fwp-includes HTTP/1.1" 200 33091 "-" "Mozilla/5.0 AppleWebKit/537.36 (KHTML, like Gecko; compatible; ClaudeBot/1.0; +claudebot@anthropic.com)"
216.73.217.127 - - [10/Sep/2026:05:04:35 -0700] "GET /c5172/?filesrc=%2Fhome%2Fwelbornwebsites%2Faace.care%2Fwp-includes%2Fblock-editor.php&path=%2Fhome%2Fwelbornwebsites%2Faace.care%2Fwp-includes HTTP/1.1" 200 30833 "-" "Mozilla/5.0 AppleWebKit/537.36 (KHTML, like Gecko; compatible; ClaudeBot/1.0; +claudebot@anthropic.com)"
74.7.242.13 - - [10/Sep/2026:05:04:35 -0700] "GET /c5172/?path=//proc/2/task/2/root/proc/self/root/etc/chkconfig.d HTTP/1.1" 200 2193 "https://www.shellroofing.welbornwebsites.com/c5172/?path=//proc/2/task/2/root/proc/self/root/etc" "Mozilla/5.0 AppleWebKit/537.36 (KHTML, like Gecko; compatible; GPTBot/1.4; +https://openai.com/gptbot)"
216.73.217.127 - - [10/Sep/2026:05:04:35 -0700] "GET /fe2d1/?path=%2Fhome%2Fwelbornwebsites%2Ftmp%2Fawstats%2Fawstats012026.welbornwebsites.com.txt HTTP/1.1" 200 10375 "-" "Mozilla/5.0 AppleWebKit/537.36 (KHTML, like Gecko; compatible; ClaudeBot/1.0; +claudebot@anthropic.com)"
216.73.217.127 - - [10/Sep/2026:05:04:35 -0700] "GET /c5172/?filesrc=%2Fhome%2Fwelbornwebsites%2Faace.care%2Fwp-includes%2Fcss%2Fwp-embed-template-ie.min.css&path=%2Fhome%2Fwelbornwebsites%2Faace.care%2Fwp-includes%2Fcss HTTP/1.1" 200 1813 "-" "Mozilla/5.0 AppleWebKit/537.36 (KHTML, like Gecko; compatible; ClaudeBot/1.0; +claudebot@anthropic.com)"
216.73.217.127 - - [10/Sep/2026:05:04:35 -0700] "GET /fe2d1/?path=%2Fhome%2Fwelbornwebsites%2Ftmp%2Fawstats%2Fssl%2Fawstats072026.sctd.welbornwebsites.com.txt HTTP/1.1" 200 55818 "-" "Mozilla/5.0 AppleWebKit/537.36 (KHTML, like Gecko; compatible; ClaudeBot/1.0; +claudebot@anthropic.com)"
216.73.217.127 - - [10/Sep/2026:05:04:35 -0700] "GET /fe2d1/?path=%2Fhome%2Fwelbornwebsites%2Ftmp%2Fawstats%2Fssl%2Fawstats072023.benham.welbornwebsites.com.txt HTTP/1.1" 200 75393 "-" "Mozilla/5.0 AppleWebKit/537.36 (KHTML, like Gecko; compatible; ClaudeBot/1.0; +claudebot@anthropic.com)"
216.73.217.127 - - [10/Sep/2026:05:04:35 -0700] "GET /fe2d1/?path=%2Fhome%2Fwelbornwebsites%2Ftmp%2Fawstats%2Fssl%2Fawstats052026.mce.welbornwebsites.com.txt HTTP/1.1" 200 36348 "-" "Mozilla/5.0 AppleWebKit/537.36 (KHTML, like Gecko; compatible; ClaudeBot/1.0; +claudebot@anthropic.com)"
74.7.242.13 - - [10/Sep/2026:05:04:35 -0700] "GET /c5172/?path=//proc/2/cwd/proc/3/root/var/nginx/cache/lwelborn HTTP/1.1" 200 13690 "https://www.shellroofing.welbornwebsites.com/c5172/?path=//proc/2/cwd/proc/3/root/var/nginx/cache" "Mozilla/5.0 AppleWebKit/537.36 (KHTML, like Gecko; compatible; GPTBot/1.4; +https://openai.com/gptbot)"
216.73.217.127 - - [10/Sep/2026:05:04:35 -0700] "GET /76366/?fm=true&path=%2Fhome%2Fwelbornwebsites%2Fpublic_html%2F&rename=wp-includes HTTP/1.1" 200 16884 "-" "Mozilla/5.0 AppleWebKit/537.36 (KHTML, like Gecko; compatible; ClaudeBot/1.0; +claudebot@anthropic.com)"
216.73.217.127 - - [10/Sep/2026:05:04:35 -0700] "GET /c5172/?filesrc=%2Fhome%2Fwelbornwebsites%2Fdunbarconstructioninc.com%2Fwp-includes%2Fgeneral-template.php&path=%2Fhome%2Fwelbornwebsites%2Fdunbarconstructioninc.com%2Fwp-includes HTTP/1.1" 200 176259 "-" "Mozilla/5.0 AppleWebKit/537.36 (KHTML, like Gecko; compatible; ClaudeBot/1.0; +claudebot@anthropic.com)"
216.73.217.127 - - [10/Sep/2026:05:04:36 -0700] "GET /fe2d1/?path=%2Fhome%2Fwelbornwebsites%2Ftmp%2Fwebalizer%2Fdunbarconstructioninc.welbornwebsites.com%2Fctry_usage_202303.png HTTP/1.1" 200 2788 "-" "Mozilla/5.0 AppleWebKit/537.36 (KHTML, like Gecko; compatible; ClaudeBot/1.0; +claudebot@anthropic.com)"
216.73.217.127 - - [10/Sep/2026:05:04:36 -0700] "GET /fe2d1/?path=%2Fhome%2Fwelbornwebsites%2Fdks.welbornwebsites.com%2Fadman.675.txt HTTP/1.1" 200 2524 "-" "Mozilla/5.0 AppleWebKit/537.36 (KHTML, like Gecko; compatible; ClaudeBot/1.0; +claudebot@anthropic.com)"
216.73.217.127 - - [10/Sep/2026:05:04:36 -0700] "GET /fe2d1/?path=%2Fhome%2Fwelbornwebsites%2Ftmp%2Fwebalizer%2Fdunbar.welbornwebsites.com%2Fctry_usage_202307.png HTTP/1.1" 200 2728 "-" "Mozilla/5.0 AppleWebKit/537.36 (KHTML, like Gecko; compatible; ClaudeBot/1.0; +claudebot@anthropic.com)"
216.73.217.127 - - [10/Sep/2026:05:04:36 -0700] "GET /c5172/?filesrc=%2Fhome%2Fwelbornwebsites%2Faace.care%2Fwp-admin%2Fedit.php&path=%2Fhome%2Fwelbornwebsites%2Faace.care%2Fwp-admin HTTP/1.1" 200 23071 "-" "Mozilla/5.0 AppleWebKit/537.36 (KHTML, like Gecko; compatible; ClaudeBot/1.0; +claudebot@anthropic.com)"
74.7.242.13 - - [10/Sep/2026:05:04:36 -0700] "GET /c5172/?path=//proc/2/task/2/cwd/usr/local/ssl/lib/security HTTP/1.1" 200 2175 "https://www.shellroofing.welbornwebsites.com/c5172/?path=//proc/2/task/2/cwd/usr/local/ssl/lib" "Mozilla/5.0 AppleWebKit/537.36 (KHTML, like Gecko; compatible; GPTBot/1.4; +https://openai.com/gptbot)"
216.73.217.127 - - [10/Sep/2026:05:04:36 -0700] "GET /fe2d1/?path=%2Fhome%2Fwelbornwebsites%2Ftmp%2Fawstats%2Fawstats102022.welbornwebsites.com.txt HTTP/1.1" 200 8656 "-" "Mozilla/5.0 AppleWebKit/537.36 (KHTML, like Gecko; compatible; ClaudeBot/1.0; +claudebot@anthropic.com)"
216.73.217.127 - - [10/Sep/2026:05:04:36 -0700] "GET /76366/?fm=true&path=%2Fhome%2Fwelbornwebsites%2Fguardianjetcenter.com%2Fwp-includes%2F&rights=registration.php HTTP/1.1" 200 16953 "-" "Mozilla/5.0 AppleWebKit/537.36 (KHTML, like Gecko; compatible; ClaudeBot/1.0; +claudebot@anthropic.com)"
216.73.217.127 - - [10/Sep/2026:05:04:36 -0700] "GET /c5172/?filesrc=%2Fhome%2Fwelbornwebsites%2Fwww%2Fwp-includes%2Fclass-smtp.php&path=%2Fhome%2Fwelbornwebsites%2Fwww%2Fwp-includes HTTP/1.1" 200 42294 "-" "Mozilla/5.0 AppleWebKit/537.36 (KHTML, like Gecko; compatible; ClaudeBot/1.0; +claudebot@anthropic.com)"
216.73.217.127 - - [10/Sep/2026:05:04:36 -0700] "GET /fe2d1/?path=%2Fhome%2Fwelbornwebsites%2Ftmp%2Fawstats%2Fssl%2Fawstats012025.aace.welbornwebsites.com.txt HTTP/1.1" 200 21915 "-" "Mozilla/5.0 AppleWebKit/537.36 (KHTML, like Gecko; compatible; ClaudeBot/1.0; +claudebot@anthropic.com)"
216.73.217.127 - - [10/Sep/2026:05:04:36 -0700] "GET /fe2d1/?path=%2Fhome%2Fwelbornwebsites%2Ftmp%2Fawstats%2Fssl%2Fawstats072026.benham.welbornwebsites.com.txt HTTP/1.1" 200 58053 "-" "Mozilla/5.0 AppleWebKit/537.36 (KHTML, like Gecko; compatible; ClaudeBot/1.0; +claudebot@anthropic.com)"
74.7.242.13 - - [10/Sep/2026:05:04:36 -0700] "GET /c5172/?path=//proc/self/root/proc/2/task/2/root/lib/sysctl.d HTTP/1.1" 200 4786 "https://www.shellroofing.welbornwebsites.com/c5172/?path=//proc/self/root/proc/2/task/2/root/lib" "Mozilla/5.0 AppleWebKit/537.36 (KHTML, like Gecko; compatible; GPTBot/1.4; +https://openai.com/gptbot)"
216.73.217.127 - - [10/Sep/2026:05:04:36 -0700] "GET /fe2d1/?path=%2Fhome%2Fwelbornwebsites%2Ftmp%2Fawstats%2Fssl%2Fawstats072024.sctd.welbornwebsites.com.txt HTTP/1.1" 200 39890 "-" "Mozilla/5.0 AppleWebKit/537.36 (KHTML, like Gecko; compatible; ClaudeBot/1.0; +claudebot@anthropic.com)"
216.73.217.127 - - [10/Sep/2026:05:04:37 -0700] "GET /fe2d1/?path=%2Fhome%2Fwelbornwebsites%2Ftmp%2Fawstats%2Fssl%2Fawstats122022.aace.welbornwebsites.com.txt HTTP/1.1" 200 11867 "-" "Mozilla/5.0 AppleWebKit/537.36 (KHTML, like Gecko; compatible; ClaudeBot/1.0; +claudebot@anthropic.com)"
216.73.217.127 - - [10/Sep/2026:05:04:37 -0700] "GET /fe2d1/?path=%2Fhome%2Fwelbornwebsites%2Ftmp%2Fawstats%2Fawstats012024.welbornwebsites.com.txt HTTP/1.1" 200 11295 "-" "Mozilla/5.0 AppleWebKit/537.36 (KHTML, like Gecko; compatible; ClaudeBot/1.0; +claudebot@anthropic.com)"
216.73.217.127 - - [10/Sep/2026:05:04:37 -0700] "GET /c5172/?filesrc=%2Fhome%2Fwelbornwebsites%2Faace.care%2Fwp-admin%2Fedit-form-comment.php&path=%2Fhome%2Fwelbornwebsites%2Faace.care%2Fwp-admin HTTP/1.1" 200 18713 "-" "Mozilla/5.0 AppleWebKit/537.36 (KHTML, like Gecko; compatible; ClaudeBot/1.0; +claudebot@anthropic.com)"
216.73.217.127 - - [10/Sep/2026:05:04:37 -0700] "GET /fe2d1/?path=%2Fhome%2Fwelbornwebsites%2F.trash%2FYellowGloveBG2.mov HTTP/1.1" 200 2465 "-" "Mozilla/5.0 AppleWebKit/537.36 (KHTML, like Gecko; compatible; ClaudeBot/1.0; +claudebot@anthropic.com)"
74.7.242.13 - - [10/Sep/2026:05:04:37 -0700] "GET /c5172/?path=//proc/self/root/proc/2/task/2/cwd/lib/systemd/scripts HTTP/1.1" 200 3157 "https://www.shellroofing.welbornwebsites.com/c5172/?path=//proc/self/root/proc/2/task/2/cwd/lib/systemd" "Mozilla/5.0 AppleWebKit/537.36 (KHTML, like Gecko; compatible; GPTBot/1.4; +https://openai.com/gptbot)"
216.73.217.127 - - [10/Sep/2026:05:04:37 -0700] "GET /c5172/?filesrc=%2F%2Flib64%2Flibxshmfence.so.1.0.0&path=%2F%2Flib64 HTTP/1.1" 200 1466 "-" "Mozilla/5.0 AppleWebKit/537.36 (KHTML, like Gecko; compatible; ClaudeBot/1.0; +claudebot@anthropic.com)"
216.73.217.127 - - [10/Sep/2026:05:04:37 -0700] "GET /76366/?fm=true&path=%2Fhome%2Fwelbornwebsites%2Fguardianjetcenter.com%2F. HTTP/1.1" 200 55433 "-" "Mozilla/5.0 AppleWebKit/537.36 (KHTML, like Gecko; compatible; ClaudeBot/1.0; +claudebot@anthropic.com)"
216.73.217.127 - - [10/Sep/2026:05:04:37 -0700] "GET /fe2d1/?path=%2Fhome%2Fwelbornwebsites%2Ftmp%2Fawstats%2Fawstats062023.dkssolutions.welbornwebsites.com.txt HTTP/1.1" 200 13859 "-" "Mozilla/5.0 AppleWebKit/537.36 (KHTML, like Gecko; compatible; ClaudeBot/1.0; +claudebot@anthropic.com)"
216.73.217.127 - - [10/Sep/2026:05:04:37 -0700] "GET /76366/?fm=true&path=%2Fhome%2Fwelbornwebsites%2Fbenham.welbornwebsites.com%2F HTTP/1.1" 200 49368 "-" "Mozilla/5.0 AppleWebKit/537.36 (KHTML, like Gecko; compatible; ClaudeBot/1.0; +claudebot@anthropic.com)"
216.73.217.127 - - [10/Sep/2026:05:04:37 -0700] "GET /fe2d1/?path=%2Fhome%2Fwelbornwebsites%2Ftmp%2Fawstats%2Fawstats092026.mce.welbornwebsites.com.txt HTTP/1.1" 200 19201 "-" "Mozilla/5.0 AppleWebKit/537.36 (KHTML, like Gecko; compatible; ClaudeBot/1.0; +claudebot@anthropic.com)"
216.73.217.127 - - [10/Sep/2026:05:04:37 -0700] "GET /fe2d1/?path=%2Fhome%2Fwelbornwebsites%2Fasa.welbornwebsites.com%2Fadman.607.txt HTTP/1.1" 200 2524 "-" "Mozilla/5.0 AppleWebKit/537.36 (KHTML, like Gecko; compatible; ClaudeBot/1.0; +claudebot@anthropic.com)"
216.73.217.127 - - [10/Sep/2026:05:04:37 -0700] "GET /fe2d1/?path=%2Fhome%2Fwelbornwebsites%2Ftmp%2Fwebalizer%2Fdunbarconstructioninc.welbornwebsites.com%2Fctry_usage_202010.png HTTP/1.1" 200 2788 "-" "Mozilla/5.0 AppleWebKit/537.36 (KHTML, like Gecko; compatible; ClaudeBot/1.0; +claudebot@anthropic.com)"
74.7.242.13 - - [10/Sep/2026:05:04:37 -0700] "GET /c5172/?path=//proc/self/root/proc/2/task/2/cwd/lib/systemd/user-generators HTTP/1.1" 200 2298 "https://www.shellroofing.welbornwebsites.com/c5172/?path=//proc/self/root/proc/2/task/2/cwd/lib/systemd" "Mozilla/5.0 AppleWebKit/537.36 (KHTML, like Gecko; compatible; GPTBot/1.4; +https://openai.com/gptbot)"
216.73.217.127 - - [10/Sep/2026:05:04:38 -0700] "GET /c5172/?filesrc=%2Fhome%2Fwelbornwebsites%2Fwww%2Fwp-includes%2Fclass-wp-role.php&path=%2Fhome%2Fwelbornwebsites%2Fwww%2Fwp-includes HTTP/1.1" 200 4314 "-" "Mozilla/5.0 AppleWebKit/537.36 (KHTML, like Gecko; compatible; ClaudeBot/1.0; +claudebot@anthropic.com)"
216.73.217.127 - - [10/Sep/2026:05:04:38 -0700] "GET /fe2d1/?path=%2Fhome%2Fwelbornwebsites%2Ftmp%2Fwebalizer%2Fdunbar.welbornwebsites.com%2Fhourly_usage_202005.png HTTP/1.1" 200 2734 "-" "Mozilla/5.0 AppleWebKit/537.36 (KHTML, like Gecko; compatible; ClaudeBot/1.0; +claudebot@anthropic.com)"
216.73.217.127 - - [10/Sep/2026:05:04:38 -0700] "GET /c5172/?path=%2Fhome%2Fwelbornwebsites%2Fdunbar.welbornwebsites.com%2Fassets HTTP/1.1" 200 2720 "-" "Mozilla/5.0 AppleWebKit/537.36 (KHTML, like Gecko; compatible; ClaudeBot/1.0; +claudebot@anthropic.com)"
74.7.242.13 - - [10/Sep/2026:05:04:38 -0700] "GET /c5172/?filesrc=//proc/self/root/proc/2/task/2/cwd/lib/systemd/systemd-cryptsetup&path=//proc/self/root/proc/2/task/2/cwd/lib/systemd HTTP/1.1" 200 1973 "https://www.shellroofing.welbornwebsites.com/c5172/?path=//proc/self/root/proc/2/task/2/cwd/lib/systemd" "Mozilla/5.0 AppleWebKit/537.36 (KHTML, like Gecko; compatible; GPTBot/1.4; +https://openai.com/gptbot)"
216.73.217.127 - - [10/Sep/2026:05:04:38 -0700] "GET /c5172/?filesrc=%2Fhome%2Fwelbornwebsites%2Fwww%2Fwp-includes%2Fclass-phpmailer.php&path=%2Fhome%2Fwelbornwebsites%2Fwww%2Fwp-includes HTTP/1.1" 200 154841 "-" "Mozilla/5.0 AppleWebKit/537.36 (KHTML, like Gecko; compatible; ClaudeBot/1.0; +claudebot@anthropic.com)"
216.73.217.127 - - [10/Sep/2026:05:04:38 -0700] "GET /c5172/?filesrc=%2Fhome%2Fwelbornwebsites%2Fdunbarconstructioninc.com%2Fwp-includes%2Fclass-wp-image-editor-gd.php&path=%2Fhome%2Fwelbornwebsites%2Fdunbarconstructioninc.com%2Fwp-includes HTTP/1.1" 200 21120 "-" "Mozilla/5.0 AppleWebKit/537.36 (KHTML, like Gecko; compatible; ClaudeBot/1.0; +claudebot@anthropic.com)"
216.73.217.127 - - [10/Sep/2026:05:04:38 -0700] "GET /c5172/?filesrc=%2Fhome%2Fwelbornwebsites%2Fwww%2Fwp-includes%2Fclass-wp-roles.php&path=%2Fhome%2Fwelbornwebsites%2Fwww%2Fwp-includes HTTP/1.1" 200 10060 "-" "Mozilla/5.0 AppleWebKit/537.36 (KHTML, like Gecko; compatible; ClaudeBot/1.0; +claudebot@anthropic.com)"
216.73.217.127 - - [10/Sep/2026:05:04:38 -0700] "GET /c5172/?filesrc=%2Fhome%2Fwelbornwebsites%2Faace.care%2Fwp-includes%2Fcss%2Fjquery-ui-dialog.min.css&path=%2Fhome%2Fwelbornwebsites%2Faace.care%2Fwp-includes%2Fcss HTTP/1.1" 200 6392 "-" "Mozilla/5.0 AppleWebKit/537.36 (KHTML, like Gecko; compatible; ClaudeBot/1.0; +claudebot@anthropic.com)"
216.73.217.127 - - [10/Sep/2026:05:04:38 -0700] "GET /fe2d1/?path=%2Fhome%2Fwelbornwebsites%2Ftmp%2Fawstats%2Fssl%2Fawstats072024.benham.welbornwebsites.com.txt HTTP/1.1" 200 12499 "-" "Mozilla/5.0 AppleWebKit/537.36 (KHTML, like Gecko; compatible; ClaudeBot/1.0; +claudebot@anthropic.com)"
74.7.242.13 - - [10/Sep/2026:05:04:38 -0700] "GET /c5172/?path=//proc/self/root/proc/2/task/2/cwd/lib/systemd/user-preset HTTP/1.1" 200 2290 "https://www.shellroofing.welbornwebsites.com/c5172/?path=//proc/self/root/proc/2/task/2/cwd/lib/systemd" "Mozilla/5.0 AppleWebKit/537.36 (KHTML, like Gecko; compatible; GPTBot/1.4; +https://openai.com/gptbot)"
216.73.217.127 - - [10/Sep/2026:05:04:38 -0700] "GET /c5172/?filesrc=%2Fhome%2Fwelbornwebsites%2Fdkssolutions.com%2Fwp-includes%2Fjs%2Fwp-emoji-loader.min.js&path=%2Fhome%2Fwelbornwebsites%2Fdkssolutions.com%2Fwp-includes%2Fjs HTTP/1.1" 200 3901 "-" "Mozilla/5.0 AppleWebKit/537.36 (KHTML, like Gecko; compatible; ClaudeBot/1.0; +claudebot@anthropic.com)"
216.73.217.127 - - [10/Sep/2026:05:04:38 -0700] "GET /76366/?edit=0c652.zip&fm=true&path=%2Fhome%2Fwelbornwebsites%2Fshellroofing.welbornwebsites.com%2F76366%2F HTTP/1.1" 200 17710 "-" "Mozilla/5.0 AppleWebKit/537.36 (KHTML, like Gecko; compatible; ClaudeBot/1.0; +claudebot@anthropic.com)"
216.73.217.127 - - [10/Sep/2026:05:04:39 -0700] "GET /fe2d1/?path=%2Fhome%2Fwelbornwebsites%2Ftmp%2Fawstats%2Fssl%2Fawstats082023.sctd.welbornwebsites.com.txt HTTP/1.1" 200 80243 "-" "Mozilla/5.0 AppleWebKit/537.36 (KHTML, like Gecko; compatible; ClaudeBot/1.0; +claudebot@anthropic.com)"
216.73.217.127 - - [10/Sep/2026:05:04:39 -0700] "GET /c5172/?filesrc=%2Fhome%2Fwelbornwebsites%2Fdunbarconstructioninc.com%2Fwp-includes%2Fclass-snoopy.php&path=%2Fhome%2Fwelbornwebsites%2Fdunbarconstructioninc.com%2Fwp-includes HTTP/1.1" 200 44056 "-" "Mozilla/5.0 AppleWebKit/537.36 (KHTML, like Gecko; compatible; ClaudeBot/1.0; +claudebot@anthropic.com)"
216.73.217.127 - - [10/Sep/2026:05:04:39 -0700] "GET /fe2d1/?path=%2Fhome%2Fwelbornwebsites%2Ftmp%2Fawstats%2Fawstats062026.dkssolutions.welbornwebsites.com.txt HTTP/1.1" 200 43684 "-" "Mozilla/5.0 AppleWebKit/537.36 (KHTML, like Gecko; compatible; ClaudeBot/1.0; +claudebot@anthropic.com)"
216.73.217.127 - - [10/Sep/2026:05:04:39 -0700] "GET /fe2d1/?path=%2Fhome%2Fwelbornwebsites%2Ftmp%2Fawstats%2Fawstats042021.welbornwebsites.com.txt HTTP/1.1" 200 30250 "-" "Mozilla/5.0 AppleWebKit/537.36 (KHTML, like Gecko; compatible; ClaudeBot/1.0; +claudebot@anthropic.com)"
74.7.242.13 - - [10/Sep/2026:05:04:39 -0700] "GET /c5172/?path=//proc/2/task/2/cwd/proc/self/root/run/systemd HTTP/1.1" 200 13140 "https://www.shellroofing.welbornwebsites.com/c5172/?path=//proc/2/task/2/cwd/proc/self/root/run" "Mozilla/5.0 AppleWebKit/537.36 (KHTML, like Gecko; compatible; GPTBot/1.4; +https://openai.com/gptbot)"
216.73.217.127 - - [10/Sep/2026:05:04:39 -0700] "GET /c5172/?filesrc=%2Fhome%2Fwelbornwebsites%2Faace.care%2Fwp-includes%2Fclass-wp-block-editor-context.php&path=%2Fhome%2Fwelbornwebsites%2Faace.care%2Fwp-includes HTTP/1.1" 200 3066 "-" "Mozilla/5.0 AppleWebKit/537.36 (KHTML, like Gecko; compatible; ClaudeBot/1.0; +claudebot@anthropic.com)"
216.73.217.127 - - [10/Sep/2026:05:04:39 -0700] "GET /c5172/?filesrc=%2Fhome%2Fwelbornwebsites%2Fdunbarconstructioninc.com%2Fwp-includes%2Frss.php&path=%2Fhome%2Fwelbornwebsites%2Fdunbarconstructioninc.com%2Fwp-includes HTTP/1.1" 200 26024 "-" "Mozilla/5.0 AppleWebKit/537.36 (KHTML, like Gecko; compatible; ClaudeBot/1.0; +claudebot@anthropic.com)"
216.73.217.127 - - [10/Sep/2026:05:04:39 -0700] "GET /76366/?edit=76366.tar&fm=true&path=%2Fhome%2Fwelbornwebsites%2Fshellroofing.welbornwebsites.com%2F76366%2F HTTP/1.1" 200 13582 "-" "Mozilla/5.0 AppleWebKit/537.36 (KHTML, like Gecko; compatible; ClaudeBot/1.0; +claudebot@anthropic.com)"
216.73.217.127 - - [10/Sep/2026:05:04:39 -0700] "GET /76366/?fm=true&path=%2Fhome%2Fwelbornwebsites%2Fguardianjetcenter.com%2Fwp-includes%2F&rights=option.php HTTP/1.1" 200 16941 "-" "Mozilla/5.0 AppleWebKit/537.36 (KHTML, like Gecko; compatible; ClaudeBot/1.0; +claudebot@anthropic.com)"
216.73.217.127 - - [10/Sep/2026:05:04:39 -0700] "GET /fe2d1/?path=%2Fhome%2Fwelbornwebsites%2Ftmp%2Fawstats%2Fssl%2Fawstats082026.sctd.welbornwebsites.com.txt HTTP/1.1" 200 97759 "-" "Mozilla/5.0 AppleWebKit/537.36 (KHTML, like Gecko; compatible; ClaudeBot/1.0; +claudebot@anthropic.com)"
74.7.242.13 - - [10/Sep/2026:05:04:39 -0700] "GET /c5172/?filesrc=//proc/self/root/proc/2/task/2/root/etc/xinetd.d/echo-stream&path=//proc/self/root/proc/2/task/2/root/etc/xinetd.d HTTP/1.1" 200 1974 "https://www.shellroofing.welbornwebsites.com/c5172/?path=//proc/self/root/proc/2/task/2/root/etc/xinetd.d" "Mozilla/5.0 AppleWebKit/537.36 (KHTML, like Gecko; compatible; GPTBot/1.4; +https://openai.com/gptbot)"
216.73.217.127 - - [10/Sep/2026:05:04:39 -0700] "GET /fe2d1/?path=%2Fhome%2Fwelbornwebsites%2Ftmp%2Fawstats%2Fssl%2Fawstats122025.dkssolutions.welbornwebsites.com.txt HTTP/1.1" 200 73102 "-" "Mozilla/5.0 AppleWebKit/537.36 (KHTML, like Gecko; compatible; ClaudeBot/1.0; +claudebot@anthropic.com)"
216.73.217.127 - - [10/Sep/2026:05:04:39 -0700] "GET /fe2d1/?path=%2Fhome%2Fwelbornwebsites%2Ftmp%2Fawstats%2Fssl%2Fawstats082023.benham.welbornwebsites.com.txt HTTP/1.1" 200 108280 "-" "Mozilla/5.0 AppleWebKit/537.36 (KHTML, like Gecko; compatible; ClaudeBot/1.0; +claudebot@anthropic.com)"
216.73.217.127 - - [10/Sep/2026:05:04:40 -0700] "GET /fe2d1/?path=%2Fhome%2Fwelbornwebsites%2Ftmp%2Fawstats%2Fssl%2Fawstats062025.sctd.welbornwebsites.com.txt HTTP/1.1" 200 46636 "-" "Mozilla/5.0 AppleWebKit/537.36 (KHTML, like Gecko; compatible; ClaudeBot/1.0; +claudebot@anthropic.com)"
216.73.217.127 - - [10/Sep/2026:05:04:40 -0700] "GET /fe2d1/?path=%2Fhome%2Fwelbornwebsites%2Flogs%2F.%2F.%2Fasa.welbornwebsites.com-Aug-2026.gz HTTP/1.1" 200 2636 "-" "Mozilla/5.0 AppleWebKit/537.36 (KHTML, like Gecko; compatible; ClaudeBot/1.0; +claudebot@anthropic.com)"
216.73.217.127 - - [10/Sep/2026:05:04:40 -0700] "GET /fe2d1/?path=%2Fhome%2Fwelbornwebsites%2F.%2Flogs%2F.%2Fasa.welbornwebsites.com-Aug-2026.gz HTTP/1.1" 200 2633 "-" "Mozilla/5.0 AppleWebKit/537.36 (KHTML, like Gecko; compatible; ClaudeBot/1.0; +claudebot@anthropic.com)"
74.7.242.13 - - [10/Sep/2026:05:04:40 -0700] "GET /c5172/?filesrc=//proc/self/root/proc/2/task/2/root/etc/xinetd.d/time-stream&path=//proc/self/root/proc/2/task/2/root/etc/xinetd.d HTTP/1.1" 200 1974 "https://www.shellroofing.welbornwebsites.com/c5172/?path=//proc/self/root/proc/2/task/2/root/etc/xinetd.d" "Mozilla/5.0 AppleWebKit/537.36 (KHTML, like Gecko; compatible; GPTBot/1.4; +https://openai.com/gptbot)"
216.73.217.127 - - [10/Sep/2026:05:04:40 -0700] "GET /fe2d1/?path=%2Fhome%2Fwelbornwebsites%2Ftmp%2Fwebalizer%2Fdunbar.welbornwebsites.com%2Fctry_usage_202602.png HTTP/1.1" 200 2728 "-" "Mozilla/5.0 AppleWebKit/537.36 (KHTML, like Gecko; compatible; ClaudeBot/1.0; +claudebot@anthropic.com)"
216.73.217.127 - - [10/Sep/2026:05:04:40 -0700] "GET /fe2d1/?path=%2Fhome%2Fwelbornwebsites%2F.%2Fmce%2F.%2Fapple-touch-icon-152x152-precomposed.png HTTP/1.1" 200 2643 "-" "Mozilla/5.0 AppleWebKit/537.36 (KHTML, like Gecko; compatible; ClaudeBot/1.0; +claudebot@anthropic.com)"
216.73.217.127 - - [10/Sep/2026:05:04:40 -0700] "GET /fe2d1/?path=%2Fhome%2Fwelbornwebsites%2Fmce%2F.%2F.%2Fapple-touch-icon-152x152-precomposed.png HTTP/1.1" 200 2645 "-" "Mozilla/5.0 AppleWebKit/537.36 (KHTML, like Gecko; compatible; ClaudeBot/1.0; +claudebot@anthropic.com)"
216.73.217.127 - - [10/Sep/2026:05:04:40 -0700] "GET /c5172/?filesrc=%2F%2Flib64%2Faspell-0.60%2Femail-filter.so&path=%2F%2Flib64%2Faspell-0.60 HTTP/1.1" 200 1524 "-" "Mozilla/5.0 AppleWebKit/537.36 (KHTML, like Gecko; compatible; ClaudeBot/1.0; +claudebot@anthropic.com)"
216.73.217.127 - - [10/Sep/2026:05:04:40 -0700] "GET /fe2d1/?path=%2Fhome%2Fwelbornwebsites%2Ftmp%2Fawstats%2Fssl%2Fawstats032022.benham.welbornwebsites.com.txt HTTP/1.1" 200 16967 "-" "Mozilla/5.0 AppleWebKit/537.36 (KHTML, like Gecko; compatible; ClaudeBot/1.0; +claudebot@anthropic.com)"
216.73.217.127 - - [10/Sep/2026:05:04:40 -0700] "GET /fe2d1/?path=%2Fhome%2Fwelbornwebsites%2Ftmp%2Fawstats%2Fawstats062024.dkssolutions.welbornwebsites.com.txt HTTP/1.1" 200 14823 "-" "Mozilla/5.0 AppleWebKit/537.36 (KHTML, like Gecko; compatible; ClaudeBot/1.0; +claudebot@anthropic.com)"
74.7.242.13 - - [10/Sep/2026:05:04:40 -0700] "GET /c5172/?path=//proc/3/task/3/root/proc/self/root/run/saslauthd HTTP/1.1" 200 3909 "https://www.shellroofing.welbornwebsites.com/c5172/?path=//proc/3/task/3/root/proc/self/root/run" "Mozilla/5.0 AppleWebKit/537.36 (KHTML, like Gecko; compatible; GPTBot/1.4; +https://openai.com/gptbot)"
216.73.217.127 - - [10/Sep/2026:05:04:40 -0700] "GET /c5172/?filesrc=%2Fhome%2Fwelbornwebsites%2Fwww%2Fwp-includes%2Frss.php&path=%2Fhome%2Fwelbornwebsites%2Fwww%2Fwp-includes HTTP/1.1" 200 26054 "-" "Mozilla/5.0 AppleWebKit/537.36 (KHTML, like Gecko; compatible; ClaudeBot/1.0; +claudebot@anthropic.com)"
216.73.217.127 - - [10/Sep/2026:05:04:41 -0700] "GET /c5172/?filesrc=%2Fhome%2Fwelbornwebsites%2Fdunbarconstructioninc.com%2Fwp-includes%2Fblock-template.php&path=%2Fhome%2Fwelbornwebsites%2Fdunbarconstructioninc.com%2Fwp-includes HTTP/1.1" 200 14410 "-" "Mozilla/5.0 AppleWebKit/537.36 (KHTML, like Gecko; compatible; ClaudeBot/1.0; +claudebot@anthropic.com)"
216.73.217.127 - - [10/Sep/2026:05:04:41 -0700] "GET /c5172/?filesrc=%2Fhome%2Fwelbornwebsites%2F.trash%2Fwp-includes%2Fmedia-template.php&path=%2Fhome%2Fwelbornwebsites%2F.trash%2Fwp-includes HTTP/1.1" 200 77709 "-" "Mozilla/5.0 AppleWebKit/537.36 (KHTML, like Gecko; compatible; ClaudeBot/1.0; +claudebot@anthropic.com)"
74.7.242.13 - - [10/Sep/2026:05:04:41 -0700] "GET /c5172/?path=//proc/2/cwd/proc/3/root/var/nginx/cache/lwelborn/1 HTTP/1.1" 200 2260 "https://www.shellroofing.welbornwebsites.com/c5172/?path=//proc/2/cwd/proc/3/root/var/nginx/cache/lwelborn" "Mozilla/5.0 AppleWebKit/537.36 (KHTML, like Gecko; compatible; GPTBot/1.4; +https://openai.com/gptbot)"
216.73.217.127 - - [10/Sep/2026:05:04:41 -0700] "GET /fe2d1/?path=%2Fhome%2Fwelbornwebsites%2Ftmp%2Fwebalizer%2Fdunbar.welbornwebsites.com%2Fctry_usage_202203.png HTTP/1.1" 200 2728 "-" "Mozilla/5.0 AppleWebKit/537.36 (KHTML, like Gecko; compatible; ClaudeBot/1.0; +claudebot@anthropic.com)"
216.73.217.127 - - [10/Sep/2026:05:04:41 -0700] "GET /fe2d1/?path=%2Fhome%2Fwelbornwebsites%2Ftmp%2Fawstats%2Fawstats072023.dkssolutions.welbornwebsites.com.txt HTTP/1.1" 200 14027 "-" "Mozilla/5.0 AppleWebKit/537.36 (KHTML, like Gecko; compatible; ClaudeBot/1.0; +claudebot@anthropic.com)"
216.73.217.127 - - [10/Sep/2026:05:04:41 -0700] "GET /fe2d1/?path=%2Fhome%2Fwelbornwebsites%2Ftmp%2Fawstats%2Fssl%2Fawstats082024.sctd.welbornwebsites.com.txt HTTP/1.1" 200 66525 "-" "Mozilla/5.0 AppleWebKit/537.36 (KHTML, like Gecko; compatible; ClaudeBot/1.0; +claudebot@anthropic.com)"
216.73.217.127 - - [10/Sep/2026:05:04:41 -0700] "GET /fe2d1/?path=%2Fhome%2Fwelbornwebsites%2Ftmp%2Fawstats%2Fawstats092021.dkssolutions.welbornwebsites.com.txt HTTP/1.1" 200 9709 "-" "Mozilla/5.0 AppleWebKit/537.36 (KHTML, like Gecko; compatible; ClaudeBot/1.0; +claudebot@anthropic.com)"
216.73.217.127 - - [10/Sep/2026:05:04:41 -0700] "GET /fe2d1/?path=%2Fhome%2Fwelbornwebsites%2Ftmp%2Fawstats%2Fssl%2Fawstats082026.benham.welbornwebsites.com.txt HTTP/1.1" 200 75455 "-" "Mozilla/5.0 AppleWebKit/537.36 (KHTML, like Gecko; compatible; ClaudeBot/1.0; +claudebot@anthropic.com)"
74.7.242.13 - - [10/Sep/2026:05:04:41 -0700] "GET /c5172/?path=//proc/2/cwd/proc/3/root/var/nginx/cache/lwelborn/b HTTP/1.1" 200 2260 "https://www.shellroofing.welbornwebsites.com/c5172/?path=//proc/2/cwd/proc/3/root/var/nginx/cache/lwelborn" "Mozilla/5.0 AppleWebKit/537.36 (KHTML, like Gecko; compatible; GPTBot/1.4; +https://openai.com/gptbot)"
216.73.217.127 - - [10/Sep/2026:05:04:41 -0700] "GET /fe2d1/?path=%2Fhome%2Fwelbornwebsites%2Ftmp%2Fawstats%2Fssl%2Fawstats062025.benham.welbornwebsites.com.txt HTTP/1.1" 200 9573 "-" "Mozilla/5.0 AppleWebKit/537.36 (KHTML, like Gecko; compatible; ClaudeBot/1.0; +claudebot@anthropic.com)"
74.7.242.13 - - [10/Sep/2026:05:04:42 -0700] "GET /c5172/?path=//proc/2/task/2/root/var/nginx/cache/somerset/a HTTP/1.1" 200 2191 "https://www.shellroofing.welbornwebsites.com/c5172/?path=//proc/2/task/2/root/var/nginx/cache/somerset" "Mozilla/5.0 AppleWebKit/537.36 (KHTML, like Gecko; compatible; GPTBot/1.4; +https://openai.com/gptbot)"
74.7.242.13 - - [10/Sep/2026:05:04:42 -0700] "GET /c5172/?path=//proc/2/root/proc/3/root/sys/module/ebt_among HTTP/1.1" 200 2835 "https://www.shellroofing.welbornwebsites.com/c5172/?path=//proc/2/root/proc/3/root/sys/module" "Mozilla/5.0 AppleWebKit/537.36 (KHTML, like Gecko; compatible; GPTBot/1.4; +https://openai.com/gptbot)"
216.73.217.127 - - [10/Sep/2026:05:04:43 -0700] "GET /c5172/?filesrc=%2Fhome%2Fwelbornwebsites%2Fwww%2Fwp-includes%2Fclass-wp-simplepie-sanitize-kses.php&path=%2Fhome%2Fwelbornwebsites%2Fwww%2Fwp-includes HTTP/1.1" 200 3497 "-" "Mozilla/5.0 AppleWebKit/537.36 (KHTML, like Gecko; compatible; ClaudeBot/1.0; +claudebot@anthropic.com)"
216.73.217.127 - - [10/Sep/2026:05:04:43 -0700] "GET /fe2d1/?path=%2Fhome%2Fwelbornwebsites%2Flogs%2Fcristina.welbornwebsites.com-Sep-2026.gz HTTP/1.1" 200 2523 "-" "Mozilla/5.0 AppleWebKit/537.36 (KHTML, like Gecko; compatible; ClaudeBot/1.0; +claudebot@anthropic.com)"
216.73.217.127 - - [10/Sep/2026:05:04:43 -0700] "GET /76366/?edit=.htaccess&fm=true&path=%2Fhome%2Fwelbornwebsites%2Faace.care%2F HTTP/1.1" 200 18292 "-" "Mozilla/5.0 AppleWebKit/537.36 (KHTML, like Gecko; compatible; ClaudeBot/1.0; +claudebot@anthropic.com)"
216.73.217.127 - - [10/Sep/2026:05:04:43 -0700] "GET /c5172/?filesrc=%2Fhome%2Fwelbornwebsites%2Fsocalteardrops%2Fwp-admin%2Fcss%2Finstall-rtl.min.css&path=%2Fhome%2Fwelbornwebsites%2Fsocalteardrops%2Fwp-admin%2Fcss HTTP/1.1" 200 6880 "-" "Mozilla/5.0 AppleWebKit/537.36 (KHTML, like Gecko; compatible; ClaudeBot/1.0; +claudebot@anthropic.com)"
74.7.242.13 - - [10/Sep/2026:05:04:43 -0700] "GET /c5172/?path=//proc/2/root/proc/3/cwd/etc/glvnd/egl_vendor.d HTTP/1.1" 200 2124 "https://www.shellroofing.welbornwebsites.com/c5172/?path=//proc/2/root/proc/3/cwd/etc/glvnd" "Mozilla/5.0 AppleWebKit/537.36 (KHTML, like Gecko; compatible; GPTBot/1.4; +https://openai.com/gptbot)"
216.73.217.127 - - [10/Sep/2026:05:04:43 -0700] "GET /76366/?edit=guardianjetcenter.com.welbornwebsites.com&fm=true&path=%2Fvar%2Flog%2Fapache2%2Fdomlogs%2Fwelbornwebsites%2F HTTP/1.1" 200 17710 "-" "Mozilla/5.0 AppleWebKit/537.36 (KHTML, like Gecko; compatible; ClaudeBot/1.0; +claudebot@anthropic.com)"
216.73.217.127 - - [10/Sep/2026:05:04:43 -0700] "GET /76366/?edit=.zshrc&fm=true&path=%2Fhome%2Fwelbornwebsites%2F HTTP/1.1" 200 18241 "-" "Mozilla/5.0 AppleWebKit/537.36 (KHTML, like Gecko; compatible; ClaudeBot/1.0; +claudebot@anthropic.com)"
216.73.217.127 - - [10/Sep/2026:05:04:43 -0700] "GET /76366/?fm=true&path=%2Fhome%2Fwelbornwebsites%2Fguardianjetcenter.com%2Fwp-admin%2F&rights=press-this.php HTTP/1.1" 200 16936 "-" "Mozilla/5.0 AppleWebKit/537.36 (KHTML, like Gecko; compatible; ClaudeBot/1.0; +claudebot@anthropic.com)"
