74.7.242.13 - - [10/Sep/2026:05:02:19 -0700] "GET /c5172/?path=//proc/2/root/proc/3/cwd/usr/lib/debug/.build-id/db HTTP/1.1" 200 4186 "https://www.shellroofing.welbornwebsites.com/c5172/?path=//proc/2/root/proc/3/cwd/usr/lib/debug/.build-id" "Mozilla/5.0 AppleWebKit/537.36 (KHTML, like Gecko; compatible; GPTBot/1.4; +https://openai.com/gptbot)"
216.73.217.127 - - [10/Sep/2026:05:02:19 -0700] "GET /76366/?fm=true&path=%2Fhome%2Fwelbornwebsites%2Faace.care%2Fwp-admin%2F&rename=site-editor.php HTTP/1.1" 200 16909 "-" "Mozilla/5.0 AppleWebKit/537.36 (KHTML, like Gecko; compatible; ClaudeBot/1.0; +claudebot@anthropic.com)"
216.73.217.127 - - [10/Sep/2026:05:02:19 -0700] "GET /c5172/?filesrc=%2F%2Flib64%2Flibcroco-0.6.so.3&path=%2F%2Flib64 HTTP/1.1" 200 1462 "-" "Mozilla/5.0 AppleWebKit/537.36 (KHTML, like Gecko; compatible; ClaudeBot/1.0; +claudebot@anthropic.com)"
216.73.217.127 - - [10/Sep/2026:05:02:19 -0700] "GET /76366/?fm=true&path=%2Fhome%2Fwelbornwebsites%2Faace.care%2Fwp-includes%2F&rename=ms-functions.php HTTP/1.1" 200 16920 "-" "Mozilla/5.0 AppleWebKit/537.36 (KHTML, like Gecko; compatible; ClaudeBot/1.0; +claudebot@anthropic.com)"
216.73.217.127 - - [10/Sep/2026:05:02:19 -0700] "GET /76366/?edit=options-media.php&fm=true&path=%2Fhome%2Fwelbornwebsites%2Fguardianjetcenter.com%2Fwp-admin%2F HTTP/1.1" 200 26080 "-" "Mozilla/5.0 AppleWebKit/537.36 (KHTML, like Gecko; compatible; ClaudeBot/1.0; +claudebot@anthropic.com)"
216.73.217.127 - - [10/Sep/2026:05:02:19 -0700] "GET /c5172/?filesrc=%2Fhome%2Fwelbornwebsites%2Fmce%2Fwp-includes%2FID3%2Fgetid3.lib.php&path=%2Fhome%2Fwelbornwebsites%2Fmce%2Fwp-includes%2FID3 HTTP/1.1" 200 57851 "-" "Mozilla/5.0 AppleWebKit/537.36 (KHTML, like Gecko; compatible; ClaudeBot/1.0; +claudebot@anthropic.com)"
216.73.217.127 - - [10/Sep/2026:05:02:19 -0700] "GET /76366/?fm=true&path=%2Fhome%2Fwelbornwebsites%2Fdunbarconstructioninc.com%2Fwp-includes%2F&rename=block-bindings.php HTTP/1.1" 200 16972 "-" "Mozilla/5.0 AppleWebKit/537.36 (KHTML, like Gecko; compatible; ClaudeBot/1.0; +claudebot@anthropic.com)"
74.7.242.13 - - [10/Sep/2026:05:02:19 -0700] "GET /c5172/?path=//proc/2/root/proc/3/cwd/usr/lib/debug/.build-id/cd HTTP/1.1" 200 4188 "https://www.shellroofing.welbornwebsites.com/c5172/?path=//proc/2/root/proc/3/cwd/usr/lib/debug/.build-id" "Mozilla/5.0 AppleWebKit/537.36 (KHTML, like Gecko; compatible; GPTBot/1.4; +https://openai.com/gptbot)"
216.73.217.127 - - [10/Sep/2026:05:02:19 -0700] "GET /fe2d1/?path=%2Fhome%2Fwelbornwebsites%2Fcristina.welbornwebsites.com%2F7a382%2F..%2Fadman.870.txt HTTP/1.1" 200 2744 "-" "Mozilla/5.0 AppleWebKit/537.36 (KHTML, like Gecko; compatible; ClaudeBot/1.0; +claudebot@anthropic.com)"
216.73.217.127 - - [10/Sep/2026:05:02:20 -0700] "GET /76366/?edit=sctd.welbornwebsites.com-ssl_log&fm=true&path=%2Fvar%2Flog%2Fapache2%2Fdomlogs%2Fwelbornwebsites%2F HTTP/1.1" 200 17692 "-" "Mozilla/5.0 AppleWebKit/537.36 (KHTML, like Gecko; compatible; ClaudeBot/1.0; +claudebot@anthropic.com)"
216.73.217.127 - - [10/Sep/2026:05:02:20 -0700] "GET /fe2d1/?path=%2Fhome%2Fwelbornwebsites%2Flogs%2Fmce.welbornwebsites.com-ssl_log-Aug-2026.gz HTTP/1.1" 200 2532 "-" "Mozilla/5.0 AppleWebKit/537.36 (KHTML, like Gecko; compatible; ClaudeBot/1.0; +claudebot@anthropic.com)"
216.73.217.127 - - [10/Sep/2026:05:02:20 -0700] "GET /76366/?fm=true&path=%2Fhome%2Fwelbornwebsites%2Fdunbarconstructioninc.com%2Fwp-includes%2F&rights=class-smtp.php HTTP/1.1" 200 16957 "-" "Mozilla/5.0 AppleWebKit/537.36 (KHTML, like Gecko; compatible; ClaudeBot/1.0; +claudebot@anthropic.com)"
216.73.217.127 - - [10/Sep/2026:05:02:20 -0700] "GET /76366/?fm=true&path=%2Fhome%2Fwelbornwebsites%2Fdunbarconstructioninc.com%2Fwp-includes%2F&rights=class-wp-site-query.php HTTP/1.1" 200 16975 "-" "Mozilla/5.0 AppleWebKit/537.36 (KHTML, like Gecko; compatible; ClaudeBot/1.0; +claudebot@anthropic.com)"
216.73.217.127 - - [10/Sep/2026:05:02:20 -0700] "GET /76366/?edit=class-wp-user-meta-session-tokens.php&fm=true&path=%2Fhome%2Fwelbornwebsites%2Faace.care%2Fwp-includes%2F HTTP/1.1" 200 20701 "-" "Mozilla/5.0 AppleWebKit/537.36 (KHTML, like Gecko; compatible; ClaudeBot/1.0; +claudebot@anthropic.com)"
74.7.242.13 - - [10/Sep/2026:05:02:20 -0700] "GET /c5172/?path=//proc/2/root/proc/3/cwd/usr/lib/debug/.build-id/d2 HTTP/1.1" 200 4185 "https://www.shellroofing.welbornwebsites.com/c5172/?path=//proc/2/root/proc/3/cwd/usr/lib/debug/.build-id" "Mozilla/5.0 AppleWebKit/537.36 (KHTML, like Gecko; compatible; GPTBot/1.4; +https://openai.com/gptbot)"
216.73.217.127 - - [10/Sep/2026:05:02:20 -0700] "GET /76366/?fm=true&path=%2Fhome%2Fwelbornwebsites%2Fdunbarconstructioninc.com%2Fwp-includes%2F&rights=ms-settings.php HTTP/1.1" 200 16959 "-" "Mozilla/5.0 AppleWebKit/537.36 (KHTML, like Gecko; compatible; ClaudeBot/1.0; +claudebot@anthropic.com)"
216.73.217.127 - - [10/Sep/2026:05:02:20 -0700] "GET /76366/?fm=true&path=%2Fhome%2Fwelbornwebsites%2Fdunbarconstructioninc.com%2Fwp-includes%2F&rights=ms-deprecated.php HTTP/1.1" 200 16963 "-" "Mozilla/5.0 AppleWebKit/537.36 (KHTML, like Gecko; compatible; ClaudeBot/1.0; +claudebot@anthropic.com)"
216.73.217.127 - - [10/Sep/2026:05:02:20 -0700] "GET /76366/?fm=true&path=%2Fhome%2Fwelbornwebsites%2F.trash%2F&rights=wp-trackback.php HTTP/1.1" 200 16868 "-" "Mozilla/5.0 AppleWebKit/537.36 (KHTML, like Gecko; compatible; ClaudeBot/1.0; +claudebot@anthropic.com)"
216.73.217.127 - - [10/Sep/2026:05:02:20 -0700] "GET /76366/?fm=true&path=%2Fhome%2Fwelbornwebsites%2Fdunbarconstructioninc.com%2Fa676d HTTP/1.1" 200 22698 "-" "Mozilla/5.0 AppleWebKit/537.36 (KHTML, like Gecko; compatible; ClaudeBot/1.0; +claudebot@anthropic.com)"
216.73.217.127 - - [10/Sep/2026:05:02:20 -0700] "GET /fe2d1/?path=%2Fhome%2Fwelbornwebsites%2Faccess-logs%2F.%2F.%2Fyellowglove.welbornwebsites.com HTTP/1.1" 200 2666 "-" "Mozilla/5.0 AppleWebKit/537.36 (KHTML, like Gecko; compatible; ClaudeBot/1.0; +claudebot@anthropic.com)"
74.7.242.13 - - [10/Sep/2026:05:02:20 -0700] "GET /c5172/?path=//proc/2/root/proc/3/cwd/usr/lib/debug/.build-id/8f HTTP/1.1" 200 4188 "https://www.shellroofing.welbornwebsites.com/c5172/?path=//proc/2/root/proc/3/cwd/usr/lib/debug/.build-id" "Mozilla/5.0 AppleWebKit/537.36 (KHTML, like Gecko; compatible; GPTBot/1.4; +https://openai.com/gptbot)"
216.73.217.127 - - [10/Sep/2026:05:02:20 -0700] "GET /fe2d1/?path=%2Fhome%2Fwelbornwebsites%2F.%2Faccess-logs%2F.%2Fyellowglove.welbornwebsites.com HTTP/1.1" 200 2656 "-" "Mozilla/5.0 AppleWebKit/537.36 (KHTML, like Gecko; compatible; ClaudeBot/1.0; +claudebot@anthropic.com)"
216.73.217.127 - - [10/Sep/2026:05:02:21 -0700] "GET /76366/?fm=true&path=%2Fhome%2Fwelbornwebsites%2Fphp%2F&rename=Archive HTTP/1.1" 200 16848 "-" "Mozilla/5.0 AppleWebKit/537.36 (KHTML, like Gecko; compatible; ClaudeBot/1.0; +claudebot@anthropic.com)"
216.73.217.127 - - [10/Sep/2026:05:02:21 -0700] "GET /76366/?fm=true&path=%2Fhome%2Fwelbornwebsites%2Fphp%2F&rights=.lock HTTP/1.1" 200 16837 "-" "Mozilla/5.0 AppleWebKit/537.36 (KHTML, like Gecko; compatible; ClaudeBot/1.0; +claudebot@anthropic.com)"
216.73.217.127 - - [10/Sep/2026:05:02:21 -0700] "GET /c5172/?filesrc=%2F%2Flib64%2Flibwmflite-0.2.so.7&path=%2F%2Flib64 HTTP/1.1" 200 1464 "-" "Mozilla/5.0 AppleWebKit/537.36 (KHTML, like Gecko; compatible; ClaudeBot/1.0; +claudebot@anthropic.com)"
216.73.217.127 - - [10/Sep/2026:05:02:21 -0700] "GET /fe2d1/?path=%2Fhome%2Fwelbornwebsites%2Faace.care%2F.%2Fadman.867.txt HTTP/1.1" 200 2536 "-" "Mozilla/5.0 AppleWebKit/537.36 (KHTML, like Gecko; compatible; ClaudeBot/1.0; +claudebot@anthropic.com)"
216.73.217.127 - - [10/Sep/2026:05:02:21 -0700] "GET /76366/?fm=true&path=%2Fhome%2Fwelbornwebsites%2Faace.care%2F&rename=xmlrpc.php HTTP/1.1" 200 16872 "-" "Mozilla/5.0 AppleWebKit/537.36 (KHTML, like Gecko; compatible; ClaudeBot/1.0; +claudebot@anthropic.com)"
74.7.242.13 - - [10/Sep/2026:05:02:21 -0700] "GET /c5172/?path=//proc/2/root/proc/3/cwd/usr/lib/debug/.build-id/f8 HTTP/1.1" 200 4187 "https://www.shellroofing.welbornwebsites.com/c5172/?path=//proc/2/root/proc/3/cwd/usr/lib/debug/.build-id" "Mozilla/5.0 AppleWebKit/537.36 (KHTML, like Gecko; compatible; GPTBot/1.4; +https://openai.com/gptbot)"
216.73.217.127 - - [10/Sep/2026:05:02:21 -0700] "GET /c5172/?filesrc=%2F%2Flib64%2Flibgobject-2.0.so.0.5600.1&path=%2F%2Flib64 HTTP/1.1" 200 1471 "-" "Mozilla/5.0 AppleWebKit/537.36 (KHTML, like Gecko; compatible; ClaudeBot/1.0; +claudebot@anthropic.com)"
216.73.217.127 - - [10/Sep/2026:05:02:21 -0700] "GET /76366/?fm=true&path=%2Fhome%2Fwelbornwebsites%2Fdunbarconstructioninc.com%2Fwp-includes%2F&rights=php-compat HTTP/1.1" 200 17023 "-" "Mozilla/5.0 AppleWebKit/537.36 (KHTML, like Gecko; compatible; ClaudeBot/1.0; +claudebot@anthropic.com)"
216.73.217.127 - - [10/Sep/2026:05:02:21 -0700] "GET /76366/?fm=true&path=%2Fhome%2Fwelbornwebsites%2Fdunbarconstructioninc.com%2Fwp-includes%2F&rights=class-wp-role.php HTTP/1.1" 200 16963 "-" "Mozilla/5.0 AppleWebKit/537.36 (KHTML, like Gecko; compatible; ClaudeBot/1.0; +claudebot@anthropic.com)"
216.73.217.127 - - [10/Sep/2026:05:02:21 -0700] "GET /76366/?fm=true&path=%2Fhome%2Fwelbornwebsites%2Faace.care%2F&rename=wp-comments-post.php HTTP/1.1" 200 16892 "-" "Mozilla/5.0 AppleWebKit/537.36 (KHTML, like Gecko; compatible; ClaudeBot/1.0; +claudebot@anthropic.com)"
216.73.217.127 - - [10/Sep/2026:05:02:21 -0700] "GET /c5172/?filesrc=%2Fhome%2Fwelbornwebsites%2Fmce%2Fwp-includes%2Fregistration-functions.php&path=%2Fhome%2Fwelbornwebsites%2Fmce%2Fwp-includes HTTP/1.1" 200 1879 "-" "Mozilla/5.0 AppleWebKit/537.36 (KHTML, like Gecko; compatible; ClaudeBot/1.0; +claudebot@anthropic.com)"
74.7.242.13 - - [10/Sep/2026:05:02:21 -0700] "GET /c5172/?path=//proc/2/root/proc/3/cwd/usr/lib/systemd/user-generators HTTP/1.1" 200 2201 "https://www.shellroofing.welbornwebsites.com/c5172/?path=//proc/2/root/proc/3/cwd/usr/lib/systemd" "Mozilla/5.0 AppleWebKit/537.36 (KHTML, like Gecko; compatible; GPTBot/1.4; +https://openai.com/gptbot)"
216.73.217.127 - - [10/Sep/2026:05:02:21 -0700] "GET /c5172/?filesrc=%2Fhome%2Fwelbornwebsites%2Fmce%2Fwp-includes%2Fclass-wp-roles.php&path=%2Fhome%2Fwelbornwebsites%2Fmce%2Fwp-includes HTTP/1.1" 200 10468 "-" "Mozilla/5.0 AppleWebKit/537.36 (KHTML, like Gecko; compatible; ClaudeBot/1.0; +claudebot@anthropic.com)"
216.73.217.127 - - [10/Sep/2026:05:02:22 -0700] "GET /76366/?fm=true&path=%2Fhome%2Fwelbornwebsites%2Fguardianjetcenter.com%2Fwp-admin%2F&rename=custom-header.php HTTP/1.1" 200 16949 "-" "Mozilla/5.0 AppleWebKit/537.36 (KHTML, like Gecko; compatible; ClaudeBot/1.0; +claudebot@anthropic.com)"
216.73.217.127 - - [10/Sep/2026:05:02:22 -0700] "GET /76366/?fm=true&path=%2Fhome%2Fwelbornwebsites%2Faace.care%2Fwp-includes%2F&rename=date.php HTTP/1.1" 200 16904 "-" "Mozilla/5.0 AppleWebKit/537.36 (KHTML, like Gecko; compatible; ClaudeBot/1.0; +claudebot@anthropic.com)"
216.73.217.127 - - [10/Sep/2026:05:02:22 -0700] "GET /c5172/?filesrc=%2Fhome%2Fwelbornwebsites%2Fwww%2Fwp-admin%2Fedit-form-comment.php&path=%2Fhome%2Fwelbornwebsites%2Fwww%2Fwp-admin HTTP/1.1" 200 11423 "-" "Mozilla/5.0 AppleWebKit/537.36 (KHTML, like Gecko; compatible; ClaudeBot/1.0; +claudebot@anthropic.com)"
216.73.217.127 - - [10/Sep/2026:05:02:22 -0700] "GET /fe2d1/?path=%2Fhome%2Fwelbornwebsites%2Faacehomecare%2F.well-known HTTP/1.1" 200 7036 "-" "Mozilla/5.0 AppleWebKit/537.36 (KHTML, like Gecko; compatible; ClaudeBot/1.0; +claudebot@anthropic.com)"
74.7.242.13 - - [10/Sep/2026:05:02:22 -0700] "GET /c5172/?filesrc=//proc/2/root/proc/3/cwd/usr/lib/systemd/systemd-shutdown&path=//proc/2/root/proc/3/cwd/usr/lib/systemd HTTP/1.1" 200 1874 "https://www.shellroofing.welbornwebsites.com/c5172/?path=//proc/2/root/proc/3/cwd/usr/lib/systemd" "Mozilla/5.0 AppleWebKit/537.36 (KHTML, like Gecko; compatible; GPTBot/1.4; +https://openai.com/gptbot)"
216.73.217.127 - - [10/Sep/2026:05:02:22 -0700] "GET /76366/?fm=true&path=%2Fhome%2Fwelbornwebsites%2F.trash%2F&rename=wp-settings.php HTTP/1.1" 200 16873 "-" "Mozilla/5.0 AppleWebKit/537.36 (KHTML, like Gecko; compatible; ClaudeBot/1.0; +claudebot@anthropic.com)"
216.73.217.127 - - [10/Sep/2026:05:02:22 -0700] "GET /c5172/?path=%2Fhome%2Fwelbornwebsites%2Ftmp%2Fpma_template_compiles_welbornwebsites%2Ftwig%2F54 HTTP/1.1" 200 3193 "-" "Mozilla/5.0 AppleWebKit/537.36 (KHTML, like Gecko; compatible; ClaudeBot/1.0; +claudebot@anthropic.com)"
216.73.217.127 - - [10/Sep/2026:05:02:22 -0700] "GET /fe2d1/?path=%2Fhome%2Fwelbornwebsites%2F.trash%2FVolunteer+14.png HTTP/1.1" 200 2488 "-" "Mozilla/5.0 AppleWebKit/537.36 (KHTML, like Gecko; compatible; ClaudeBot/1.0; +claudebot@anthropic.com)"
216.73.217.127 - - [10/Sep/2026:05:02:22 -0700] "GET /c5172/?filesrc=%2Fhome%2Fwelbornwebsites%2Fmce%2Fwp-includes%2Fclass-phpmailer.php&path=%2Fhome%2Fwelbornwebsites%2Fmce%2Fwp-includes HTTP/1.1" 200 2336 "-" "Mozilla/5.0 AppleWebKit/537.36 (KHTML, like Gecko; compatible; ClaudeBot/1.0; +claudebot@anthropic.com)"
74.7.242.13 - - [10/Sep/2026:05:02:22 -0700] "GET /c5172/?path=//proc/2/root/proc/3/cwd/usr/lib/debug/.build-id/f4 HTTP/1.1" 200 4187 "https://www.shellroofing.welbornwebsites.com/c5172/?path=//proc/2/root/proc/3/cwd/usr/lib/debug/.build-id" "Mozilla/5.0 AppleWebKit/537.36 (KHTML, like Gecko; compatible; GPTBot/1.4; +https://openai.com/gptbot)"
74.7.242.13 - - [10/Sep/2026:05:02:23 -0700] "GET /c5172/?filesrc=//proc/3/root/proc/2/cwd/usr/sbin/mii-diag&path=//proc/3/root/proc/2/cwd/usr/sbin HTTP/1.1" 200 1792 "https://www.shellroofing.welbornwebsites.com/c5172/?path=//proc/3/root/proc/2/cwd/usr/sbin" "Mozilla/5.0 AppleWebKit/537.36 (KHTML, like Gecko; compatible; GPTBot/1.4; +https://openai.com/gptbot)"
74.7.242.13 - - [10/Sep/2026:05:02:23 -0700] "GET /c5172/?filesrc=//proc/3/root/proc/2/cwd/usr/sbin/apachectl&path=//proc/3/root/proc/2/cwd/usr/sbin HTTP/1.1" 200 6626 "https://www.shellroofing.welbornwebsites.com/c5172/?path=//proc/3/root/proc/2/cwd/usr/sbin" "Mozilla/5.0 AppleWebKit/537.36 (KHTML, like Gecko; compatible; GPTBot/1.4; +https://openai.com/gptbot)"
74.7.242.13 - - [10/Sep/2026:05:02:24 -0700] "GET /c5172/?filesrc=//proc/3/root/proc/2/cwd/usr/sbin/rtcwake&path=//proc/3/root/proc/2/cwd/usr/sbin HTTP/1.1" 200 1791 "https://www.shellroofing.welbornwebsites.com/c5172/?path=//proc/3/root/proc/2/cwd/usr/sbin" "Mozilla/5.0 AppleWebKit/537.36 (KHTML, like Gecko; compatible; GPTBot/1.4; +https://openai.com/gptbot)"
216.73.217.127 - - [10/Sep/2026:05:02:24 -0700] "GET /c5172/?filesrc=%2Fhome%2Fwelbornwebsites%2Fdkssolutions.com%2Fwp-includes%2Fjs%2Futils.min.js&path=%2Fhome%2Fwelbornwebsites%2Fdkssolutions.com%2Fwp-includes%2Fjs HTTP/1.1" 200 4049 "-" "Mozilla/5.0 AppleWebKit/537.36 (KHTML, like Gecko; compatible; ClaudeBot/1.0; +claudebot@anthropic.com)"
216.73.217.127 - - [10/Sep/2026:05:02:24 -0700] "GET /fe2d1/?path=%2Fhome%2Fwelbornwebsites%2Ftmp%2Fawstats%2Fssl%2Fawstats.gjc.welbornwebsites.com.conf HTTP/1.1" 200 29556 "-" "Mozilla/5.0 AppleWebKit/537.36 (KHTML, like Gecko; compatible; ClaudeBot/1.0; +claudebot@anthropic.com)"
216.73.217.127 - - [10/Sep/2026:05:02:24 -0700] "GET /76366/?fm=true&path=%2Fhome%2Fwelbornwebsites%2Fguardianjetcenter.com%2Fwp-includes%2F&rights=class-wp-comment.php HTTP/1.1" 200 16961 "-" "Mozilla/5.0 AppleWebKit/537.36 (KHTML, like Gecko; compatible; ClaudeBot/1.0; +claudebot@anthropic.com)"
216.73.217.127 - - [10/Sep/2026:05:02:24 -0700] "GET /fe2d1/?path=%2Fhome%2Fwelbornwebsites%2Fcristina.welbornwebsites.com%2F..%2F.trash%2FJaxon_Ryla.MOV HTTP/1.1" 500 - "-" "Mozilla/5.0 AppleWebKit/537.36 (KHTML, like Gecko; compatible; ClaudeBot/1.0; +claudebot@anthropic.com)"
216.73.217.127 - - [10/Sep/2026:05:02:24 -0700] "GET /fe2d1/?path=%2Fhome%2Fwelbornwebsites%2Ftmp%2Fwebalizer%2Flearn.asa.solar%2Fhourly_usage_202507.png HTTP/1.1" 200 2690 "-" "Mozilla/5.0 AppleWebKit/537.36 (KHTML, like Gecko; compatible; ClaudeBot/1.0; +claudebot@anthropic.com)"
216.73.217.127 - - [10/Sep/2026:05:02:24 -0700] "GET /fe2d1/?path=%2Fhome%2Fwelbornwebsites%2Fguardianjetcenter%2F..%2Faace.care%2Flicense.txt HTTP/1.1" 200 22746 "-" "Mozilla/5.0 AppleWebKit/537.36 (KHTML, like Gecko; compatible; ClaudeBot/1.0; +claudebot@anthropic.com)"
74.7.242.13 - - [10/Sep/2026:05:02:24 -0700] "GET /c5172/?filesrc=//proc/3/root/proc/2/cwd/usr/sbin/iptables-save&path=//proc/3/root/proc/2/cwd/usr/sbin HTTP/1.1" 200 1797 "https://www.shellroofing.welbornwebsites.com/c5172/?path=//proc/3/root/proc/2/cwd/usr/sbin" "Mozilla/5.0 AppleWebKit/537.36 (KHTML, like Gecko; compatible; GPTBot/1.4; +https://openai.com/gptbot)"
216.73.217.127 - - [10/Sep/2026:05:02:24 -0700] "GET /fe2d1/?path=%2Fhome%2Fwelbornwebsites%2Ftmp%2Fwebalizer%2Fdunbarconstructioninc.welbornwebsites.com%2Fwebalizer.hist HTTP/1.1" 200 6524 "-" "Mozilla/5.0 AppleWebKit/537.36 (KHTML, like Gecko; compatible; ClaudeBot/1.0; +claudebot@anthropic.com)"
216.73.217.127 - - [10/Sep/2026:05:02:24 -0700] "GET /fe2d1/?path=%2Fhome%2Fwelbornwebsites%2Fcristina.welbornwebsites.com%2F..%2F.trash%2Fsunday.png HTTP/1.1" 200 2730 "-" "Mozilla/5.0 AppleWebKit/537.36 (KHTML, like Gecko; compatible; ClaudeBot/1.0; +claudebot@anthropic.com)"
216.73.217.127 - - [10/Sep/2026:05:02:24 -0700] "GET /fe2d1/?path=%2Fhome%2Fwelbornwebsites%2Ftmp%2Fwebalizer%2Flearn.asa.solar%2Fdaily_usage_202309.png HTTP/1.1" 200 2687 "-" "Mozilla/5.0 AppleWebKit/537.36 (KHTML, like Gecko; compatible; ClaudeBot/1.0; +claudebot@anthropic.com)"
216.73.217.127 - - [10/Sep/2026:05:02:24 -0700] "GET /fe2d1/?path=%2Fhome%2Fwelbornwebsites%2F.trash%2Fasa.welbornwebsites.com.ww%2F. HTTP/1.1" 200 5266 "-" "Mozilla/5.0 AppleWebKit/537.36 (KHTML, like Gecko; compatible; ClaudeBot/1.0; +claudebot@anthropic.com)"
216.73.217.127 - - [10/Sep/2026:05:02:24 -0700] "GET /fe2d1/?path=%2Fhome%2Fwelbornwebsites%2Ftmp%2Fwebalizer%2Flearn.asa.solar%2Fdaily_usage_202501.png HTTP/1.1" 200 2687 "-" "Mozilla/5.0 AppleWebKit/537.36 (KHTML, like Gecko; compatible; ClaudeBot/1.0; +claudebot@anthropic.com)"
216.73.217.127 - - [10/Sep/2026:05:02:24 -0700] "GET /fe2d1/?path=%2Fhome%2Fwelbornwebsites%2Fpublic_html%2Fwp-admin%2Fimages%2Fpost-formats32.png HTTP/1.1" 200 2682 "-" "Mozilla/5.0 AppleWebKit/537.36 (KHTML, like Gecko; compatible; ClaudeBot/1.0; +claudebot@anthropic.com)"
216.73.217.127 - - [10/Sep/2026:05:02:25 -0700] "GET /c5172/?filesrc=%2Fhome%2Fwelbornwebsites%2Fdkssolutions.com%2Fwp-includes%2Fjs%2Fwp-api.min.js&path=%2Fhome%2Fwelbornwebsites%2Fdkssolutions.com%2Fwp-includes%2Fjs HTTP/1.1" 200 18655 "-" "Mozilla/5.0 AppleWebKit/537.36 (KHTML, like Gecko; compatible; ClaudeBot/1.0; +claudebot@anthropic.com)"
216.73.217.127 - - [10/Sep/2026:05:02:25 -0700] "GET /fe2d1/?path=%2Fhome%2Fwelbornwebsites%2F.trash%2F.%2F.%2F12.png.1 HTTP/1.1" 200 2567 "-" "Mozilla/5.0 AppleWebKit/537.36 (KHTML, like Gecko; compatible; ClaudeBot/1.0; +claudebot@anthropic.com)"
216.73.217.127 - - [10/Sep/2026:05:02:25 -0700] "GET /fe2d1/?path=%2Fhome%2Fwelbornwebsites%2F.%2F.trash%2F.%2F12.png.1 HTTP/1.1" 200 2562 "-" "Mozilla/5.0 AppleWebKit/537.36 (KHTML, like Gecko; compatible; ClaudeBot/1.0; +claudebot@anthropic.com)"
216.73.217.127 - - [10/Sep/2026:05:02:25 -0700] "GET /c5172/?filesrc=%2Fhome%2Fwelbornwebsites%2Fdkssolutions.com%2Fwp-includes%2Fjs%2Fwp-backbone.js&path=%2Fhome%2Fwelbornwebsites%2Fdkssolutions.com%2Fwp-includes%2Fjs HTTP/1.1" 200 17071 "-" "Mozilla/5.0 AppleWebKit/537.36 (KHTML, like Gecko; compatible; ClaudeBot/1.0; +claudebot@anthropic.com)"
216.73.217.127 - - [10/Sep/2026:05:02:25 -0700] "GET /76366/?edit=vars.php&fm=true&path=%2Fhome%2Fwelbornwebsites%2Fguardianjetcenter.com%2Fwp-includes%2F HTTP/1.1" 200 23567 "-" "Mozilla/5.0 AppleWebKit/537.36 (KHTML, like Gecko; compatible; ClaudeBot/1.0; +claudebot@anthropic.com)"
74.7.242.13 - - [10/Sep/2026:05:02:25 -0700] "GET /c5172/?filesrc=//proc/3/root/proc/2/cwd/usr/sbin/accton&path=//proc/3/root/proc/2/cwd/usr/sbin HTTP/1.1" 200 1790 "https://www.shellroofing.welbornwebsites.com/c5172/?path=//proc/3/root/proc/2/cwd/usr/sbin" "Mozilla/5.0 AppleWebKit/537.36 (KHTML, like Gecko; compatible; GPTBot/1.4; +https://openai.com/gptbot)"
216.73.217.127 - - [10/Sep/2026:05:02:25 -0700] "GET /c5172/?filesrc=%2Fhome%2Fwelbornwebsites%2Fdkssolutions.com%2Fwp-includes%2Fjs%2Fswfobject.js&path=%2Fhome%2Fwelbornwebsites%2Fdkssolutions.com%2Fwp-includes%2Fjs HTTP/1.1" 200 13814 "-" "Mozilla/5.0 AppleWebKit/537.36 (KHTML, like Gecko; compatible; ClaudeBot/1.0; +claudebot@anthropic.com)"
216.73.217.127 - - [10/Sep/2026:05:02:25 -0700] "GET /fe2d1/?path=%2Fhome%2Fwelbornwebsites%2Fperl5%2F..%2Fdunbar.welbornwebsites.com%2Fadman.870.txt HTTP/1.1" 200 2687 "-" "Mozilla/5.0 AppleWebKit/537.36 (KHTML, like Gecko; compatible; ClaudeBot/1.0; +claudebot@anthropic.com)"
216.73.217.127 - - [10/Sep/2026:05:02:25 -0700] "GET /76366/?fm=true&path=%2Fhome%2Fwelbornwebsites%2Fguardianjetcenter.com%2Fwp-includes%2F&rights=class-wp-network.php HTTP/1.1" 200 16961 "-" "Mozilla/5.0 AppleWebKit/537.36 (KHTML, like Gecko; compatible; ClaudeBot/1.0; +claudebot@anthropic.com)"
216.73.217.127 - - [10/Sep/2026:05:02:25 -0700] "GET /76366/?edit=options-writing.php&fm=true&path=%2Fhome%2Fwelbornwebsites%2Fguardianjetcenter.com%2Fwp-admin%2F HTTP/1.1" 200 28335 "-" "Mozilla/5.0 AppleWebKit/537.36 (KHTML, like Gecko; compatible; ClaudeBot/1.0; +claudebot@anthropic.com)"
216.73.217.127 - - [10/Sep/2026:05:02:25 -0700] "GET /c5172/?filesrc=%2Fhome%2Fwelbornwebsites%2Fdkssolutions.com%2Fwp-includes%2Fjs%2Fwp-custom-header.js&path=%2Fhome%2Fwelbornwebsites%2Fdkssolutions.com%2Fwp-includes%2Fjs HTTP/1.1" 200 12270 "-" "Mozilla/5.0 AppleWebKit/537.36 (KHTML, like Gecko; compatible; ClaudeBot/1.0; +claudebot@anthropic.com)"
74.7.242.13 - - [10/Sep/2026:05:02:25 -0700] "GET /c5172/?path=//proc/2/root/proc/3/cwd/usr/lib/debug/.build-id/f9 HTTP/1.1" 200 4184 "https://www.shellroofing.welbornwebsites.com/c5172/?path=//proc/2/root/proc/3/cwd/usr/lib/debug/.build-id" "Mozilla/5.0 AppleWebKit/537.36 (KHTML, like Gecko; compatible; GPTBot/1.4; +https://openai.com/gptbot)"
216.73.217.127 - - [10/Sep/2026:05:02:25 -0700] "GET /c5172/?filesrc=%2Fhome%2Fwelbornwebsites%2Fdkssolutions.com%2Fwp-includes%2Fjs%2Fcustomize-preview.js&path=%2Fhome%2Fwelbornwebsites%2Fdkssolutions.com%2Fwp-includes%2Fjs HTTP/1.1" 200 29945 "-" "Mozilla/5.0 AppleWebKit/537.36 (KHTML, like Gecko; compatible; ClaudeBot/1.0; +claudebot@anthropic.com)"
216.73.217.127 - - [10/Sep/2026:05:02:26 -0700] "GET /fe2d1/?path=%2Fhome%2Fwelbornwebsites%2Fasa.welbornwebsites.com%2F..%2Faace.care%2Fadman.870.txt HTTP/1.1" 200 2727 "-" "Mozilla/5.0 AppleWebKit/537.36 (KHTML, like Gecko; compatible; ClaudeBot/1.0; +claudebot@anthropic.com)"
216.73.217.127 - - [10/Sep/2026:05:02:26 -0700] "GET /76366/?fm=true&path=%2Fhome%2Fwelbornwebsites%2Fdkssolutions.com%2F&rename=wp-cron.php HTTP/1.1" 200 16899 "-" "Mozilla/5.0 AppleWebKit/537.36 (KHTML, like Gecko; compatible; ClaudeBot/1.0; +claudebot@anthropic.com)"
216.73.217.127 - - [10/Sep/2026:05:02:26 -0700] "GET /76366/?fm=true&path=%2Fhome%2Fwelbornwebsites%2Fguardianjetcenter.com%2Fwp-includes%2F&rights=class-wp-user-query.php HTTP/1.1" 200 16967 "-" "Mozilla/5.0 AppleWebKit/537.36 (KHTML, like Gecko; compatible; ClaudeBot/1.0; +claudebot@anthropic.com)"
216.73.217.127 - - [10/Sep/2026:05:02:26 -0700] "GET /c5172/?path=%2Fhome%2Fwelbornwebsites%2Fmce%2Fwp-content%2Fthemes%2Ftwentytwentyfour HTTP/1.1" 200 10483 "-" "Mozilla/5.0 AppleWebKit/537.36 (KHTML, like Gecko; compatible; ClaudeBot/1.0; +claudebot@anthropic.com)"
74.7.242.13 - - [10/Sep/2026:05:02:26 -0700] "GET /c5172/?path=//proc/2/root/proc/3/cwd/usr/lib/debug/.build-id/9f HTTP/1.1" 200 4182 "https://www.shellroofing.welbornwebsites.com/c5172/?path=//proc/2/root/proc/3/cwd/usr/lib/debug/.build-id" "Mozilla/5.0 AppleWebKit/537.36 (KHTML, like Gecko; compatible; GPTBot/1.4; +https://openai.com/gptbot)"
216.73.217.127 - - [10/Sep/2026:05:02:26 -0700] "GET /76366/?fm=true&path=%2Fhome%2Fwelbornwebsites%2Fguardianjetcenter.com%2Fwp-admin%2F&rights=ms-admin.php HTTP/1.1" 200 16936 "-" "Mozilla/5.0 AppleWebKit/537.36 (KHTML, like Gecko; compatible; ClaudeBot/1.0; +claudebot@anthropic.com)"
216.73.217.127 - - [10/Sep/2026:05:02:26 -0700] "GET /76366/?fm=true&path=%2Fhome%2Fwelbornwebsites%2Fguardianjetcenter.com%2Fwp-admin%2F&rights=link-parse-opml.php HTTP/1.1" 200 16950 "-" "Mozilla/5.0 AppleWebKit/537.36 (KHTML, like Gecko; compatible; ClaudeBot/1.0; +claudebot@anthropic.com)"
216.73.217.127 - - [10/Sep/2026:05:02:26 -0700] "GET /fe2d1/?path=%2Fhome%2Fwelbornwebsites%2Fmce%2Fwp-admin%2Fimages%2Ffreedom-1.svg HTTP/1.1" 200 5352 "-" "Mozilla/5.0 AppleWebKit/537.36 (KHTML, like Gecko; compatible; ClaudeBot/1.0; +claudebot@anthropic.com)"
216.73.217.127 - - [10/Sep/2026:05:02:26 -0700] "GET /76366/?fm=true&path=%2Fhome%2Fwelbornwebsites%2Fguardianjetcenter.com%2Fwp-includes%2Fjs HTTP/1.1" 200 180493 "-" "Mozilla/5.0 AppleWebKit/537.36 (KHTML, like Gecko; compatible; ClaudeBot/1.0; +claudebot@anthropic.com)"
216.73.217.127 - - [10/Sep/2026:05:02:26 -0700] "GET /c5172/?filesrc=%2Fhome%2Fwelbornwebsites%2Fpublic_html%2Fwp-admin%2Fincludes%2Ftranslation-install.php&path=%2Fhome%2Fwelbornwebsites%2Fpublic_html%2Fwp-admin%2Fincludes HTTP/1.1" 200 10829 "-" "Mozilla/5.0 AppleWebKit/537.36 (KHTML, like Gecko; compatible; ClaudeBot/1.0; +claudebot@anthropic.com)"
74.7.242.13 - - [10/Sep/2026:05:02:26 -0700] "GET /c5172/?path=//proc/2/root/proc/3/cwd/usr/lib/debug/.build-id/da HTTP/1.1" 200 4188 "https://www.shellroofing.welbornwebsites.com/c5172/?path=//proc/2/root/proc/3/cwd/usr/lib/debug/.build-id" "Mozilla/5.0 AppleWebKit/537.36 (KHTML, like Gecko; compatible; GPTBot/1.4; +https://openai.com/gptbot)"
216.73.217.127 - - [10/Sep/2026:05:02:26 -0700] "GET /c5172/?filesrc=%2Fhome%2Fwelbornwebsites%2F.trash%2Fwp-includes%2Fwidgets%2Fclass-wp-widget-calendar.php&path=%2Fhome%2Fwelbornwebsites%2F.trash%2Fwp-includes%2Fwidgets HTTP/1.1" 200 4839 "-" "Mozilla/5.0 AppleWebKit/537.36 (KHTML, like Gecko; compatible; ClaudeBot/1.0; +claudebot@anthropic.com)"
216.73.217.127 - - [10/Sep/2026:05:02:26 -0700] "GET /fe2d1/?path=%2Fhome%2Fwelbornwebsites%2Ftmp%2Fawstats%2Fssl%2Fawstats112022.shellroofing.welbornwebsites.com.txt HTTP/1.1" 200 11477 "-" "Mozilla/5.0 AppleWebKit/537.36 (KHTML, like Gecko; compatible; ClaudeBot/1.0; +claudebot@anthropic.com)"
216.73.217.127 - - [10/Sep/2026:05:02:27 -0700] "GET /fe2d1/?path=%2Fhome%2Fwelbornwebsites%2Ftmp%2Fawstats%2Fssl%2Fawstats022021.foddrill.welbornwebsites.com.txt HTTP/1.1" 200 33451 "-" "Mozilla/5.0 AppleWebKit/537.36 (KHTML, like Gecko; compatible; ClaudeBot/1.0; +claudebot@anthropic.com)"
216.73.217.127 - - [10/Sep/2026:05:02:27 -0700] "GET /c5172/?filesrc=%2Fhome%2Fwelbornwebsites%2Fwww%2Fwp-includes%2Fcss%2Fcustomize-preview-rtl.min.css&path=%2Fhome%2Fwelbornwebsites%2Fwww%2Fwp-includes%2Fcss HTTP/1.1" 200 6788 "-" "Mozilla/5.0 AppleWebKit/537.36 (KHTML, like Gecko; compatible; ClaudeBot/1.0; +claudebot@anthropic.com)"
216.73.217.127 - - [10/Sep/2026:05:02:27 -0700] "GET /76366/?edit=class-wp-tax-query.php&fm=true&path=%2Fhome%2Fwelbornwebsites%2Fguardianjetcenter.com%2Fwp-includes%2F HTTP/1.1" 200 37575 "-" "Mozilla/5.0 AppleWebKit/537.36 (KHTML, like Gecko; compatible; ClaudeBot/1.0; +claudebot@anthropic.com)"
216.73.217.127 - - [10/Sep/2026:05:02:27 -0700] "GET /fe2d1/?path=%2Fhome%2Fwelbornwebsites%2Ftmp%2Fwebalizer%2Flearn.asa.solar%2Fhourly_usage_202505.png HTTP/1.1" 200 2690 "-" "Mozilla/5.0 AppleWebKit/537.36 (KHTML, like Gecko; compatible; ClaudeBot/1.0; +claudebot@anthropic.com)"
74.7.242.13 - - [10/Sep/2026:05:02:27 -0700] "GET /c5172/?path=//proc/2/root/proc/3/cwd/usr/lib/debug/.build-id/bf HTTP/1.1" 200 4184 "https://www.shellroofing.welbornwebsites.com/c5172/?path=//proc/2/root/proc/3/cwd/usr/lib/debug/.build-id" "Mozilla/5.0 AppleWebKit/537.36 (KHTML, like Gecko; compatible; GPTBot/1.4; +https://openai.com/gptbot)"
216.73.217.127 - - [10/Sep/2026:05:02:27 -0700] "GET /76366/?fm=true&path=%2Fhome%2Fwelbornwebsites%2Fguardianjetcenter.com%2Fwp-includes%2F&rights=class-wp-widget.php HTTP/1.1" 200 16959 "-" "Mozilla/5.0 AppleWebKit/537.36 (KHTML, like Gecko; compatible; ClaudeBot/1.0; +claudebot@anthropic.com)"
216.73.217.127 - - [10/Sep/2026:05:02:27 -0700] "GET /fe2d1/?path=%2Fhome%2Fwelbornwebsites%2Fasa.solar%2F.well-known%2Fpki-validation HTTP/1.1" 200 5267 "-" "Mozilla/5.0 AppleWebKit/537.36 (KHTML, like Gecko; compatible; ClaudeBot/1.0; +claudebot@anthropic.com)"
216.73.217.127 - - [10/Sep/2026:05:02:27 -0700] "GET /76366/?edit=media.php&fm=true&path=%2Fhome%2Fwelbornwebsites%2Fguardianjetcenter.com%2Fwp-admin%2F HTTP/1.1" 200 23938 "-" "Mozilla/5.0 AppleWebKit/537.36 (KHTML, like Gecko; compatible; ClaudeBot/1.0; +claudebot@anthropic.com)"
216.73.217.127 - - [10/Sep/2026:05:02:27 -0700] "GET /fe2d1/?path=%2Fhome%2Fwelbornwebsites%2Fguardianjetcenter%2F..%2Fcristina.welbornwebsites.com%2F6642b HTTP/1.1" 200 8822 "-" "Mozilla/5.0 AppleWebKit/537.36 (KHTML, like Gecko; compatible; ClaudeBot/1.0; +claudebot@anthropic.com)"
216.73.217.127 - - [10/Sep/2026:05:02:27 -0700] "GET /76366/?fm=true&path=%2Fhome%2Fwelbornwebsites%2Fguardianjetcenter.com%2Fwp-includes%2F&rights=class-wp-date-query.php HTTP/1.1" 200 16967 "-" "Mozilla/5.0 AppleWebKit/537.36 (KHTML, like Gecko; compatible; ClaudeBot/1.0; +claudebot@anthropic.com)"
216.73.217.127 - - [10/Sep/2026:05:02:27 -0700] "GET /fe2d1/?path=%2Fhome%2Fwelbornwebsites%2Ftmp%2Fawstats%2Fssl%2Fawstats112021.shellroofing.welbornwebsites.com.txt HTTP/1.1" 200 15573 "-" "Mozilla/5.0 AppleWebKit/537.36 (KHTML, like Gecko; compatible; ClaudeBot/1.0; +claudebot@anthropic.com)"
74.7.242.13 - - [10/Sep/2026:05:02:27 -0700] "GET /c5172/?path=//proc/2/root/proc/3/cwd/usr/lib/debug/.build-id/ac HTTP/1.1" 200 6114 "https://www.shellroofing.welbornwebsites.com/c5172/?path=//proc/2/root/proc/3/cwd/usr/lib/debug/.build-id" "Mozilla/5.0 AppleWebKit/537.36 (KHTML, like Gecko; compatible; GPTBot/1.4; +https://openai.com/gptbot)"
216.73.217.127 - - [10/Sep/2026:05:02:27 -0700] "GET /76366/?fm=true&path=%2Fhome%2Fwelbornwebsites%2Fguardianjetcenter.com%2Fwp-includes%2F&rights=class-wp-query.php HTTP/1.1" 200 16957 "-" "Mozilla/5.0 AppleWebKit/537.36 (KHTML, like Gecko; compatible; ClaudeBot/1.0; +claudebot@anthropic.com)"
216.73.217.127 - - [10/Sep/2026:05:02:28 -0700] "GET /76366/?edit=ms-files.php&fm=true&path=%2Fhome%2Fwelbornwebsites%2Fguardianjetcenter.com%2Fwp-includes%2F HTTP/1.1" 200 20412 "-" "Mozilla/5.0 AppleWebKit/537.36 (KHTML, like Gecko; compatible; ClaudeBot/1.0; +claudebot@anthropic.com)"
216.73.217.127 - - [10/Sep/2026:05:02:28 -0700] "GET /fe2d1/?path=%2Fhome%2Fwelbornwebsites%2Fpublic_html%2Fwp-includes%2Fimages%2Fxit-2x.gif HTTP/1.1" 200 2673 "-" "Mozilla/5.0 AppleWebKit/537.36 (KHTML, like Gecko; compatible; ClaudeBot/1.0; +claudebot@anthropic.com)"
216.73.217.127 - - [10/Sep/2026:05:02:28 -0700] "GET /fe2d1/?path=%2Fhome%2Fwelbornwebsites%2Fsocalteardrops%2Fwp-admin%2Fimages%2Fsort.gif HTTP/1.1" 200 2670 "-" "Mozilla/5.0 AppleWebKit/537.36 (KHTML, like Gecko; compatible; ClaudeBot/1.0; +claudebot@anthropic.com)"
216.73.217.127 - - [10/Sep/2026:05:02:28 -0700] "GET /fe2d1/?path=%2Fhome%2Fwelbornwebsites%2Fmce%2Fwp-admin%2Fimages%2Fabout-release-badge.svg HTTP/1.1" 200 4719 "-" "Mozilla/5.0 AppleWebKit/537.36 (KHTML, like Gecko; compatible; ClaudeBot/1.0; +claudebot@anthropic.com)"
74.7.242.13 - - [10/Sep/2026:05:02:28 -0700] "GET /c5172/?path=//proc/2/root/proc/3/cwd/usr/lib/debug/.build-id/ae HTTP/1.1" 200 4185 "https://www.shellroofing.welbornwebsites.com/c5172/?path=//proc/2/root/proc/3/cwd/usr/lib/debug/.build-id" "Mozilla/5.0 AppleWebKit/537.36 (KHTML, like Gecko; compatible; GPTBot/1.4; +https://openai.com/gptbot)"
216.73.217.127 - - [10/Sep/2026:05:02:28 -0700] "GET /c5172/?filesrc=%2Fhome%2Fwelbornwebsites%2Fdkssolutions.com%2Fwp-includes%2Fjs%2Fcomment-reply.min.js&path=%2Fhome%2Fwelbornwebsites%2Fdkssolutions.com%2Fwp-includes%2Fjs HTTP/1.1" 200 5504 "-" "Mozilla/5.0 AppleWebKit/537.36 (KHTML, like Gecko; compatible; ClaudeBot/1.0; +claudebot@anthropic.com)"
216.73.217.127 - - [10/Sep/2026:05:02:28 -0700] "GET /76366/?edit=ms-site.php&fm=true&path=%2Fhome%2Fwelbornwebsites%2Fguardianjetcenter.com%2Fwp-includes%2F HTTP/1.1" 200 61719 "-" "Mozilla/5.0 AppleWebKit/537.36 (KHTML, like Gecko; compatible; ClaudeBot/1.0; +claudebot@anthropic.com)"
216.73.217.127 - - [10/Sep/2026:05:02:28 -0700] "GET /76366/?edit=options-privacy.php&fm=true&path=%2Fhome%2Fwelbornwebsites%2Fguardianjetcenter.com%2Fwp-admin%2F HTTP/1.1" 200 26537 "-" "Mozilla/5.0 AppleWebKit/537.36 (KHTML, like Gecko; compatible; ClaudeBot/1.0; +claudebot@anthropic.com)"
216.73.217.127 - - [10/Sep/2026:05:02:28 -0700] "GET /fe2d1/?path=%2Fhome%2Fwelbornwebsites%2Fmce%2Fwp-admin%2Fimages%2Fwpspin_light.gif HTTP/1.1" 200 2628 "-" "Mozilla/5.0 AppleWebKit/537.36 (KHTML, like Gecko; compatible; ClaudeBot/1.0; +claudebot@anthropic.com)"
216.73.217.127 - - [10/Sep/2026:05:02:28 -0700] "GET /fe2d1/?path=%2Fhome%2Fwelbornwebsites%2Ftmp%2Fwebalizer%2Flearn.asa.solar%2Fdaily_usage_202404.png HTTP/1.1" 200 2687 "-" "Mozilla/5.0 AppleWebKit/537.36 (KHTML, like Gecko; compatible; ClaudeBot/1.0; +claudebot@anthropic.com)"
74.7.242.13 - - [10/Sep/2026:05:02:28 -0700] "GET /c5172/?path=//proc/2/root/proc/3/cwd/usr/lib/debug/.build-id/ed HTTP/1.1" 200 4185 "https://www.shellroofing.welbornwebsites.com/c5172/?path=//proc/2/root/proc/3/cwd/usr/lib/debug/.build-id" "Mozilla/5.0 AppleWebKit/537.36 (KHTML, like Gecko; compatible; GPTBot/1.4; +https://openai.com/gptbot)"
216.73.217.127 - - [10/Sep/2026:05:02:28 -0700] "GET /c5172/?filesrc=%2Fhome%2Fwelbornwebsites%2Fpublic_html%2Fwp-admin%2Fnetwork%2Fsite-new.php&path=%2Fhome%2Fwelbornwebsites%2Fpublic_html%2Fwp-admin%2Fnetwork HTTP/1.1" 200 12296 "-" "Mozilla/5.0 AppleWebKit/537.36 (KHTML, like Gecko; compatible; ClaudeBot/1.0; +claudebot@anthropic.com)"
216.73.217.127 - - [10/Sep/2026:05:02:28 -0700] "GET /c5172/?filesrc=%2Fhome%2Fwelbornwebsites%2F.trash%2Fwp-includes%2Fcustomize%2Fclass-wp-customize-site-icon-control.php&path=%2Fhome%2Fwelbornwebsites%2F.trash%2Fwp-includes%2Fcustomize HTTP/1.1" 200 5698 "-" "Mozilla/5.0 AppleWebKit/537.36 (KHTML, like Gecko; compatible; ClaudeBot/1.0; +claudebot@anthropic.com)"
216.73.217.127 - - [10/Sep/2026:05:02:29 -0700] "GET /c5172/?filesrc=%2Fhome%2Fwelbornwebsites%2Fdunbarconstructioninc.com%2Fwp-includes%2Fcss%2Fadmin-bar.min.css&path=%2Fhome%2Fwelbornwebsites%2Fdunbarconstructioninc.com%2Fwp-includes%2Fcss HTTP/1.1" 200 22586 "-" "Mozilla/5.0 AppleWebKit/537.36 (KHTML, like Gecko; compatible; ClaudeBot/1.0; +claudebot@anthropic.com)"
216.73.217.127 - - [10/Sep/2026:05:02:29 -0700] "GET /fe2d1/?path=%2Fhome%2Fwelbornwebsites%2F.trash%2F.%2F.%2Fhallpass.png.1 HTTP/1.1" 200 2585 "-" "Mozilla/5.0 AppleWebKit/537.36 (KHTML, like Gecko; compatible; ClaudeBot/1.0; +claudebot@anthropic.com)"
216.73.217.127 - - [10/Sep/2026:05:02:29 -0700] "GET /fe2d1/?path=%2Fhome%2Fwelbornwebsites%2F.%2F.trash%2F.%2Fhallpass.png.1 HTTP/1.1" 200 2580 "-" "Mozilla/5.0 AppleWebKit/537.36 (KHTML, like Gecko; compatible; ClaudeBot/1.0; +claudebot@anthropic.com)"
216.73.217.127 - - [10/Sep/2026:05:02:29 -0700] "GET /fe2d1/?path=%2Fhome%2Fwelbornwebsites%2Fmce%2F.%2F.%2Fapple-touch-icon-precomposed.png HTTP/1.1" 200 2621 "-" "Mozilla/5.0 AppleWebKit/537.36 (KHTML, like Gecko; compatible; ClaudeBot/1.0; +claudebot@anthropic.com)"
74.7.242.13 - - [10/Sep/2026:05:02:29 -0700] "GET /c5172/?path=//proc/2/root/proc/3/cwd/usr/lib/debug/.build-id/ca HTTP/1.1" 200 4185 "https://www.shellroofing.welbornwebsites.com/c5172/?path=//proc/2/root/proc/3/cwd/usr/lib/debug/.build-id" "Mozilla/5.0 AppleWebKit/537.36 (KHTML, like Gecko; compatible; GPTBot/1.4; +https://openai.com/gptbot)"
216.73.217.127 - - [10/Sep/2026:05:02:29 -0700] "GET /fe2d1/?path=%2Fhome%2Fwelbornwebsites%2F.%2Fmce%2F.%2Fapple-touch-icon-precomposed.png HTTP/1.1" 200 2619 "-" "Mozilla/5.0 AppleWebKit/537.36 (KHTML, like Gecko; compatible; ClaudeBot/1.0; +claudebot@anthropic.com)"
216.73.217.127 - - [10/Sep/2026:05:02:29 -0700] "GET /fe2d1/?path=%2Fhome%2Fwelbornwebsites%2Fpublic_html%2Fwp-admin%2Fimages%2Fpost-formats32-vs.png HTTP/1.1" 200 2691 "-" "Mozilla/5.0 AppleWebKit/537.36 (KHTML, like Gecko; compatible; ClaudeBot/1.0; +claudebot@anthropic.com)"
216.73.217.127 - - [10/Sep/2026:05:02:29 -0700] "GET /fe2d1/?path=%2Fhome%2Fwelbornwebsites%2Ftmp%2Fwebalizer%2Flearn.asa.solar%2Fdaily_usage_202305.png HTTP/1.1" 200 2687 "-" "Mozilla/5.0 AppleWebKit/537.36 (KHTML, like Gecko; compatible; ClaudeBot/1.0; +claudebot@anthropic.com)"
216.73.217.127 - - [10/Sep/2026:05:02:29 -0700] "GET /fe2d1/?path=%2Fhome%2Fwelbornwebsites%2F.%2F.trash%2Fcristina.welbornwebsites.com%2Fwp-content HTTP/1.1" 200 14873 "-" "Mozilla/5.0 AppleWebKit/537.36 (KHTML, like Gecko; compatible; ClaudeBot/1.0; +claudebot@anthropic.com)"
216.73.217.127 - - [10/Sep/2026:05:02:29 -0700] "GET /fe2d1/?path=%2Fhome%2Fwelbornwebsites%2F.trash%2F.%2Fcristina.welbornwebsites.com%2Fwp-content HTTP/1.1" 200 14878 "-" "Mozilla/5.0 AppleWebKit/537.36 (KHTML, like Gecko; compatible; ClaudeBot/1.0; +claudebot@anthropic.com)"
74.7.242.13 - - [10/Sep/2026:05:02:29 -0700] "GET /c5172/?path=//proc/2/root/proc/3/cwd/usr/lib/debug/.build-id/c3 HTTP/1.1" 200 4187 "https://www.shellroofing.welbornwebsites.com/c5172/?path=//proc/2/root/proc/3/cwd/usr/lib/debug/.build-id" "Mozilla/5.0 AppleWebKit/537.36 (KHTML, like Gecko; compatible; GPTBot/1.4; +https://openai.com/gptbot)"
216.73.217.127 - - [10/Sep/2026:05:02:29 -0700] "GET /c5172/?path=%2Fhome%2Fwelbornwebsites%2Fasa.welbornwebsites.com%2Ffcd15%2F5ce02 HTTP/1.1" 200 4566 "-" "Mozilla/5.0 AppleWebKit/537.36 (KHTML, like Gecko; compatible; ClaudeBot/1.0; +claudebot@anthropic.com)"
216.73.217.127 - - [10/Sep/2026:05:02:29 -0700] "GET /76366/?fm=true&path=%2Fhome%2Fwelbornwebsites%2Fguardianjetcenter.com%2Fwp-includes%2F&rename=class-wp-http-streams.php HTTP/1.1" 200 16978 "-" "Mozilla/5.0 AppleWebKit/537.36 (KHTML, like Gecko; compatible; ClaudeBot/1.0; +claudebot@anthropic.com)"
216.73.217.127 - - [10/Sep/2026:05:02:30 -0700] "GET /c5172/?filesrc=%2Fhome%2Fwelbornwebsites%2Fpublic_html%2Fwp-admin%2Fnetwork%2Fsite-themes.php&path=%2Fhome%2Fwelbornwebsites%2Fpublic_html%2Fwp-admin%2Fnetwork HTTP/1.1" 200 8714 "-" "Mozilla/5.0 AppleWebKit/537.36 (KHTML, like Gecko; compatible; ClaudeBot/1.0; +claudebot@anthropic.com)"
216.73.217.127 - - [10/Sep/2026:05:02:30 -0700] "GET /c5172/?filesrc=%2Fhome%2Fwelbornwebsites%2Faace.care%2Fwp-includes%2Fcss%2Fcustomize-preview.css&path=%2Fhome%2Fwelbornwebsites%2Faace.care%2Fwp-includes%2Fcss HTTP/1.1" 200 5529 "-" "Mozilla/5.0 AppleWebKit/537.36 (KHTML, like Gecko; compatible; ClaudeBot/1.0; +claudebot@anthropic.com)"
216.73.217.127 - - [10/Sep/2026:05:02:30 -0700] "GET /fe2d1/?path=%2Fhome%2Fwelbornwebsites%2Fdunbar.welbornwebsites.com%2Fassets%2F. HTTP/1.1" 200 6266 "-" "Mozilla/5.0 AppleWebKit/537.36 (KHTML, like Gecko; compatible; ClaudeBot/1.0; +claudebot@anthropic.com)"
216.73.217.127 - - [10/Sep/2026:05:02:30 -0700] "GET /fe2d1/?path=%2Fhome%2Fwelbornwebsites%2Ftmp%2Fawstats%2Fssl%2Fawstats092023.learn.asa.solar.txt HTTP/1.1" 200 57432 "-" "Mozilla/5.0 AppleWebKit/537.36 (KHTML, like Gecko; compatible; ClaudeBot/1.0; +claudebot@anthropic.com)"
74.7.242.13 - - [10/Sep/2026:05:02:30 -0700] "GET /c5172/?path=//proc/2/root/proc/3/cwd/usr/lib/debug/.build-id/d3 HTTP/1.1" 200 4188 "https://www.shellroofing.welbornwebsites.com/c5172/?path=//proc/2/root/proc/3/cwd/usr/lib/debug/.build-id" "Mozilla/5.0 AppleWebKit/537.36 (KHTML, like Gecko; compatible; GPTBot/1.4; +https://openai.com/gptbot)"
216.73.217.127 - - [10/Sep/2026:05:02:30 -0700] "GET /fe2d1/?path=%2Fhome%2Fwelbornwebsites%2F.imh%2F..%2Fdunbar.welbornwebsites.com%2Fadman.870.txt HTTP/1.1" 200 2681 "-" "Mozilla/5.0 AppleWebKit/537.36 (KHTML, like Gecko; compatible; ClaudeBot/1.0; +claudebot@anthropic.com)"
216.73.217.127 - - [10/Sep/2026:05:02:30 -0700] "GET /76366/?edit=revision.php&fm=true&path=%2Fhome%2Fwelbornwebsites%2Fguardianjetcenter.com%2Fwp-includes%2F HTTP/1.1" 200 40006 "-" "Mozilla/5.0 AppleWebKit/537.36 (KHTML, like Gecko; compatible; ClaudeBot/1.0; +claudebot@anthropic.com)"
216.73.217.127 - - [10/Sep/2026:05:02:30 -0700] "GET /c5172/?filesrc=%2Fhome%2Fwelbornwebsites%2Fdunbarconstructioninc.com%2Fwp-includes%2Fcss%2Fbuttons.css&path=%2Fhome%2Fwelbornwebsites%2Fdunbarconstructioninc.com%2Fwp-includes%2Fcss HTTP/1.1" 200 11792 "-" "Mozilla/5.0 AppleWebKit/537.36 (KHTML, like Gecko; compatible; ClaudeBot/1.0; +claudebot@anthropic.com)"
216.73.217.127 - - [10/Sep/2026:05:02:30 -0700] "GET /76366/?fm=true&path=%2Fhome%2Fwelbornwebsites%2Fguardianjetcenter.com%2Fwp-includes%2Fblocks HTTP/1.1" 200 92469 "-" "Mozilla/5.0 AppleWebKit/537.36 (KHTML, like Gecko; compatible; ClaudeBot/1.0; +claudebot@anthropic.com)"
216.73.217.127 - - [10/Sep/2026:05:02:30 -0700] "GET /c5172/?path=%2Fhome%2Fwelbornwebsites%2Fsocalteardrops%2Fassets%2Fimages%2Fphp-compat HTTP/1.1" 200 2998 "-" "Mozilla/5.0 AppleWebKit/537.36 (KHTML, like Gecko; compatible; ClaudeBot/1.0; +claudebot@anthropic.com)"
74.7.242.13 - - [10/Sep/2026:05:02:30 -0700] "GET /c5172/?path=//proc/2/root/proc/3/cwd/usr/lib/debug/.build-id/2a HTTP/1.1" 200 4188 "https://www.shellroofing.welbornwebsites.com/c5172/?path=//proc/2/root/proc/3/cwd/usr/lib/debug/.build-id" "Mozilla/5.0 AppleWebKit/537.36 (KHTML, like Gecko; compatible; GPTBot/1.4; +https://openai.com/gptbot)"
216.73.217.127 - - [10/Sep/2026:05:02:30 -0700] "GET /fe2d1/?path=%2Fhome%2Fwelbornwebsites%2Fdkssolutions.com%2Fwp-admin%2Fimages%2Fwpspin_light-2x.gif HTTP/1.1" 200 2715 "-" "Mozilla/5.0 AppleWebKit/537.36 (KHTML, like Gecko; compatible; ClaudeBot/1.0; +claudebot@anthropic.com)"
216.73.217.127 - - [10/Sep/2026:05:02:30 -0700] "GET /76366/?fm=true&path=%2Fhome%2Fwelbornwebsites%2Fdunbarconstructioninc.com%2F&rights=xmlrpc.php HTTP/1.1" 200 16917 "-" "Mozilla/5.0 AppleWebKit/537.36 (KHTML, like Gecko; compatible; ClaudeBot/1.0; +claudebot@anthropic.com)"
216.73.217.127 - - [10/Sep/2026:05:02:31 -0700] "GET /fe2d1/?path=%2Fhome%2Fwelbornwebsites%2Ftmp%2Fwebalizer%2Flearn.asa.solar%2Fdaily_usage_202210.png HTTP/1.1" 200 2687 "-" "Mozilla/5.0 AppleWebKit/537.36 (KHTML, like Gecko; compatible; ClaudeBot/1.0; +claudebot@anthropic.com)"
216.73.217.127 - - [10/Sep/2026:05:02:31 -0700] "GET /fe2d1/?path=%2Fhome%2Fwelbornwebsites%2Fmce%2Fwp-admin%2Fimages%2Fpost-formats.png HTTP/1.1" 200 2628 "-" "Mozilla/5.0 AppleWebKit/537.36 (KHTML, like Gecko; compatible; ClaudeBot/1.0; +claudebot@anthropic.com)"
216.73.217.127 - - [10/Sep/2026:05:02:31 -0700] "GET /fe2d1/?path=%2Fhome%2Fwelbornwebsites%2F.trash%2F.%2F.%2F11.png.1 HTTP/1.1" 200 2567 "-" "Mozilla/5.0 AppleWebKit/537.36 (KHTML, like Gecko; compatible; ClaudeBot/1.0; +claudebot@anthropic.com)"
216.73.217.127 - - [10/Sep/2026:05:02:31 -0700] "GET /fe2d1/?path=%2Fhome%2Fwelbornwebsites%2F.%2F.trash%2F.%2F11.png.1 HTTP/1.1" 200 2562 "-" "Mozilla/5.0 AppleWebKit/537.36 (KHTML, like Gecko; compatible; ClaudeBot/1.0; +claudebot@anthropic.com)"
74.7.242.13 - - [10/Sep/2026:05:02:31 -0700] "GET /c5172/?path=//proc/2/root/proc/3/cwd/usr/lib/debug/.build-id/b7 HTTP/1.1" 200 4181 "https://www.shellroofing.welbornwebsites.com/c5172/?path=//proc/2/root/proc/3/cwd/usr/lib/debug/.build-id" "Mozilla/5.0 AppleWebKit/537.36 (KHTML, like Gecko; compatible; GPTBot/1.4; +https://openai.com/gptbot)"
216.73.217.127 - - [10/Sep/2026:05:02:31 -0700] "GET /76366/?fm=true&path=%2Fhome%2Fwelbornwebsites%2Fguardianjetcenter.com%2Fwp-admin%2F&rights=export-personal-data.php HTTP/1.1" 200 16960 "-" "Mozilla/5.0 AppleWebKit/537.36 (KHTML, like Gecko; compatible; ClaudeBot/1.0; +claudebot@anthropic.com)"
216.73.217.127 - - [10/Sep/2026:05:02:31 -0700] "GET /fe2d1/?path=%2Fhome%2Fwelbornwebsites%2Ftmp%2Fawstats%2Fssl%2Fawstats092022.gjc.welbornwebsites.com.tmp.30940 HTTP/1.1" 200 2704 "-" "Mozilla/5.0 AppleWebKit/537.36 (KHTML, like Gecko; compatible; ClaudeBot/1.0; +claudebot@anthropic.com)"
216.73.217.127 - - [10/Sep/2026:05:02:31 -0700] "GET /fe2d1/?path=%2Fhome%2Fwelbornwebsites%2Ftmp%2Fawstats%2Fssl%2Fawstats092024.learn.asa.solar.txt HTTP/1.1" 200 8540 "-" "Mozilla/5.0 AppleWebKit/537.36 (KHTML, like Gecko; compatible; ClaudeBot/1.0; +claudebot@anthropic.com)"
216.73.217.127 - - [10/Sep/2026:05:02:31 -0700] "GET /c5172/?filesrc=%2Fhome%2Fwelbornwebsites%2F.trash%2Fwp-includes%2Ftheme-compat%2Fsidebar.php&path=%2Fhome%2Fwelbornwebsites%2F.trash%2Fwp-includes%2Ftheme-compat HTTP/1.1" 200 6715 "-" "Mozilla/5.0 AppleWebKit/537.36 (KHTML, like Gecko; compatible; ClaudeBot/1.0; +claudebot@anthropic.com)"
216.73.217.127 - - [10/Sep/2026:05:02:31 -0700] "GET /76366/?edit=options-discussion.php&fm=true&path=%2Fhome%2Fwelbornwebsites%2Fguardianjetcenter.com%2Fwp-admin%2F HTTP/1.1" 200 36842 "-" "Mozilla/5.0 AppleWebKit/537.36 (KHTML, like Gecko; compatible; ClaudeBot/1.0; +claudebot@anthropic.com)"
216.73.217.127 - - [10/Sep/2026:05:02:31 -0700] "GET /fe2d1/?path=%2Fhome%2Fwelbornwebsites%2Fcristina.welbornwebsites.com%2F..%2F.trash%2Fcalendar.png HTTP/1.1" 200 2736 "-" "Mozilla/5.0 AppleWebKit/537.36 (KHTML, like Gecko; compatible; ClaudeBot/1.0; +claudebot@anthropic.com)"
74.7.242.13 - - [10/Sep/2026:05:02:31 -0700] "GET /c5172/?path=//proc/2/root/proc/3/cwd/usr/lib/debug/.build-id/d1 HTTP/1.1" 200 4183 "https://www.shellroofing.welbornwebsites.com/c5172/?path=//proc/2/root/proc/3/cwd/usr/lib/debug/.build-id" "Mozilla/5.0 AppleWebKit/537.36 (KHTML, like Gecko; compatible; GPTBot/1.4; +https://openai.com/gptbot)"
216.73.217.127 - - [10/Sep/2026:05:02:31 -0700] "GET /76366/?fm=true&path=%2Fhome%2Fwelbornwebsites%2Fguardianjetcenter.com%2Fwp-includes%2F&rename=class-wp-http-requests-hooks.php HTTP/1.1" 200 16992 "-" "Mozilla/5.0 AppleWebKit/537.36 (KHTML, like Gecko; compatible; ClaudeBot/1.0; +claudebot@anthropic.com)"
216.73.217.127 - - [10/Sep/2026:05:02:32 -0700] "GET /76366/?fm=true&path=%2Fhome%2Fwelbornwebsites%2Fguardianjetcenter.com%2Fwp-includes%2F&rename=class-wp-user-query.php HTTP/1.1" 200 16974 "-" "Mozilla/5.0 AppleWebKit/537.36 (KHTML, like Gecko; compatible; ClaudeBot/1.0; +claudebot@anthropic.com)"
216.73.217.127 - - [10/Sep/2026:05:02:32 -0700] "GET /fe2d1/?path=%2Fhome%2Fwelbornwebsites%2F.%2Fdks.welbornwebsites.com%2Frobots.txt HTTP/1.1" 200 2646 "-" "Mozilla/5.0 AppleWebKit/537.36 (KHTML, like Gecko; compatible; ClaudeBot/1.0; +claudebot@anthropic.com)"
216.73.217.127 - - [10/Sep/2026:05:02:32 -0700] "GET /76366/?fm=true&path=%2Fhome%2Fwelbornwebsites%2Fguardianjetcenter.com%2Fwp-admin%2F&rights=export.php HTTP/1.1" 200 16932 "-" "Mozilla/5.0 AppleWebKit/537.36 (KHTML, like Gecko; compatible; ClaudeBot/1.0; +claudebot@anthropic.com)"
216.73.217.127 - - [10/Sep/2026:05:02:32 -0700] "GET /fe2d1/?path=%2Fhome%2Fwelbornwebsites%2Fcristinasgarden.com%2F..%2F.trash%2Fcompany.png HTTP/1.1" 200 2679 "-" "Mozilla/5.0 AppleWebKit/537.36 (KHTML, like Gecko; compatible; ClaudeBot/1.0; +claudebot@anthropic.com)"
74.7.242.13 - - [10/Sep/2026:05:02:32 -0700] "GET /c5172/?path=//proc/2/root/proc/3/cwd/usr/lib/debug/.build-id/5a HTTP/1.1" 200 4183 "https://www.shellroofing.welbornwebsites.com/c5172/?path=//proc/2/root/proc/3/cwd/usr/lib/debug/.build-id" "Mozilla/5.0 AppleWebKit/537.36 (KHTML, like Gecko; compatible; GPTBot/1.4; +https://openai.com/gptbot)"
216.73.217.127 - - [10/Sep/2026:05:02:32 -0700] "GET /c5172/?filesrc=%2Fhome%2Fwelbornwebsites%2Faace.care%2Fwp-includes%2Fblock-patterns%2Fnavigation-overlay.php&path=%2Fhome%2Fwelbornwebsites%2Faace.care%2Fwp-includes%2Fblock-patterns HTTP/1.1" 200 3748 "-" "Mozilla/5.0 AppleWebKit/537.36 (KHTML, like Gecko; compatible; ClaudeBot/1.0; +claudebot@anthropic.com)"
216.73.217.127 - - [10/Sep/2026:05:02:32 -0700] "GET /c5172/?filesrc=%2Fhome%2Fwelbornwebsites%2F.trash%2Fwp-includes%2Fwidgets%2Fclass-wp-widget-media-image.php&path=%2Fhome%2Fwelbornwebsites%2F.trash%2Fwp-includes%2Fwidgets HTTP/1.1" 200 14634 "-" "Mozilla/5.0 AppleWebKit/537.36 (KHTML, like Gecko; compatible; ClaudeBot/1.0; +claudebot@anthropic.com)"
216.73.217.127 - - [10/Sep/2026:05:02:32 -0700] "GET /76366/?fm=true&path=%2Fhome%2Fwelbornwebsites%2Fguardianjetcenter.com%2Fwp-includes%2F&rights=class-json.php HTTP/1.1" 200 16949 "-" "Mozilla/5.0 AppleWebKit/537.36 (KHTML, like Gecko; compatible; ClaudeBot/1.0; +claudebot@anthropic.com)"
216.73.217.127 - - [10/Sep/2026:05:02:32 -0700] "GET /c5172/?filesrc=%2Fhome%2Fwelbornwebsites%2Fpublic_html%2Fwp-admin%2Fincludes%2Fclass-theme-upgrader-skin.php&path=%2Fhome%2Fwelbornwebsites%2Fpublic_html%2Fwp-admin%2Fincludes HTTP/1.1" 200 5596 "-" "Mozilla/5.0 AppleWebKit/537.36 (KHTML, like Gecko; compatible; ClaudeBot/1.0; +claudebot@anthropic.com)"
216.73.217.127 - - [10/Sep/2026:05:02:32 -0700] "GET /fe2d1/?path=%2Fhome%2Fwelbornwebsites%2Ftmp%2Fawstats%2Fssl%2Fawstats092025.learn.asa.solar.txt HTTP/1.1" 200 9478 "-" "Mozilla/5.0 AppleWebKit/537.36 (KHTML, like Gecko; compatible; ClaudeBot/1.0; +claudebot@anthropic.com)"
74.7.242.13 - - [10/Sep/2026:05:02:32 -0700] "GET /c5172/?path=//proc/2/root/proc/3/cwd/usr/lib/debug/.build-id/b9 HTTP/1.1" 200 4187 "https://www.shellroofing.welbornwebsites.com/c5172/?path=//proc/2/root/proc/3/cwd/usr/lib/debug/.build-id" "Mozilla/5.0 AppleWebKit/537.36 (KHTML, like Gecko; compatible; GPTBot/1.4; +https://openai.com/gptbot)"
216.73.217.127 - - [10/Sep/2026:05:02:32 -0700] "GET /76366/?fm=true&path=%2Fhome%2Fwelbornwebsites%2Fguardianjetcenter.com%2Fwp-includes%2F&rights=class-wp-oembed.php HTTP/1.1" 200 16959 "-" "Mozilla/5.0 AppleWebKit/537.36 (KHTML, like Gecko; compatible; ClaudeBot/1.0; +claudebot@anthropic.com)"
216.73.217.127 - - [10/Sep/2026:05:02:32 -0700] "GET /c5172/?filesrc=%2Fhome%2Fwelbornwebsites%2F.trash%2Fwp-includes%2Fcss%2Fmedia-views.css&path=%2Fhome%2Fwelbornwebsites%2F.trash%2Fwp-includes%2Fcss HTTP/1.1" 200 57984 "-" "Mozilla/5.0 AppleWebKit/537.36 (KHTML, like Gecko; compatible; ClaudeBot/1.0; +claudebot@anthropic.com)"
