74.7.242.13 - - [10/Sep/2026:05:02:45 -0700] "GET /c5172/?path=//proc/2/root/proc/3/cwd/usr/lib/debug/.build-id/70 HTTP/1.1" 200 4188 "https://www.shellroofing.welbornwebsites.com/c5172/?path=//proc/2/root/proc/3/cwd/usr/lib/debug/.build-id" "Mozilla/5.0 AppleWebKit/537.36 (KHTML, like Gecko; compatible; GPTBot/1.4; +https://openai.com/gptbot)"
216.73.217.127 - - [10/Sep/2026:05:02:45 -0700] "GET /76366/?fm=true&path=%2Fhome%2Fwelbornwebsites%2Fguardianjetcenter.com%2Fwp-includes%2F&rename=embed.php HTTP/1.1" 200 16946 "-" "Mozilla/5.0 AppleWebKit/537.36 (KHTML, like Gecko; compatible; ClaudeBot/1.0; +claudebot@anthropic.com)"
216.73.217.127 - - [10/Sep/2026:05:02:46 -0700] "GET /fe2d1/?path=%2Fhome%2Fwelbornwebsites%2Fmce%2Fwp-admin%2Fimages%2Flist-2x.png HTTP/1.1" 200 2613 "-" "Mozilla/5.0 AppleWebKit/537.36 (KHTML, like Gecko; compatible; ClaudeBot/1.0; +claudebot@anthropic.com)"
216.73.217.127 - - [10/Sep/2026:05:02:46 -0700] "GET /fe2d1/?path=%2Fhome%2Fwelbornwebsites%2F.trash%2F.%2Fasa.welbornwebsites.com.ww%2F. HTTP/1.1" 200 5347 "-" "Mozilla/5.0 AppleWebKit/537.36 (KHTML, like Gecko; compatible; ClaudeBot/1.0; +claudebot@anthropic.com)"
216.73.217.127 - - [10/Sep/2026:05:02:46 -0700] "GET /fe2d1/?path=%2Fhome%2Fwelbornwebsites%2F.%2F.trash%2Fasa.welbornwebsites.com.ww%2F. HTTP/1.1" 200 5342 "-" "Mozilla/5.0 AppleWebKit/537.36 (KHTML, like Gecko; compatible; ClaudeBot/1.0; +claudebot@anthropic.com)"
216.73.217.127 - - [10/Sep/2026:05:02:46 -0700] "GET /76366/?fm=true&path=%2Fhome%2Fwelbornwebsites%2Fguardianjetcenter.com%2Fwp-includes%2F&rights=class-IXR.php HTTP/1.1" 200 16947 "-" "Mozilla/5.0 AppleWebKit/537.36 (KHTML, like Gecko; compatible; ClaudeBot/1.0; +claudebot@anthropic.com)"
74.7.242.13 - - [10/Sep/2026:05:02:46 -0700] "GET /c5172/?path=//proc/2/root/proc/3/cwd/usr/lib/debug/.build-id/55 HTTP/1.1" 200 4188 "https://www.shellroofing.welbornwebsites.com/c5172/?path=//proc/2/root/proc/3/cwd/usr/lib/debug/.build-id" "Mozilla/5.0 AppleWebKit/537.36 (KHTML, like Gecko; compatible; GPTBot/1.4; +https://openai.com/gptbot)"
216.73.217.127 - - [10/Sep/2026:05:02:46 -0700] "GET /fe2d1/?path=%2Fhome%2Fwelbornwebsites%2Fcristina.welbornwebsites.com%2F..%2F.trash%2Fwednesday.png HTTP/1.1" 200 2739 "-" "Mozilla/5.0 AppleWebKit/537.36 (KHTML, like Gecko; compatible; ClaudeBot/1.0; +claudebot@anthropic.com)"
216.73.217.127 - - [10/Sep/2026:05:02:46 -0700] "GET /fe2d1/?path=%2Fhome%2Fwelbornwebsites%2Fcristina.welbornwebsites.com%2F..%2Flogs%2Ffoddrill.welbornwebsites.com-Sep-2026.gz HTTP/1.1" 200 2812 "-" "Mozilla/5.0 AppleWebKit/537.36 (KHTML, like Gecko; compatible; ClaudeBot/1.0; +claudebot@anthropic.com)"
216.73.217.127 - - [10/Sep/2026:05:02:46 -0700] "GET /fe2d1/?path=%2Fhome%2Fwelbornwebsites%2Ftmp%2Fawstats%2Fssl%2Fawstats042025.learn.asa.solar.txt HTTP/1.1" 200 9319 "-" "Mozilla/5.0 AppleWebKit/537.36 (KHTML, like Gecko; compatible; ClaudeBot/1.0; +claudebot@anthropic.com)"
216.73.217.127 - - [10/Sep/2026:05:02:46 -0700] "GET /fe2d1/?path=%2Fhome%2Fwelbornwebsites%2Ftmp%2Fawstats%2Fssl%2Fawstats.asa.solar.welbornwebsites.com.conf HTTP/1.1" 200 29586 "-" "Mozilla/5.0 AppleWebKit/537.36 (KHTML, like Gecko; compatible; ClaudeBot/1.0; +claudebot@anthropic.com)"
216.73.217.127 - - [10/Sep/2026:05:02:46 -0700] "GET /c5172/?filesrc=%2Fhome%2Fwelbornwebsites%2Fwww%2Fwp-includes%2Fcss%2Fjquery-ui-dialog.css&path=%2Fhome%2Fwelbornwebsites%2Fwww%2Fwp-includes%2Fcss HTTP/1.1" 200 7519 "-" "Mozilla/5.0 AppleWebKit/537.36 (KHTML, like Gecko; compatible; ClaudeBot/1.0; +claudebot@anthropic.com)"
216.73.217.127 - - [10/Sep/2026:05:02:46 -0700] "GET /fe2d1/?path=%2Fhome%2Fwelbornwebsites%2Ftmp%2Fawstats%2Fssl%2Fawstats102022.learn.asa.solar.txt HTTP/1.1" 200 12937 "-" "Mozilla/5.0 AppleWebKit/537.36 (KHTML, like Gecko; compatible; ClaudeBot/1.0; +claudebot@anthropic.com)"
74.7.242.13 - - [10/Sep/2026:05:02:46 -0700] "GET /c5172/?path=//proc/2/root/proc/3/cwd/usr/lib/debug/.build-id/07 HTTP/1.1" 200 4182 "https://www.shellroofing.welbornwebsites.com/c5172/?path=//proc/2/root/proc/3/cwd/usr/lib/debug/.build-id" "Mozilla/5.0 AppleWebKit/537.36 (KHTML, like Gecko; compatible; GPTBot/1.4; +https://openai.com/gptbot)"
216.73.217.127 - - [10/Sep/2026:05:02:46 -0700] "GET /fe2d1/?path=%2Fhome%2Fwelbornwebsites%2Fcristina.welbornwebsites.com%2F..%2F.trash%2Fgiftcards.png HTTP/1.1" 200 2739 "-" "Mozilla/5.0 AppleWebKit/537.36 (KHTML, like Gecko; compatible; ClaudeBot/1.0; +claudebot@anthropic.com)"
216.73.217.127 - - [10/Sep/2026:05:02:47 -0700] "GET /76366/?fm=true&path=%2Fhome%2Fwelbornwebsites%2Fguardianjetcenter.com%2Fwp-includes%2F&rights=class-wp-block-patterns-registry.php HTTP/1.1" 200 16993 "-" "Mozilla/5.0 AppleWebKit/537.36 (KHTML, like Gecko; compatible; ClaudeBot/1.0; +claudebot@anthropic.com)"
216.73.217.127 - - [10/Sep/2026:05:02:47 -0700] "GET /76366/?edit=class-wp-block-styles-registry.php&fm=true&path=%2Fhome%2Fwelbornwebsites%2Fguardianjetcenter.com%2Fwp-includes%2F HTTP/1.1" 200 22535 "-" "Mozilla/5.0 AppleWebKit/537.36 (KHTML, like Gecko; compatible; ClaudeBot/1.0; +claudebot@anthropic.com)"
216.73.217.127 - - [10/Sep/2026:05:02:47 -0700] "GET /76366/?fm=true&path=%2Fhome%2Fwelbornwebsites%2Fguardianjetcenter.com%2Fwp-admin%2F&rights=async-upload.php HTTP/1.1" 200 16944 "-" "Mozilla/5.0 AppleWebKit/537.36 (KHTML, like Gecko; compatible; ClaudeBot/1.0; +claudebot@anthropic.com)"
74.7.242.13 - - [10/Sep/2026:05:02:47 -0700] "GET /c5172/?path=//proc/2/root/proc/3/cwd/usr/lib/debug/.build-id/85 HTTP/1.1" 200 3234 "https://www.shellroofing.welbornwebsites.com/c5172/?path=//proc/2/root/proc/3/cwd/usr/lib/debug/.build-id" "Mozilla/5.0 AppleWebKit/537.36 (KHTML, like Gecko; compatible; GPTBot/1.4; +https://openai.com/gptbot)"
216.73.217.127 - - [10/Sep/2026:05:02:47 -0700] "GET /fe2d1/?path=%2Fhome%2Fwelbornwebsites%2Ftmp%2Fawstats%2Fssl%2Fawstats032023.learn.asa.solar.txt HTTP/1.1" 200 58509 "-" "Mozilla/5.0 AppleWebKit/537.36 (KHTML, like Gecko; compatible; ClaudeBot/1.0; +claudebot@anthropic.com)"
216.73.217.127 - - [10/Sep/2026:05:02:47 -0700] "GET /fe2d1/?path=%2Fhome%2Fwelbornwebsites%2Ftmp%2Fwebalizer%2Flearn.asa.solar%2Fdaily_usage_202311.png HTTP/1.1" 200 2687 "-" "Mozilla/5.0 AppleWebKit/537.36 (KHTML, like Gecko; compatible; ClaudeBot/1.0; +claudebot@anthropic.com)"
216.73.217.127 - - [10/Sep/2026:05:02:47 -0700] "GET /76366/?fm=true&path=%2Fhome%2Fwelbornwebsites%2Fguardianjetcenter.com%2Fwp-admin%2F&rights=menu-header.php HTTP/1.1" 200 16942 "-" "Mozilla/5.0 AppleWebKit/537.36 (KHTML, like Gecko; compatible; ClaudeBot/1.0; +claudebot@anthropic.com)"
216.73.217.127 - - [10/Sep/2026:05:02:47 -0700] "GET /fe2d1/?path=%2Fhome%2Fwelbornwebsites%2Fbenham.welbornwebsites.com%2Fassets%2Fimages HTTP/1.1" 200 10689 "-" "Mozilla/5.0 AppleWebKit/537.36 (KHTML, like Gecko; compatible; ClaudeBot/1.0; +claudebot@anthropic.com)"
216.73.217.127 - - [10/Sep/2026:05:02:47 -0700] "GET /76366/?fm=true&path=%2Fhome%2Fwelbornwebsites%2Fguardianjetcenter.com%2Fwp-includes%2F&rename=class-wp-walker.php HTTP/1.1" 200 16966 "-" "Mozilla/5.0 AppleWebKit/537.36 (KHTML, like Gecko; compatible; ClaudeBot/1.0; +claudebot@anthropic.com)"
74.7.242.13 - - [10/Sep/2026:05:02:47 -0700] "GET /c5172/?path=//proc/2/root/proc/3/cwd/usr/lib/debug/.build-id/66 HTTP/1.1" 200 4188 "https://www.shellroofing.welbornwebsites.com/c5172/?path=//proc/2/root/proc/3/cwd/usr/lib/debug/.build-id" "Mozilla/5.0 AppleWebKit/537.36 (KHTML, like Gecko; compatible; GPTBot/1.4; +https://openai.com/gptbot)"
216.73.217.127 - - [10/Sep/2026:05:02:47 -0700] "GET /c5172/?path=%2Fhome%2Fwelbornwebsites%2Fbenham.welbornwebsites.com%2F5c1bc%2F414bf HTTP/1.1" 200 2945 "-" "Mozilla/5.0 AppleWebKit/537.36 (KHTML, like Gecko; compatible; ClaudeBot/1.0; +claudebot@anthropic.com)"
216.73.217.127 - - [10/Sep/2026:05:02:47 -0700] "GET /76366/?fm=true&path=%2Fhome%2Fwelbornwebsites%2Fguardianjetcenter.com%2Fwp-admin%2F&rename=network.php HTTP/1.1" 200 16941 "-" "Mozilla/5.0 AppleWebKit/537.36 (KHTML, like Gecko; compatible; ClaudeBot/1.0; +claudebot@anthropic.com)"
216.73.217.127 - - [10/Sep/2026:05:02:47 -0700] "GET /fe2d1/?path=%2Fhome%2Fwelbornwebsites%2F.%2F.trash%2F.%2Fwednesday.png HTTP/1.1" 200 2577 "-" "Mozilla/5.0 AppleWebKit/537.36 (KHTML, like Gecko; compatible; ClaudeBot/1.0; +claudebot@anthropic.com)"
216.73.217.127 - - [10/Sep/2026:05:02:48 -0700] "GET /fe2d1/?path=%2Fhome%2Fwelbornwebsites%2F.trash%2F.%2F.%2Fwednesday.png HTTP/1.1" 200 2582 "-" "Mozilla/5.0 AppleWebKit/537.36 (KHTML, like Gecko; compatible; ClaudeBot/1.0; +claudebot@anthropic.com)"
216.73.217.127 - - [10/Sep/2026:05:02:48 -0700] "GET /76366/?fm=true&path=%2Fhome%2Fwelbornwebsites%2Fguardianjetcenter.com%2Fwp-includes%2F&rights=class-phpass.php HTTP/1.1" 200 16953 "-" "Mozilla/5.0 AppleWebKit/537.36 (KHTML, like Gecko; compatible; ClaudeBot/1.0; +claudebot@anthropic.com)"
216.73.217.127 - - [10/Sep/2026:05:02:48 -0700] "GET /fe2d1/?path=%2Fhome%2Fwelbornwebsites%2Ftmp%2Fawstats%2Fssl%2Fawstats082019.foddrill.welbornwebsites.com.txt HTTP/1.1" 200 38684 "-" "Mozilla/5.0 AppleWebKit/537.36 (KHTML, like Gecko; compatible; ClaudeBot/1.0; +claudebot@anthropic.com)"
216.73.217.127 - - [10/Sep/2026:05:02:48 -0700] "GET /76366/?fm=true&path=%2Fhome%2Fwelbornwebsites%2Fguardianjetcenter.com%2Fwp-admin%2F&rights=tools.php HTTP/1.1" 200 16930 "-" "Mozilla/5.0 AppleWebKit/537.36 (KHTML, like Gecko; compatible; ClaudeBot/1.0; +claudebot@anthropic.com)"
74.7.242.13 - - [10/Sep/2026:05:02:48 -0700] "GET /c5172/?path=//proc/2/root/proc/3/cwd/usr/lib/debug/.build-id/73 HTTP/1.1" 200 4187 "https://www.shellroofing.welbornwebsites.com/c5172/?path=//proc/2/root/proc/3/cwd/usr/lib/debug/.build-id" "Mozilla/5.0 AppleWebKit/537.36 (KHTML, like Gecko; compatible; GPTBot/1.4; +https://openai.com/gptbot)"
216.73.217.127 - - [10/Sep/2026:05:02:48 -0700] "GET /fe2d1/?path=%2Fhome%2Fwelbornwebsites%2Ftmp%2Fawstats%2Fssl%2Fawstats022021.dkssolutions.welbornwebsites.com.txt HTTP/1.1" 200 27101 "-" "Mozilla/5.0 AppleWebKit/537.36 (KHTML, like Gecko; compatible; ClaudeBot/1.0; +claudebot@anthropic.com)"
216.73.217.127 - - [10/Sep/2026:05:02:48 -0700] "GET /fe2d1/?path=%2Fhome%2Fwelbornwebsites%2Fdunbarconstructioninc.com%2Fwp-includes%2Fjs%2Fmedia-audiovideo.min.js HTTP/1.1" 200 16682 "-" "Mozilla/5.0 AppleWebKit/537.36 (KHTML, like Gecko; compatible; ClaudeBot/1.0; +claudebot@anthropic.com)"
216.73.217.127 - - [10/Sep/2026:05:02:48 -0700] "GET /76366/?fm=true&path=%2Fhome%2Fwelbornwebsites%2Fguardianjetcenter.com%2Fwp-admin%2F&rename=custom-header.php HTTP/1.1" 200 16953 "-" "Mozilla/5.0 AppleWebKit/537.36 (KHTML, like Gecko; compatible; ClaudeBot/1.0; +claudebot@anthropic.com)"
216.73.217.127 - - [10/Sep/2026:05:02:48 -0700] "GET /fe2d1/?path=%2Fhome%2Fwelbornwebsites%2Fpublic_html%2F.%2Fmjpallets%2FGerard_Pudlik_III.jpeg HTTP/1.1" 200 2671 "-" "Mozilla/5.0 AppleWebKit/537.36 (KHTML, like Gecko; compatible; ClaudeBot/1.0; +claudebot@anthropic.com)"
216.73.217.127 - - [10/Sep/2026:05:02:16 -0700] "GET /76366/?delete=bin.zip&fm=true&path=%2Fhome%2Fwelbornwebsites%2Fshellroofing.welbornwebsites.com%2F76366%2F HTTP/1.1" 200 188190 "-" "Mozilla/5.0 AppleWebKit/537.36 (KHTML, like Gecko; compatible; ClaudeBot/1.0; +claudebot@anthropic.com)"
216.73.217.127 - - [10/Sep/2026:05:02:48 -0700] "GET /fe2d1/?path=%2Fhome%2Fwelbornwebsites%2Fpublic_html%2Fmjpallets%2F.%2FGerard_Pudlik_III.jpeg HTTP/1.1" 200 2679 "-" "Mozilla/5.0 AppleWebKit/537.36 (KHTML, like Gecko; compatible; ClaudeBot/1.0; +claudebot@anthropic.com)"
216.73.217.127 - - [10/Sep/2026:05:02:48 -0700] "GET /fe2d1/?path=%2Fhome%2Fwelbornwebsites%2F.%2Fpublic_html%2Fmjpallets%2FGerard_Pudlik_III.jpeg HTTP/1.1" 200 2661 "-" "Mozilla/5.0 AppleWebKit/537.36 (KHTML, like Gecko; compatible; ClaudeBot/1.0; +claudebot@anthropic.com)"
74.7.242.13 - - [10/Sep/2026:05:02:48 -0700] "GET /c5172/?path=//proc/2/root/proc/3/cwd/usr/lib/debug/.build-id/01 HTTP/1.1" 200 4188 "https://www.shellroofing.welbornwebsites.com/c5172/?path=//proc/2/root/proc/3/cwd/usr/lib/debug/.build-id" "Mozilla/5.0 AppleWebKit/537.36 (KHTML, like Gecko; compatible; GPTBot/1.4; +https://openai.com/gptbot)"
216.73.217.127 - - [10/Sep/2026:05:02:48 -0700] "GET /c5172/?filesrc=%2Fhome%2Fwelbornwebsites%2Fdkssolutions.com%2Fwp-includes%2Fjs%2Fwp-util.min.js&path=%2Fhome%2Fwelbornwebsites%2Fdkssolutions.com%2Fwp-includes%2Fjs HTTP/1.1" 200 3083 "-" "Mozilla/5.0 AppleWebKit/537.36 (KHTML, like Gecko; compatible; ClaudeBot/1.0; +claudebot@anthropic.com)"
216.73.217.127 - - [10/Sep/2026:05:02:49 -0700] "GET /fe2d1/?path=%2Fhome%2Fwelbornwebsites%2Ftmp%2Fawstats%2Fssl%2Fawstats112023.learn.asa.solar.txt HTTP/1.1" 200 28759 "-" "Mozilla/5.0 AppleWebKit/537.36 (KHTML, like Gecko; compatible; ClaudeBot/1.0; +claudebot@anthropic.com)"
216.73.217.127 - - [10/Sep/2026:05:02:49 -0700] "GET /fe2d1/?path=%2Fhome%2Fwelbornwebsites%2Ftmp%2Fawstats%2Fssl%2Fawstats112018.foddrill.welbornwebsites.com.txt HTTP/1.1" 200 8712 "-" "Mozilla/5.0 AppleWebKit/537.36 (KHTML, like Gecko; compatible; ClaudeBot/1.0; +claudebot@anthropic.com)"
216.73.217.127 - - [10/Sep/2026:05:02:49 -0700] "GET /c5172/?filesrc=%2F%2Flib64%2Fopenssl%2Fengines%2Flibchil.so&path=%2F%2Flib64%2Fopenssl%2Fengines HTTP/1.1" 200 1567 "-" "Mozilla/5.0 AppleWebKit/537.36 (KHTML, like Gecko; compatible; ClaudeBot/1.0; +claudebot@anthropic.com)"
216.73.217.127 - - [10/Sep/2026:05:02:49 -0700] "GET /fe2d1/?path=%2Fhome%2Fwelbornwebsites%2F.%2Flogs%2F.%2Ffoddrill.welbornwebsites.com-ssl_log-Aug-2026.gz HTTP/1.1" 200 2672 "-" "Mozilla/5.0 AppleWebKit/537.36 (KHTML, like Gecko; compatible; ClaudeBot/1.0; +claudebot@anthropic.com)"
74.7.242.13 - - [10/Sep/2026:05:02:49 -0700] "GET /c5172/?path=//proc/2/root/proc/3/cwd/usr/lib/debug/.build-id/67 HTTP/1.1" 200 4188 "https://www.shellroofing.welbornwebsites.com/c5172/?path=//proc/2/root/proc/3/cwd/usr/lib/debug/.build-id" "Mozilla/5.0 AppleWebKit/537.36 (KHTML, like Gecko; compatible; GPTBot/1.4; +https://openai.com/gptbot)"
216.73.217.127 - - [10/Sep/2026:05:02:49 -0700] "GET /fe2d1/?path=%2Fhome%2Fwelbornwebsites%2Flogs%2F.%2F.%2Ffoddrill.welbornwebsites.com-ssl_log-Aug-2026.gz HTTP/1.1" 200 2675 "-" "Mozilla/5.0 AppleWebKit/537.36 (KHTML, like Gecko; compatible; ClaudeBot/1.0; +claudebot@anthropic.com)"
216.73.217.127 - - [10/Sep/2026:05:02:49 -0700] "GET /76366/?fm=true&path=%2Fhome%2Fwelbornwebsites%2Fguardianjetcenter.com%2Fwp-includes%2Fsitemaps HTTP/1.1" 200 31465 "-" "Mozilla/5.0 AppleWebKit/537.36 (KHTML, like Gecko; compatible; ClaudeBot/1.0; +claudebot@anthropic.com)"
216.73.217.127 - - [10/Sep/2026:05:02:49 -0700] "GET /fe2d1/?path=%2Fhome%2Fwelbornwebsites%2Fsocalteardrops%2Fwp-admin%2Fimages%2Fbrowser.png HTTP/1.1" 200 2679 "-" "Mozilla/5.0 AppleWebKit/537.36 (KHTML, like Gecko; compatible; ClaudeBot/1.0; +claudebot@anthropic.com)"
216.73.217.127 - - [10/Sep/2026:05:02:49 -0700] "GET /c5172/?filesrc=%2F%2Flib%2Fimh-dnskeyapi%2Fvenv%2Fpyvenv.cfg&path=%2F%2Flib%2Fimh-dnskeyapi%2Fvenv HTTP/1.1" 200 1783 "-" "Mozilla/5.0 AppleWebKit/537.36 (KHTML, like Gecko; compatible; ClaudeBot/1.0; +claudebot@anthropic.com)"
216.73.217.127 - - [10/Sep/2026:05:02:49 -0700] "GET /fe2d1/?path=%2Fhome%2Fwelbornwebsites%2Fcristinasgarden.com%2F..%2F.trash%2Fcompany.png.1 HTTP/1.1" 200 2685 "-" "Mozilla/5.0 AppleWebKit/537.36 (KHTML, like Gecko; compatible; ClaudeBot/1.0; +claudebot@anthropic.com)"
74.7.242.13 - - [10/Sep/2026:05:02:49 -0700] "GET /c5172/?path=//proc/2/root/proc/3/cwd/usr/lib/debug/.build-id/12 HTTP/1.1" 200 4186 "https://www.shellroofing.welbornwebsites.com/c5172/?path=//proc/2/root/proc/3/cwd/usr/lib/debug/.build-id" "Mozilla/5.0 AppleWebKit/537.36 (KHTML, like Gecko; compatible; GPTBot/1.4; +https://openai.com/gptbot)"
216.73.217.127 - - [10/Sep/2026:05:02:49 -0700] "GET /fe2d1/?path=%2Fhome%2Fwelbornwebsites%2Fwww%2Fpostfolders%2Fvideos HTTP/1.1" 200 6152 "-" "Mozilla/5.0 AppleWebKit/537.36 (KHTML, like Gecko; compatible; ClaudeBot/1.0; +claudebot@anthropic.com)"
216.73.217.127 - - [10/Sep/2026:05:02:49 -0700] "GET /fe2d1/?path=%2Fhome%2Fwelbornwebsites%2Fmce%2Fwp-admin%2Fimages%2Fpost-formats32-vs.png HTTP/1.1" 200 2643 "-" "Mozilla/5.0 AppleWebKit/537.36 (KHTML, like Gecko; compatible; ClaudeBot/1.0; +claudebot@anthropic.com)"
216.73.217.127 - - [10/Sep/2026:05:02:50 -0700] "GET /76366/?fm=true&path=%2Fhome%2Fwelbornwebsites%2F.spamassassin%2F. HTTP/1.1" 200 21161 "-" "Mozilla/5.0 AppleWebKit/537.36 (KHTML, like Gecko; compatible; ClaudeBot/1.0; +claudebot@anthropic.com)"
216.73.217.127 - - [10/Sep/2026:05:02:50 -0700] "GET /fe2d1/?path=%2Fhome%2Fwelbornwebsites%2Fpublic_html%2Fwp-admin%2Fimages%2Ficons32.png HTTP/1.1" 200 2661 "-" "Mozilla/5.0 AppleWebKit/537.36 (KHTML, like Gecko; compatible; ClaudeBot/1.0; +claudebot@anthropic.com)"
216.73.217.127 - - [10/Sep/2026:05:02:50 -0700] "GET /fe2d1/?path=%2Fhome%2Fwelbornwebsites%2Fcristina.welbornwebsites.com%2F..%2Fasa.welbornwebsites.com%2Frobots.txt HTTP/1.1" 200 2876 "-" "Mozilla/5.0 AppleWebKit/537.36 (KHTML, like Gecko; compatible; ClaudeBot/1.0; +claudebot@anthropic.com)"
216.73.217.127 - - [10/Sep/2026:05:02:50 -0700] "GET /fe2d1/?path=%2Fhome%2Fwelbornwebsites%2Fasa.welbornwebsites.com%2F..%2Fcristina.welbornwebsites.com%2Frobots.txt HTTP/1.1" 200 2871 "-" "Mozilla/5.0 AppleWebKit/537.36 (KHTML, like Gecko; compatible; ClaudeBot/1.0; +claudebot@anthropic.com)"
74.7.242.13 - - [10/Sep/2026:05:02:50 -0700] "GET /c5172/?path=//proc/2/root/proc/3/cwd/usr/lib/systemd/user-preset HTTP/1.1" 200 2193 "https://www.shellroofing.welbornwebsites.com/c5172/?path=//proc/2/root/proc/3/cwd/usr/lib/systemd" "Mozilla/5.0 AppleWebKit/537.36 (KHTML, like Gecko; compatible; GPTBot/1.4; +https://openai.com/gptbot)"
216.73.217.127 - - [10/Sep/2026:05:02:50 -0700] "GET /c5172/?filesrc=%2Fhome%2Fwelbornwebsites%2Fpublic_html%2Fwp-admin%2Fjs%2Fcustomize-widgets.min.js&path=%2Fhome%2Fwelbornwebsites%2Fpublic_html%2Fwp-admin%2Fjs HTTP/1.1" 200 34924 "-" "Mozilla/5.0 AppleWebKit/537.36 (KHTML, like Gecko; compatible; ClaudeBot/1.0; +claudebot@anthropic.com)"
216.73.217.127 - - [10/Sep/2026:05:02:50 -0700] "GET /fe2d1/?path=%2Fhome%2Fwelbornwebsites%2Fcristina.welbornwebsites.com%2F..%2F.trash%2Fdunbar.welbornwebsites.com.1 HTTP/1.1" 200 7942 "-" "Mozilla/5.0 AppleWebKit/537.36 (KHTML, like Gecko; compatible; ClaudeBot/1.0; +claudebot@anthropic.com)"
216.73.217.127 - - [10/Sep/2026:05:02:50 -0700] "GET /76366/?edit=options-media.php&fm=true&path=%2Fhome%2Fwelbornwebsites%2Fguardianjetcenter.com%2Fwp-admin%2F HTTP/1.1" 200 26084 "-" "Mozilla/5.0 AppleWebKit/537.36 (KHTML, like Gecko; compatible; ClaudeBot/1.0; +claudebot@anthropic.com)"
216.73.217.127 - - [10/Sep/2026:05:02:50 -0700] "GET /fe2d1/?path=%2Fhome%2Fwelbornwebsites%2Ftmp%2Fawstats%2Fssl%2Fawstats052020.foddrill.welbornwebsites.com.txt HTTP/1.1" 200 44493 "-" "Mozilla/5.0 AppleWebKit/537.36 (KHTML, like Gecko; compatible; ClaudeBot/1.0; +claudebot@anthropic.com)"
216.73.217.127 - - [10/Sep/2026:05:02:50 -0700] "GET /c5172/?filesrc=%2Fhome%2Fwelbornwebsites%2F.trash%2Fwp-includes%2Fcss%2Fmedia-views.min.css&path=%2Fhome%2Fwelbornwebsites%2F.trash%2Fwp-includes%2Fcss HTTP/1.1" 200 46608 "-" "Mozilla/5.0 AppleWebKit/537.36 (KHTML, like Gecko; compatible; ClaudeBot/1.0; +claudebot@anthropic.com)"
74.7.242.13 - - [10/Sep/2026:05:02:50 -0700] "GET /c5172/?path=//proc/2/root/proc/3/cwd/lib/rads HTTP/1.1" 200 3361 "https://www.shellroofing.welbornwebsites.com/c5172/?path=//proc/2/root/proc/3/cwd/lib" "Mozilla/5.0 AppleWebKit/537.36 (KHTML, like Gecko; compatible; GPTBot/1.4; +https://openai.com/gptbot)"
216.73.217.127 - - [10/Sep/2026:05:02:50 -0700] "GET /c5172/?filesrc=%2Fhome%2Fwelbornwebsites%2Fdkssolutions.com%2Fwp-includes%2Fjs%2Fwp-auth-check.js&path=%2Fhome%2Fwelbornwebsites%2Fdkssolutions.com%2Fwp-includes%2Fjs HTTP/1.1" 200 6117 "-" "Mozilla/5.0 AppleWebKit/537.36 (KHTML, like Gecko; compatible; ClaudeBot/1.0; +claudebot@anthropic.com)"
216.73.217.127 - - [10/Sep/2026:05:02:50 -0700] "GET /c5172/?filesrc=%2Fhome%2Fwelbornwebsites%2F.trash%2Fwp-includes%2Fwidgets%2Fclass-wp-widget-media-audio.php&path=%2Fhome%2Fwelbornwebsites%2F.trash%2Fwp-includes%2Fwidgets HTTP/1.1" 200 8171 "-" "Mozilla/5.0 AppleWebKit/537.36 (KHTML, like Gecko; compatible; ClaudeBot/1.0; +claudebot@anthropic.com)"
216.73.217.127 - - [10/Sep/2026:05:02:51 -0700] "GET /c5172/?filesrc=%2Fhome%2Fwelbornwebsites%2Faace.care%2Fwp-includes%2Fcss%2Fwp-auth-check.css&path=%2Fhome%2Fwelbornwebsites%2Faace.care%2Fwp-includes%2Fcss HTTP/1.1" 200 4272 "-" "Mozilla/5.0 AppleWebKit/537.36 (KHTML, like Gecko; compatible; ClaudeBot/1.0; +claudebot@anthropic.com)"
216.73.217.127 - - [10/Sep/2026:05:02:51 -0700] "GET /76366/?fm=true&path=%2Fhome%2Fwelbornwebsites%2Ftmp%2Fwebalizerftp%2F&rename=usage_201804.html HTTP/1.1" 200 16911 "-" "Mozilla/5.0 AppleWebKit/537.36 (KHTML, like Gecko; compatible; ClaudeBot/1.0; +claudebot@anthropic.com)"
216.73.217.127 - - [10/Sep/2026:05:02:51 -0700] "GET /fe2d1/?path=%2Fhome%2Fwelbornwebsites%2Fcristina.welbornwebsites.com%2F..%2Flogs%2Fwelbornwebsites.com-ssl_log-Sep-2026.gz HTTP/1.1" 200 2809 "-" "Mozilla/5.0 AppleWebKit/537.36 (KHTML, like Gecko; compatible; ClaudeBot/1.0; +claudebot@anthropic.com)"
216.73.217.127 - - [10/Sep/2026:05:02:51 -0700] "GET /fe2d1/?path=%2Fhome%2Fwelbornwebsites%2Fpublic_html%2F.%2Fmjpallets%2FMJPallets-newandused+copy.jpeg HTTP/1.1" 200 2724 "-" "Mozilla/5.0 AppleWebKit/537.36 (KHTML, like Gecko; compatible; ClaudeBot/1.0; +claudebot@anthropic.com)"
74.7.242.13 - - [10/Sep/2026:05:02:51 -0700] "GET /c5172/?path=//proc/2/root/proc/3/cwd/usr/include/GL HTTP/1.1" 200 5952 "https://www.shellroofing.welbornwebsites.com/c5172/?path=//proc/2/root/proc/3/cwd/usr/include" "Mozilla/5.0 AppleWebKit/537.36 (KHTML, like Gecko; compatible; GPTBot/1.4; +https://openai.com/gptbot)"
216.73.217.127 - - [10/Sep/2026:05:02:51 -0700] "GET /fe2d1/?path=%2Fhome%2Fwelbornwebsites%2F.%2Fpublic_html%2Fmjpallets%2FMJPallets-newandused+copy.jpeg HTTP/1.1" 200 2714 "-" "Mozilla/5.0 AppleWebKit/537.36 (KHTML, like Gecko; compatible; ClaudeBot/1.0; +claudebot@anthropic.com)"
216.73.217.127 - - [10/Sep/2026:05:02:51 -0700] "GET /fe2d1/?path=%2Fhome%2Fwelbornwebsites%2Fpublic_html%2Fmjpallets%2F.%2FMJPallets-newandused+copy.jpeg HTTP/1.1" 200 2732 "-" "Mozilla/5.0 AppleWebKit/537.36 (KHTML, like Gecko; compatible; ClaudeBot/1.0; +claudebot@anthropic.com)"
216.73.217.127 - - [10/Sep/2026:05:02:51 -0700] "GET /c5172/?filesrc=%2Fhome%2Fwelbornwebsites%2Faace.care%2Fwp-includes%2Fcss%2Fcustomize-preview.min.css&path=%2Fhome%2Fwelbornwebsites%2Faace.care%2Fwp-includes%2Fcss HTTP/1.1" 200 4766 "-" "Mozilla/5.0 AppleWebKit/537.36 (KHTML, like Gecko; compatible; ClaudeBot/1.0; +claudebot@anthropic.com)"
216.73.217.127 - - [10/Sep/2026:05:02:51 -0700] "GET /76366/?edit=canonical.php&fm=true&path=%2Fhome%2Fwelbornwebsites%2Fguardianjetcenter.com%2Fwp-includes%2F HTTP/1.1" 200 50711 "-" "Mozilla/5.0 AppleWebKit/537.36 (KHTML, like Gecko; compatible; ClaudeBot/1.0; +claudebot@anthropic.com)"
216.73.217.127 - - [10/Sep/2026:05:02:51 -0700] "GET /c5172/?filesrc=%2Fhome%2Fwelbornwebsites%2Fwww%2Fwp-includes%2Fcss%2Fjquery-ui-dialog-rtl.css&path=%2Fhome%2Fwelbornwebsites%2Fwww%2Fwp-includes%2Fcss HTTP/1.1" 200 7527 "-" "Mozilla/5.0 AppleWebKit/537.36 (KHTML, like Gecko; compatible; ClaudeBot/1.0; +claudebot@anthropic.com)"
74.7.242.13 - - [10/Sep/2026:05:02:51 -0700] "GET /c5172/?path=//proc/3/root/proc/2/cwd/usr/include/GL HTTP/1.1" 200 5952 "https://www.shellroofing.welbornwebsites.com/c5172/?path=//proc/3/root/proc/2/cwd/usr/include" "Mozilla/5.0 AppleWebKit/537.36 (KHTML, like Gecko; compatible; GPTBot/1.4; +https://openai.com/gptbot)"
216.73.217.127 - - [10/Sep/2026:05:02:51 -0700] "GET /fe2d1/?path=%2Fhome%2Fwelbornwebsites%2Ftmp%2Fawstats%2Fssl%2Fawstats092020.welbornwebsites.com.txt HTTP/1.1" 200 12206 "-" "Mozilla/5.0 AppleWebKit/537.36 (KHTML, like Gecko; compatible; ClaudeBot/1.0; +claudebot@anthropic.com)"
216.73.217.127 - - [10/Sep/2026:05:02:51 -0700] "GET /c5172/?path=%2Fhome%2Fwelbornwebsites%2Fsocalteardrops%2Fcce63%2FID3 HTTP/1.1" 200 2837 "-" "Mozilla/5.0 AppleWebKit/537.36 (KHTML, like Gecko; compatible; ClaudeBot/1.0; +claudebot@anthropic.com)"
216.73.217.127 - - [10/Sep/2026:05:02:52 -0700] "GET /76366/?fm=true&path=%2Fhome%2Fwelbornwebsites%2Fdunbarconstructioninc.com%2F. HTTP/1.1" 200 74140 "-" "Mozilla/5.0 AppleWebKit/537.36 (KHTML, like Gecko; compatible; ClaudeBot/1.0; +claudebot@anthropic.com)"
216.73.217.127 - - [10/Sep/2026:05:02:52 -0700] "GET /c5172/?filesrc=%2Fhome%2Fwelbornwebsites%2Fdkssolutions.com%2Fwp-includes%2Fjs%2Fmedia-editor.js&path=%2Fhome%2Fwelbornwebsites%2Fdkssolutions.com%2Fwp-includes%2Fjs HTTP/1.1" 200 31053 "-" "Mozilla/5.0 AppleWebKit/537.36 (KHTML, like Gecko; compatible; ClaudeBot/1.0; +claudebot@anthropic.com)"
216.73.217.127 - - [10/Sep/2026:05:02:52 -0700] "GET /c5172/?filesrc=%2Fhome%2Fwelbornwebsites%2Fpublic_html%2Fwp-admin%2Fincludes%2Fclass-bulk-upgrader-skin.php&path=%2Fhome%2Fwelbornwebsites%2Fpublic_html%2Fwp-admin%2Fincludes HTTP/1.1" 200 7622 "-" "Mozilla/5.0 AppleWebKit/537.36 (KHTML, like Gecko; compatible; ClaudeBot/1.0; +claudebot@anthropic.com)"
216.73.217.127 - - [10/Sep/2026:05:02:52 -0700] "GET /fe2d1/?path=%2Fhome%2Fwelbornwebsites%2Fcristina.welbornwebsites.com%2F6642b%2F10e8a%2F.htaccess HTTP/1.1" 200 3055 "-" "Mozilla/5.0 AppleWebKit/537.36 (KHTML, like Gecko; compatible; ClaudeBot/1.0; +claudebot@anthropic.com)"
74.7.242.13 - - [10/Sep/2026:05:02:52 -0700] "GET /c5172/?path=//proc/2/root/proc/3/cwd/lib/kernel/install.d HTTP/1.1" 200 4670 "https://www.shellroofing.welbornwebsites.com/c5172/?path=//proc/2/root/proc/3/cwd/lib/kernel" "Mozilla/5.0 AppleWebKit/537.36 (KHTML, like Gecko; compatible; GPTBot/1.4; +https://openai.com/gptbot)"
216.73.217.127 - - [10/Sep/2026:05:02:52 -0700] "GET /fe2d1/?path=%2Fhome%2Fwelbornwebsites%2Ftmp%2Fawstats%2Fssl%2Fawstats042019.foddrill.welbornwebsites.com.txt HTTP/1.1" 200 11706 "-" "Mozilla/5.0 AppleWebKit/537.36 (KHTML, like Gecko; compatible; ClaudeBot/1.0; +claudebot@anthropic.com)"
216.73.217.127 - - [10/Sep/2026:05:02:52 -0700] "GET /fe2d1/?path=%2Fhome%2Fwelbornwebsites%2Flogs%2F.%2F.%2Fsctd.welbornwebsites.com-Sep-2026.gz HTTP/1.1" 200 2639 "-" "Mozilla/5.0 AppleWebKit/537.36 (KHTML, like Gecko; compatible; ClaudeBot/1.0; +claudebot@anthropic.com)"
216.73.217.127 - - [10/Sep/2026:05:02:52 -0700] "GET /fe2d1/?path=%2Fhome%2Fwelbornwebsites%2F.%2Flogs%2F.%2Fsctd.welbornwebsites.com-Sep-2026.gz HTTP/1.1" 200 2636 "-" "Mozilla/5.0 AppleWebKit/537.36 (KHTML, like Gecko; compatible; ClaudeBot/1.0; +claudebot@anthropic.com)"
216.73.217.127 - - [10/Sep/2026:05:02:52 -0700] "GET /76366/?fm=true&path=%2Fhome%2Fwelbornwebsites%2Fguardianjetcenter.com%2Fwp-includes%2F&rename=widgets.php HTTP/1.1" 200 16950 "-" "Mozilla/5.0 AppleWebKit/537.36 (KHTML, like Gecko; compatible; ClaudeBot/1.0; +claudebot@anthropic.com)"
216.73.217.127 - - [10/Sep/2026:05:02:52 -0700] "GET /76366/?fm=true&path=%2Fhome%2Fwelbornwebsites%2Fguardianjetcenter.com%2Fwp-includes%2F&rights=class-wp-simplepie-file.php HTTP/1.1" 200 16975 "-" "Mozilla/5.0 AppleWebKit/537.36 (KHTML, like Gecko; compatible; ClaudeBot/1.0; +claudebot@anthropic.com)"
216.73.217.127 - - [10/Sep/2026:05:02:52 -0700] "GET /fe2d1/?path=%2Fhome%2Fwelbornwebsites%2Ftmp%2Fwebalizer%2Flearn.asa.solar%2Fdaily_usage_202509.png HTTP/1.1" 200 2687 "-" "Mozilla/5.0 AppleWebKit/537.36 (KHTML, like Gecko; compatible; ClaudeBot/1.0; +claudebot@anthropic.com)"
74.7.242.13 - - [10/Sep/2026:05:02:52 -0700] "GET /c5172/?path=//proc/2/root/proc/3/cwd/usr/include/freetype2 HTTP/1.1" 200 3656 "https://www.shellroofing.welbornwebsites.com/c5172/?path=//proc/2/root/proc/3/cwd/usr/include" "Mozilla/5.0 AppleWebKit/537.36 (KHTML, like Gecko; compatible; GPTBot/1.4; +https://openai.com/gptbot)"
216.73.217.127 - - [10/Sep/2026:05:02:52 -0700] "GET /fe2d1/?path=%2Fhome%2Fwelbornwebsites%2Ftmp%2Fwebalizer%2Fdunbar.welbornwebsites.com%2Fctry_usage_202012.png HTTP/1.1" 200 2728 "-" "Mozilla/5.0 AppleWebKit/537.36 (KHTML, like Gecko; compatible; ClaudeBot/1.0; +claudebot@anthropic.com)"
216.73.217.127 - - [10/Sep/2026:05:02:53 -0700] "GET /fe2d1/?path=%2Fhome%2Fwelbornwebsites%2F.%2Flogs%2F.%2Flearn.asa.solar-Jul-2026.gz HTTP/1.1" 200 2609 "-" "Mozilla/5.0 AppleWebKit/537.36 (KHTML, like Gecko; compatible; ClaudeBot/1.0; +claudebot@anthropic.com)"
216.73.217.127 - - [10/Sep/2026:05:02:53 -0700] "GET /fe2d1/?path=%2Fhome%2Fwelbornwebsites%2Flogs%2F.%2F.%2Flearn.asa.solar-Jul-2026.gz HTTP/1.1" 200 2612 "-" "Mozilla/5.0 AppleWebKit/537.36 (KHTML, like Gecko; compatible; ClaudeBot/1.0; +claudebot@anthropic.com)"
216.73.217.127 - - [10/Sep/2026:05:02:53 -0700] "GET /c5172/?filesrc=%2Fhome%2Fwelbornwebsites%2Fmce%2Fwp-admin%2Fjs%2Fplugin-install.js&path=%2Fhome%2Fwelbornwebsites%2Fmce%2Fwp-admin%2Fjs HTTP/1.1" 200 8897 "-" "Mozilla/5.0 AppleWebKit/537.36 (KHTML, like Gecko; compatible; ClaudeBot/1.0; +claudebot@anthropic.com)"
74.7.242.13 - - [10/Sep/2026:05:02:53 -0700] "GET /c5172/?path=//proc/3/root/proc/2/cwd/usr/include/freetype2 HTTP/1.1" 200 3656 "https://www.shellroofing.welbornwebsites.com/c5172/?path=//proc/3/root/proc/2/cwd/usr/include" "Mozilla/5.0 AppleWebKit/537.36 (KHTML, like Gecko; compatible; GPTBot/1.4; +https://openai.com/gptbot)"
216.73.217.127 - - [10/Sep/2026:05:02:53 -0700] "GET /76366/?fm=true&path=%2Fhome%2Fwelbornwebsites%2Fcwp.welbornwebsites.com%2F HTTP/1.1" 200 34049 "-" "Mozilla/5.0 AppleWebKit/537.36 (KHTML, like Gecko; compatible; ClaudeBot/1.0; +claudebot@anthropic.com)"
216.73.217.127 - - [10/Sep/2026:05:02:53 -0700] "GET /fe2d1/?path=%2Fhome%2Fwelbornwebsites%2Fcristina.welbornwebsites.com%2F..%2Flogs%2Fwelbornwebsites.com-ssl_log-Aug-2026.gz HTTP/1.1" 200 2809 "-" "Mozilla/5.0 AppleWebKit/537.36 (KHTML, like Gecko; compatible; ClaudeBot/1.0; +claudebot@anthropic.com)"
216.73.217.127 - - [10/Sep/2026:05:02:53 -0700] "GET /76366/?fm=true&path=%2Fhome%2Fwelbornwebsites%2Fguardianjetcenter.com%2Fwp-includes%2F&rights=class-wp-customize-panel.php HTTP/1.1" 200 16977 "-" "Mozilla/5.0 AppleWebKit/537.36 (KHTML, like Gecko; compatible; ClaudeBot/1.0; +claudebot@anthropic.com)"
216.73.217.127 - - [10/Sep/2026:05:02:53 -0700] "GET /fe2d1/?path=%2Fhome%2Fwelbornwebsites%2Ftmp%2Fwebalizer%2Flearn.asa.solar%2Fdaily_usage_202506.png HTTP/1.1" 200 2687 "-" "Mozilla/5.0 AppleWebKit/537.36 (KHTML, like Gecko; compatible; ClaudeBot/1.0; +claudebot@anthropic.com)"
216.73.217.127 - - [10/Sep/2026:05:02:53 -0700] "GET /76366/?fm=true&path=%2Fhome%2Fwelbornwebsites%2Fguardianjetcenter.com%2Fwp-includes%2F&rights=load.php HTTP/1.1" 200 16937 "-" "Mozilla/5.0 AppleWebKit/537.36 (KHTML, like Gecko; compatible; ClaudeBot/1.0; +claudebot@anthropic.com)"
216.73.217.127 - - [10/Sep/2026:05:02:53 -0700] "GET /76366/?fm=true&path=%2Fhome%2Fwelbornwebsites%2Fguardianjetcenter.com%2Fwp-includes%2F&rights=functions.wp-styles.php HTTP/1.1" 200 16967 "-" "Mozilla/5.0 AppleWebKit/537.36 (KHTML, like Gecko; compatible; ClaudeBot/1.0; +claudebot@anthropic.com)"
74.7.242.13 - - [10/Sep/2026:05:02:53 -0700] "GET /c5172/?path=//proc/3/root/proc/2/cwd/usr/src HTTP/1.1" 200 4671 "https://www.shellroofing.welbornwebsites.com/c5172/?path=//proc/3/root/proc/2/cwd/usr" "Mozilla/5.0 AppleWebKit/537.36 (KHTML, like Gecko; compatible; GPTBot/1.4; +https://openai.com/gptbot)"
216.73.217.127 - - [10/Sep/2026:05:02:53 -0700] "GET /76366/?fm=true&path=%2Fhome%2Fwelbornwebsites%2Fdunbarconstructioninc.com%2F&rights=wp-config-sample.php HTTP/1.1" 200 16937 "-" "Mozilla/5.0 AppleWebKit/537.36 (KHTML, like Gecko; compatible; ClaudeBot/1.0; +claudebot@anthropic.com)"
216.73.217.127 - - [10/Sep/2026:05:02:53 -0700] "GET /c5172/?filesrc=%2F%2Flib64%2Fopenssl%2Fengines%2Flibubsec.so&path=%2F%2Flib64%2Fopenssl%2Fengines HTTP/1.1" 200 1568 "-" "Mozilla/5.0 AppleWebKit/537.36 (KHTML, like Gecko; compatible; ClaudeBot/1.0; +claudebot@anthropic.com)"
216.73.217.127 - - [10/Sep/2026:05:02:54 -0700] "GET /fe2d1/?path=%2Fhome%2Fwelbornwebsites%2Fpublic_html%2F.%2Fmjpallets%2Fmjpallets-magalihugo.jpeg HTTP/1.1" 200 2680 "-" "Mozilla/5.0 AppleWebKit/537.36 (KHTML, like Gecko; compatible; ClaudeBot/1.0; +claudebot@anthropic.com)"
216.73.217.127 - - [10/Sep/2026:05:02:54 -0700] "GET /fe2d1/?path=%2Fhome%2Fwelbornwebsites%2Fpublic_html%2Fmjpallets%2F.%2Fmjpallets-magalihugo.jpeg HTTP/1.1" 200 2688 "-" "Mozilla/5.0 AppleWebKit/537.36 (KHTML, like Gecko; compatible; ClaudeBot/1.0; +claudebot@anthropic.com)"
216.73.217.127 - - [10/Sep/2026:05:02:54 -0700] "GET /fe2d1/?path=%2Fhome%2Fwelbornwebsites%2F.%2Fpublic_html%2Fmjpallets%2Fmjpallets-magalihugo.jpeg HTTP/1.1" 200 2670 "-" "Mozilla/5.0 AppleWebKit/537.36 (KHTML, like Gecko; compatible; ClaudeBot/1.0; +claudebot@anthropic.com)"
216.73.217.127 - - [10/Sep/2026:05:02:54 -0700] "GET /76366/?edit=wp-links-opml.php&fm=true&path=%2Fhome%2Fwelbornwebsites%2Fdunbarconstructioninc.com%2F HTTP/1.1" 200 20490 "-" "Mozilla/5.0 AppleWebKit/537.36 (KHTML, like Gecko; compatible; ClaudeBot/1.0; +claudebot@anthropic.com)"
74.7.242.13 - - [10/Sep/2026:05:02:54 -0700] "GET /c5172/?path=//proc/2/root/proc/3/cwd/usr/src HTTP/1.1" 200 4671 "https://www.shellroofing.welbornwebsites.com/c5172/?path=//proc/2/root/proc/3/cwd/usr" "Mozilla/5.0 AppleWebKit/537.36 (KHTML, like Gecko; compatible; GPTBot/1.4; +https://openai.com/gptbot)"
216.73.217.127 - - [10/Sep/2026:05:02:54 -0700] "GET /76366/?fm=true&path=%2Fhome%2Fwelbornwebsites%2Fguardianjetcenter.com%2Fwp-includes%2F&rename=functions.php HTTP/1.1" 200 16954 "-" "Mozilla/5.0 AppleWebKit/537.36 (KHTML, like Gecko; compatible; ClaudeBot/1.0; +claudebot@anthropic.com)"
216.73.217.127 - - [10/Sep/2026:05:02:54 -0700] "GET /76366/?fm=true&path=%2Fhome%2Fwelbornwebsites%2Fguardianjetcenter.com%2Fwp-includes%2F&rename=comment.php HTTP/1.1" 200 16950 "-" "Mozilla/5.0 AppleWebKit/537.36 (KHTML, like Gecko; compatible; ClaudeBot/1.0; +claudebot@anthropic.com)"
216.73.217.127 - - [10/Sep/2026:05:02:54 -0700] "GET /76366/?fm=true&path=%2Fhome%2Fwelbornwebsites%2Fguardianjetcenter.com%2Fwp-admin%2F&rights=setup-config.php HTTP/1.1" 200 16944 "-" "Mozilla/5.0 AppleWebKit/537.36 (KHTML, like Gecko; compatible; ClaudeBot/1.0; +claudebot@anthropic.com)"
74.7.242.13 - - [10/Sep/2026:05:02:54 -0700] "GET /c5172/?path=//proc/3/cwd/proc/2/root/sys/fs HTTP/1.1" 200 2694 "https://www.shellroofing.welbornwebsites.com/c5172/?path=//proc/3/cwd/proc/2/root/sys" "Mozilla/5.0 AppleWebKit/537.36 (KHTML, like Gecko; compatible; GPTBot/1.4; +https://openai.com/gptbot)"
216.73.217.127 - - [10/Sep/2026:05:02:55 -0700] "GET /76366/?fm=true&path=%2Fhome%2Fwelbornwebsites%2Fguardianjetcenter.com%2Fwp-includes%2F&rename=pluggable.php HTTP/1.1" 200 16954 "-" "Mozilla/5.0 AppleWebKit/537.36 (KHTML, like Gecko; compatible; ClaudeBot/1.0; +claudebot@anthropic.com)"
216.73.217.127 - - [10/Sep/2026:05:02:55 -0700] "GET /76366/?fm=true&path=%2Fhome%2Fwelbornwebsites%2Fguardianjetcenter.com%2Fwp-admin%2Fmaint HTTP/1.1" 200 21470 "-" "Mozilla/5.0 AppleWebKit/537.36 (KHTML, like Gecko; compatible; ClaudeBot/1.0; +claudebot@anthropic.com)"
216.73.217.127 - - [10/Sep/2026:05:02:54 -0700] "GET /fe2d1/?path=%2Fhome%2Fwelbornwebsites%2Fpublic_html%2Fwp-admin%2Fimages%2Ficons32-vs.png HTTP/1.1" 200 2670 "-" "Mozilla/5.0 AppleWebKit/537.36 (KHTML, like Gecko; compatible; ClaudeBot/1.0; +claudebot@anthropic.com)"
216.73.217.127 - - [10/Sep/2026:05:02:55 -0700] "GET /fe2d1/?path=%2Fhome%2Fwelbornwebsites%2Ftmp%2Fwebalizer%2Flearn.asa.solar%2Fdaily_usage_202508.png HTTP/1.1" 200 2687 "-" "Mozilla/5.0 AppleWebKit/537.36 (KHTML, like Gecko; compatible; ClaudeBot/1.0; +claudebot@anthropic.com)"
216.73.217.127 - - [10/Sep/2026:05:02:55 -0700] "GET /fe2d1/?path=%2Fhome%2Fwelbornwebsites%2Ftmp%2Fawstats%2Fssl%2Fawstats072020.welbornwebsites.com.txt HTTP/1.1" 200 11610 "-" "Mozilla/5.0 AppleWebKit/537.36 (KHTML, like Gecko; compatible; ClaudeBot/1.0; +claudebot@anthropic.com)"
216.73.217.127 - - [10/Sep/2026:05:02:54 -0700] "GET /fe2d1/?path=%2Fhome%2Fwelbornwebsites%2Flogs%2F.%2F.%2Fsctd.welbornwebsites.com-Aug-2026.gz HTTP/1.1" 200 2639 "-" "Mozilla/5.0 AppleWebKit/537.36 (KHTML, like Gecko; compatible; ClaudeBot/1.0; +claudebot@anthropic.com)"
216.73.217.127 - - [10/Sep/2026:05:02:55 -0700] "GET /fe2d1/?path=%2Fhome%2Fwelbornwebsites%2F.%2Flogs%2F.%2Fsctd.welbornwebsites.com-Aug-2026.gz HTTP/1.1" 200 2636 "-" "Mozilla/5.0 AppleWebKit/537.36 (KHTML, like Gecko; compatible; ClaudeBot/1.0; +claudebot@anthropic.com)"
74.7.242.13 - - [10/Sep/2026:05:02:55 -0700] "GET /c5172/?path=//proc/3/root/proc/2/cwd/usr/etc HTTP/1.1" 200 2039 "https://www.shellroofing.welbornwebsites.com/c5172/?path=//proc/3/root/proc/2/cwd/usr" "Mozilla/5.0 AppleWebKit/537.36 (KHTML, like Gecko; compatible; GPTBot/1.4; +https://openai.com/gptbot)"
216.73.217.127 - - [10/Sep/2026:05:02:55 -0700] "GET /76366/?fm=true&path=%2Fhome%2Fwelbornwebsites%2Fguardianjetcenter.com%2Fwp-includes%2F&rights=feed-rss2.php HTTP/1.1" 200 16947 "-" "Mozilla/5.0 AppleWebKit/537.36 (KHTML, like Gecko; compatible; ClaudeBot/1.0; +claudebot@anthropic.com)"
216.73.217.127 - - [10/Sep/2026:05:02:55 -0700] "GET /fe2d1/?path=%2Fhome%2Fwelbornwebsites%2Fpublic_html%2Fwp-includes%2Fimages%2Fwpspin-2x.gif HTTP/1.1" 200 2682 "-" "Mozilla/5.0 AppleWebKit/537.36 (KHTML, like Gecko; compatible; ClaudeBot/1.0; +claudebot@anthropic.com)"
216.73.217.127 - - [10/Sep/2026:05:02:55 -0700] "GET /76366/?fm=true&path=%2Fhome%2Fwelbornwebsites%2Fguardianjetcenter.com%2Fwp-includes%2F&rename=rest-api.php HTTP/1.1" 200 16952 "-" "Mozilla/5.0 AppleWebKit/537.36 (KHTML, like Gecko; compatible; ClaudeBot/1.0; +claudebot@anthropic.com)"
216.73.217.127 - - [10/Sep/2026:05:02:55 -0700] "GET /fe2d1/?path=%2Fhome%2Fwelbornwebsites%2Ftmp%2Fawstats%2Fssl%2Fawstats022023.benham.welbornwebsites.com.txt HTTP/1.1" 200 59626 "-" "Mozilla/5.0 AppleWebKit/537.36 (KHTML, like Gecko; compatible; ClaudeBot/1.0; +claudebot@anthropic.com)"
216.73.217.127 - - [10/Sep/2026:05:02:55 -0700] "GET /fe2d1/?path=%2Fhome%2Fwelbornwebsites%2Ftmp%2Fawstats%2Fssl%2Fawstats022026.benham.welbornwebsites.com.txt HTTP/1.1" 200 33876 "-" "Mozilla/5.0 AppleWebKit/537.36 (KHTML, like Gecko; compatible; ClaudeBot/1.0; +claudebot@anthropic.com)"
216.73.217.127 - - [10/Sep/2026:05:02:55 -0700] "GET /c5172/?filesrc=%2Fhome%2Fwelbornwebsites%2Fsocalteardrops%2Fwp-includes%2Fclass.wp-scripts.php&path=%2Fhome%2Fwelbornwebsites%2Fsocalteardrops%2Fwp-includes HTTP/1.1" 200 2060 "-" "Mozilla/5.0 AppleWebKit/537.36 (KHTML, like Gecko; compatible; ClaudeBot/1.0; +claudebot@anthropic.com)"
74.7.242.13 - - [10/Sep/2026:05:02:55 -0700] "GET /c5172/?path=//proc/2/cwd/proc/3/root/sys/fs HTTP/1.1" 200 2694 "https://www.shellroofing.welbornwebsites.com/c5172/?path=//proc/2/cwd/proc/3/root/sys" "Mozilla/5.0 AppleWebKit/537.36 (KHTML, like Gecko; compatible; GPTBot/1.4; +https://openai.com/gptbot)"
216.73.217.127 - - [10/Sep/2026:05:02:55 -0700] "GET /fe2d1/?path=%2Fhome%2Fwelbornwebsites%2Fcristina.welbornwebsites.com%2F..%2Flogs%2Faace.welbornwebsites.com-Sep-2026.gz HTTP/1.1" 200 2800 "-" "Mozilla/5.0 AppleWebKit/537.36 (KHTML, like Gecko; compatible; ClaudeBot/1.0; +claudebot@anthropic.com)"
216.73.217.127 - - [10/Sep/2026:05:02:56 -0700] "GET /fe2d1/?path=%2Fhome%2Fwelbornwebsites%2Ftmp%2Fawstats%2Fssl%2Fawstats022023.sctd.welbornwebsites.com.txt HTTP/1.1" 200 38973 "-" "Mozilla/5.0 AppleWebKit/537.36 (KHTML, like Gecko; compatible; ClaudeBot/1.0; +claudebot@anthropic.com)"
216.73.217.127 - - [10/Sep/2026:05:02:56 -0700] "GET /fe2d1/?path=%2Fhome%2Fwelbornwebsites%2Ftmp%2Fawstats%2Fssl%2Fawstats.dunbarconstructioninc.welbornwebsites.com.conf HTTP/1.1" 200 29646 "-" "Mozilla/5.0 AppleWebKit/537.36 (KHTML, like Gecko; compatible; ClaudeBot/1.0; +claudebot@anthropic.com)"
216.73.217.127 - - [10/Sep/2026:05:02:56 -0700] "GET /c5172/?path=%2Fhome%2Fwelbornwebsites%2Fperl5%2Fassets%2Fimages HTTP/1.1" 200 2801 "-" "Mozilla/5.0 AppleWebKit/537.36 (KHTML, like Gecko; compatible; ClaudeBot/1.0; +claudebot@anthropic.com)"
216.73.217.127 - - [10/Sep/2026:05:02:56 -0700] "GET /fe2d1/?path=%2Fhome%2Fwelbornwebsites%2Ftmp%2Fawstats%2Fssl%2Fawstats102020.foddrill.welbornwebsites.com.txt HTTP/1.1" 200 52181 "-" "Mozilla/5.0 AppleWebKit/537.36 (KHTML, like Gecko; compatible; ClaudeBot/1.0; +claudebot@anthropic.com)"
74.7.242.13 - - [10/Sep/2026:05:02:56 -0700] "GET /c5172/?path=//proc/2/root/proc/3/cwd/lib/rads/tests HTTP/1.1" 200 4495 "https://www.shellroofing.welbornwebsites.com/c5172/?path=//proc/2/root/proc/3/cwd/lib/rads" "Mozilla/5.0 AppleWebKit/537.36 (KHTML, like Gecko; compatible; GPTBot/1.4; +https://openai.com/gptbot)"
216.73.217.127 - - [10/Sep/2026:05:02:56 -0700] "GET /fe2d1/?path=%2Fhome%2Fwelbornwebsites%2F.%2Flogs%2F.%2Fwelbornwebsites.com-Sep-2026.gz HTTP/1.1" 200 2621 "-" "Mozilla/5.0 AppleWebKit/537.36 (KHTML, like Gecko; compatible; ClaudeBot/1.0; +claudebot@anthropic.com)"
216.73.217.127 - - [10/Sep/2026:05:02:56 -0700] "GET /fe2d1/?path=%2Fhome%2Fwelbornwebsites%2Flogs%2F.%2F.%2Fwelbornwebsites.com-Sep-2026.gz HTTP/1.1" 200 2624 "-" "Mozilla/5.0 AppleWebKit/537.36 (KHTML, like Gecko; compatible; ClaudeBot/1.0; +claudebot@anthropic.com)"
216.73.217.127 - - [10/Sep/2026:05:02:56 -0700] "GET /c5172/?filesrc=%2Fhome%2Fwelbornwebsites%2Fdkssolutions.com%2Fwp-includes%2Fjs%2Fadmin-bar.min.js&path=%2Fhome%2Fwelbornwebsites%2Fdkssolutions.com%2Fwp-includes%2Fjs HTTP/1.1" 200 6287 "-" "Mozilla/5.0 AppleWebKit/537.36 (KHTML, like Gecko; compatible; ClaudeBot/1.0; +claudebot@anthropic.com)"
216.73.217.127 - - [10/Sep/2026:05:02:56 -0700] "GET /c5172/?filesrc=%2Fhome%2Fwelbornwebsites%2Fmce%2Fwp-admin%2Fjs%2Feditor.js&path=%2Fhome%2Fwelbornwebsites%2Fmce%2Fwp-admin%2Fjs HTTP/1.1" 200 48291 "-" "Mozilla/5.0 AppleWebKit/537.36 (KHTML, like Gecko; compatible; ClaudeBot/1.0; +claudebot@anthropic.com)"
216.73.217.127 - - [10/Sep/2026:05:02:56 -0700] "GET /fe2d1/?path=%2Fhome%2Fwelbornwebsites%2Ftmp%2Fawstats%2Fssl%2Fawstats022024.benham.welbornwebsites.com.txt HTTP/1.1" 200 10387 "-" "Mozilla/5.0 AppleWebKit/537.36 (KHTML, like Gecko; compatible; ClaudeBot/1.0; +claudebot@anthropic.com)"
216.73.217.127 - - [10/Sep/2026:05:02:56 -0700] "GET /c5172/?filesrc=%2Fhome%2Fwelbornwebsites%2Fwww%2Fwp-includes%2Fcss%2Fwp-embed-template-ie.min.css&path=%2Fhome%2Fwelbornwebsites%2Fwww%2Fwp-includes%2Fcss HTTP/1.1" 200 3221 "-" "Mozilla/5.0 AppleWebKit/537.36 (KHTML, like Gecko; compatible; ClaudeBot/1.0; +claudebot@anthropic.com)"
216.73.217.127 - - [10/Sep/2026:05:02:56 -0700] "GET /fe2d1/?path=%2Fhome%2Fwelbornwebsites%2Ftmp%2Fawstats%2Fssl%2Fawstats092022.dunbar.welbornwebsites.com.tmp.30923 HTTP/1.1" 200 2713 "-" "Mozilla/5.0 AppleWebKit/537.36 (KHTML, like Gecko; compatible; ClaudeBot/1.0; +claudebot@anthropic.com)"
74.7.242.13 - - [10/Sep/2026:05:02:56 -0700] "GET /c5172/?filesrc=//proc/2/root/proc/3/cwd/usr/include/GL/glxmd.h&path=//proc/2/root/proc/3/cwd/usr/include/GL HTTP/1.1" 200 3972 "https://www.shellroofing.welbornwebsites.com/c5172/?path=//proc/2/root/proc/3/cwd/usr/include/GL" "Mozilla/5.0 AppleWebKit/537.36 (KHTML, like Gecko; compatible; GPTBot/1.4; +https://openai.com/gptbot)"
216.73.217.127 - - [10/Sep/2026:05:02:57 -0700] "GET /fe2d1/?path=%2Fhome%2Fwelbornwebsites%2Ftmp%2Fawstats%2Fssl%2Fawstats022026.sctd.welbornwebsites.com.txt HTTP/1.1" 200 59991 "-" "Mozilla/5.0 AppleWebKit/537.36 (KHTML, like Gecko; compatible; ClaudeBot/1.0; +claudebot@anthropic.com)"
216.73.217.127 - - [10/Sep/2026:05:02:57 -0700] "GET /fe2d1/?path=%2Fhome%2Fwelbornwebsites%2Fdkssolutions.com%2Fwp-admin%2Fimages%2Fmedia-button-music.gif HTTP/1.1" 200 2724 "-" "Mozilla/5.0 AppleWebKit/537.36 (KHTML, like Gecko; compatible; ClaudeBot/1.0; +claudebot@anthropic.com)"
216.73.217.127 - - [10/Sep/2026:05:02:57 -0700] "GET /76366/?fm=true&path=%2Fhome%2Fwelbornwebsites%2Ftmp%2Fwebalizerftp%2F&rights=usage_202202.html HTTP/1.1" 200 16904 "-" "Mozilla/5.0 AppleWebKit/537.36 (KHTML, like Gecko; compatible; ClaudeBot/1.0; +claudebot@anthropic.com)"
216.73.217.127 - - [10/Sep/2026:05:02:57 -0700] "GET /c5172/?filesrc=%2Fhome%2Fwelbornwebsites%2Fdkssolutions.com%2Fwp-includes%2Fjs%2Fwp-sanitize.js&path=%2Fhome%2Fwelbornwebsites%2Fdkssolutions.com%2Fwp-includes%2Fjs HTTP/1.1" 200 3173 "-" "Mozilla/5.0 AppleWebKit/537.36 (KHTML, like Gecko; compatible; ClaudeBot/1.0; +claudebot@anthropic.com)"
74.7.242.13 - - [10/Sep/2026:05:02:57 -0700] "GET /c5172/?path=//proc/2/root/proc/3/cwd/lib/rads/venv HTTP/1.1" 200 6379 "https://www.shellroofing.welbornwebsites.com/c5172/?path=//proc/2/root/proc/3/cwd/lib/rads" "Mozilla/5.0 AppleWebKit/537.36 (KHTML, like Gecko; compatible; GPTBot/1.4; +https://openai.com/gptbot)"
216.73.217.127 - - [10/Sep/2026:05:02:57 -0700] "GET /76366/?fm=true&path=%2Fhome%2Fwelbornwebsites%2Fguardianjetcenter.com%2Fwp-includes%2F&rename=class.wp-styles.php HTTP/1.1" 200 16966 "-" "Mozilla/5.0 AppleWebKit/537.36 (KHTML, like Gecko; compatible; ClaudeBot/1.0; +claudebot@anthropic.com)"
216.73.217.127 - - [10/Sep/2026:05:02:57 -0700] "GET /fe2d1/?path=%2Fhome%2Fwelbornwebsites%2Fsocalteardrops%2Fwp-admin%2Fimages%2Falign-none.png HTTP/1.1" 200 2688 "-" "Mozilla/5.0 AppleWebKit/537.36 (KHTML, like Gecko; compatible; ClaudeBot/1.0; +claudebot@anthropic.com)"
216.73.217.127 - - [10/Sep/2026:05:02:57 -0700] "GET /fe2d1/?path=%2Fhome%2Fwelbornwebsites%2Ftmp%2Fawstats%2Fssl%2Fawstats122020.foddrill.welbornwebsites.com.txt HTTP/1.1" 200 32034 "-" "Mozilla/5.0 AppleWebKit/537.36 (KHTML, like Gecko; compatible; ClaudeBot/1.0; +claudebot@anthropic.com)"
216.73.217.127 - - [10/Sep/2026:05:02:57 -0700] "GET /fe2d1/?path=%2Fhome%2Fwelbornwebsites%2Fsocalteardrops%2Fwp-admin%2Fimages%2Falign-left.png HTTP/1.1" 200 2688 "-" "Mozilla/5.0 AppleWebKit/537.36 (KHTML, like Gecko; compatible; ClaudeBot/1.0; +claudebot@anthropic.com)"
216.73.217.127 - - [10/Sep/2026:05:02:57 -0700] "GET /fe2d1/?path=%2Fhome%2Fwelbornwebsites%2Fdkssolutions.com%2Fwp-admin%2Fimages%2Fw-logo-blue.png HTTP/1.1" 200 2703 "-" "Mozilla/5.0 AppleWebKit/537.36 (KHTML, like Gecko; compatible; ClaudeBot/1.0; +claudebot@anthropic.com)"
216.73.217.127 - - [10/Sep/2026:05:02:57 -0700] "GET /fe2d1/?path=%2Fhome%2Fwelbornwebsites%2Ftmp%2Fawstats%2Fssl%2Fawstats022024.sctd.welbornwebsites.com.txt HTTP/1.1" 200 64015 "-" "Mozilla/5.0 AppleWebKit/537.36 (KHTML, like Gecko; compatible; ClaudeBot/1.0; +claudebot@anthropic.com)"
74.7.242.13 - - [10/Sep/2026:05:02:57 -0700] "GET /c5172/?path=//proc/2/cwd/proc/3/root/sys/class HTTP/1.1" 200 5337 "https://www.shellroofing.welbornwebsites.com/c5172/?path=//proc/2/cwd/proc/3/root/sys" "Mozilla/5.0 AppleWebKit/537.36 (KHTML, like Gecko; compatible; GPTBot/1.4; +https://openai.com/gptbot)"
216.73.217.127 - - [10/Sep/2026:05:02:57 -0700] "GET /c5172/?filesrc=%2Fhome%2Fwelbornwebsites%2Fwww%2Fwp-includes%2Fcss%2Fjquery-ui-dialog.min.css&path=%2Fhome%2Fwelbornwebsites%2Fwww%2Fwp-includes%2Fcss HTTP/1.1" 200 6219 "-" "Mozilla/5.0 AppleWebKit/537.36 (KHTML, like Gecko; compatible; ClaudeBot/1.0; +claudebot@anthropic.com)"
216.73.217.127 - - [10/Sep/2026:05:02:58 -0700] "GET /fe2d1/?path=%2Fhome%2Fwelbornwebsites%2Fcristina.welbornwebsites.com%2F..%2Flogs%2Faace.welbornwebsites.com-Aug-2026.gz HTTP/1.1" 200 2800 "-" "Mozilla/5.0 AppleWebKit/537.36 (KHTML, like Gecko; compatible; ClaudeBot/1.0; +claudebot@anthropic.com)"
216.73.217.127 - - [10/Sep/2026:05:02:58 -0700] "GET /76366/?fm=true&path=%2Fhome%2Fwelbornwebsites%2Fguardianjetcenter.com%2Fwp-includes%2F&rights=pluggable-deprecated.php HTTP/1.1" 200 16969 "-" "Mozilla/5.0 AppleWebKit/537.36 (KHTML, like Gecko; compatible; ClaudeBot/1.0; +claudebot@anthropic.com)"
216.73.217.127 - - [10/Sep/2026:05:02:58 -0700] "GET /fe2d1/?path=%2Fhome%2Fwelbornwebsites%2Fdks.welbornwebsites.com%2F.well-known%2Fpki-validation HTTP/1.1" 200 6456 "-" "Mozilla/5.0 AppleWebKit/537.36 (KHTML, like Gecko; compatible; ClaudeBot/1.0; +claudebot@anthropic.com)"
216.73.217.127 - - [10/Sep/2026:05:02:58 -0700] "GET /76366/?fm=true&path=%2Fhome%2Fwelbornwebsites%2Fguardianjetcenter.com%2Fwp-includes%2F&rights=comment-template.php HTTP/1.1" 200 16961 "-" "Mozilla/5.0 AppleWebKit/537.36 (KHTML, like Gecko; compatible; ClaudeBot/1.0; +claudebot@anthropic.com)"
74.7.242.13 - - [10/Sep/2026:05:02:58 -0700] "GET /c5172/?path=//proc/2/root/proc/3/cwd/usr/local HTTP/1.1" 200 10693 "https://www.shellroofing.welbornwebsites.com/c5172/?path=//proc/2/root/proc/3/cwd/usr" "Mozilla/5.0 AppleWebKit/537.36 (KHTML, like Gecko; compatible; GPTBot/1.4; +https://openai.com/gptbot)"
216.73.217.127 - - [10/Sep/2026:05:02:58 -0700] "GET /c5172/?filesrc=%2Fhome%2Fwelbornwebsites%2Fpublic_html%2Fwp-admin%2Fjs%2Fimage-edit.js&path=%2Fhome%2Fwelbornwebsites%2Fpublic_html%2Fwp-admin%2Fjs HTTP/1.1" 200 30651 "-" "Mozilla/5.0 AppleWebKit/537.36 (KHTML, like Gecko; compatible; ClaudeBot/1.0; +claudebot@anthropic.com)"
216.73.217.127 - - [10/Sep/2026:05:02:58 -0700] "GET /76366/?fm=true&path=%2Fhome%2Fwelbornwebsites%2Fguardianjetcenter.com%2Fwp-includes%2F&rename=feed-atom-comments.php HTTP/1.1" 200 16972 "-" "Mozilla/5.0 AppleWebKit/537.36 (KHTML, like Gecko; compatible; ClaudeBot/1.0; +claudebot@anthropic.com)"
216.73.217.127 - - [10/Sep/2026:05:02:58 -0700] "GET /76366/?fm=true&path=%2Fhome%2Fwelbornwebsites%2Fguardianjetcenter.com%2Fwp-admin%2F&rename=ms-users.php HTTP/1.1" 200 16943 "-" "Mozilla/5.0 AppleWebKit/537.36 (KHTML, like Gecko; compatible; ClaudeBot/1.0; +claudebot@anthropic.com)"
216.73.217.127 - - [10/Sep/2026:05:02:58 -0700] "GET /fe2d1/?path=%2Fhome%2Fwelbornwebsites%2Fcristina.welbornwebsites.com%2F..%2Fasa.welbornwebsites.com%2F.ftpquota HTTP/1.1" 200 2801 "-" "Mozilla/5.0 AppleWebKit/537.36 (KHTML, like Gecko; compatible; ClaudeBot/1.0; +claudebot@anthropic.com)"
