216.73.217.127 - - [10/Sep/2026:05:03:38 -0700] "GET /76366/?fm=true&path=%2Fhome%2Fwelbornwebsites%2Faace.care%2Fwp-admin%2F&rename=ms-themes.php HTTP/1.1" 200 16905 "-" "Mozilla/5.0 AppleWebKit/537.36 (KHTML, like Gecko; compatible; ClaudeBot/1.0; +claudebot@anthropic.com)"
216.73.217.127 - - [10/Sep/2026:05:03:38 -0700] "GET /c5172/?filesrc=%2Fhome%2Fwelbornwebsites%2Faace.care%2Fwp-admin%2Fedit-link-form.php&path=%2Fhome%2Fwelbornwebsites%2Faace.care%2Fwp-admin HTTP/1.1" 200 9417 "-" "Mozilla/5.0 AppleWebKit/537.36 (KHTML, like Gecko; compatible; ClaudeBot/1.0; +claudebot@anthropic.com)"
74.7.242.13 - - [10/Sep/2026:05:03:38 -0700] "GET /c5172/?path=//proc/3/cwd/proc/2/root/opt/imh-python/include HTTP/1.1" 200 2846 "https://www.shellroofing.welbornwebsites.com/c5172/?path=//proc/3/cwd/proc/2/root/opt/imh-python" "Mozilla/5.0 AppleWebKit/537.36 (KHTML, like Gecko; compatible; GPTBot/1.4; +https://openai.com/gptbot)"
216.73.217.127 - - [10/Sep/2026:05:03:38 -0700] "GET /76366/?fm=true&path=%2Fhome%2Fwelbornwebsites%2Faace.care%2Fwp-includes%2F&rename=rest-api HTTP/1.1" 200 16904 "-" "Mozilla/5.0 AppleWebKit/537.36 (KHTML, like Gecko; compatible; ClaudeBot/1.0; +claudebot@anthropic.com)"
216.73.217.127 - - [10/Sep/2026:05:03:38 -0700] "GET /76366/?fm=true&path=%2Fhome%2Fwelbornwebsites%2Fguardianjetcenter.com%2Fwp-admin%2F&rename=css HTTP/1.1" 200 16921 "-" "Mozilla/5.0 AppleWebKit/537.36 (KHTML, like Gecko; compatible; ClaudeBot/1.0; +claudebot@anthropic.com)"
216.73.217.127 - - [10/Sep/2026:05:03:39 -0700] "GET /76366/?fm=true&path=%2Fhome%2Fwelbornwebsites%2Fssl%2F&rename=ssl.db HTTP/1.1" 200 16846 "-" "Mozilla/5.0 AppleWebKit/537.36 (KHTML, like Gecko; compatible; ClaudeBot/1.0; +claudebot@anthropic.com)"
216.73.217.127 - - [10/Sep/2026:05:03:39 -0700] "GET /76366/?fm=true&path=%2Fhome%2Fwelbornwebsites%2Faace.care%2Fwp-includes%2F&rename=ms-files.php HTTP/1.1" 200 16912 "-" "Mozilla/5.0 AppleWebKit/537.36 (KHTML, like Gecko; compatible; ClaudeBot/1.0; +claudebot@anthropic.com)"
216.73.217.127 - - [10/Sep/2026:05:03:39 -0700] "GET /76366/?fm=true&path=%2Fhome%2Fwelbornwebsites%2Faace.care%2Fwp-includes%2F&rights=media-template.php HTTP/1.1" 200 16917 "-" "Mozilla/5.0 AppleWebKit/537.36 (KHTML, like Gecko; compatible; ClaudeBot/1.0; +claudebot@anthropic.com)"
216.73.217.127 - - [10/Sep/2026:05:03:39 -0700] "GET /76366/?fm=true&path=%2Fvar%2Flog%2Fapache2%2Fdomlogs%2Fwelbornwebsites%2F&rename=cwp.welbornwebsites.com-ssl_log HTTP/1.1" 200 16941 "-" "Mozilla/5.0 AppleWebKit/537.36 (KHTML, like Gecko; compatible; ClaudeBot/1.0; +claudebot@anthropic.com)"
74.7.242.13 - - [10/Sep/2026:05:03:39 -0700] "GET /c5172/?path=//proc/3/root/proc/2/cwd/opt/dedrads/cms_tools HTTP/1.1" 200 7602 "https://www.shellroofing.welbornwebsites.com/c5172/?path=//proc/3/root/proc/2/cwd/opt/dedrads" "Mozilla/5.0 AppleWebKit/537.36 (KHTML, like Gecko; compatible; GPTBot/1.4; +https://openai.com/gptbot)"
216.73.217.127 - - [10/Sep/2026:05:03:39 -0700] "GET /76366/?fm=true&path=%2Fhome%2Fwelbornwebsites%2Fdunbarconstructioninc.com%2F&rights=index.php HTTP/1.1" 200 16911 "-" "Mozilla/5.0 AppleWebKit/537.36 (KHTML, like Gecko; compatible; ClaudeBot/1.0; +claudebot@anthropic.com)"
216.73.217.127 - - [10/Sep/2026:05:03:39 -0700] "GET /c5172/?filesrc=%2Fhome%2Fwelbornwebsites%2Faace.care%2Fwp-admin%2Fnetwork.php&path=%2Fhome%2Fwelbornwebsites%2Faace.care%2Fwp-admin HTTP/1.1" 200 7673 "-" "Mozilla/5.0 AppleWebKit/537.36 (KHTML, like Gecko; compatible; ClaudeBot/1.0; +claudebot@anthropic.com)"
216.73.217.127 - - [10/Sep/2026:05:03:39 -0700] "GET /c5172/?filesrc=%2Fhome%2Fwelbornwebsites%2Fwww%2Fwp-admin%2Fms-delete-site.php&path=%2Fhome%2Fwelbornwebsites%2Fwww%2Fwp-admin HTTP/1.1" 200 6047 "-" "Mozilla/5.0 AppleWebKit/537.36 (KHTML, like Gecko; compatible; ClaudeBot/1.0; +claudebot@anthropic.com)"
216.73.217.127 - - [10/Sep/2026:05:03:39 -0700] "GET /c5172/?filesrc=%2Fhome%2Fwelbornwebsites%2Faace.care%2Fwp-admin%2Fms-users.php&path=%2Fhome%2Fwelbornwebsites%2Faace.care%2Fwp-admin HTTP/1.1" 200 1895 "-" "Mozilla/5.0 AppleWebKit/537.36 (KHTML, like Gecko; compatible; ClaudeBot/1.0; +claudebot@anthropic.com)"
216.73.217.127 - - [10/Sep/2026:05:03:39 -0700] "GET /fe2d1/?path=%2Fhome%2Fwelbornwebsites%2F.%2Fshellroofing.welbornwebsites.com%2F76366%2Fcristina.welbornwebsites.com.tar.gz HTTP/1.1" 200 2789 "-" "Mozilla/5.0 AppleWebKit/537.36 (KHTML, like Gecko; compatible; ClaudeBot/1.0; +claudebot@anthropic.com)"
74.7.242.13 - - [10/Sep/2026:05:03:39 -0700] "GET /c5172/?path=//proc/3/cwd/proc/2/root/sys/fs/cgroup/devices/user.slice HTTP/1.1" 200 10247 "https://www.shellroofing.welbornwebsites.com/c5172/?path=//proc/3/cwd/proc/2/root/sys/fs/cgroup/devices" "Mozilla/5.0 AppleWebKit/537.36 (KHTML, like Gecko; compatible; GPTBot/1.4; +https://openai.com/gptbot)"
216.73.217.127 - - [10/Sep/2026:05:03:39 -0700] "GET /assets/images/23695bdd61index.php?filesrc=%2Fhome%2Fwelbornwebsites%2Flogs%2Fdkssolutions_com.php.error.log&path=%2Fhome%2Fwelbornwebsites%2Flogs HTTP/1.1" 200 680854 "-" "Mozilla/5.0 AppleWebKit/537.36 (KHTML, like Gecko; compatible; ClaudeBot/1.0; +claudebot@anthropic.com)"
216.73.217.127 - - [10/Sep/2026:05:03:39 -0700] "GET /c5172/?filesrc=%2Fhome%2Fwelbornwebsites%2Faace.care%2Fwp-admin%2Fwidgets.php&path=%2Fhome%2Fwelbornwebsites%2Faace.care%2Fwp-admin HTTP/1.1" 200 2837 "-" "Mozilla/5.0 AppleWebKit/537.36 (KHTML, like Gecko; compatible; ClaudeBot/1.0; +claudebot@anthropic.com)"
216.73.217.127 - - [10/Sep/2026:05:03:40 -0700] "GET /76366/?fm=true&path=%2Fhome%2Fwelbornwebsites%2Faace.care%2Fwp-admin%2F&rights=press-this.php HTTP/1.1" 200 16900 "-" "Mozilla/5.0 AppleWebKit/537.36 (KHTML, like Gecko; compatible; ClaudeBot/1.0; +claudebot@anthropic.com)"
216.73.217.127 - - [10/Sep/2026:05:03:40 -0700] "GET /76366/?edit=class-wp-classic-to-block-menu-converter.php&fm=true&path=%2Fhome%2Fwelbornwebsites%2Faace.care%2Fwp-includes%2F HTTP/1.1" 200 21883 "-" "Mozilla/5.0 AppleWebKit/537.36 (KHTML, like Gecko; compatible; ClaudeBot/1.0; +claudebot@anthropic.com)"
216.73.217.127 - - [10/Sep/2026:05:03:40 -0700] "GET /76366/?fm=true&path=%2Fhome%2Fwelbornwebsites%2Fshellroofing.welbornwebsites.com%2Fassets%2Fimages%2F. HTTP/1.1" 200 26132 "-" "Mozilla/5.0 AppleWebKit/537.36 (KHTML, like Gecko; compatible; ClaudeBot/1.0; +claudebot@anthropic.com)"
74.7.242.13 - - [10/Sep/2026:05:03:40 -0700] "GET /c5172/?path=//proc/3/task/3/root/proc/self/root/etc/statetab.d HTTP/1.1" 200 2191 "https://www.shellroofing.welbornwebsites.com/c5172/?path=//proc/3/task/3/root/proc/self/root/etc" "Mozilla/5.0 AppleWebKit/537.36 (KHTML, like Gecko; compatible; GPTBot/1.4; +https://openai.com/gptbot)"
216.73.217.127 - - [10/Sep/2026:05:03:40 -0700] "GET /76366/?fm=true&path=%2Fhome%2Fwelbornwebsites%2Faace.care%2Fwp-admin%2F&rights=ms-options.php HTTP/1.1" 200 16900 "-" "Mozilla/5.0 AppleWebKit/537.36 (KHTML, like Gecko; compatible; ClaudeBot/1.0; +claudebot@anthropic.com)"
216.73.217.127 - - [10/Sep/2026:05:03:40 -0700] "GET /c5172/?filesrc=%2Fhome%2Fwelbornwebsites%2Fwww%2Fwp-includes%2Fclass-IXR.php&path=%2Fhome%2Fwelbornwebsites%2Fwww%2Fwp-includes HTTP/1.1" 200 4249 "-" "Mozilla/5.0 AppleWebKit/537.36 (KHTML, like Gecko; compatible; ClaudeBot/1.0; +claudebot@anthropic.com)"
216.73.217.127 - - [10/Sep/2026:05:03:40 -0700] "GET /76366/?fm=true&path=%2Fhome%2Fwelbornwebsites%2Faace.care%2Fwp-admin%2F&rights=profile.php HTTP/1.1" 200 16894 "-" "Mozilla/5.0 AppleWebKit/537.36 (KHTML, like Gecko; compatible; ClaudeBot/1.0; +claudebot@anthropic.com)"
216.73.217.127 - - [10/Sep/2026:05:03:40 -0700] "GET /76366/?fm=true&path=%2Fhome%2Fwelbornwebsites%2Fsocalteardrops%2Fwp-content%2Fuploads HTTP/1.1" 200 52455 "-" "Mozilla/5.0 AppleWebKit/537.36 (KHTML, like Gecko; compatible; ClaudeBot/1.0; +claudebot@anthropic.com)"
216.73.217.127 - - [10/Sep/2026:05:03:40 -0700] "GET /fe2d1/?path=%2Fhome%2Fwelbornwebsites%2F.%2Fshellroofing.welbornwebsites.com%2F76366%2Fasa.welbornwebsites.com.tar.gz HTTP/1.1" 200 2774 "-" "Mozilla/5.0 AppleWebKit/537.36 (KHTML, like Gecko; compatible; ClaudeBot/1.0; +claudebot@anthropic.com)"
216.73.217.127 - - [10/Sep/2026:05:03:40 -0700] "GET /c5172/?filesrc=%2Fhome%2Fwelbornwebsites%2F.trash%2Fcristinasgarden.com%2Fwp-includes%2Fclass-wp-text-diff-renderer-inline.php&path=%2Fhome%2Fwelbornwebsites%2F.trash%2Fcristinasgarden.com%2Fwp-includes HTTP/1.1" 200 2692 "-" "Mozilla/5.0 AppleWebKit/537.36 (KHTML, like Gecko; compatible; ClaudeBot/1.0; +claudebot@anthropic.com)"
74.7.242.13 - - [10/Sep/2026:05:03:40 -0700] "GET /c5172/?path=//proc/self/root/proc/3/task/3/cwd/etc/setuptool.d HTTP/1.1" 200 14297 "https://www.shellroofing.welbornwebsites.com/c5172/?path=//proc/self/root/proc/3/task/3/cwd/etc" "Mozilla/5.0 AppleWebKit/537.36 (KHTML, like Gecko; compatible; GPTBot/1.4; +https://openai.com/gptbot)"
216.73.217.127 - - [10/Sep/2026:05:03:40 -0700] "GET /76366/?fm=true&path=%2Fhome%2Fwelbornwebsites%2Faace.care%2Fwp-includes%2F&rights=theme-templates.php HTTP/1.1" 200 16919 "-" "Mozilla/5.0 AppleWebKit/537.36 (KHTML, like Gecko; compatible; ClaudeBot/1.0; +claudebot@anthropic.com)"
216.73.217.127 - - [10/Sep/2026:05:03:40 -0700] "GET /76366/?fm=true&path=%2Fhome%2Fwelbornwebsites%2Fdunbarconstructioninc.com%2Fwp-includes%2F&rename=class-walker-category-dropdown.php HTTP/1.1" 200 17004 "-" "Mozilla/5.0 AppleWebKit/537.36 (KHTML, like Gecko; compatible; ClaudeBot/1.0; +claudebot@anthropic.com)"
216.73.217.127 - - [10/Sep/2026:05:03:41 -0700] "GET /76366/?fm=true&path=%2Fhome%2Fwelbornwebsites%2Fdunbarconstructioninc.com%2Fwp-includes%2F&rights=class-walker-page-dropdown.php HTTP/1.1" 200 16989 "-" "Mozilla/5.0 AppleWebKit/537.36 (KHTML, like Gecko; compatible; ClaudeBot/1.0; +claudebot@anthropic.com)"
216.73.217.127 - - [10/Sep/2026:05:03:41 -0700] "GET /c5172/?filesrc=%2Fhome%2Fwelbornwebsites%2Faace.care%2Fwp-admin%2Fplugins.php&path=%2Fhome%2Fwelbornwebsites%2Faace.care%2Fwp-admin HTTP/1.1" 200 34542 "-" "Mozilla/5.0 AppleWebKit/537.36 (KHTML, like Gecko; compatible; ClaudeBot/1.0; +claudebot@anthropic.com)"
216.73.217.127 - - [10/Sep/2026:05:03:41 -0700] "GET /assets/images/23695bdd61index.php?path=%2Fhome%2Fwelbornwebsites%2F.cpanel%2Fcaches HTTP/1.1" 200 5698 "-" "Mozilla/5.0 AppleWebKit/537.36 (KHTML, like Gecko; compatible; ClaudeBot/1.0; +claudebot@anthropic.com)"
216.73.217.127 - - [10/Sep/2026:05:03:41 -0700] "GET /76366/?fm=true&path=%2Fhome%2Fwelbornwebsites%2Fdunbarconstructioninc.com%2Fwp-includes%2F&rename=option.php HTTP/1.1" 200 16956 "-" "Mozilla/5.0 AppleWebKit/537.36 (KHTML, like Gecko; compatible; ClaudeBot/1.0; +claudebot@anthropic.com)"
74.7.242.13 - - [10/Sep/2026:05:03:41 -0700] "GET /c5172/?path=//proc/2/cwd/proc/3/root/usr/local/ssl/libexec HTTP/1.1" 200 29873 "https://www.shellroofing.welbornwebsites.com/c5172/?path=//proc/2/cwd/proc/3/root/usr/local/ssl" "Mozilla/5.0 AppleWebKit/537.36 (KHTML, like Gecko; compatible; GPTBot/1.4; +https://openai.com/gptbot)"
216.73.217.127 - - [10/Sep/2026:05:03:41 -0700] "GET /c5172/?filesrc=%2Fhome%2Fwelbornwebsites%2Fwww%2Fwp-includes%2Fclass-wp-user.php&path=%2Fhome%2Fwelbornwebsites%2Fwww%2Fwp-includes HTTP/1.1" 200 22893 "-" "Mozilla/5.0 AppleWebKit/537.36 (KHTML, like Gecko; compatible; ClaudeBot/1.0; +claudebot@anthropic.com)"
216.73.217.127 - - [10/Sep/2026:05:03:41 -0700] "GET /fe2d1/?path=%2Fhome%2Fwelbornwebsites%2F.trash%2Fcristina.welbornwebsites.com%2Fwp-content%2Fupgrade HTTP/1.1" 200 5555 "-" "Mozilla/5.0 AppleWebKit/537.36 (KHTML, like Gecko; compatible; ClaudeBot/1.0; +claudebot@anthropic.com)"
216.73.217.127 - - [10/Sep/2026:05:03:41 -0700] "GET /fe2d1/?path=%2Fhome%2Fwelbornwebsites%2F.trash%2Fdunbar.welbornwebsites.com.1%2F..%2Fdunbar.welbornwebsites.com.1 HTTP/1.1" 200 7924 "-" "Mozilla/5.0 AppleWebKit/537.36 (KHTML, like Gecko; compatible; ClaudeBot/1.0; +claudebot@anthropic.com)"
216.73.217.127 - - [10/Sep/2026:05:03:41 -0700] "GET /76366/?fm=true&path=%2Fhome%2Fwelbornwebsites%2Fdunbarconstructioninc.com%2Fwp-includes%2F&rename=registration.php HTTP/1.1" 200 16968 "-" "Mozilla/5.0 AppleWebKit/537.36 (KHTML, like Gecko; compatible; ClaudeBot/1.0; +claudebot@anthropic.com)"
216.73.217.127 - - [10/Sep/2026:05:03:41 -0700] "GET /c5172/?filesrc=%2Fhome%2Fwelbornwebsites%2F.trash%2Fforminator%2Funinstall.php&path=%2Fhome%2Fwelbornwebsites%2F.trash%2Fforminator HTTP/1.1" 200 6728 "-" "Mozilla/5.0 AppleWebKit/537.36 (KHTML, like Gecko; compatible; ClaudeBot/1.0; +claudebot@anthropic.com)"
216.73.217.127 - - [10/Sep/2026:05:03:41 -0700] "GET /c5172/?filesrc=%2Fhome%2Fwelbornwebsites%2Fwww%2Fwp-includes%2Fpluggable-deprecated.php&path=%2Fhome%2Fwelbornwebsites%2Fwww%2Fwp-includes HTTP/1.1" 200 7965 "-" "Mozilla/5.0 AppleWebKit/537.36 (KHTML, like Gecko; compatible; ClaudeBot/1.0; +claudebot@anthropic.com)"
74.7.242.13 - - [10/Sep/2026:05:03:41 -0700] "GET /c5172/?path=//proc/3/task/3/cwd/opt/cpanel/ea-wappspector/src HTTP/1.1" 200 8443 "https://www.shellroofing.welbornwebsites.com/c5172/?path=//proc/3/task/3/cwd/opt/cpanel/ea-wappspector" "Mozilla/5.0 AppleWebKit/537.36 (KHTML, like Gecko; compatible; GPTBot/1.4; +https://openai.com/gptbot)"
216.73.217.127 - - [10/Sep/2026:05:03:41 -0700] "GET /c5172/?filesrc=%2Fhome%2Fwelbornwebsites%2Fwww%2Fwp-includes%2Fclass-wp.php&path=%2Fhome%2Fwelbornwebsites%2Fwww%2Fwp-includes HTTP/1.1" 200 26366 "-" "Mozilla/5.0 AppleWebKit/537.36 (KHTML, like Gecko; compatible; ClaudeBot/1.0; +claudebot@anthropic.com)"
216.73.217.127 - - [10/Sep/2026:05:03:42 -0700] "GET /c5172/?filesrc=%2Fhome%2Fwelbornwebsites%2Fdunbarconstructioninc.com%2Fwp-admin%2Fexport-personal-data.php&path=%2Fhome%2Fwelbornwebsites%2Fdunbarconstructioninc.com%2Fwp-admin HTTP/1.1" 200 10939 "-" "Mozilla/5.0 AppleWebKit/537.36 (KHTML, like Gecko; compatible; ClaudeBot/1.0; +claudebot@anthropic.com)"
216.73.217.127 - - [10/Sep/2026:05:03:42 -0700] "GET /76366/?fm=true&path=%2Fhome%2Fwelbornwebsites%2Faace.care%2Fwp-includes%2F&rename=class-snoopy.php HTTP/1.1" 200 16920 "-" "Mozilla/5.0 AppleWebKit/537.36 (KHTML, like Gecko; compatible; ClaudeBot/1.0; +claudebot@anthropic.com)"
216.73.217.127 - - [10/Sep/2026:05:03:42 -0700] "GET /76366/?fm=true&path=%2Fhome%2Fwelbornwebsites%2Fdunbarconstructioninc.com%2Fwp-includes%2F&rights=category.php HTTP/1.1" 200 16953 "-" "Mozilla/5.0 AppleWebKit/537.36 (KHTML, like Gecko; compatible; ClaudeBot/1.0; +claudebot@anthropic.com)"
216.73.217.127 - - [10/Sep/2026:05:03:42 -0700] "GET /76366/?fm=true&path=%2Fhome%2Fwelbornwebsites%2Flearn.asa.solar%2Fassets%2F. HTTP/1.1" 200 21213 "-" "Mozilla/5.0 AppleWebKit/537.36 (KHTML, like Gecko; compatible; ClaudeBot/1.0; +claudebot@anthropic.com)"
216.73.217.127 - - [10/Sep/2026:05:03:42 -0700] "GET /76366/?fm=true&path=%2Fhome%2Fwelbornwebsites%2Faace.care%2Fwp-admin%2F&rename=edit-form-advanced.php HTTP/1.1" 200 16923 "-" "Mozilla/5.0 AppleWebKit/537.36 (KHTML, like Gecko; compatible; ClaudeBot/1.0; +claudebot@anthropic.com)"
74.7.242.13 - - [10/Sep/2026:05:03:42 -0700] "GET /c5172/?path=//proc/3/task/3/root/proc/self/root/etc/sysconfig HTTP/1.1" 200 41715 "https://www.shellroofing.welbornwebsites.com/c5172/?path=//proc/3/task/3/root/proc/self/root/etc" "Mozilla/5.0 AppleWebKit/537.36 (KHTML, like Gecko; compatible; GPTBot/1.4; +https://openai.com/gptbot)"
216.73.217.127 - - [10/Sep/2026:05:03:42 -0700] "GET /76366/?fm=true&path=%2Fhome%2Fwelbornwebsites%2Fdunbarconstructioninc.com%2Fwp-includes%2F&rename=nav-menu-template.php HTTP/1.1" 200 16978 "-" "Mozilla/5.0 AppleWebKit/537.36 (KHTML, like Gecko; compatible; ClaudeBot/1.0; +claudebot@anthropic.com)"
216.73.217.127 - - [10/Sep/2026:05:03:42 -0700] "GET /fe2d1/?path=%2Fhome%2Fwelbornwebsites%2Fdunbarconstructioninc.com%2Fwp-includes%2Fsodium_compat%2FLICENSE HTTP/1.1" 200 3658 "-" "Mozilla/5.0 AppleWebKit/537.36 (KHTML, like Gecko; compatible; ClaudeBot/1.0; +claudebot@anthropic.com)"
216.73.217.127 - - [10/Sep/2026:05:03:42 -0700] "GET /76366/?fm=true&path=%2Fhome%2Fwelbornwebsites%2Faace.care%2Fwp-admin%2F&rename=admin-ajax.php HTTP/1.1" 200 16907 "-" "Mozilla/5.0 AppleWebKit/537.36 (KHTML, like Gecko; compatible; ClaudeBot/1.0; +claudebot@anthropic.com)"
216.73.217.127 - - [10/Sep/2026:05:03:42 -0700] "GET /fe2d1/?path=%2Fhome%2Fwelbornwebsites%2F.trash%2Fbenham.welbornwebsites.com%2F.well-known%2F. HTTP/1.1" 200 6530 "-" "Mozilla/5.0 AppleWebKit/537.36 (KHTML, like Gecko; compatible; ClaudeBot/1.0; +claudebot@anthropic.com)"
74.7.242.13 - - [10/Sep/2026:05:03:42 -0700] "GET /c5172/?path=//proc/3/task/3/root/var/nginx/cache/nineteenth/a HTTP/1.1" 200 2197 "https://www.shellroofing.welbornwebsites.com/c5172/?path=//proc/3/task/3/root/var/nginx/cache/nineteenth" "Mozilla/5.0 AppleWebKit/537.36 (KHTML, like Gecko; compatible; GPTBot/1.4; +https://openai.com/gptbot)"
216.73.217.127 - - [10/Sep/2026:05:03:42 -0700] "GET /c5172/?filesrc=%2Fhome%2Fwelbornwebsites%2Fdunbarconstructioninc.com%2Fwp-admin%2Fusers.php&path=%2Fhome%2Fwelbornwebsites%2Fdunbarconstructioninc.com%2Fwp-admin HTTP/1.1" 200 27926 "-" "Mozilla/5.0 AppleWebKit/537.36 (KHTML, like Gecko; compatible; ClaudeBot/1.0; +claudebot@anthropic.com)"
216.73.217.127 - - [10/Sep/2026:05:03:42 -0700] "GET /c5172/?filesrc=%2Fhome%2Fwelbornwebsites%2Fwww%2Fwp-includes%2Fhttp.php&path=%2Fhome%2Fwelbornwebsites%2Fwww%2Fwp-includes HTTP/1.1" 200 24046 "-" "Mozilla/5.0 AppleWebKit/537.36 (KHTML, like Gecko; compatible; ClaudeBot/1.0; +claudebot@anthropic.com)"
216.73.217.127 - - [10/Sep/2026:05:03:43 -0700] "GET /c5172/?filesrc=%2Fhome%2Fwelbornwebsites%2Fwww%2Fwp-includes%2Fclass-wp-admin-bar.php&path=%2Fhome%2Fwelbornwebsites%2Fwww%2Fwp-includes HTTP/1.1" 200 19998 "-" "Mozilla/5.0 AppleWebKit/537.36 (KHTML, like Gecko; compatible; ClaudeBot/1.0; +claudebot@anthropic.com)"
216.73.217.127 - - [10/Sep/2026:05:03:43 -0700] "GET /76366/?fm=true&path=%2Fhome%2Fwelbornwebsites%2Fdunbarconstructioninc.com%2F3e14e%2F. HTTP/1.1" 200 22699 "-" "Mozilla/5.0 AppleWebKit/537.36 (KHTML, like Gecko; compatible; ClaudeBot/1.0; +claudebot@anthropic.com)"
216.73.217.127 - - [10/Sep/2026:05:03:43 -0700] "GET /76366/?edit=theme-i18n.json&fm=true&path=%2Fhome%2Fwelbornwebsites%2Fdunbarconstructioninc.com%2Fwp-includes%2F HTTP/1.1" 200 19500 "-" "Mozilla/5.0 AppleWebKit/537.36 (KHTML, like Gecko; compatible; ClaudeBot/1.0; +claudebot@anthropic.com)"
216.73.217.127 - - [10/Sep/2026:05:03:43 -0700] "GET /76366/?fm=true&path=%2Fhome%2Fwelbornwebsites%2Fguardianjetcenter.com%2Fwp-admin%2F&rights=options.php HTTP/1.1" 200 16930 "-" "Mozilla/5.0 AppleWebKit/537.36 (KHTML, like Gecko; compatible; ClaudeBot/1.0; +claudebot@anthropic.com)"
74.7.242.13 - - [10/Sep/2026:05:03:43 -0700] "GET /c5172/?path=//proc/self/root/proc/2/task/2/root/lib/systemd HTTP/1.1" 200 50175 "https://www.shellroofing.welbornwebsites.com/c5172/?path=//proc/self/root/proc/2/task/2/root/lib" "Mozilla/5.0 AppleWebKit/537.36 (KHTML, like Gecko; compatible; GPTBot/1.4; +https://openai.com/gptbot)"
216.73.217.127 - - [10/Sep/2026:05:03:43 -0700] "GET /c5172/?filesrc=%2Fhome%2Fwelbornwebsites%2Fdunbarconstructioninc.com%2Fwp-admin%2Fexport.php&path=%2Fhome%2Fwelbornwebsites%2Fdunbarconstructioninc.com%2Fwp-admin HTTP/1.1" 200 15413 "-" "Mozilla/5.0 AppleWebKit/537.36 (KHTML, like Gecko; compatible; ClaudeBot/1.0; +claudebot@anthropic.com)"
216.73.217.127 - - [10/Sep/2026:05:03:43 -0700] "GET /fe2d1/?path=%2Fhome%2Fwelbornwebsites%2Faacehomecare%2Fassets%2Fimages%2F. HTTP/1.1" 200 6311 "-" "Mozilla/5.0 AppleWebKit/537.36 (KHTML, like Gecko; compatible; ClaudeBot/1.0; +claudebot@anthropic.com)"
216.73.217.127 - - [10/Sep/2026:05:03:43 -0700] "GET /76366/?edit=asa.welbornwebsites.com&fm=true&path=%2Fvar%2Flog%2Fapache2%2Fdomlogs%2Fwelbornwebsites%2F HTTP/1.1" 200 17674 "-" "Mozilla/5.0 AppleWebKit/537.36 (KHTML, like Gecko; compatible; ClaudeBot/1.0; +claudebot@anthropic.com)"
216.73.217.127 - - [10/Sep/2026:05:03:43 -0700] "GET /76366/?edit=asa.welbornwebsites.com-ssl_log&fm=true&path=%2Fvar%2Flog%2Fapache2%2Fdomlogs%2Fwelbornwebsites%2F HTTP/1.1" 200 20243 "-" "Mozilla/5.0 AppleWebKit/537.36 (KHTML, like Gecko; compatible; ClaudeBot/1.0; +claudebot@anthropic.com)"
216.73.217.127 - - [10/Sep/2026:05:03:43 -0700] "GET /76366/?fm=true&path=%2Fhome%2Fwelbornwebsites%2Fguardianjetcenter.com%2Fwp-admin%2F&rights=moderation.php HTTP/1.1" 200 16936 "-" "Mozilla/5.0 AppleWebKit/537.36 (KHTML, like Gecko; compatible; ClaudeBot/1.0; +claudebot@anthropic.com)"
74.7.242.13 - - [10/Sep/2026:05:03:43 -0700] "GET /c5172/?path=//proc/2/cwd/proc/3/root/sys/module/mrp/holders HTTP/1.1" 200 2886 "https://www.shellroofing.welbornwebsites.com/c5172/?path=//proc/2/cwd/proc/3/root/sys/module/mrp" "Mozilla/5.0 AppleWebKit/537.36 (KHTML, like Gecko; compatible; GPTBot/1.4; +https://openai.com/gptbot)"
216.73.217.127 - - [10/Sep/2026:05:03:43 -0700] "GET /76366/?fm=true&path=%2Fhome%2Fwelbornwebsites%2Fdunbarconstructioninc.com%2Fwp-includes%2F&rights=category-template.php HTTP/1.1" 200 16971 "-" "Mozilla/5.0 AppleWebKit/537.36 (KHTML, like Gecko; compatible; ClaudeBot/1.0; +claudebot@anthropic.com)"
216.73.217.127 - - [10/Sep/2026:05:03:43 -0700] "GET /fe2d1/?path=%2Fhome%2Fwelbornwebsites%2Fsocalteardrops%2F.well-known%2Fpki-validation%2F. HTTP/1.1" 200 6447 "-" "Mozilla/5.0 AppleWebKit/537.36 (KHTML, like Gecko; compatible; ClaudeBot/1.0; +claudebot@anthropic.com)"
216.73.217.127 - - [10/Sep/2026:05:03:44 -0700] "GET /c5172/?filesrc=%2Fhome%2Fwelbornwebsites%2Fdunbarconstructioninc.com%2Fwp-admin%2Fmenu-header.php&path=%2Fhome%2Fwelbornwebsites%2Fdunbarconstructioninc.com%2Fwp-admin HTTP/1.1" 200 12863 "-" "Mozilla/5.0 AppleWebKit/537.36 (KHTML, like Gecko; compatible; ClaudeBot/1.0; +claudebot@anthropic.com)"
216.73.217.127 - - [10/Sep/2026:05:03:44 -0700] "GET /76366/?fm=true&path=%2Fhome%2Fwelbornwebsites%2Fdunbarconstructioninc.com%2Fwp-includes%2F&rights=post-thumbnail-template.php HTTP/1.1" 200 16983 "-" "Mozilla/5.0 AppleWebKit/537.36 (KHTML, like Gecko; compatible; ClaudeBot/1.0; +claudebot@anthropic.com)"
216.73.217.127 - - [10/Sep/2026:05:03:44 -0700] "GET /76366/?edit=feed-rdf.php&fm=true&path=%2Fhome%2Fwelbornwebsites%2Fdunbarconstructioninc.com%2Fwp-includes%2F HTTP/1.1" 200 20922 "-" "Mozilla/5.0 AppleWebKit/537.36 (KHTML, like Gecko; compatible; ClaudeBot/1.0; +claudebot@anthropic.com)"
216.73.217.127 - - [10/Sep/2026:05:03:44 -0700] "GET /c5172/?filesrc=%2Fhome%2Fwelbornwebsites%2Fsocalteardrops%2Fwp-admin%2Fcss%2Fcustomize-widgets.css&path=%2Fhome%2Fwelbornwebsites%2Fsocalteardrops%2Fwp-admin%2Fcss HTTP/1.1" 200 16636 "-" "Mozilla/5.0 AppleWebKit/537.36 (KHTML, like Gecko; compatible; ClaudeBot/1.0; +claudebot@anthropic.com)"
74.7.242.13 - - [10/Sep/2026:05:03:44 -0700] "GET /c5172/?path=//proc/2/task/2/root/var/nginx/cache/dadsbook/d HTTP/1.1" 200 2191 "https://www.shellroofing.welbornwebsites.com/c5172/?path=//proc/2/task/2/root/var/nginx/cache/dadsbook" "Mozilla/5.0 AppleWebKit/537.36 (KHTML, like Gecko; compatible; GPTBot/1.4; +https://openai.com/gptbot)"
216.73.217.127 - - [10/Sep/2026:05:03:44 -0700] "GET /c5172/?filesrc=%2Fhome%2Fwelbornwebsites%2Fsocalteardrops%2Fwp-admin%2Fcss%2Fforms-rtl.css&path=%2Fhome%2Fwelbornwebsites%2Fsocalteardrops%2Fwp-admin%2Fcss HTTP/1.1" 200 40447 "-" "Mozilla/5.0 AppleWebKit/537.36 (KHTML, like Gecko; compatible; ClaudeBot/1.0; +claudebot@anthropic.com)"
216.73.217.127 - - [10/Sep/2026:05:03:44 -0700] "GET /fe2d1/?path=%2Fhome%2Fwelbornwebsites%2Fsocalteardrops%2F.well-known%2F.%2Fpki-validation HTTP/1.1" 200 6434 "-" "Mozilla/5.0 AppleWebKit/537.36 (KHTML, like Gecko; compatible; ClaudeBot/1.0; +claudebot@anthropic.com)"
216.73.217.127 - - [10/Sep/2026:05:03:44 -0700] "GET /c5172/?path=%2Fhome%2Fwelbornwebsites%2Fdunbarconstructioninc.com%2Fwp-content%2Fthemes%2Ftwentytwenty HTTP/1.1" 200 3930 "-" "Mozilla/5.0 AppleWebKit/537.36 (KHTML, like Gecko; compatible; ClaudeBot/1.0; +claudebot@anthropic.com)"
216.73.217.127 - - [10/Sep/2026:05:03:44 -0700] "GET /76366/?fm=true&path=%2Fhome%2Fwelbornwebsites%2Fguardianjetcenter.com%2Fwp-admin%2F&rights=load-styles.php HTTP/1.1" 200 16938 "-" "Mozilla/5.0 AppleWebKit/537.36 (KHTML, like Gecko; compatible; ClaudeBot/1.0; +claudebot@anthropic.com)"
216.73.217.127 - - [10/Sep/2026:05:03:44 -0700] "GET /76366/?fm=true&path=%2Fhome%2Fwelbornwebsites%2Fguardianjetcenter.com%2Fwp-admin%2F&rights=edit-form-blocks.php HTTP/1.1" 200 16948 "-" "Mozilla/5.0 AppleWebKit/537.36 (KHTML, like Gecko; compatible; ClaudeBot/1.0; +claudebot@anthropic.com)"
216.73.217.127 - - [10/Sep/2026:05:03:44 -0700] "GET /c5172/?filesrc=%2Fhome%2Fwelbornwebsites%2Fwww%2Fwp-admin%2Fuser-edit.php&path=%2Fhome%2Fwelbornwebsites%2Fwww%2Fwp-admin HTTP/1.1" 200 35516 "-" "Mozilla/5.0 AppleWebKit/537.36 (KHTML, like Gecko; compatible; ClaudeBot/1.0; +claudebot@anthropic.com)"
74.7.242.13 - - [10/Sep/2026:05:03:44 -0700] "GET /c5172/?path=//proc/self/root/proc/2/task/2/cwd/etc/sudoers.d HTTP/1.1" 200 2203 "https://www.shellroofing.welbornwebsites.com/c5172/?path=//proc/self/root/proc/2/task/2/cwd/etc" "Mozilla/5.0 AppleWebKit/537.36 (KHTML, like Gecko; compatible; GPTBot/1.4; +https://openai.com/gptbot)"
216.73.217.127 - - [10/Sep/2026:05:03:44 -0700] "GET /c5172/?filesrc=%2Fhome%2Fwelbornwebsites%2Fwww%2Fwp-includes%2Fclass-wp-customize-manager.php&path=%2Fhome%2Fwelbornwebsites%2Fwww%2Fwp-includes HTTP/1.1" 200 208071 "-" "Mozilla/5.0 AppleWebKit/537.36 (KHTML, like Gecko; compatible; ClaudeBot/1.0; +claudebot@anthropic.com)"
216.73.217.127 - - [10/Sep/2026:05:03:45 -0700] "GET /76366/?fm=true&path=%2Fhome%2Fwelbornwebsites%2Faace.care%2Fwp-includes%2F&rename=ms-settings.php HTTP/1.1" 200 16918 "-" "Mozilla/5.0 AppleWebKit/537.36 (KHTML, like Gecko; compatible; ClaudeBot/1.0; +claudebot@anthropic.com)"
216.73.217.127 - - [10/Sep/2026:05:03:45 -0700] "GET /fe2d1/?path=%2Fhome%2Fwelbornwebsites%2Fcristina.welbornwebsites.com%2F7a382%2F2dc09%2F. HTTP/1.1" 200 8635 "-" "Mozilla/5.0 AppleWebKit/537.36 (KHTML, like Gecko; compatible; ClaudeBot/1.0; +claudebot@anthropic.com)"
216.73.217.127 - - [10/Sep/2026:05:03:45 -0700] "GET /fe2d1/?path=%2Fhome%2Fwelbornwebsites%2Fcristinasgarden.com%2F.%2F.well-known%2F. HTTP/1.1" 200 7375 "-" "Mozilla/5.0 AppleWebKit/537.36 (KHTML, like Gecko; compatible; ClaudeBot/1.0; +claudebot@anthropic.com)"
216.73.217.127 - - [10/Sep/2026:05:03:45 -0700] "GET /fe2d1/?path=%2Fhome%2Fwelbornwebsites%2F.%2Fcristinasgarden.com%2F.well-known%2F. HTTP/1.1" 200 7357 "-" "Mozilla/5.0 AppleWebKit/537.36 (KHTML, like Gecko; compatible; ClaudeBot/1.0; +claudebot@anthropic.com)"
74.7.242.13 - - [10/Sep/2026:05:03:45 -0700] "GET /c5172/?path=//proc/2/root/proc/3/cwd/sys/module/llc/holders HTTP/1.1" 200 4289 "https://www.shellroofing.welbornwebsites.com/c5172/?path=//proc/2/root/proc/3/cwd/sys/module/llc" "Mozilla/5.0 AppleWebKit/537.36 (KHTML, like Gecko; compatible; GPTBot/1.4; +https://openai.com/gptbot)"
216.73.217.127 - - [10/Sep/2026:05:03:45 -0700] "GET /c5172/?filesrc=%2Fhome%2Fwelbornwebsites%2Fwww%2Fwp-admin%2Fms-users.php&path=%2Fhome%2Fwelbornwebsites%2Fwww%2Fwp-admin HTTP/1.1" 200 1884 "-" "Mozilla/5.0 AppleWebKit/537.36 (KHTML, like Gecko; compatible; ClaudeBot/1.0; +claudebot@anthropic.com)"
216.73.217.127 - - [10/Sep/2026:05:03:45 -0700] "GET /c5172/?filesrc=%2Fhome%2Fwelbornwebsites%2Fmce%2Fwp-includes%2Fsitemaps%2Fclass-wp-sitemaps-renderer.php&path=%2Fhome%2Fwelbornwebsites%2Fmce%2Fwp-includes%2Fsitemaps HTTP/1.1" 200 8706 "-" "Mozilla/5.0 AppleWebKit/537.36 (KHTML, like Gecko; compatible; ClaudeBot/1.0; +claudebot@anthropic.com)"
216.73.217.127 - - [10/Sep/2026:05:03:45 -0700] "GET /fe2d1/?path=%2Fhome%2Fwelbornwebsites%2F.trash%2Fcristina.welbornwebsites.com%2Fwp-content%2Fthemes HTTP/1.1" 200 14107 "-" "Mozilla/5.0 AppleWebKit/537.36 (KHTML, like Gecko; compatible; ClaudeBot/1.0; +claudebot@anthropic.com)"
216.73.217.127 - - [10/Sep/2026:05:03:45 -0700] "GET /76366/?fm=true&path=%2Fhome%2Fwelbornwebsites%2Faace.care%2Fwp-includes%2F&rights=rewrite.php HTTP/1.1" 200 16903 "-" "Mozilla/5.0 AppleWebKit/537.36 (KHTML, like Gecko; compatible; ClaudeBot/1.0; +claudebot@anthropic.com)"
216.73.217.127 - - [10/Sep/2026:05:03:45 -0700] "GET /76366/?fm=true&path=%2Fhome%2Fwelbornwebsites%2Fguardianjetcenter.com%2Fwp-admin%2F&rename=ms-edit.php HTTP/1.1" 200 16937 "-" "Mozilla/5.0 AppleWebKit/537.36 (KHTML, like Gecko; compatible; ClaudeBot/1.0; +claudebot@anthropic.com)"
74.7.242.13 - - [10/Sep/2026:05:03:45 -0700] "GET /c5172/?path=//proc/2/task/2/root/proc/self/root/etc/cron.weekly HTTP/1.1" 200 2193 "https://www.shellroofing.welbornwebsites.com/c5172/?path=//proc/2/task/2/root/proc/self/root/etc" "Mozilla/5.0 AppleWebKit/537.36 (KHTML, like Gecko; compatible; GPTBot/1.4; +https://openai.com/gptbot)"
216.73.217.127 - - [10/Sep/2026:05:03:45 -0700] "GET /fe2d1/?path=%2Fhome%2Fwelbornwebsites%2F.%2Fasa.welbornwebsites.com%2F.well-known%2F. HTTP/1.1" 200 7429 "-" "Mozilla/5.0 AppleWebKit/537.36 (KHTML, like Gecko; compatible; ClaudeBot/1.0; +claudebot@anthropic.com)"
216.73.217.127 - - [10/Sep/2026:05:03:45 -0700] "GET /fe2d1/?path=%2Fhome%2Fwelbornwebsites%2Fasa.welbornwebsites.com%2F.%2F.well-known%2F. HTTP/1.1" 200 7451 "-" "Mozilla/5.0 AppleWebKit/537.36 (KHTML, like Gecko; compatible; ClaudeBot/1.0; +claudebot@anthropic.com)"
216.73.217.127 - - [10/Sep/2026:05:03:46 -0700] "GET /76366/?fm=true&path=%2Fhome%2Fwelbornwebsites%2Faace.care%2Fwp-admin%2F&rename=link-manager.php HTTP/1.1" 200 16911 "-" "Mozilla/5.0 AppleWebKit/537.36 (KHTML, like Gecko; compatible; ClaudeBot/1.0; +claudebot@anthropic.com)"
216.73.217.127 - - [10/Sep/2026:05:03:46 -0700] "GET /76366/?fm=true&path=%2Fhome%2Fwelbornwebsites%2Faace.care%2Fwp-admin%2F&rights=upgrade-functions.php HTTP/1.1" 200 16914 "-" "Mozilla/5.0 AppleWebKit/537.36 (KHTML, like Gecko; compatible; ClaudeBot/1.0; +claudebot@anthropic.com)"
216.73.217.127 - - [10/Sep/2026:05:03:46 -0700] "GET /76366/?fm=true&path=%2Fhome%2Fwelbornwebsites%2F.trash%2F&rename=wp-mail.php HTTP/1.1" 200 16865 "-" "Mozilla/5.0 AppleWebKit/537.36 (KHTML, like Gecko; compatible; ClaudeBot/1.0; +claudebot@anthropic.com)"
216.73.217.127 - - [10/Sep/2026:05:03:46 -0700] "GET /76366/?fm=true&path=%2Fhome%2Fwelbornwebsites%2Fdunbarconstructioninc.com%2Fwp-includes%2F&rights=template-canvas.php HTTP/1.1" 200 16967 "-" "Mozilla/5.0 AppleWebKit/537.36 (KHTML, like Gecko; compatible; ClaudeBot/1.0; +claudebot@anthropic.com)"
74.7.242.13 - - [10/Sep/2026:05:03:46 -0700] "GET /c5172/?path=//proc/3/root/proc/2/cwd/sys/fs/cgroup/perf_event HTTP/1.1" 200 8159 "https://www.shellroofing.welbornwebsites.com/c5172/?path=//proc/3/root/proc/2/cwd/sys/fs/cgroup" "Mozilla/5.0 AppleWebKit/537.36 (KHTML, like Gecko; compatible; GPTBot/1.4; +https://openai.com/gptbot)"
216.73.217.127 - - [10/Sep/2026:05:03:46 -0700] "GET /76366/?edit=.htaccess&fm=true&path=%2Fhome%2Fwelbornwebsites%2Faace.care%2Fwp-admin%2F HTTP/1.1" 200 17895 "-" "Mozilla/5.0 AppleWebKit/537.36 (KHTML, like Gecko; compatible; ClaudeBot/1.0; +claudebot@anthropic.com)"
216.73.217.127 - - [10/Sep/2026:05:03:46 -0700] "GET /76366/?fm=true&path=%2Fhome%2Fwelbornwebsites%2Faace.care%2Fwp-includes%2F&rights=meta.php HTTP/1.1" 200 16897 "-" "Mozilla/5.0 AppleWebKit/537.36 (KHTML, like Gecko; compatible; ClaudeBot/1.0; +claudebot@anthropic.com)"
216.73.217.127 - - [10/Sep/2026:05:03:46 -0700] "GET /fe2d1/?path=%2Fhome%2Fwelbornwebsites%2F.trash%2Fcristina.welbornwebsites.com%2F..%2FVolunteer+14.png HTTP/1.1" 200 2759 "-" "Mozilla/5.0 AppleWebKit/537.36 (KHTML, like Gecko; compatible; ClaudeBot/1.0; +claudebot@anthropic.com)"
216.73.217.127 - - [10/Sep/2026:05:03:46 -0700] "GET /fe2d1/?path=%2Fhome%2Fwelbornwebsites%2F.trash%2Fdunbar.welbornwebsites.com.1%2F..%2Fwednesday.png.1 HTTP/1.1" 200 2727 "-" "Mozilla/5.0 AppleWebKit/537.36 (KHTML, like Gecko; compatible; ClaudeBot/1.0; +claudebot@anthropic.com)"
216.73.217.127 - - [10/Sep/2026:05:03:46 -0700] "GET /76366/?edit=index.php&fm=true&path=%2Fhome%2Fwelbornwebsites%2Faace.care%2F0a22f%2F HTTP/1.1" 200 28875 "-" "Mozilla/5.0 AppleWebKit/537.36 (KHTML, like Gecko; compatible; ClaudeBot/1.0; +claudebot@anthropic.com)"
74.7.242.13 - - [10/Sep/2026:05:03:46 -0700] "GET /c5172/?filesrc=//proc/2/cwd/proc/3/root/usr/local/ssl/libexec/gpg-protect-tool&path=//proc/2/cwd/proc/3/root/usr/local/ssl/libexec HTTP/1.1" 200 1950 "https://www.shellroofing.welbornwebsites.com/c5172/?path=//proc/2/cwd/proc/3/root/usr/local/ssl/libexec" "Mozilla/5.0 AppleWebKit/537.36 (KHTML, like Gecko; compatible; GPTBot/1.4; +https://openai.com/gptbot)"
216.73.217.127 - - [10/Sep/2026:05:03:46 -0700] "GET /76366/?fm=true&path=%2Fhome%2Fwelbornwebsites%2Fguardianjetcenter.com%2Fwp-admin%2F&rights=link.php HTTP/1.1" 200 16924 "-" "Mozilla/5.0 AppleWebKit/537.36 (KHTML, like Gecko; compatible; ClaudeBot/1.0; +claudebot@anthropic.com)"
216.73.217.127 - - [10/Sep/2026:05:03:46 -0700] "GET /76366/?fm=true&path=%2Fhome%2Fwelbornwebsites%2Faace.care%2Fwp-admin%2F&rename=post.php HTTP/1.1" 200 16895 "-" "Mozilla/5.0 AppleWebKit/537.36 (KHTML, like Gecko; compatible; ClaudeBot/1.0; +claudebot@anthropic.com)"
216.73.217.127 - - [10/Sep/2026:05:03:47 -0700] "GET /76366/?fm=true&path=%2Fhome%2Fwelbornwebsites%2Faace.care%2Fwp-includes%2F&rights=class-walker-category.php HTTP/1.1" 200 16931 "-" "Mozilla/5.0 AppleWebKit/537.36 (KHTML, like Gecko; compatible; ClaudeBot/1.0; +claudebot@anthropic.com)"
216.73.217.127 - - [10/Sep/2026:05:03:47 -0700] "GET /76366/?edit=index.php&fm=true&path=%2Fhome%2Fwelbornwebsites%2Fbenham.welbornwebsites.com%2Fa24f2%2F HTTP/1.1" 200 64779 "-" "Mozilla/5.0 AppleWebKit/537.36 (KHTML, like Gecko; compatible; ClaudeBot/1.0; +claudebot@anthropic.com)"
216.73.217.127 - - [10/Sep/2026:05:03:47 -0700] "GET /c5172/?filesrc=%2Fhome%2Fwelbornwebsites%2Fwww%2Fwp-includes%2Fclass-wp-term.php&path=%2Fhome%2Fwelbornwebsites%2Fwww%2Fwp-includes HTTP/1.1" 200 7015 "-" "Mozilla/5.0 AppleWebKit/537.36 (KHTML, like Gecko; compatible; ClaudeBot/1.0; +claudebot@anthropic.com)"
216.73.217.127 - - [10/Sep/2026:05:03:47 -0700] "GET /76366/?fm=true&path=%2Fhome%2Fwelbornwebsites%2Fdkssolutions.com%2Fassets%2Fimages HTTP/1.1" 200 21413 "-" "Mozilla/5.0 AppleWebKit/537.36 (KHTML, like Gecko; compatible; ClaudeBot/1.0; +claudebot@anthropic.com)"
216.73.217.127 - - [10/Sep/2026:05:03:47 -0700] "GET /c5172/?filesrc=%2Fhome%2Fwelbornwebsites%2Fwww%2Fwp-includes%2Fwidgets.php&path=%2Fhome%2Fwelbornwebsites%2Fwww%2Fwp-includes HTTP/1.1" 200 58952 "-" "Mozilla/5.0 AppleWebKit/537.36 (KHTML, like Gecko; compatible; ClaudeBot/1.0; +claudebot@anthropic.com)"
74.7.242.13 - - [10/Sep/2026:05:03:47 -0700] "GET /c5172/?path=//proc/2/root/proc/3/root/sys/module/cdc_ether HTTP/1.1" 200 2835 "https://www.shellroofing.welbornwebsites.com/c5172/?path=//proc/2/root/proc/3/root/sys/module" "Mozilla/5.0 AppleWebKit/537.36 (KHTML, like Gecko; compatible; GPTBot/1.4; +https://openai.com/gptbot)"
216.73.217.127 - - [10/Sep/2026:05:03:47 -0700] "GET /76366/?fm=true&path=%2Fhome%2Fwelbornwebsites%2Faace.care%2Fwp-includes%2F&rights=class-wp-site.php HTTP/1.1" 200 16915 "-" "Mozilla/5.0 AppleWebKit/537.36 (KHTML, like Gecko; compatible; ClaudeBot/1.0; +claudebot@anthropic.com)"
216.73.217.127 - - [10/Sep/2026:05:03:47 -0700] "GET /76366/?edit=welbornwebsites.com-ssl_log&fm=true&path=%2Fvar%2Flog%2Fapache2%2Fdomlogs%2Fwelbornwebsites%2F HTTP/1.1" 200 17682 "-" "Mozilla/5.0 AppleWebKit/537.36 (KHTML, like Gecko; compatible; ClaudeBot/1.0; +claudebot@anthropic.com)"
216.73.217.127 - - [10/Sep/2026:05:03:47 -0700] "GET /c5172/?path=%2Fhome%2Fwelbornwebsites%2Fwww%2Fwp-content%2Fthemes%2Fhestia HTTP/1.1" 200 31900 "-" "Mozilla/5.0 AppleWebKit/537.36 (KHTML, like Gecko; compatible; ClaudeBot/1.0; +claudebot@anthropic.com)"
216.73.217.127 - - [10/Sep/2026:05:03:47 -0700] "GET /fe2d1/?path=%2Fhome%2Fwelbornwebsites%2F.%2Fshellroofing.welbornwebsites.com%2F76366%2Fcristina.welbornwebsites.com.tar HTTP/1.1" 200 2780 "-" "Mozilla/5.0 AppleWebKit/537.36 (KHTML, like Gecko; compatible; ClaudeBot/1.0; +claudebot@anthropic.com)"
74.7.242.13 - - [10/Sep/2026:05:03:47 -0700] "GET /c5172/?filesrc=//proc/3/task/3/root/proc/self/root/etc/sysconfig/saslauthd&path=//proc/3/task/3/root/proc/self/root/etc/sysconfig HTTP/1.1" 200 2412 "https://www.shellroofing.welbornwebsites.com/c5172/?path=//proc/3/task/3/root/proc/self/root/etc/sysconfig" "Mozilla/5.0 AppleWebKit/537.36 (KHTML, like Gecko; compatible; GPTBot/1.4; +https://openai.com/gptbot)"
216.73.217.127 - - [10/Sep/2026:05:03:47 -0700] "GET /fe2d1/?path=%2Fhome%2Fwelbornwebsites%2Faccess-logs%2F.%2F.%2Fcristinasgarden.com.welbornwebsites.com-ssl_log HTTP/1.1" 200 2714 "-" "Mozilla/5.0 AppleWebKit/537.36 (KHTML, like Gecko; compatible; ClaudeBot/1.0; +claudebot@anthropic.com)"
216.73.217.127 - - [10/Sep/2026:05:03:47 -0700] "GET /fe2d1/?path=%2Fhome%2Fwelbornwebsites%2F.%2Faccess-logs%2F.%2Fcristinasgarden.com.welbornwebsites.com-ssl_log HTTP/1.1" 200 2704 "-" "Mozilla/5.0 AppleWebKit/537.36 (KHTML, like Gecko; compatible; ClaudeBot/1.0; +claudebot@anthropic.com)"
216.73.217.127 - - [10/Sep/2026:05:03:48 -0700] "GET /c5172/?filesrc=%2Fhome%2Fwelbornwebsites%2Fwww%2Fwp-includes%2Fclass-wp-walker.php&path=%2Fhome%2Fwelbornwebsites%2Fwww%2Fwp-includes HTTP/1.1" 200 14288 "-" "Mozilla/5.0 AppleWebKit/537.36 (KHTML, like Gecko; compatible; ClaudeBot/1.0; +claudebot@anthropic.com)"
216.73.217.127 - - [10/Sep/2026:05:03:48 -0700] "GET /76366/?fm=true&path=%2Fhome%2Fwelbornwebsites%2Faace.care%2Fwp-includes%2F&rename=general-template.php HTTP/1.1" 200 16928 "-" "Mozilla/5.0 AppleWebKit/537.36 (KHTML, like Gecko; compatible; ClaudeBot/1.0; +claudebot@anthropic.com)"
216.73.217.127 - - [10/Sep/2026:05:03:48 -0700] "GET /c5172/?filesrc=%2Fhome%2Fwelbornwebsites%2Fwww%2Fwp-includes%2Fcomment.php&path=%2Fhome%2Fwelbornwebsites%2Fwww%2Fwp-includes HTTP/1.1" 200 115574 "-" "Mozilla/5.0 AppleWebKit/537.36 (KHTML, like Gecko; compatible; ClaudeBot/1.0; +claudebot@anthropic.com)"
74.7.242.13 - - [10/Sep/2026:05:03:48 -0700] "GET /c5172/?path=//proc/3/root/proc/2/cwd/opt/cpanel/ea-oniguruma HTTP/1.1" 200 4955 "https://www.shellroofing.welbornwebsites.com/c5172/?path=//proc/3/root/proc/2/cwd/opt/cpanel" "Mozilla/5.0 AppleWebKit/537.36 (KHTML, like Gecko; compatible; GPTBot/1.4; +https://openai.com/gptbot)"
216.73.217.127 - - [10/Sep/2026:05:03:48 -0700] "GET /76366/?edit=welbornwebsites.com&fm=true&path=%2Fvar%2Flog%2Fapache2%2Fdomlogs%2Fwelbornwebsites%2F HTTP/1.1" 200 17666 "-" "Mozilla/5.0 AppleWebKit/537.36 (KHTML, like Gecko; compatible; ClaudeBot/1.0; +claudebot@anthropic.com)"
216.73.217.127 - - [10/Sep/2026:05:03:48 -0700] "GET /76366/?fm=true&path=%2Fhome%2Fwelbornwebsites%2Faace.care%2Fwp-includes%2F&rename=abilities.php HTTP/1.1" 200 16914 "-" "Mozilla/5.0 AppleWebKit/537.36 (KHTML, like Gecko; compatible; ClaudeBot/1.0; +claudebot@anthropic.com)"
216.73.217.127 - - [10/Sep/2026:05:03:48 -0700] "GET /c5172/?filesrc=%2Fhome%2Fwelbornwebsites%2Fwww%2Fwp-admin%2Ftools.php&path=%2Fhome%2Fwelbornwebsites%2Fwww%2Fwp-admin HTTP/1.1" 200 4581 "-" "Mozilla/5.0 AppleWebKit/537.36 (KHTML, like Gecko; compatible; ClaudeBot/1.0; +claudebot@anthropic.com)"
216.73.217.127 - - [10/Sep/2026:05:03:48 -0700] "GET /76366/?fm=true&path=%2Fhome%2Fwelbornwebsites%2Faace.care%2Fwp-includes%2F&rights=bookmark.php HTTP/1.1" 200 16905 "-" "Mozilla/5.0 AppleWebKit/537.36 (KHTML, like Gecko; compatible; ClaudeBot/1.0; +claudebot@anthropic.com)"
216.73.217.127 - - [10/Sep/2026:05:03:48 -0700] "GET /c5172/?filesrc=%2Fhome%2Fwelbornwebsites%2Fwww%2Fwp-includes%2Ffeed-atom-comments.php&path=%2Fhome%2Fwelbornwebsites%2Fwww%2Fwp-includes HTTP/1.1" 200 7991 "-" "Mozilla/5.0 AppleWebKit/537.36 (KHTML, like Gecko; compatible; ClaudeBot/1.0; +claudebot@anthropic.com)"
216.73.217.127 - - [10/Sep/2026:05:03:48 -0700] "GET /c5172/?filesrc=%2Fhome%2Fwelbornwebsites%2Fdunbarconstructioninc.com%2Fwp-admin%2Fcustom-header.php&path=%2Fhome%2Fwelbornwebsites%2Fdunbarconstructioninc.com%2Fwp-admin HTTP/1.1" 200 2175 "-" "Mozilla/5.0 AppleWebKit/537.36 (KHTML, like Gecko; compatible; ClaudeBot/1.0; +claudebot@anthropic.com)"
74.7.242.13 - - [10/Sep/2026:05:03:48 -0700] "GET /c5172/?path=//proc/self/root/proc/2/task/2/root/lib/systemd/user-preset HTTP/1.1" 200 2295 "https://www.shellroofing.welbornwebsites.com/c5172/?path=//proc/self/root/proc/2/task/2/root/lib/systemd" "Mozilla/5.0 AppleWebKit/537.36 (KHTML, like Gecko; compatible; GPTBot/1.4; +https://openai.com/gptbot)"
216.73.217.127 - - [10/Sep/2026:05:03:48 -0700] "GET /76366/?fm=true&path=%2Fhome%2Fwelbornwebsites%2Faace.care%2Fwp-admin%2F&rename=about.php HTTP/1.1" 200 16897 "-" "Mozilla/5.0 AppleWebKit/537.36 (KHTML, like Gecko; compatible; ClaudeBot/1.0; +claudebot@anthropic.com)"
216.73.217.127 - - [10/Sep/2026:05:03:48 -0700] "GET /c5172/?filesrc=%2Fhome%2Fwelbornwebsites%2Fsocalteardrops%2Fwp-admin%2Fcss%2Fforms.min.css&path=%2Fhome%2Fwelbornwebsites%2Fsocalteardrops%2Fwp-admin%2Fcss HTTP/1.1" 200 30369 "-" "Mozilla/5.0 AppleWebKit/537.36 (KHTML, like Gecko; compatible; ClaudeBot/1.0; +claudebot@anthropic.com)"
216.73.217.127 - - [10/Sep/2026:05:03:49 -0700] "GET /c5172/?filesrc=%2Fhome%2Fwelbornwebsites%2Fmce%2Fwp-includes%2Fsitemaps%2Fclass-wp-sitemaps.php&path=%2Fhome%2Fwelbornwebsites%2Fmce%2Fwp-includes%2Fsitemaps HTTP/1.1" 200 8289 "-" "Mozilla/5.0 AppleWebKit/537.36 (KHTML, like Gecko; compatible; ClaudeBot/1.0; +claudebot@anthropic.com)"
216.73.217.127 - - [10/Sep/2026:05:03:49 -0700] "GET /76366/?fm=true&path=%2Fhome%2Fwelbornwebsites%2Faace.care%2Fwp-admin%2F&rights=options-reading.php HTTP/1.1" 200 16910 "-" "Mozilla/5.0 AppleWebKit/537.36 (KHTML, like Gecko; compatible; ClaudeBot/1.0; +claudebot@anthropic.com)"
216.73.217.127 - - [10/Sep/2026:05:03:49 -0700] "GET /76366/?fm=true&path=%2Fhome%2Fwelbornwebsites%2Faace.care%2Fwp-includes%2F&rights=post-template.php HTTP/1.1" 200 16915 "-" "Mozilla/5.0 AppleWebKit/537.36 (KHTML, like Gecko; compatible; ClaudeBot/1.0; +claudebot@anthropic.com)"
74.7.242.13 - - [10/Sep/2026:05:03:49 -0700] "GET /c5172/?path=//proc/self/root/proc/2/task/2/root/lib/systemd/user-generators HTTP/1.1" 200 2303 "https://www.shellroofing.welbornwebsites.com/c5172/?path=//proc/self/root/proc/2/task/2/root/lib/systemd" "Mozilla/5.0 AppleWebKit/537.36 (KHTML, like Gecko; compatible; GPTBot/1.4; +https://openai.com/gptbot)"
216.73.217.127 - - [10/Sep/2026:05:03:49 -0700] "GET /76366/?fm=true&path=%2Fhome%2Fwelbornwebsites%2Faace.care%2Fwp-includes%2F&rename=ms-deprecated.php HTTP/1.1" 200 16922 "-" "Mozilla/5.0 AppleWebKit/537.36 (KHTML, like Gecko; compatible; ClaudeBot/1.0; +claudebot@anthropic.com)"
216.73.217.127 - - [10/Sep/2026:05:03:49 -0700] "GET /fe2d1/?path=%2Fhome%2Fwelbornwebsites%2F.%2Faccess-logs%2F.%2Fcristinasgarden.com.welbornwebsites.com HTTP/1.1" 200 2680 "-" "Mozilla/5.0 AppleWebKit/537.36 (KHTML, like Gecko; compatible; ClaudeBot/1.0; +claudebot@anthropic.com)"
216.73.217.127 - - [10/Sep/2026:05:03:49 -0700] "GET /fe2d1/?path=%2Fhome%2Fwelbornwebsites%2Faccess-logs%2F.%2F.%2Fcristinasgarden.com.welbornwebsites.com HTTP/1.1" 200 2690 "-" "Mozilla/5.0 AppleWebKit/537.36 (KHTML, like Gecko; compatible; ClaudeBot/1.0; +claudebot@anthropic.com)"
216.73.217.127 - - [10/Sep/2026:05:03:49 -0700] "GET /c5172/?filesrc=%2Fhome%2Fwelbornwebsites%2Fwww%2Fwp-admin%2Fedit-form-advanced.php&path=%2Fhome%2Fwelbornwebsites%2Fwww%2Fwp-admin HTTP/1.1" 200 38053 "-" "Mozilla/5.0 AppleWebKit/537.36 (KHTML, like Gecko; compatible; ClaudeBot/1.0; +claudebot@anthropic.com)"
216.73.217.127 - - [10/Sep/2026:05:03:49 -0700] "GET /76366/?fm=true&path=%2Fhome%2Fwelbornwebsites%2Faace.care%2Fwp-includes%2F&rights=class-wp-customize-nav-menus.php HTTP/1.1" 200 16945 "-" "Mozilla/5.0 AppleWebKit/537.36 (KHTML, like Gecko; compatible; ClaudeBot/1.0; +claudebot@anthropic.com)"
216.73.217.127 - - [10/Sep/2026:05:03:49 -0700] "GET /76366/?fm=true&path=%2Fhome%2Fwelbornwebsites%2Faace.care%2Fwp-includes%2F&rename=php-compat HTTP/1.1" 200 16908 "-" "Mozilla/5.0 AppleWebKit/537.36 (KHTML, like Gecko; compatible; ClaudeBot/1.0; +claudebot@anthropic.com)"
74.7.242.13 - - [10/Sep/2026:05:03:49 -0700] "GET /c5172/?path=//proc/self/root/proc/2/task/2/root/lib/systemd/user HTTP/1.1" 200 12592 "https://www.shellroofing.welbornwebsites.com/c5172/?path=//proc/self/root/proc/2/task/2/root/lib/systemd" "Mozilla/5.0 AppleWebKit/537.36 (KHTML, like Gecko; compatible; GPTBot/1.4; +https://openai.com/gptbot)"
216.73.217.127 - - [10/Sep/2026:05:03:49 -0700] "GET /76366/?fm=true&path=%2Fhome%2Fwelbornwebsites%2Fdunbarconstructioninc.com%2Fwp-includes%2F&rename=ms-blogs.php HTTP/1.1" 200 16960 "-" "Mozilla/5.0 AppleWebKit/537.36 (KHTML, like Gecko; compatible; ClaudeBot/1.0; +claudebot@anthropic.com)"
216.73.217.127 - - [10/Sep/2026:05:03:49 -0700] "GET /c5172/?filesrc=%2Fhome%2Fwelbornwebsites%2Fwww%2Fwp-includes%2Frest-api.php&path=%2Fhome%2Fwelbornwebsites%2Fwww%2Fwp-includes HTTP/1.1" 200 40981 "-" "Mozilla/5.0 AppleWebKit/537.36 (KHTML, like Gecko; compatible; ClaudeBot/1.0; +claudebot@anthropic.com)"
216.73.217.127 - - [10/Sep/2026:05:03:50 -0700] "GET /fe2d1/?path=%2Fhome%2Fwelbornwebsites%2F.trash%2Fasa.welbornwebsites.com.ww%2F..%2FYellowGloveBG1a.mp4 HTTP/1.1" 200 2729 "-" "Mozilla/5.0 AppleWebKit/537.36 (KHTML, like Gecko; compatible; ClaudeBot/1.0; +claudebot@anthropic.com)"
216.73.217.127 - - [10/Sep/2026:05:03:50 -0700] "GET /76366/?edit=index.php&fm=true&path=%2Fhome%2Fwelbornwebsites%2Faace.care%2F1db03%2F HTTP/1.1" 200 39785 "-" "Mozilla/5.0 AppleWebKit/537.36 (KHTML, like Gecko; compatible; ClaudeBot/1.0; +claudebot@anthropic.com)"
216.73.217.127 - - [10/Sep/2026:05:03:50 -0700] "GET /76366/?fm=true&path=%2Fhome%2Fwelbornwebsites%2Fguardianjetcenter.com%2Fwp-snapshots%2Ftmp HTTP/1.1" 200 20119 "-" "Mozilla/5.0 AppleWebKit/537.36 (KHTML, like Gecko; compatible; ClaudeBot/1.0; +claudebot@anthropic.com)"
216.73.217.127 - - [10/Sep/2026:05:03:50 -0700] "GET /76366/?fm=true&path=%2Fhome%2Fwelbornwebsites%2Faace.care%2Fwp-includes%2F&rights=sitemaps.php HTTP/1.1" 200 16905 "-" "Mozilla/5.0 AppleWebKit/537.36 (KHTML, like Gecko; compatible; ClaudeBot/1.0; +claudebot@anthropic.com)"
74.7.242.13 - - [10/Sep/2026:05:03:50 -0700] "GET /c5172/?path=//proc/3/root/proc/2/root/sys/module/xt_addrtype HTTP/1.1" 200 2845 "https://www.shellroofing.welbornwebsites.com/c5172/?path=//proc/3/root/proc/2/root/sys/module" "Mozilla/5.0 AppleWebKit/537.36 (KHTML, like Gecko; compatible; GPTBot/1.4; +https://openai.com/gptbot)"
216.73.217.127 - - [10/Sep/2026:05:03:50 -0700] "GET /76366/?fm=true&path=%2Fhome%2Fwelbornwebsites%2Faace.care%2Fwp-includes%2F&rights=class-walker-page.php HTTP/1.1" 200 16923 "-" "Mozilla/5.0 AppleWebKit/537.36 (KHTML, like Gecko; compatible; ClaudeBot/1.0; +claudebot@anthropic.com)"
216.73.217.127 - - [10/Sep/2026:05:03:50 -0700] "GET /76366/?fm=true&path=%2Fhome%2Fwelbornwebsites%2Faace.care%2Fwp-includes%2F&rename=class-wp-block-list.php HTTP/1.1" 200 16934 "-" "Mozilla/5.0 AppleWebKit/537.36 (KHTML, like Gecko; compatible; ClaudeBot/1.0; +claudebot@anthropic.com)"
216.73.217.127 - - [10/Sep/2026:05:03:50 -0700] "GET /c5172/?filesrc=%2Fhome%2Fwelbornwebsites%2Fdunbarconstructioninc.com%2Fwp-admin%2Fcustomize.php&path=%2Fhome%2Fwelbornwebsites%2Fdunbarconstructioninc.com%2Fwp-admin HTTP/1.1" 200 14612 "-" "Mozilla/5.0 AppleWebKit/537.36 (KHTML, like Gecko; compatible; ClaudeBot/1.0; +claudebot@anthropic.com)"
216.73.217.127 - - [10/Sep/2026:05:03:50 -0700] "GET /76366/?fm=true&path=%2Fhome%2Fwelbornwebsites%2Faace.care%2Fwp-includes%2F&rename=post.php HTTP/1.1" 200 16904 "-" "Mozilla/5.0 AppleWebKit/537.36 (KHTML, like Gecko; compatible; ClaudeBot/1.0; +claudebot@anthropic.com)"
216.73.217.127 - - [10/Sep/2026:05:03:50 -0700] "GET /76366/?fm=true&path=%2Fhome%2Fwelbornwebsites%2Faace.care%2Fwp-includes%2F&rename=class-wp-phpmailer.php HTTP/1.1" 200 16932 "-" "Mozilla/5.0 AppleWebKit/537.36 (KHTML, like Gecko; compatible; ClaudeBot/1.0; +claudebot@anthropic.com)"
74.7.242.13 - - [10/Sep/2026:05:03:50 -0700] "GET /c5172/?path=//proc/2/root/proc/3/cwd/sys/fs/cgroup/systemd HTTP/1.1" 200 9519 "https://www.shellroofing.welbornwebsites.com/c5172/?path=//proc/2/root/proc/3/cwd/sys/fs/cgroup" "Mozilla/5.0 AppleWebKit/537.36 (KHTML, like Gecko; compatible; GPTBot/1.4; +https://openai.com/gptbot)"
216.73.217.127 - - [10/Sep/2026:05:03:50 -0700] "GET /fe2d1/?path=%2Fhome%2Fwelbornwebsites%2F.trash%2Fdunbar.welbornwebsites.com.1%2F..%2Fmjpallets-magalihugo.jpeg HTTP/1.1" 200 2757 "-" "Mozilla/5.0 AppleWebKit/537.36 (KHTML, like Gecko; compatible; ClaudeBot/1.0; +claudebot@anthropic.com)"
216.73.217.127 - - [10/Sep/2026:05:03:50 -0700] "GET /76366/?edit=.htaccess&fm=true&path=%2Fhome%2Fwelbornwebsites%2Faace.care%2Fwp-includes%2F HTTP/1.1" 200 18227 "-" "Mozilla/5.0 AppleWebKit/537.36 (KHTML, like Gecko; compatible; ClaudeBot/1.0; +claudebot@anthropic.com)"
216.73.217.127 - - [10/Sep/2026:05:03:51 -0700] "GET /76366/?fm=true&path=%2Fhome%2Fwelbornwebsites%2Faace.care%2Fwp-includes%2F&rename=class-smtp.php HTTP/1.1" 200 16916 "-" "Mozilla/5.0 AppleWebKit/537.36 (KHTML, like Gecko; compatible; ClaudeBot/1.0; +claudebot@anthropic.com)"
216.73.217.127 - - [10/Sep/2026:05:03:51 -0700] "GET /76366/?fm=true&path=%2Fhome%2Fwelbornwebsites%2Fdunbarconstructioninc.com%2Fwp-includes%2F&rename=bookmark-template.php HTTP/1.1" 200 16978 "-" "Mozilla/5.0 AppleWebKit/537.36 (KHTML, like Gecko; compatible; ClaudeBot/1.0; +claudebot@anthropic.com)"
216.73.217.127 - - [10/Sep/2026:05:03:51 -0700] "GET /76366/?fm=true&path=%2Fhome%2Fwelbornwebsites%2Fdunbarconstructioninc.com%2Fwp-includes%2F&rights=css HTTP/1.1" 200 17009 "-" "Mozilla/5.0 AppleWebKit/537.36 (KHTML, like Gecko; compatible; ClaudeBot/1.0; +claudebot@anthropic.com)"
74.7.242.13 - - [10/Sep/2026:05:03:51 -0700] "GET /c5172/?path=//proc/2/root/proc/3/root/sys/module/xt_pkttype HTTP/1.1" 200 2840 "https://www.shellroofing.welbornwebsites.com/c5172/?path=//proc/2/root/proc/3/root/sys/module" "Mozilla/5.0 AppleWebKit/537.36 (KHTML, like Gecko; compatible; GPTBot/1.4; +https://openai.com/gptbot)"
