64.118.150.175 - - [09/Sep/2026:22:48:20 -0700] "GET /wp-content/plugins/wpforms-lite/assets/css/wpforms-base.min.css?ver=1.7.9.1 HTTP/1.1" 200 31272 "https://sctd.welbornwebsites.com/" "Mozilla/5.0 (Windows NT 10.0; Win64; x64) AppleWebKit/537.36 (KHTML, like Gecko) Chrome/152.0.0.0 Safari/537.36"
64.118.150.175 - - [09/Sep/2026:22:48:21 -0700] "GET /wp-includes/js/jquery/jquery.min.js?ver=3.7.1 HTTP/1.1" 200 87553 "https://sctd.welbornwebsites.com/" "Mozilla/5.0 (Windows NT 10.0; Win64; x64) AppleWebKit/537.36 (KHTML, like Gecko) Chrome/152.0.0.0 Safari/537.36"
64.118.150.175 - - [09/Sep/2026:22:48:21 -0700] "GET /wp-includes/js/jquery/jquery-migrate.min.js?ver=3.4.1 HTTP/1.1" 200 13577 "https://sctd.welbornwebsites.com/" "Mozilla/5.0 (Windows NT 10.0; Win64; x64) AppleWebKit/537.36 (KHTML, like Gecko) Chrome/152.0.0.0 Safari/537.36"
64.118.150.175 - - [09/Sep/2026:22:48:21 -0700] "GET /wp-content/uploads/2022/12/socalteardrops_777_ondark.png HTTP/1.1" 200 22241 "https://sctd.welbornwebsites.com/" "Mozilla/5.0 (Windows NT 10.0; Win64; x64) AppleWebKit/537.36 (KHTML, like Gecko) Chrome/152.0.0.0 Safari/537.36"
64.118.150.175 - - [09/Sep/2026:22:48:21 -0700] "GET /wp-content/uploads/2022/12/cropped-socalteardrops_778SQ.png HTTP/1.1" 200 29162 "https://sctd.welbornwebsites.com/" "Mozilla/5.0 (Windows NT 10.0; Win64; x64) AppleWebKit/537.36 (KHTML, like Gecko) Chrome/152.0.0.0 Safari/537.36"
64.118.150.175 - - [09/Sep/2026:22:48:21 -0700] "GET /wp-content/plugins/woocommerce/assets/js/jquery-blockui/jquery.blockUI.min.js?ver=2.7.0-wc.7.3.0 HTTP/1.1" 200 9505 "https://sctd.welbornwebsites.com/" "Mozilla/5.0 (Windows NT 10.0; Win64; x64) AppleWebKit/537.36 (KHTML, like Gecko) Chrome/152.0.0.0 Safari/537.36"
64.118.150.175 - - [09/Sep/2026:22:48:21 -0700] "GET /wp-content/plugins/woocommerce/assets/js/frontend/add-to-cart.min.js?ver=7.3.0 HTTP/1.1" 200 3029 "https://sctd.welbornwebsites.com/" "Mozilla/5.0 (Windows NT 10.0; Win64; x64) AppleWebKit/537.36 (KHTML, like Gecko) Chrome/152.0.0.0 Safari/537.36"
64.118.150.175 - - [09/Sep/2026:22:48:21 -0700] "GET /wp-content/uploads/2023/01/119944514_1525522854317434_2109672359713205583_o.jpg HTTP/1.1" 200 1176199 "https://sctd.welbornwebsites.com/" "Mozilla/5.0 (Windows NT 10.0; Win64; x64) AppleWebKit/537.36 (KHTML, like Gecko) Chrome/152.0.0.0 Safari/537.36"
64.118.150.175 - - [09/Sep/2026:22:48:21 -0700] "GET /wp-content/uploads/2023/01/PXL_20210808_165630299-scaled.jpg HTTP/1.1" 200 1380650 "https://sctd.welbornwebsites.com/" "Mozilla/5.0 (Windows NT 10.0; Win64; x64) AppleWebKit/537.36 (KHTML, like Gecko) Chrome/152.0.0.0 Safari/537.36"
64.118.150.175 - - [09/Sep/2026:22:48:21 -0700] "GET /wp-content/plugins/woocommerce/assets/js/js-cookie/js.cookie.min.js?ver=2.1.4-wc.7.3.0 HTTP/1.1" 200 1834 "https://sctd.welbornwebsites.com/" "Mozilla/5.0 (Windows NT 10.0; Win64; x64) AppleWebKit/537.36 (KHTML, like Gecko) Chrome/152.0.0.0 Safari/537.36"
64.118.150.175 - - [09/Sep/2026:22:48:22 -0700] "GET /wp-content/plugins/woocommerce/assets/js/frontend/cart-fragments.min.js?ver=7.3.0 HTTP/1.1" 200 2938 "https://sctd.welbornwebsites.com/" "Mozilla/5.0 (Windows NT 10.0; Win64; x64) AppleWebKit/537.36 (KHTML, like Gecko) Chrome/152.0.0.0 Safari/537.36"
64.118.150.175 - - [09/Sep/2026:22:48:22 -0700] "GET /wp-content/plugins/woocommerce/assets/js/frontend/woocommerce.min.js?ver=7.3.0 HTTP/1.1" 200 2139 "https://sctd.welbornwebsites.com/" "Mozilla/5.0 (Windows NT 10.0; Win64; x64) AppleWebKit/537.36 (KHTML, like Gecko) Chrome/152.0.0.0 Safari/537.36"
64.118.150.175 - - [09/Sep/2026:22:48:22 -0700] "GET /wp-content/plugins/easy-fancybox/fancybox/1.5.4/jquery.fancybox.min.js?ver=6.9.7 HTTP/1.1" 200 17738 "https://sctd.welbornwebsites.com/" "Mozilla/5.0 (Windows NT 10.0; Win64; x64) AppleWebKit/537.36 (KHTML, like Gecko) Chrome/152.0.0.0 Safari/537.36"
64.118.150.175 - - [09/Sep/2026:22:48:22 -0700] "GET /wp-content/plugins/easy-fancybox/vendor/jquery.easing.min.js?ver=1.4.1 HTTP/1.1" 200 2302 "https://sctd.welbornwebsites.com/" "Mozilla/5.0 (Windows NT 10.0; Win64; x64) AppleWebKit/537.36 (KHTML, like Gecko) Chrome/152.0.0.0 Safari/537.36"
64.118.150.175 - - [09/Sep/2026:22:48:22 -0700] "GET /wp-content/plugins/easy-fancybox/vendor/jquery.mousewheel.min.js?ver=3.1.13 HTTP/1.1" 200 2609 "https://sctd.welbornwebsites.com/" "Mozilla/5.0 (Windows NT 10.0; Win64; x64) AppleWebKit/537.36 (KHTML, like Gecko) Chrome/152.0.0.0 Safari/537.36"
64.118.150.175 - - [09/Sep/2026:22:48:22 -0700] "GET /wp-content/themes/blocksy/static/bundle/main.js?ver=1.8.62 HTTP/1.1" 200 32973 "https://sctd.welbornwebsites.com/" "Mozilla/5.0 (Windows NT 10.0; Win64; x64) AppleWebKit/537.36 (KHTML, like Gecko) Chrome/152.0.0.0 Safari/537.36"
64.118.150.175 - - [09/Sep/2026:22:48:22 -0700] "GET /wp-content/plugins/wpforms-lite/assets/lib/jquery.validate.min.js?ver=1.19.5 HTTP/1.1" 200 24602 "https://sctd.welbornwebsites.com/" "Mozilla/5.0 (Windows NT 10.0; Win64; x64) AppleWebKit/537.36 (KHTML, like Gecko) Chrome/152.0.0.0 Safari/537.36"
64.118.150.175 - - [09/Sep/2026:22:48:22 -0700] "GET /wp-content/plugins/wpforms-lite/assets/lib/mailcheck.min.js?ver=1.1.2 HTTP/1.1" 200 4014 "https://sctd.welbornwebsites.com/" "Mozilla/5.0 (Windows NT 10.0; Win64; x64) AppleWebKit/537.36 (KHTML, like Gecko) Chrome/152.0.0.0 Safari/537.36"
64.118.150.175 - - [09/Sep/2026:22:48:22 -0700] "GET /wp-content/plugins/wpforms-lite/assets/lib/punycode.min.js?ver=1.0.0 HTTP/1.1" 200 1713 "https://sctd.welbornwebsites.com/" "Mozilla/5.0 (Windows NT 10.0; Win64; x64) AppleWebKit/537.36 (KHTML, like Gecko) Chrome/152.0.0.0 Safari/537.36"
64.118.150.175 - - [09/Sep/2026:22:48:22 -0700] "GET /wp-content/plugins/wpforms-lite/assets/js/utils.min.js?ver=1.7.9.1 HTTP/1.1" 200 174 "https://sctd.welbornwebsites.com/" "Mozilla/5.0 (Windows NT 10.0; Win64; x64) AppleWebKit/537.36 (KHTML, like Gecko) Chrome/152.0.0.0 Safari/537.36"
64.118.150.175 - - [09/Sep/2026:22:48:22 -0700] "GET /wp-content/plugins/wpforms-lite/assets/js/wpforms.min.js?ver=1.7.9.1 HTTP/1.1" 200 32954 "https://sctd.welbornwebsites.com/" "Mozilla/5.0 (Windows NT 10.0; Win64; x64) AppleWebKit/537.36 (KHTML, like Gecko) Chrome/152.0.0.0 Safari/537.36"
64.118.150.175 - - [09/Sep/2026:22:48:23 -0700] "GET /wp-content/uploads/2023/01/PXL_20201215_215555371-2048x1536.jpg HTTP/1.1" 200 933520 "https://sctd.welbornwebsites.com/" "Mozilla/5.0 (Windows NT 10.0; Win64; x64) AppleWebKit/537.36 (KHTML, like Gecko) Chrome/152.0.0.0 Safari/537.36"
144.208.65.39 - - [09/Sep/2026:22:48:23 -0700] "POST /wp-cron.php?doing_wp_cron=1789019303.4470179080963134765625 HTTP/1.1" 200 - "-" "WordPress/6.9.7; https://sctd.welbornwebsites.com"
64.118.150.175 - - [09/Sep/2026:22:48:23 -0700] "POST /?wc-ajax=get_refreshed_fragments HTTP/1.1" 200 689 "https://sctd.welbornwebsites.com/" "Mozilla/5.0 (Windows NT 10.0; Win64; x64) AppleWebKit/537.36 (KHTML, like Gecko) Chrome/152.0.0.0 Safari/537.36"
64.118.150.175 - - [09/Sep/2026:22:48:23 -0700] "GET /wp-content/uploads/2023/01/socal-teardrops.png HTTP/1.1" 200 15970499 "https://sctd.welbornwebsites.com/" "Mozilla/5.0 (Windows NT 10.0; Win64; x64) AppleWebKit/537.36 (KHTML, like Gecko) Chrome/152.0.0.0 Safari/537.36"
64.118.150.175 - - [09/Sep/2026:22:48:24 -0700] "GET /wp-content/themes/blocksy/static/fonts/woo.woff2 HTTP/1.1" 200 2760 "https://sctd.welbornwebsites.com/wp-content/themes/blocksy/static/bundle/woocommerce.min.css?ver=1.8.62" "Mozilla/5.0 (Windows NT 10.0; Win64; x64) AppleWebKit/537.36 (KHTML, like Gecko) Chrome/152.0.0.0 Safari/537.36"
64.118.150.175 - - [09/Sep/2026:22:48:24 -0700] "GET /wp-content/themes/blocksy/static/bundle/142.52ae544efaeaa302199b.js HTTP/1.1" 200 5632 "https://sctd.welbornwebsites.com/" "Mozilla/5.0 (Windows NT 10.0; Win64; x64) AppleWebKit/537.36 (KHTML, like Gecko) Chrome/152.0.0.0 Safari/537.36"
64.118.150.175 - - [09/Sep/2026:22:48:24 -0700] "GET /wp-content/uploads/2023/03/So-Cal-Teardrop-Galley-blur.png HTTP/1.1" 200 3773087 "https://sctd.welbornwebsites.com/" "Mozilla/5.0 (Windows NT 10.0; Win64; x64) AppleWebKit/537.36 (KHTML, like Gecko) Chrome/152.0.0.0 Safari/537.36"
64.118.150.175 - - [09/Sep/2026:22:48:29 -0700] "GET /wp-content/uploads/2022/12/cropped-socalteardrops_778SQ-1-32x32.png HTTP/1.1" 200 739 "https://sctd.welbornwebsites.com/" "Mozilla/5.0 (Windows NT 10.0; Win64; x64) AppleWebKit/537.36 (KHTML, like Gecko) Chrome/152.0.0.0 Safari/537.36"
64.118.150.175 - - [09/Sep/2026:22:52:26 -0700] "GET /wp-content/themes/blocksy/static/bundle/non-critical-styles.min.css HTTP/1.1" 200 6028 "https://sctd.welbornwebsites.com/" "Mozilla/5.0 (Windows NT 10.0; Win64; x64) AppleWebKit/537.36 (KHTML, like Gecko) Chrome/152.0.0.0 Safari/537.36"
64.118.150.175 - - [09/Sep/2026:22:52:26 -0700] "GET /wp-content/uploads/2023/01/PXL_20201222_170227199-768x576.jpg HTTP/1.1" 200 64526 "https://sctd.welbornwebsites.com/" "Mozilla/5.0 (Windows NT 10.0; Win64; x64) AppleWebKit/537.36 (KHTML, like Gecko) Chrome/152.0.0.0 Safari/537.36"
64.118.150.175 - - [09/Sep/2026:22:52:26 -0700] "GET /wp-content/uploads/2023/03/t-410-rover-600x503.png HTTP/1.1" 200 122783 "https://sctd.welbornwebsites.com/" "Mozilla/5.0 (Windows NT 10.0; Win64; x64) AppleWebKit/537.36 (KHTML, like Gecko) Chrome/152.0.0.0 Safari/537.36"
64.118.150.175 - - [09/Sep/2026:22:52:26 -0700] "GET /wp-content/uploads/2023/03/4-409-buzzon-600x503.png HTTP/1.1" 200 183954 "https://sctd.welbornwebsites.com/" "Mozilla/5.0 (Windows NT 10.0; Win64; x64) AppleWebKit/537.36 (KHTML, like Gecko) Chrome/152.0.0.0 Safari/537.36"
64.118.150.175 - - [09/Sep/2026:22:52:26 -0700] "GET /wp-content/uploads/2023/03/t-459-krawler-600x503.png HTTP/1.1" 200 166393 "https://sctd.welbornwebsites.com/" "Mozilla/5.0 (Windows NT 10.0; Win64; x64) AppleWebKit/537.36 (KHTML, like Gecko) Chrome/152.0.0.0 Safari/537.36"
64.118.150.175 - - [09/Sep/2026:22:52:26 -0700] "GET /wp-content/uploads/2023/03/t-509-sierra-600x503.png HTTP/1.1" 200 204656 "https://sctd.welbornwebsites.com/" "Mozilla/5.0 (Windows NT 10.0; Win64; x64) AppleWebKit/537.36 (KHTML, like Gecko) Chrome/152.0.0.0 Safari/537.36"
64.118.150.175 - - [09/Sep/2026:22:52:26 -0700] "GET /wp-content/uploads/2023/03/t-510-borrego-600x503.png HTTP/1.1" 200 219355 "https://sctd.welbornwebsites.com/" "Mozilla/5.0 (Windows NT 10.0; Win64; x64) AppleWebKit/537.36 (KHTML, like Gecko) Chrome/152.0.0.0 Safari/537.36"
64.118.150.175 - - [09/Sep/2026:22:52:27 -0700] "GET /wp-content/uploads/2023/03/t-511-cal-deluxe-600x503.png HTTP/1.1" 200 279616 "https://sctd.welbornwebsites.com/" "Mozilla/5.0 (Windows NT 10.0; Win64; x64) AppleWebKit/537.36 (KHTML, like Gecko) Chrome/152.0.0.0 Safari/537.36"
109.107.186.106 - - [09/Sep/2026:23:06:50 -0700] "POST /b6c8c1223077.php HTTP/1.1" 200 16 "-" "Mozilla/5.0 (Windows NT 5.1; rv:46.0) Gecko/20100101 Firefox/46.0"
109.107.186.106 - - [09/Sep/2026:23:06:50 -0700] "POST /b6c8c1223077.php HTTP/1.1" 200 9 "https://sctd.welbornwebsites.com/b6c8c1223077.php" "Mozilla/5.0 (Windows NT 5.1; rv:46.0) Gecko/20100101 Firefox/46.0"
109.107.186.106 - - [09/Sep/2026:23:06:51 -0700] "GET /d3f95b2236index.php HTTP/1.1" 200 34173 "https://sctd.welbornwebsites.com/b6c8c1223077.php" "Mozilla/5.0 (Windows NT 5.1; rv:46.0) Gecko/20100101 Firefox/46.0"
109.107.186.106 - - [09/Sep/2026:23:06:51 -0700] "GET /d3f95b2236index.php HTTP/1.1" 200 34173 "https://sctd.welbornwebsites.com/d3f95b2236index.php" "Mozilla/5.0 (Windows NT 5.1; rv:46.0) Gecko/20100101 Firefox/46.0"
109.107.186.106 - - [09/Sep/2026:23:06:53 -0700] "GET /d3f95b2236index.php HTTP/1.1" 200 34173 "https://sctd.welbornwebsites.com/d3f95b2236index.php" "Mozilla/5.0 (Windows NT 5.1; rv:46.0) Gecko/20100101 Firefox/46.0"
92.255.209.234 - - [09/Sep/2026:23:10:09 -0700] "POST /b6c8c1223077.php HTTP/1.1" 200 16 "-" "Mozilla/5.0 (Windows NT 5.1; WOW64; rv:49.0) Gecko/20100101 Firefox/49.0"
92.255.209.234 - - [09/Sep/2026:23:10:09 -0700] "POST /b6c8c1223077.php HTTP/1.1" 200 9 "https://sctd.welbornwebsites.com/b6c8c1223077.php" "Mozilla/5.0 (Windows NT 5.1; WOW64; rv:49.0) Gecko/20100101 Firefox/49.0"
92.255.209.234 - - [09/Sep/2026:23:10:10 -0700] "GET /06a8d2f677index.php HTTP/1.1" 200 36246 "https://sctd.welbornwebsites.com/b6c8c1223077.php" "Mozilla/5.0 (Windows NT 5.1; WOW64; rv:49.0) Gecko/20100101 Firefox/49.0"
92.255.209.234 - - [09/Sep/2026:23:10:10 -0700] "GET /06a8d2f677index.php HTTP/1.1" 200 36246 "https://sctd.welbornwebsites.com/06a8d2f677index.php" "Mozilla/5.0 (Windows NT 5.1; WOW64; rv:49.0) Gecko/20100101 Firefox/49.0"
92.255.209.234 - - [09/Sep/2026:23:10:11 -0700] "GET /06a8d2f677index.php HTTP/1.1" 200 36246 "https://sctd.welbornwebsites.com/06a8d2f677index.php" "Mozilla/5.0 (Windows NT 5.1; WOW64; rv:49.0) Gecko/20100101 Firefox/49.0"
64.118.150.175 - - [09/Sep/2026:23:21:46 -0700] "GET /2032b/index.php HTTP/1.1" 200 5990 "-" "Mozilla/5.0 (Windows NT 10.0; Win64; x64) AppleWebKit/537.36 (KHTML, like Gecko) Chrome/152.0.0.0 Safari/537.36"
144.208.65.39 - - [09/Sep/2026:23:21:50 -0700] "POST /wp-cron.php?doing_wp_cron=1789021310.6249289512634277343750 HTTP/1.1" 200 - "-" "WordPress/6.9.7; https://sctd.welbornwebsites.com"
64.118.150.175 - - [09/Sep/2026:23:21:49 -0700] "GET /favicon.ico HTTP/1.1" 302 - "https://sctd.welbornwebsites.com/2032b/index.php" "Mozilla/5.0 (Windows NT 10.0; Win64; x64) AppleWebKit/537.36 (KHTML, like Gecko) Chrome/152.0.0.0 Safari/537.36"
64.118.150.175 - - [09/Sep/2026:23:21:50 -0700] "GET /wp-content/uploads/2022/12/cropped-socalteardrops_778SQ-1-32x32.png HTTP/1.1" 200 739 "https://sctd.welbornwebsites.com/2032b/index.php" "Mozilla/5.0 (Windows NT 10.0; Win64; x64) AppleWebKit/537.36 (KHTML, like Gecko) Chrome/152.0.0.0 Safari/537.36"
64.118.150.175 - - [09/Sep/2026:23:23:32 -0700] "GET /2032b/index.php?path=/home/welbornwebsites/socalteardrops HTTP/1.1" 200 45312 "https://sctd.welbornwebsites.com/2032b/index.php" "Mozilla/5.0 (Windows NT 10.0; Win64; x64) AppleWebKit/537.36 (KHTML, like Gecko) Chrome/152.0.0.0 Safari/537.36"
144.208.65.39 - - [09/Sep/2026:23:25:10 -0700] "POST /wp-cron.php?doing_wp_cron=1789021510.8925080299377441406250 HTTP/1.1" 200 - "-" "WordPress/6.9.7; https://sctd.welbornwebsites.com"
205.210.31.68 - - [09/Sep/2026:23:25:10 -0700] "GET /?rest_route=/wp/v2/users HTTP/1.1" 200 1394 "-" "Hello from Palo Alto Networks, find out more about our scans in https://docs-cortex.paloaltonetworks.com/r/1/Cortex-Xpanse/Scanning-activity"
64.118.150.175 - - [09/Sep/2026:23:26:36 -0700] "POST /2032b/index.php?path=/home/welbornwebsites/socalteardrops HTTP/1.1" 200 45437 "https://sctd.welbornwebsites.com/2032b/index.php?path=/home/welbornwebsites/socalteardrops" "Mozilla/5.0 (Windows NT 10.0; Win64; x64) AppleWebKit/537.36 (KHTML, like Gecko) Chrome/152.0.0.0 Safari/537.36"
64.118.150.175 - - [09/Sep/2026:23:26:37 -0700] "GET /2032b/index.php?path=/home/welbornwebsites/socalteardrops HTTP/1.1" 200 46304 "https://sctd.welbornwebsites.com/2032b/index.php?path=/home/welbornwebsites/socalteardrops" "Mozilla/5.0 (Windows NT 10.0; Win64; x64) AppleWebKit/537.36 (KHTML, like Gecko) Chrome/152.0.0.0 Safari/537.36"
64.118.150.175 - - [09/Sep/2026:23:26:46 -0700] "POST /2032b/index.php?path=/home/welbornwebsites/socalteardrops HTTP/1.1" 200 46429 "https://sctd.welbornwebsites.com/2032b/index.php?path=/home/welbornwebsites/socalteardrops" "Mozilla/5.0 (Windows NT 10.0; Win64; x64) AppleWebKit/537.36 (KHTML, like Gecko) Chrome/152.0.0.0 Safari/537.36"
64.118.150.175 - - [09/Sep/2026:23:26:47 -0700] "GET /2032b/index.php?path=/home/welbornwebsites/socalteardrops HTTP/1.1" 200 46304 "https://sctd.welbornwebsites.com/2032b/index.php?path=/home/welbornwebsites/socalteardrops" "Mozilla/5.0 (Windows NT 10.0; Win64; x64) AppleWebKit/537.36 (KHTML, like Gecko) Chrome/152.0.0.0 Safari/537.36"
144.208.65.39 - - [09/Sep/2026:23:26:50 -0700] "POST /wp-cron.php?doing_wp_cron=1789021610.1197769641876220703125 HTTP/1.1" 200 - "-" "WordPress/6.9.7; https://sctd.welbornwebsites.com"
205.210.31.2 - - [09/Sep/2026:23:26:49 -0700] "GET /xmlrpc.php HTTP/1.1" 405 42 "-" "Hello from Palo Alto Networks, find out more about our scans in https://docs-cortex.paloaltonetworks.com/r/1/Cortex-Xpanse/Scanning-activity"
109.107.178.102 - - [09/Sep/2026:23:26:58 -0700] "POST /b6c8c1223077.php HTTP/1.1" 200 16 "-" "Mozilla/5.0 (Windows NT 10.0) AppleWebKit/537.36 (KHTML, like Gecko) Chrome/49.0.2648.47 Safari/537.36"
109.107.178.102 - - [09/Sep/2026:23:26:59 -0700] "POST /b6c8c1223077.php HTTP/1.1" 200 9 "https://sctd.welbornwebsites.com/b6c8c1223077.php" "Mozilla/5.0 (Windows NT 10.0) AppleWebKit/537.36 (KHTML, like Gecko) Chrome/49.0.2648.47 Safari/537.36"
109.107.178.102 - - [09/Sep/2026:23:26:59 -0700] "GET /06a8d2f677index.php HTTP/1.1" 200 36902 "https://sctd.welbornwebsites.com/b6c8c1223077.php" "Mozilla/5.0 (Windows NT 10.0) AppleWebKit/537.36 (KHTML, like Gecko) Chrome/49.0.2648.47 Safari/537.36"
109.107.178.102 - - [09/Sep/2026:23:27:02 -0700] "GET /06a8d2f677index.php HTTP/1.1" 200 36902 "https://sctd.welbornwebsites.com/06a8d2f677index.php" "Mozilla/5.0 (Windows NT 10.0) AppleWebKit/537.36 (KHTML, like Gecko) Chrome/49.0.2648.47 Safari/537.36"
64.118.150.175 - - [09/Sep/2026:23:27:07 -0700] "GET /class.php HTTP/1.1" 200 138 "-" "Mozilla/5.0 (Windows NT 10.0; Win64; x64) AppleWebKit/537.36 (KHTML, like Gecko) Chrome/152.0.0.0 Safari/537.36"
144.208.65.39 - - [09/Sep/2026:23:27:41 -0700] "POST /wp-cron.php?doing_wp_cron=1789021661.7003118991851806640625 HTTP/1.1" 200 - "-" "WordPress/6.9.7; https://sctd.welbornwebsites.com"
205.210.31.203 - - [09/Sep/2026:23:27:40 -0700] "GET /wp-json/ HTTP/1.1" 200 1091652 "-" "Hello from Palo Alto Networks, find out more about our scans in https://docs-cortex.paloaltonetworks.com/r/1/Cortex-Xpanse/Scanning-activity"
109.107.178.102 - - [09/Sep/2026:23:28:26 -0700] "GET /06a8d2f677index.php HTTP/1.1" 200 36902 "https://sctd.welbornwebsites.com/06a8d2f677index.php" "Mozilla/5.0 (Windows NT 10.0) AppleWebKit/537.36 (KHTML, like Gecko) Chrome/49.0.2648.47 Safari/537.36"
64.118.150.175 - - [09/Sep/2026:23:29:05 -0700] "GET /class.php HTTP/1.1" 200 138 "-" "Mozilla/5.0 (Windows NT 10.0; Win64; x64) AppleWebKit/537.36 (KHTML, like Gecko) Chrome/152.0.0.0 Safari/537.36"
64.118.150.175 - - [09/Sep/2026:23:29:57 -0700] "POST /class.php HTTP/1.1" 200 32469 "https://sctd.welbornwebsites.com/class.php" "Mozilla/5.0 (Windows NT 10.0; Win64; x64) AppleWebKit/537.36 (KHTML, like Gecko) Chrome/152.0.0.0 Safari/537.36"
144.208.65.39 - - [09/Sep/2026:23:41:09 -0700] "POST /wp-cron.php?doing_wp_cron=1789022469.4777750968933105468750 HTTP/1.1" 200 - "-" "WordPress/6.9.7; https://sctd.welbornwebsites.com"
198.235.24.177 - - [09/Sep/2026:23:41:09 -0700] "GET /wp-login.php HTTP/1.1" 200 6416 "-" "Hello from Palo Alto Networks, find out more about our scans in https://docs-cortex.paloaltonetworks.com/r/1/Cortex-Xpanse/Scanning-activity"
64.118.150.175 - - [09/Sep/2026:23:41:15 -0700] "POST /class.php HTTP/1.1" 200 33019 "https://sctd.welbornwebsites.com/class.php" "Mozilla/5.0 (Windows NT 10.0; Win64; x64) AppleWebKit/537.36 (KHTML, like Gecko) Chrome/152.0.0.0 Safari/537.36"
64.118.150.175 - - [09/Sep/2026:23:41:20 -0700] "POST /class.php HTTP/1.1" 200 33019 "https://sctd.welbornwebsites.com/class.php" "Mozilla/5.0 (Windows NT 10.0; Win64; x64) AppleWebKit/537.36 (KHTML, like Gecko) Chrome/152.0.0.0 Safari/537.36"
144.208.65.39 - - [09/Sep/2026:23:42:00 -0700] "GET /tzwtzw HTTP/1.0" 200 2 "-" "-"
64.118.150.175 - - [09/Sep/2026:23:42:00 -0700] "GET /zdzq0723 HTTP/1.1" 200 18 "-" "Mozilla/5.0 (Windows NT 10.0; Win64; x64) AppleWebKit/537.36 (KHTML, like Gecko) Chrome/152.0.0.0 Safari/537.36"
205.210.31.228 - - [09/Sep/2026:23:43:11 -0700] "GET /wp-json/wp/v2/users HTTP/1.1" 403 - "-" "Hello from Palo Alto Networks, find out more about our scans in https://docs-cortex.paloaltonetworks.com/r/1/Cortex-Xpanse/Scanning-activity"
64.118.150.175 - - [09/Sep/2026:23:44:35 -0700] "POST /class.php HTTP/1.1" 200 34156 "https://sctd.welbornwebsites.com/class.php" "Mozilla/5.0 (Windows NT 10.0; Win64; x64) AppleWebKit/537.36 (KHTML, like Gecko) Chrome/152.0.0.0 Safari/537.36"
64.118.150.175 - - [09/Sep/2026:23:45:09 -0700] "GET /style2.php HTTP/1.1" 200 670 "-" "Mozilla/5.0 (Windows NT 10.0; Win64; x64) AppleWebKit/537.36 (KHTML, like Gecko) Chrome/152.0.0.0 Safari/537.36"
64.118.150.175 - - [09/Sep/2026:23:45:16 -0700] "GET /style2.php?action=lock HTTP/1.1" 200 1569 "https://sctd.welbornwebsites.com/style2.php" "Mozilla/5.0 (Windows NT 10.0; Win64; x64) AppleWebKit/537.36 (KHTML, like Gecko) Chrome/152.0.0.0 Safari/537.36"
64.118.150.175 - - [09/Sep/2026:23:45:47 -0700] "GET /sitemap.xml HTTP/1.1" 200 133995 "-" "Mozilla/5.0 (Windows NT 10.0; Win64; x64) AppleWebKit/537.36 (KHTML, like Gecko) Chrome/152.0.0.0 Safari/537.36"
64.118.150.175 - - [09/Sep/2026:23:45:55 -0700] "GET /zdzq0723 HTTP/1.1" 200 18 "-" "Mozilla/5.0 (Windows NT 10.0; Win64; x64) AppleWebKit/537.36 (KHTML, like Gecko) Chrome/152.0.0.0 Safari/537.36"
64.118.150.175 - - [09/Sep/2026:23:46:06 -0700] "GET /sisdg HTTP/1.1" 200 243187 "-" "Mozilla/5.0 (compatible; Googlebot/2.1; +http://www.google.com/bot.html)"
144.208.65.39 - - [09/Sep/2026:23:46:13 -0700] "POST /wp-cron.php?doing_wp_cron=1789022773.2128019332885742187500 HTTP/1.1" 200 - "-" "WordPress/6.9.7; https://sctd.welbornwebsites.com"
64.118.150.175 - - [09/Sep/2026:23:46:12 -0700] "GET /serviceworker.js HTTP/1.1" 404 69504 "https://sctd.welbornwebsites.com/sisdg" "Mozilla/5.0 (compatible; Googlebot/2.1; +http://www.google.com/bot.html)"
64.118.150.175 - - [09/Sep/2026:23:46:15 -0700] "GET /pingsitemap.xml HTTP/1.1" 200 1339 "-" "Mozilla/5.0 (compatible; Googlebot/2.1; +http://www.google.com/bot.html)"
144.208.65.39 - - [09/Sep/2026:23:47:45 -0700] "POST /wp-cron.php?doing_wp_cron=1789022865.5640170574188232421875 HTTP/1.1" 200 - "-" "WordPress/6.9.7; https://sctd.welbornwebsites.com"
46.151.56.83 - - [09/Sep/2026:23:47:45 -0700] "GET /wp-login.php HTTP/1.1" 200 6478 "-" "Mozilla/5.0 (Windows NT 10.0; Win64; x64) AppleWebKit/537.36 (KHTML, like Gecko) Chrome/150.0.0.0 Safari/537.36"
144.208.65.39 - - [09/Sep/2026:23:51:32 -0700] "POST /wp-cron.php?doing_wp_cron=1789023092.6170210838317871093750 HTTP/1.1" 200 - "-" "WordPress/6.9.7; https://sctd.welbornwebsites.com"
60.126.90.96 - - [09/Sep/2026:23:51:32 -0700] "GET /sisdg HTTP/1.1" 404 69493 "-" "Mozilla/5.0 (iPhone; CPU iPhone OS 15_7_2 like Mac OS X) AppleWebKit/605.1.15 (KHTML, like Gecko) Version/16.5 Mobile/15E148 Safari/604.1 Snapchat/13.42.0.47 (like Safari/8614.4.6.0.6, panda)"
125.195.61.224 - - [09/Sep/2026:23:51:34 -0700] "GET /sisdg HTTP/1.1" 404 69493 "-" "Mozilla/5.0 (iPhone; CPU iPhone OS 15_7_2 like Mac OS X) AppleWebKit/605.1.15 (KHTML, like Gecko) Version/16.5 Mobile/15E148 Safari/604.1 Snapchat/13.42.0.47 (like Safari/8614.4.6.0.6, panda)"
60.148.248.212 - - [09/Sep/2026:23:51:37 -0700] "GET /sisdg HTTP/1.1" 404 69493 "-" "Mozilla/5.0 (iPhone; CPU iPhone OS 15_7_2 like Mac OS X) AppleWebKit/605.1.15 (KHTML, like Gecko) Version/16.5 Mobile/15E148 Safari/604.1 Snapchat/13.42.0.47 (like Safari/8614.4.6.0.6, panda)"
109.107.178.102 - - [10/Sep/2026:00:14:37 -0700] "POST /b6c8c1223077.php HTTP/1.1" 200 16 "-" "Mozilla/5.0 (Windows NT 10.0; WOW64; rv:46.0) Gecko/20100101 Firefox/46.0"
109.107.178.102 - - [10/Sep/2026:00:14:38 -0700] "POST /b6c8c1223077.php HTTP/1.1" 200 9 "https://sctd.welbornwebsites.com/b6c8c1223077.php" "Mozilla/5.0 (Windows NT 10.0; WOW64; rv:46.0) Gecko/20100101 Firefox/46.0"
109.107.178.102 - - [10/Sep/2026:00:14:38 -0700] "GET /d3f95b2236index.php HTTP/1.1" 200 37310 "https://sctd.welbornwebsites.com/b6c8c1223077.php" "Mozilla/5.0 (Windows NT 10.0; WOW64; rv:46.0) Gecko/20100101 Firefox/46.0"
109.107.178.102 - - [10/Sep/2026:00:14:42 -0700] "GET /d3f95b2236index.php HTTP/1.1" 200 37310 "https://sctd.welbornwebsites.com/d3f95b2236index.php" "Mozilla/5.0 (Windows NT 10.0; WOW64; rv:46.0) Gecko/20100101 Firefox/46.0"
109.107.178.102 - - [10/Sep/2026:00:14:43 -0700] "GET /d3f95b2236index.php HTTP/1.1" 200 37310 "https://sctd.welbornwebsites.com/d3f95b2236index.php" "Mozilla/5.0 (Windows NT 10.0; WOW64; rv:46.0) Gecko/20100101 Firefox/46.0"
64.118.150.175 - - [10/Sep/2026:00:18:44 -0700] "GET /class.php HTTP/1.1" 200 34145 "-" "Mozilla/5.0 (compatible; Googlebot/2.1; +http://www.google.com/bot.html)"
64.118.150.175 - - [10/Sep/2026:00:19:12 -0700] "POST /class.php HTTP/1.1" 200 6949 "https://sctd.welbornwebsites.com/class.php" "Mozilla/5.0 (compatible; Googlebot/2.1; +http://www.google.com/bot.html)"
64.118.150.175 - - [10/Sep/2026:00:20:07 -0700] "POST /class.php HTTP/1.1" 200 4045660 "https://sctd.welbornwebsites.com/class.php" "Mozilla/5.0 (compatible; Googlebot/2.1; +http://www.google.com/bot.html)"
144.208.65.39 - - [10/Sep/2026:00:26:41 -0700] "POST /wp-cron.php?doing_wp_cron=1789025201.4283208847045898437500 HTTP/1.1" 200 - "-" "WordPress/6.9.7; https://sctd.welbornwebsites.com"
45.148.10.5 - - [10/Sep/2026:00:26:41 -0700] "GET / HTTP/1.1" 200 134767 "-" "Mozilla/5.0 (Windows NT 6.1; Win64; x64) AppleWebKit/537.36 (KHTML, like Gecko) Chrome/76.0.3786.0 Safari/537.36"
45.148.10.5 - - [10/Sep/2026:00:26:42 -0700] "POST /wp-json/batch/v1 HTTP/1.1" 207 634 "-" "curl/7.68.0"
45.148.10.5 - - [10/Sep/2026:00:26:43 -0700] "POST /?rest_route=/batch/v1 HTTP/1.1" 207 634 "-" "curl/7.68.0"
144.208.65.39 - - [10/Sep/2026:00:31:53 -0700] "POST /wp-cron.php?doing_wp_cron=1789025513.0881879329681396484375 HTTP/1.1" 200 - "-" "WordPress/6.9.7; https://sctd.welbornwebsites.com"
88.200.214.6 - - [10/Sep/2026:00:31:52 -0700] "GET /wp-login.php HTTP/1.1" 200 6478 "-" "Mozilla/5.0 (Macintosh; Intel Mac OS X 10_15_7) AppleWebKit/537.36 (KHTML, like Gecko) Chrome/148.0.0.0 Safari/537.36"
80.244.43.253 - - [10/Sep/2026:00:32:01 -0700] "POST /wp-login.php HTTP/1.1" 200 6848 "https://www.sctd.welbornwebsites.com/wp-login.php" "Mozilla/5.0 (Macintosh; Intel Mac OS X 10_15_7) AppleWebKit/537.36 (KHTML, like Gecko) Chrome/148.0.0.0 Safari/537.36"
109.206.241.10 - - [10/Sep/2026:00:39:31 -0700] "POST /b6c8c1223077.php HTTP/1.1" 200 16 "-" "Mozilla/5.0 (compatible; MSIE 8.0; Windows NT 5.1; Win64; x64; Trident/4.0)"
109.206.241.10 - - [10/Sep/2026:00:39:32 -0700] "POST /b6c8c1223077.php HTTP/1.1" 200 9 "https://sctd.welbornwebsites.com/b6c8c1223077.php" "Mozilla/5.0 (compatible; MSIE 8.0; Windows NT 5.1; Win64; x64; Trident/4.0)"
109.206.241.10 - - [10/Sep/2026:00:39:34 -0700] "GET /06a8d2f677index.php HTTP/1.1" 200 38802 "https://sctd.welbornwebsites.com/b6c8c1223077.php" "Mozilla/5.0 (compatible; MSIE 8.0; Windows NT 5.1; Win64; x64; Trident/4.0)"
109.206.241.10 - - [10/Sep/2026:00:39:35 -0700] "GET /06a8d2f677index.php HTTP/1.1" 200 38802 "https://sctd.welbornwebsites.com/06a8d2f677index.php" "Mozilla/5.0 (compatible; MSIE 8.0; Windows NT 5.1; Win64; x64; Trident/4.0)"
109.206.241.10 - - [10/Sep/2026:00:39:36 -0700] "GET /06a8d2f677index.php HTTP/1.1" 200 38802 "https://sctd.welbornwebsites.com/06a8d2f677index.php" "Mozilla/5.0 (compatible; MSIE 8.0; Windows NT 5.1; Win64; x64; Trident/4.0)"
144.208.65.39 - - [10/Sep/2026:00:53:16 -0700] "POST /wp-cron.php?doing_wp_cron=1789026796.1269810199737548828125 HTTP/1.1" 200 - "-" "WordPress/6.9.7; https://sctd.welbornwebsites.com"
188.117.183.251 - - [10/Sep/2026:00:53:16 -0700] "GET /wp-login.php HTTP/1.1" 200 6416 "-" "Mozilla/5.0 (Macintosh; Intel Mac OS X 10_15_7) AppleWebKit/537.36 (KHTML, like Gecko) Chrome/148.0.0.0 Safari/537.36"
92.255.209.234 - - [10/Sep/2026:01:06:15 -0700] "POST /b6c8c1223077.php HTTP/1.1" 200 16 "-" "Mozilla/5.0 (Macintosh; Intel Mac OS X 10_12_0) AppleWebKit/537.36 (KHTML, like Gecko) Chrome/53.0.2802.14 Safari/537.36"
92.255.209.234 - - [10/Sep/2026:01:06:16 -0700] "POST /b6c8c1223077.php HTTP/1.1" 200 9 "https://sctd.welbornwebsites.com/b6c8c1223077.php" "Mozilla/5.0 (Macintosh; Intel Mac OS X 10_12_0) AppleWebKit/537.36 (KHTML, like Gecko) Chrome/53.0.2802.14 Safari/537.36"
92.255.209.234 - - [10/Sep/2026:01:06:17 -0700] "GET /d3f95b2236index.php HTTP/1.1" 200 37309 "https://sctd.welbornwebsites.com/b6c8c1223077.php" "Mozilla/5.0 (Macintosh; Intel Mac OS X 10_12_0) AppleWebKit/537.36 (KHTML, like Gecko) Chrome/53.0.2802.14 Safari/537.36"
92.255.209.234 - - [10/Sep/2026:01:06:17 -0700] "GET /d3f95b2236index.php HTTP/1.1" 200 37309 "https://sctd.welbornwebsites.com/d3f95b2236index.php" "Mozilla/5.0 (Macintosh; Intel Mac OS X 10_12_0) AppleWebKit/537.36 (KHTML, like Gecko) Chrome/53.0.2802.14 Safari/537.36"
92.255.209.234 - - [10/Sep/2026:01:06:18 -0700] "GET /d3f95b2236index.php HTTP/1.1" 200 37309 "https://sctd.welbornwebsites.com/d3f95b2236index.php" "Mozilla/5.0 (Macintosh; Intel Mac OS X 10_12_0) AppleWebKit/537.36 (KHTML, like Gecko) Chrome/53.0.2802.14 Safari/537.36"
144.208.65.39 - - [10/Sep/2026:01:36:40 -0700] "POST /wp-cron.php?doing_wp_cron=1789029400.2016971111297607421875 HTTP/1.1" 200 - "-" "WordPress/6.9.7; https://sctd.welbornwebsites.com"
178.60.110.255 - - [10/Sep/2026:01:36:40 -0700] "GET /wp-login.php HTTP/1.1" 200 6478 "-" "Mozilla/5.0 (Macintosh; Intel Mac OS X 10_15_7) AppleWebKit/537.36 (KHTML, like Gecko) Chrome/152.0.0.0 Safari/537.36"
144.208.65.39 - - [10/Sep/2026:01:36:40 -0700] "POST /wp-admin/admin-ajax.php HTTP/1.1" 200 1 "-" "WordPress/6.9.7; https://sctd.welbornwebsites.com"
83.58.250.233 - - [10/Sep/2026:01:36:43 -0700] "POST /wp-login.php HTTP/1.1" 200 6787 "https://www.sctd.welbornwebsites.com/wp-login.php" "Mozilla/5.0 (Macintosh; Intel Mac OS X 10_15_7) AppleWebKit/537.36 (KHTML, like Gecko) Chrome/152.0.0.0 Safari/537.36"
74.7.241.156 - - [10/Sep/2026:01:50:54 -0700] "GET /robots.txt HTTP/1.1" 200 78 "-" "Mozilla/5.0 (Macintosh; Intel Mac OS X 10_15_7) AppleWebKit/537.36 (KHTML, like Gecko) Chrome/131.0.0.0 Safari/537.36; compatible; OAI-SearchBot/1.4; robots.txt; +https://openai.com/searchbot"
74.7.241.25 - - [10/Sep/2026:01:50:54 -0700] "GET /wp-sitemap.xml HTTP/1.1" 403 - "-" "Mozilla/5.0 AppleWebKit/537.36 (KHTML, like Gecko; compatible; GPTBot/1.4; +https://openai.com/gptbot)"
109.206.241.10 - - [10/Sep/2026:02:01:11 -0700] "POST /b6c8c1223077.php HTTP/1.1" 200 16 "-" "Mozilla/5.0 (Macintosh; Intel Mac OS X 10.8; rv:51.0) Gecko/20100101 Firefox/51.0"
109.206.241.10 - - [10/Sep/2026:02:01:13 -0700] "POST /b6c8c1223077.php HTTP/1.1" 200 9 "https://sctd.welbornwebsites.com/b6c8c1223077.php" "Mozilla/5.0 (Macintosh; Intel Mac OS X 10.8; rv:51.0) Gecko/20100101 Firefox/51.0"
109.206.241.10 - - [10/Sep/2026:02:01:14 -0700] "GET /d3f95b2236index.php HTTP/1.1" 200 37309 "https://sctd.welbornwebsites.com/b6c8c1223077.php" "Mozilla/5.0 (Macintosh; Intel Mac OS X 10.8; rv:51.0) Gecko/20100101 Firefox/51.0"
109.206.241.10 - - [10/Sep/2026:02:01:14 -0700] "GET /d3f95b2236index.php HTTP/1.1" 200 37309 "https://sctd.welbornwebsites.com/d3f95b2236index.php" "Mozilla/5.0 (Macintosh; Intel Mac OS X 10.8; rv:51.0) Gecko/20100101 Firefox/51.0"
109.206.241.10 - - [10/Sep/2026:02:01:16 -0700] "GET /d3f95b2236index.php HTTP/1.1" 200 37309 "https://sctd.welbornwebsites.com/d3f95b2236index.php" "Mozilla/5.0 (Macintosh; Intel Mac OS X 10.8; rv:51.0) Gecko/20100101 Firefox/51.0"
144.208.65.39 - - [10/Sep/2026:02:13:31 -0700] "POST /wp-cron.php?doing_wp_cron=1789031610.9408628940582275390625 HTTP/1.1" 200 - "-" "WordPress/6.9.7; https://sctd.welbornwebsites.com"
86.41.147.19 - - [10/Sep/2026:02:13:30 -0700] "GET /wp-login.php HTTP/1.1" 200 6416 "-" "Mozilla/5.0 (X11; Linux x86_64) AppleWebKit/537.36 (KHTML, like Gecko) Chrome/152.0.0.0 Safari/537.36"
144.208.65.39 - - [10/Sep/2026:02:42:35 -0700] "POST /wp-cron.php?doing_wp_cron=1789033355.6653130054473876953125 HTTP/1.1" 200 - "-" "WordPress/6.9.7; https://sctd.welbornwebsites.com"
37.67.127.165 - - [10/Sep/2026:02:42:35 -0700] "GET /wp-login.php HTTP/1.1" 200 6478 "-" "Mozilla/5.0 (X11; Linux x86_64) AppleWebKit/537.36 (KHTML, like Gecko) Chrome/147.0.0.0 Safari/537.36"
94.154.43.74 - - [10/Sep/2026:02:42:37 -0700] "GET /.env HTTP/1.1" 404 69492 "-" "Mozilla/5.0 (Windows NT 10.0; Win64; x64) AppleWebKit/537.36 (KHTML, like Gecko) Chrome/147.0.0.0 Safari/537.36"
88.166.136.223 - - [10/Sep/2026:02:42:38 -0700] "POST /wp-login.php HTTP/1.1" 200 6787 "https://www.sctd.welbornwebsites.com/wp-login.php" "Mozilla/5.0 (X11; Linux x86_64) AppleWebKit/537.36 (KHTML, like Gecko) Chrome/147.0.0.0 Safari/537.36"
144.208.65.39 - - [10/Sep/2026:02:45:47 -0700] "POST /wp-cron.php?doing_wp_cron=1789033547.8483219146728515625000 HTTP/1.1" 200 - "-" "WordPress/6.9.7; https://sctd.welbornwebsites.com"
178.125.223.162 - - [10/Sep/2026:02:45:47 -0700] "GET /wp-login.php HTTP/1.1" 200 6478 "-" "Mozilla/5.0 (Macintosh; Intel Mac OS X 10_15_7) AppleWebKit/537.36 (KHTML, like Gecko) Chrome/149.0.0.0 Safari/537.36"
37.215.39.167 - - [10/Sep/2026:02:45:50 -0700] "POST /wp-login.php HTTP/1.1" 200 6848 "https://www.sctd.welbornwebsites.com/wp-login.php" "Mozilla/5.0 (Macintosh; Intel Mac OS X 10_15_7) AppleWebKit/537.36 (KHTML, like Gecko) Chrome/149.0.0.0 Safari/537.36"
144.208.65.39 - - [10/Sep/2026:03:13:28 -0700] "POST /wp-cron.php?doing_wp_cron=1789035207.9721620082855224609375 HTTP/1.1" 200 - "-" "WordPress/6.9.7; https://sctd.welbornwebsites.com"
89.41.114.3 - - [10/Sep/2026:03:13:26 -0700] "GET /wp-login.php HTTP/1.1" 200 6478 "-" "Mozilla/5.0 (Windows NT 10.0; Win64; x64) AppleWebKit/537.36 (KHTML, like Gecko) Chrome/151.0.0.0 Safari/537.36"
188.212.0.207 - - [10/Sep/2026:03:13:34 -0700] "GET /wp-json/wp/v2/users/me HTTP/1.1" 401 96 "-" "Mozilla/5.0 (Windows NT 10.0; Win64; x64) AppleWebKit/537.36 (KHTML, like Gecko) Chrome/151.0.0.0 Safari/537.36"
144.208.65.39 - - [10/Sep/2026:03:16:01 -0700] "POST /wp-cron.php?doing_wp_cron=1789035361.9326369762420654296875 HTTP/1.1" 200 - "-" "WordPress/6.9.7; https://sctd.welbornwebsites.com"
78.61.166.77 - - [10/Sep/2026:03:16:01 -0700] "GET /wp-json/wp/v2/users/me HTTP/1.1" 401 96 "-" "Mozilla/5.0 (Windows NT 10.0; Win64; x64) AppleWebKit/537.36 (KHTML, like Gecko) Chrome/151.0.0.0 Safari/537.36"
144.208.65.39 - - [10/Sep/2026:03:49:13 -0700] "POST /wp-cron.php?doing_wp_cron=1789037353.9373500347137451171875 HTTP/1.1" 200 - "-" "WordPress/6.9.7; https://sctd.welbornwebsites.com"
94.154.43.180 - - [10/Sep/2026:03:49:13 -0700] "GET /.env HTTP/1.1" 301 - "-" "Mozilla/5.0 (Windows NT 10.0; Win64; x64) AppleWebKit/537.36 (KHTML, like Gecko) Chrome/147.0.0.0 Safari/537.36"
94.154.43.74 - - [10/Sep/2026:03:49:14 -0700] "GET /.env HTTP/1.1" 404 69492 "-" "Mozilla/5.0 (Windows NT 10.0; Win64; x64) AppleWebKit/537.36 (KHTML, like Gecko) Chrome/147.0.0.0 Safari/537.36"
/home/welbornwebsites/access-logs/sctd.welbornwebsites.com-ssl_log