34.38.178.180 - - [09/Sep/2026:09:59:39 -0700] "GET /config/git-credentials HTTP/1.1" 404 69510 "-" "Mozilla/5.0 (Macintosh; Intel Mac OS X 15_3) AppleWebKit/537.36 (KHTML, like Gecko) Chrome/135.0.0.0 Safari/537.36 Vivaldi/7.1.3570.50"
34.38.178.180 - - [09/Sep/2026:09:59:40 -0700] "GET /.composer/auth.json HTTP/1.1" 301 - "-" "Mozilla/5.0 (Macintosh; Intel Mac OS X 26.0; rv:139.0) Gecko/20100101 Firefox/139.0"
34.38.178.180 - - [09/Sep/2026:09:59:40 -0700] "GET /.env HTTP/1.1" 404 69492 "-" "Mozilla/5.0 (Macintosh; Intel Mac OS X 15_3) AppleWebKit/537.36 (KHTML, like Gecko) Chrome/135.0.0.0 Safari/537.36 Vivaldi/7.1.3570.50"
34.38.178.180 - - [09/Sep/2026:09:59:41 -0700] "GET /.env.local HTTP/1.1" 404 69498 "-" "Mozilla/5.0 (Macintosh; Intel Mac OS X 15_3) AppleWebKit/537.36 (KHTML, like Gecko) Chrome/135.0.0.0 Safari/537.36 Vivaldi/7.1.3570.50"
34.38.178.180 - - [09/Sep/2026:09:59:41 -0700] "GET /.composer/auth.json HTTP/1.1" 404 69507 "https://www.sctd.welbornwebsites.com/.composer/auth.json" "Mozilla/5.0 (Macintosh; Intel Mac OS X 26.0; rv:139.0) Gecko/20100101 Firefox/139.0"
34.38.178.180 - - [09/Sep/2026:09:59:42 -0700] "GET /composer/auth.json HTTP/1.1" 301 - "-" "Mozilla/5.0 (Macintosh; Intel Mac OS X 26.0; rv:139.0) Gecko/20100101 Firefox/139.0"
34.38.178.180 - - [09/Sep/2026:09:59:42 -0700] "GET /.env.production HTTP/1.1" 404 69503 "-" "Mozilla/5.0 (Macintosh; Intel Mac OS X 15_3) AppleWebKit/537.36 (KHTML, like Gecko) Chrome/135.0.0.0 Safari/537.36 Vivaldi/7.1.3570.50"
34.38.178.180 - - [09/Sep/2026:09:59:43 -0700] "GET /config.json HTTP/1.1" 404 69499 "-" "Mozilla/5.0 (Macintosh; Intel Mac OS X 15_3) AppleWebKit/537.36 (KHTML, like Gecko) Chrome/135.0.0.0 Safari/537.36 Vivaldi/7.1.3570.50"
34.38.178.180 - - [09/Sep/2026:09:59:43 -0700] "GET /composer/auth.json HTTP/1.1" 404 69506 "https://www.sctd.welbornwebsites.com/composer/auth.json" "Mozilla/5.0 (Macintosh; Intel Mac OS X 26.0; rv:139.0) Gecko/20100101 Firefox/139.0"
34.38.178.180 - - [09/Sep/2026:09:59:43 -0700] "GET /.config/gh/hosts.yml HTTP/1.1" 301 - "-" "Mozilla/5.0 (Macintosh; Intel Mac OS X 26.0; rv:139.0) Gecko/20100101 Firefox/139.0"
34.38.178.180 - - [09/Sep/2026:09:59:44 -0700] "GET /.config/gh/hosts.yml HTTP/1.1" 404 69508 "https://www.sctd.welbornwebsites.com/.config/gh/hosts.yml" "Mozilla/5.0 (Macintosh; Intel Mac OS X 26.0; rv:139.0) Gecko/20100101 Firefox/139.0"
34.38.178.180 - - [09/Sep/2026:09:59:44 -0700] "GET /config/git-credentials HTTP/1.1" 301 - "-" "Mozilla/5.0 (Macintosh; Intel Mac OS X 26.0; rv:139.0) Gecko/20100101 Firefox/139.0"
34.38.178.180 - - [09/Sep/2026:09:59:45 -0700] "GET /config/git-credentials HTTP/1.1" 404 69510 "https://www.sctd.welbornwebsites.com/config/git-credentials" "Mozilla/5.0 (Macintosh; Intel Mac OS X 26.0; rv:139.0) Gecko/20100101 Firefox/139.0"
34.38.178.180 - - [09/Sep/2026:09:59:45 -0700] "GET /.env HTTP/1.1" 301 - "-" "Mozilla/5.0 (Macintosh; Intel Mac OS X 26.0; rv:139.0) Gecko/20100101 Firefox/139.0"
34.38.178.180 - - [09/Sep/2026:09:59:46 -0700] "GET /.env HTTP/1.1" 404 69492 "https://www.sctd.welbornwebsites.com/.env" "Mozilla/5.0 (Macintosh; Intel Mac OS X 26.0; rv:139.0) Gecko/20100101 Firefox/139.0"
34.38.178.180 - - [09/Sep/2026:09:59:47 -0700] "GET /.env.local HTTP/1.1" 301 - "-" "Mozilla/5.0 (Macintosh; Intel Mac OS X 26.0; rv:139.0) Gecko/20100101 Firefox/139.0"
34.38.178.180 - - [09/Sep/2026:09:59:47 -0700] "GET /.env.local HTTP/1.1" 404 69498 "https://www.sctd.welbornwebsites.com/.env.local" "Mozilla/5.0 (Macintosh; Intel Mac OS X 26.0; rv:139.0) Gecko/20100101 Firefox/139.0"
34.38.178.180 - - [09/Sep/2026:09:59:48 -0700] "GET /.env.production HTTP/1.1" 301 - "-" "Mozilla/5.0 (Macintosh; Intel Mac OS X 26.0; rv:139.0) Gecko/20100101 Firefox/139.0"
34.38.178.180 - - [09/Sep/2026:09:59:49 -0700] "GET /.env.production HTTP/1.1" 404 69503 "https://www.sctd.welbornwebsites.com/.env.production" "Mozilla/5.0 (Macintosh; Intel Mac OS X 26.0; rv:139.0) Gecko/20100101 Firefox/139.0"
34.38.178.180 - - [09/Sep/2026:09:59:49 -0700] "GET /config.json HTTP/1.1" 301 - "-" "Mozilla/5.0 (Macintosh; Intel Mac OS X 26.0; rv:139.0) Gecko/20100101 Firefox/139.0"
34.38.178.180 - - [09/Sep/2026:09:59:50 -0700] "GET /config.json HTTP/1.1" 404 69499 "https://www.sctd.welbornwebsites.com/config.json" "Mozilla/5.0 (Macintosh; Intel Mac OS X 26.0; rv:139.0) Gecko/20100101 Firefox/139.0"
144.208.65.39 - - [09/Sep/2026:10:10:05 -0700] "POST /wp-cron.php?doing_wp_cron=1788973805.3760089874267578125000 HTTP/1.1" 200 - "-" "WordPress/6.9.7; https://sctd.welbornwebsites.com"
23.95.96.140 - - [09/Sep/2026:10:10:05 -0700] "GET / HTTP/1.1" 301 - "-" "Mozilla/5.0 (Debian; Linux i686) AppleWebKit/537.36 (KHTML, like Gecko) Chrome/129.0.0.0 Safari/537.36"
23.95.96.140 - - [09/Sep/2026:10:10:15 -0700] "GET / HTTP/1.1" 200 134767 "http://www.sctd.welbornwebsites.com" "Mozilla/5.0 (Macintosh; Intel Mac OS X 10_12_4) AppleWebKit/537.36 (KHTML, like Gecko) \t\t\tChrome/55.0.2883.95 Safari/537.36"
23.95.96.140 - - [09/Sep/2026:10:11:14 -0700] "GET /wp-content/uploads/2022/12/cropped-socalteardrops_778SQ-1-180x180.png HTTP/1.1" 200 8032 "-" "Mozilla/5.0 (Macintosh; Intel Mac OS X 10_12_4) AppleWebKit/537.36 (KHTML, like Gecko) \t\t\tChrome/55.0.2883.95 Safari/537.36"
144.208.65.39 - - [09/Sep/2026:10:32:29 -0700] "POST /wp-cron.php?doing_wp_cron=1788975149.7451050281524658203125 HTTP/1.1" 200 - "-" "WordPress/6.9.7; https://sctd.welbornwebsites.com"
94.154.43.180 - - [09/Sep/2026:10:32:29 -0700] "GET /.env.local HTTP/1.1" 404 69498 "-" "Mozilla/5.0 (Windows NT 10.0; Win64; x64) AppleWebKit/537.36 (KHTML, like Gecko) Chrome/147.0.0.0 Safari/537.36"
109.107.186.106 - - [09/Sep/2026:11:25:28 -0700] "GET / HTTP/1.1" 200 134767 "-" "Mozilla/5.0 (Macintosh; Intel Mac OS X 10_9_1) AppleWebKit/537.36 (KHTML, like Gecko) Chrome/54.0.2858.73 Safari/537.36"
109.107.186.106 - - [09/Sep/2026:11:25:44 -0700] "POST /?wpmudev-hub=50f953154a240015-1788978329402530 HTTP/1.1" 200 1642 "https://sctd.welbornwebsites.com/" "Mozilla/5.0 (Macintosh; Intel Mac OS X 10_9_1) AppleWebKit/537.36 (KHTML, like Gecko) Chrome/54.0.2858.73 Safari/537.36"
109.107.186.106 - - [09/Sep/2026:11:25:45 -0700] "POST /?wpmudev-hub=639428d441e14015-1788978344690337 HTTP/1.1" 200 346 "https://sctd.welbornwebsites.com/?wpmudev-hub=50f953154a240015-1788978329402530" "Mozilla/5.0 (Macintosh; Intel Mac OS X 10_9_1) AppleWebKit/537.36 (KHTML, like Gecko) Chrome/54.0.2858.73 Safari/537.36"
109.107.186.106 - - [09/Sep/2026:11:25:46 -0700] "GET /wp-content/plugins/background-image-cropper/accesson.php HTTP/1.1" 200 7 "https://sctd.welbornwebsites.com/?wpmudev-hub=639428d441e14015-1788978344690337" "Mozilla/5.0 (Macintosh; Intel Mac OS X 10_9_1) AppleWebKit/537.36 (KHTML, like Gecko) Chrome/54.0.2858.73 Safari/537.36"
109.107.186.106 - - [09/Sep/2026:11:25:56 -0700] "POST /wp-content/plugins/background-image-cropper/accesson.php HTTP/1.1" 200 9 "-" "Mozilla/5.0 (X11; Linux i686 on x86_64) AppleWebKit/537.36 (KHTML, like Gecko) Chrome/51.0.2722.68 Safari/537.36"
109.107.186.106 - - [09/Sep/2026:11:26:04 -0700] "GET /b6c8c1223077.php HTTP/1.1" 200 9 "https://sctd.welbornwebsites.com/wp-content/plugins/background-image-cropper/accesson.php" "Mozilla/5.0 (X11; Linux i686 on x86_64) AppleWebKit/537.36 (KHTML, like Gecko) Chrome/51.0.2722.68 Safari/537.36"
144.208.65.39 - - [09/Sep/2026:11:38:50 -0700] "POST /wp-cron.php?doing_wp_cron=1788979130.9072759151458740234375 HTTP/1.1" 200 - "-" "WordPress/6.9.7; https://sctd.welbornwebsites.com"
94.154.43.129 - - [09/Sep/2026:11:38:50 -0700] "GET /.env.local HTTP/1.1" 301 - "-" "Mozilla/5.0 (Windows NT 10.0; Win64; x64) AppleWebKit/537.36 (KHTML, like Gecko) Chrome/147.0.0.0 Safari/537.36"
94.154.43.164 - - [09/Sep/2026:11:38:51 -0700] "GET /.env.local HTTP/1.1" 404 69498 "-" "Mozilla/5.0 (Windows NT 10.0; Win64; x64) AppleWebKit/537.36 (KHTML, like Gecko) Chrome/147.0.0.0 Safari/537.36"
31.76.104.200 - - [09/Sep/2026:11:39:27 -0700] "GET /b6c8c1223077.php HTTP/1.1" 200 7 "-" "Mozilla/5.0 (Windows NT 6.1; WOW64; rv:50.0) Gecko/20100101 Firefox/50.0"
31.76.104.200 - - [09/Sep/2026:11:39:27 -0700] "POST /b6c8c1223077.php HTTP/1.1" 200 9 "https://sctd.welbornwebsites.com/b6c8c1223077.php" "Mozilla/5.0 (Windows NT 6.1; WOW64; rv:50.0) Gecko/20100101 Firefox/50.0"
144.208.65.39 - - [09/Sep/2026:11:53:47 -0700] "POST /wp-cron.php?doing_wp_cron=1788980027.0705139636993408203125 HTTP/1.1" 200 - "-" "WordPress/6.9.7; https://sctd.welbornwebsites.com"
51.8.102.111 - - [09/Sep/2026:11:53:46 -0700] "GET /robots.txt HTTP/1.1" 200 125 "-" "Mozilla/5.0 (Macintosh; Intel Mac OS X 10_15_7) AppleWebKit/537.36 (KHTML, like Gecko) Chrome/131.0.0.0 Safari/537.36; compatible; OAI-SearchBot/1.0; +https://openai.com/searchbot"
144.208.65.39 - - [09/Sep/2026:12:30:32 -0700] "POST /wp-cron.php?doing_wp_cron=1788982232.8372058868408203125000 HTTP/1.1" 200 - "-" "WordPress/6.9.7; https://sctd.welbornwebsites.com"
193.29.139.195 - - [09/Sep/2026:12:30:32 -0700] "GET /wp-admin/admin-ajax.php?action=wdpsso_step1&redirect= HTTP/1.1" 302 - "-" "Mozilla/5.0 (Windows NT 10.0; Win64; x64) AppleWebKit/537.36 (KHTML, like Gecko) Chrome/126.0.0.0 Safari/537.36"
144.208.65.39 - - [09/Sep/2026:12:30:33 -0700] "POST /wp-admin/admin-ajax.php?action=wp_1_wc_privacy_cleanup&nonce=5e5880aa47 HTTP/1.1" 200 - "-" "WordPress/6.9.7; https://sctd.welbornwebsites.com"
144.208.65.39 - - [09/Sep/2026:12:33:14 -0700] "POST /wp-cron.php?doing_wp_cron=1788982394.4953820705413818359375 HTTP/1.1" 200 - "-" "WordPress/6.9.7; https://sctd.welbornwebsites.com"
151.249.240.197 - - [09/Sep/2026:12:33:14 -0700] "GET /wp-login.php HTTP/1.1" 200 6416 "-" "Mozilla/5.0 (Macintosh; Intel Mac OS X 10_15_7) AppleWebKit/537.36 (KHTML, like Gecko) Chrome/146.0.0.0 Safari/537.36"
37.212.33.95 - - [09/Sep/2026:12:33:15 -0700] "POST /wp-login.php HTTP/1.1" 200 6787 "https://sctd.welbornwebsites.com/wp-login.php" "Mozilla/5.0 (Macintosh; Intel Mac OS X 10_15_7) AppleWebKit/537.36 (KHTML, like Gecko) Chrome/146.0.0.0 Safari/537.36"
144.208.65.39 - - [09/Sep/2026:12:40:17 -0700] "POST /wp-cron.php?doing_wp_cron=1788982817.5646550655364990234375 HTTP/1.1" 200 - "-" "WordPress/6.9.7; https://sctd.welbornwebsites.com"
51.68.163.208 - - [09/Sep/2026:12:40:17 -0700] "GET /wp-content/plugins/wp-content-filter/wp-content-filter.php?k=woo2026 HTTP/1.1" 404 69556 "-" "Mozilla/5.0 (X11; Linux x86_64) AppleWebKit/537.36 (KHTML, like Gecko) Chrome/147.0.0.0 Safari/537.36"
51.68.163.208 - - [09/Sep/2026:12:40:17 -0700] "GET /wp-content/plugins/cidaas-pro-master/composer.json HTTP/1.1" 404 69538 "-" "Mozilla/5.0 (Windows NT 10.0; Win64; x64) AppleWebKit/537.36 (KHTML, like Gecko) Chrome/147.0.0.0 Safari/537.36"
144.208.65.39 - - [09/Sep/2026:12:50:40 -0700] "POST /wp-cron.php?doing_wp_cron=1788983440.3928639888763427734375 HTTP/1.1" 200 - "-" "WordPress/6.9.7; https://sctd.welbornwebsites.com"
51.68.163.208 - - [09/Sep/2026:12:50:40 -0700] "GET /blog-verify HTTP/1.1" 404 69499 "-" "Mozilla/5.0 (Windows NT 10.0; Win64; x64) AppleWebKit/537.36 (KHTML, like Gecko) Chrome/149.0.0.0 Safari/537.36"
109.107.186.106 - - [09/Sep/2026:13:25:15 -0700] "GET /b6c8c1223077.php HTTP/1.1" 200 7 "-" "Mozilla/5.0 (compatible; MSIE 9.0; Windows NT 6.2; Win64; x64; Trident/5.0)"
109.107.186.106 - - [09/Sep/2026:13:25:15 -0700] "POST /b6c8c1223077.php HTTP/1.1" 200 9 "https://sctd.welbornwebsites.com/b6c8c1223077.php" "Mozilla/5.0 (compatible; MSIE 9.0; Windows NT 6.2; Win64; x64; Trident/5.0)"
144.208.65.39 - - [09/Sep/2026:13:37:09 -0700] "POST /wp-cron.php?doing_wp_cron=1788986229.8315899372100830078125 HTTP/1.1" 200 - "-" "WordPress/6.9.7; https://sctd.welbornwebsites.com"
79.126.198.158 - - [09/Sep/2026:13:37:09 -0700] "GET /wp-login.php HTTP/1.1" 200 6478 "-" "Mozilla/5.0 (X11; Linux x86_64) AppleWebKit/537.36 (KHTML, like Gecko) Chrome/152.0.0.0 Safari/537.36"
144.208.65.39 - - [09/Sep/2026:13:37:10 -0700] "POST /wp-admin/admin-ajax.php HTTP/1.1" 200 1 "-" "WordPress/6.9.7; https://sctd.welbornwebsites.com"
109.107.178.102 - - [09/Sep/2026:13:52:01 -0700] "GET /b6c8c1223077.php HTTP/1.1" 200 7 "-" "Mozilla/5.0 (Windows NT 6.2; WOW64; rv:51.0) Gecko/20100101 Firefox/51.0"
109.107.178.102 - - [09/Sep/2026:13:52:02 -0700] "POST /b6c8c1223077.php HTTP/1.1" 200 9 "https://sctd.welbornwebsites.com/b6c8c1223077.php" "Mozilla/5.0 (Windows NT 6.2; WOW64; rv:51.0) Gecko/20100101 Firefox/51.0"
92.255.209.234 - - [09/Sep/2026:13:58:08 -0700] "GET /b6c8c1223077.php HTTP/1.1" 200 7 "-" "Mozilla/5.0 (Windows NT 5.1; Win64; x64) AppleWebKit/537.36 (KHTML, like Gecko) Chrome/52.0.2757.71 Safari/537.36"
92.255.209.234 - - [09/Sep/2026:13:58:08 -0700] "POST /b6c8c1223077.php HTTP/1.1" 200 9 "https://sctd.welbornwebsites.com/b6c8c1223077.php" "Mozilla/5.0 (Windows NT 5.1; Win64; x64) AppleWebKit/537.36 (KHTML, like Gecko) Chrome/52.0.2757.71 Safari/537.36"
65.109.179.105 - - [09/Sep/2026:13:59:31 -0700] "GET /b6c8c1223077.php HTTP/1.1" 200 7 "-" "Mozilla/5.0 (Windows NT 6.2; WOW64) AppleWebKit/537.36 (KHTML, like Gecko) Chrome/50.0.2666.87 Safari/537.36"
65.109.179.105 - - [09/Sep/2026:13:59:32 -0700] "POST /b6c8c1223077.php HTTP/1.1" 200 9 "https://sctd.welbornwebsites.com/b6c8c1223077.php" "Mozilla/5.0 (Windows NT 6.2; WOW64) AppleWebKit/537.36 (KHTML, like Gecko) Chrome/50.0.2666.87 Safari/537.36"
144.208.65.39 - - [09/Sep/2026:14:06:27 -0700] "POST /wp-cron.php?doing_wp_cron=1788987987.8315439224243164062500 HTTP/1.1" 200 - "-" "WordPress/6.9.7; https://sctd.welbornwebsites.com"
5.20.158.152 - - [09/Sep/2026:14:06:27 -0700] "GET /wp-login.php HTTP/1.1" 200 6478 "-" "Mozilla/5.0 (Macintosh; Intel Mac OS X 10_15_7) AppleWebKit/537.36 (KHTML, like Gecko) Chrome/151.0.0.0 Safari/537.36"
84.55.62.143 - - [09/Sep/2026:14:06:34 -0700] "POST /wp-login.php HTTP/1.1" 200 6787 "https://www.sctd.welbornwebsites.com/wp-login.php" "Mozilla/5.0 (Macintosh; Intel Mac OS X 10_15_7) AppleWebKit/537.36 (KHTML, like Gecko) Chrome/151.0.0.0 Safari/537.36"
109.107.186.106 - - [09/Sep/2026:14:11:56 -0700] "GET /b6c8c1223077.php HTTP/1.1" 200 7 "-" "Mozilla/5.0 (compatible; MSIE 8.0; Windows NT 6.1; Win64; x64; Trident/4.0)"
109.107.186.106 - - [09/Sep/2026:14:11:57 -0700] "POST /b6c8c1223077.php HTTP/1.1" 200 1704 "https://sctd.welbornwebsites.com/b6c8c1223077.php" "Mozilla/5.0 (compatible; MSIE 8.0; Windows NT 6.1; Win64; x64; Trident/4.0)"
144.208.65.39 - - [09/Sep/2026:14:32:18 -0700] "POST /wp-cron.php?doing_wp_cron=1788989538.2484190464019775390625 HTTP/1.1" 200 - "-" "WordPress/6.9.7; https://sctd.welbornwebsites.com"
74.7.241.156 - - [09/Sep/2026:14:32:18 -0700] "GET /robots.txt HTTP/1.1" 200 125 "-" "Mozilla/5.0 (Macintosh; Intel Mac OS X 10_15_7) AppleWebKit/537.36 (KHTML, like Gecko) Chrome/131.0.0.0 Safari/537.36; compatible; OAI-SearchBot/1.4; robots.txt; +https://openai.com/searchbot"
109.107.178.102 - - [09/Sep/2026:14:48:47 -0700] "GET /b6c8c1223077.php HTTP/1.1" 200 7 "-" "Mozilla/5.0 (Windows NT 6.1; Win64; x64) AppleWebKit/537.36 (KHTML, like Gecko) Chrome/52.0.2748.30 Safari/537.36"
109.107.178.102 - - [09/Sep/2026:14:48:47 -0700] "POST /b6c8c1223077.php HTTP/1.1" 200 1704 "https://sctd.welbornwebsites.com/b6c8c1223077.php" "Mozilla/5.0 (Windows NT 6.1; Win64; x64) AppleWebKit/537.36 (KHTML, like Gecko) Chrome/52.0.2748.30 Safari/537.36"
109.107.186.106 - - [09/Sep/2026:14:49:29 -0700] "POST /b6c8c1223077.php HTTP/1.1" 200 16 "-" "Mozilla/5.0 (Windows NT 5.1; Win64; x64; rv:51.0) Gecko/20100101 Firefox/51.0"
109.107.186.106 - - [09/Sep/2026:14:49:30 -0700] "POST /b6c8c1223077.php HTTP/1.1" 200 9 "https://sctd.welbornwebsites.com/b6c8c1223077.php" "Mozilla/5.0 (Windows NT 5.1; Win64; x64; rv:51.0) Gecko/20100101 Firefox/51.0"
109.107.186.106 - - [09/Sep/2026:14:49:30 -0700] "GET /06a8d2f677index.php HTTP/1.1" 200 28870 "https://sctd.welbornwebsites.com/b6c8c1223077.php" "Mozilla/5.0 (Windows NT 5.1; Win64; x64; rv:51.0) Gecko/20100101 Firefox/51.0"
109.107.186.106 - - [09/Sep/2026:14:49:31 -0700] "GET /06a8d2f677index.php HTTP/1.1" 200 28870 "https://sctd.welbornwebsites.com/06a8d2f677index.php" "Mozilla/5.0 (Windows NT 5.1; Win64; x64; rv:51.0) Gecko/20100101 Firefox/51.0"
109.107.186.106 - - [09/Sep/2026:14:49:32 -0700] "GET /06a8d2f677index.php HTTP/1.1" 200 28870 "https://sctd.welbornwebsites.com/06a8d2f677index.php" "Mozilla/5.0 (Windows NT 5.1; Win64; x64; rv:51.0) Gecko/20100101 Firefox/51.0"
92.255.209.234 - - [09/Sep/2026:14:58:28 -0700] "GET /b6c8c1223077.php HTTP/1.1" 200 7 "-" "Mozilla/5.0 (Windows NT 5.1; WOW64; rv:47.0) Gecko/20100101 Firefox/47.0"
92.255.209.234 - - [09/Sep/2026:14:58:28 -0700] "POST /b6c8c1223077.php HTTP/1.1" 200 1704 "https://sctd.welbornwebsites.com/b6c8c1223077.php" "Mozilla/5.0 (Windows NT 5.1; WOW64; rv:47.0) Gecko/20100101 Firefox/47.0"
144.208.65.39 - - [09/Sep/2026:15:25:06 -0700] "POST /wp-cron.php?doing_wp_cron=1788992706.4593219757080078125000 HTTP/1.1" 200 - "-" "WordPress/6.9.7; https://sctd.welbornwebsites.com"
87.92.253.7 - - [09/Sep/2026:15:25:06 -0700] "GET /wp-login.php HTTP/1.1" 200 6478 "-" "Mozilla/5.0 (Windows NT 10.0; Win64; x64) AppleWebKit/537.36 (KHTML, like Gecko) Chrome/151.0.0.0 Safari/537.36"
87.92.253.7 - - [09/Sep/2026:15:25:08 -0700] "POST /wp-login.php HTTP/1.1" 200 6848 "https://www.sctd.welbornwebsites.com/wp-login.php" "Mozilla/5.0 (Windows NT 10.0; Win64; x64) AppleWebKit/537.36 (KHTML, like Gecko) Chrome/151.0.0.0 Safari/537.36"
109.107.178.102 - - [09/Sep/2026:15:26:13 -0700] "POST /b6c8c1223077.php HTTP/1.1" 200 16 "-" "Mozilla/5.0 (Windows NT 6.2; rv:48.0) Gecko/20100101 Firefox/48.0"
109.107.178.102 - - [09/Sep/2026:15:26:14 -0700] "POST /b6c8c1223077.php HTTP/1.1" 200 9 "https://sctd.welbornwebsites.com/b6c8c1223077.php" "Mozilla/5.0 (Windows NT 6.2; rv:48.0) Gecko/20100101 Firefox/48.0"
109.107.178.102 - - [09/Sep/2026:15:26:18 -0700] "GET /06a8d2f677index.php HTTP/1.1" 200 28870 "https://sctd.welbornwebsites.com/b6c8c1223077.php" "Mozilla/5.0 (Windows NT 6.2; rv:48.0) Gecko/20100101 Firefox/48.0"
109.107.178.102 - - [09/Sep/2026:15:26:19 -0700] "GET /06a8d2f677index.php HTTP/1.1" 200 28870 "https://sctd.welbornwebsites.com/06a8d2f677index.php" "Mozilla/5.0 (Windows NT 6.2; rv:48.0) Gecko/20100101 Firefox/48.0"
109.107.178.102 - - [09/Sep/2026:15:26:19 -0700] "GET /06a8d2f677index.php HTTP/1.1" 200 28870 "https://sctd.welbornwebsites.com/06a8d2f677index.php" "Mozilla/5.0 (Windows NT 6.2; rv:48.0) Gecko/20100101 Firefox/48.0"
109.107.186.106 - - [09/Sep/2026:15:26:25 -0700] "POST /b6c8c1223077.php HTTP/1.1" 200 16 "-" "Mozilla/5.0 (compatible; MSIE 10.0; Windows NT 6.3; Trident/6.0)"
109.107.186.106 - - [09/Sep/2026:15:26:25 -0700] "POST /b6c8c1223077.php HTTP/1.1" 200 9 "https://sctd.welbornwebsites.com/b6c8c1223077.php" "Mozilla/5.0 (compatible; MSIE 10.0; Windows NT 6.3; Trident/6.0)"
109.107.186.106 - - [09/Sep/2026:15:26:26 -0700] "GET /d3f95b2236index.php HTTP/1.1" 200 25786 "https://sctd.welbornwebsites.com/b6c8c1223077.php" "Mozilla/5.0 (compatible; MSIE 10.0; Windows NT 6.3; Trident/6.0)"
109.107.186.106 - - [09/Sep/2026:15:26:27 -0700] "GET /d3f95b2236index.php HTTP/1.1" 200 25786 "https://sctd.welbornwebsites.com/d3f95b2236index.php" "Mozilla/5.0 (compatible; MSIE 10.0; Windows NT 6.3; Trident/6.0)"
109.107.186.106 - - [09/Sep/2026:15:26:28 -0700] "GET /d3f95b2236index.php HTTP/1.1" 200 25786 "https://sctd.welbornwebsites.com/d3f95b2236index.php" "Mozilla/5.0 (compatible; MSIE 10.0; Windows NT 6.3; Trident/6.0)"
65.109.179.105 - - [09/Sep/2026:15:31:21 -0700] "GET /b6c8c1223077.php HTTP/1.1" 200 7 "-" "Mozilla/5.0 (Macintosh; Intel Mac OS X 10.8; rv:48.0) Gecko/20100101 Firefox/48.0"
65.109.179.105 - - [09/Sep/2026:15:31:21 -0700] "POST /b6c8c1223077.php HTTP/1.1" 200 1704 "https://sctd.welbornwebsites.com/b6c8c1223077.php" "Mozilla/5.0 (Macintosh; Intel Mac OS X 10.8; rv:48.0) Gecko/20100101 Firefox/48.0"
109.107.186.106 - - [09/Sep/2026:15:52:17 -0700] "POST /b6c8c1223077.php HTTP/1.1" 200 17 "-" "Mozilla/5.0 (Macintosh; Intel Mac OS X 10.9; rv:48.0) Gecko/20100101 Firefox/48.0"
109.107.186.106 - - [09/Sep/2026:15:52:17 -0700] "GET /adman.870.txt HTTP/1.1" 200 6 "https://sctd.welbornwebsites.com/b6c8c1223077.php" "Mozilla/5.0 (Macintosh; Intel Mac OS X 10.9; rv:48.0) Gecko/20100101 Firefox/48.0"
109.107.186.106 - - [09/Sep/2026:15:52:17 -0700] "POST /b6c8c1223077.php HTTP/1.1" 200 9 "https://sctd.welbornwebsites.com/adman.870.txt" "Mozilla/5.0 (Macintosh; Intel Mac OS X 10.9; rv:48.0) Gecko/20100101 Firefox/48.0"
109.107.186.106 - - [09/Sep/2026:15:52:18 -0700] "POST /b6c8c1223077.php HTTP/1.1" 200 9 "https://sctd.welbornwebsites.com/b6c8c1223077.php" "Mozilla/5.0 (Macintosh; Intel Mac OS X 10.9; rv:48.0) Gecko/20100101 Firefox/48.0"
109.107.186.106 - - [09/Sep/2026:15:52:19 -0700] "POST /b6c8c1223077.php HTTP/1.1" 200 9 "https://sctd.welbornwebsites.com/b6c8c1223077.php" "Mozilla/5.0 (Macintosh; Intel Mac OS X 10.9; rv:48.0) Gecko/20100101 Firefox/48.0"
109.107.186.106 - - [09/Sep/2026:15:52:19 -0700] "POST /b6c8c1223077.php HTTP/1.1" 200 9 "https://sctd.welbornwebsites.com/b6c8c1223077.php" "Mozilla/5.0 (Macintosh; Intel Mac OS X 10.9; rv:48.0) Gecko/20100101 Firefox/48.0"
109.107.186.106 - - [09/Sep/2026:15:52:20 -0700] "POST /b6c8c1223077.php HTTP/1.1" 200 9 "https://sctd.welbornwebsites.com/b6c8c1223077.php" "Mozilla/5.0 (Macintosh; Intel Mac OS X 10.9; rv:48.0) Gecko/20100101 Firefox/48.0"
109.107.178.102 - - [09/Sep/2026:15:55:58 -0700] "POST /b6c8c1223077.php HTTP/1.1" 200 17 "-" "Mozilla/5.0 (Windows NT 10.0; rv:48.0) Gecko/20100101 Firefox/48.0"
109.107.178.102 - - [09/Sep/2026:15:55:58 -0700] "GET /adman.607.txt HTTP/1.1" 200 6 "https://sctd.welbornwebsites.com/b6c8c1223077.php" "Mozilla/5.0 (Windows NT 10.0; rv:48.0) Gecko/20100101 Firefox/48.0"
109.107.178.102 - - [09/Sep/2026:15:56:00 -0700] "POST /b6c8c1223077.php HTTP/1.1" 200 9 "https://sctd.welbornwebsites.com/adman.607.txt" "Mozilla/5.0 (Windows NT 10.0; rv:48.0) Gecko/20100101 Firefox/48.0"
109.107.178.102 - - [09/Sep/2026:15:56:00 -0700] "POST /b6c8c1223077.php HTTP/1.1" 200 9 "https://sctd.welbornwebsites.com/b6c8c1223077.php" "Mozilla/5.0 (Windows NT 10.0; rv:48.0) Gecko/20100101 Firefox/48.0"
109.107.178.102 - - [09/Sep/2026:15:56:01 -0700] "POST /b6c8c1223077.php HTTP/1.1" 200 9 "https://sctd.welbornwebsites.com/b6c8c1223077.php" "Mozilla/5.0 (Windows NT 10.0; rv:48.0) Gecko/20100101 Firefox/48.0"
109.107.178.102 - - [09/Sep/2026:15:56:02 -0700] "POST /b6c8c1223077.php HTTP/1.1" 200 9 "https://sctd.welbornwebsites.com/b6c8c1223077.php" "Mozilla/5.0 (Windows NT 10.0; rv:48.0) Gecko/20100101 Firefox/48.0"
109.107.178.102 - - [09/Sep/2026:15:56:04 -0700] "POST /b6c8c1223077.php HTTP/1.1" 200 9 "https://sctd.welbornwebsites.com/b6c8c1223077.php" "Mozilla/5.0 (Windows NT 10.0; rv:48.0) Gecko/20100101 Firefox/48.0"
144.208.65.39 - - [09/Sep/2026:15:56:52 -0700] "POST /wp-cron.php?doing_wp_cron=1788994612.7058980464935302734375 HTTP/1.1" 200 - "-" "WordPress/6.9.7; https://sctd.welbornwebsites.com"
172.86.74.237 - - [09/Sep/2026:15:56:52 -0700] "GET /.git/config HTTP/1.1" 404 69499 "-" "Mozilla/5.0 (X11; Linux x86_64)"
65.109.179.105 - - [09/Sep/2026:15:59:51 -0700] "POST /b6c8c1223077.php HTTP/1.1" 200 17 "-" "Mozilla/5.0 (compatible; MSIE 8.0; Windows NT 6.2; Trident/4.0)"
65.109.179.105 - - [09/Sep/2026:15:59:51 -0700] "GET /adman.675.txt HTTP/1.1" 200 6 "https://sctd.welbornwebsites.com/b6c8c1223077.php" "Mozilla/5.0 (compatible; MSIE 8.0; Windows NT 6.2; Trident/4.0)"
65.109.179.105 - - [09/Sep/2026:15:59:51 -0700] "POST /b6c8c1223077.php HTTP/1.1" 200 9 "https://sctd.welbornwebsites.com/adman.675.txt" "Mozilla/5.0 (compatible; MSIE 8.0; Windows NT 6.2; Trident/4.0)"
65.109.179.105 - - [09/Sep/2026:15:59:52 -0700] "POST /b6c8c1223077.php HTTP/1.1" 200 9 "https://sctd.welbornwebsites.com/b6c8c1223077.php" "Mozilla/5.0 (compatible; MSIE 8.0; Windows NT 6.2; Trident/4.0)"
65.109.179.105 - - [09/Sep/2026:15:59:53 -0700] "POST /b6c8c1223077.php HTTP/1.1" 200 9 "https://sctd.welbornwebsites.com/b6c8c1223077.php" "Mozilla/5.0 (compatible; MSIE 8.0; Windows NT 6.2; Trident/4.0)"
65.109.179.105 - - [09/Sep/2026:15:59:53 -0700] "POST /b6c8c1223077.php HTTP/1.1" 200 9 "https://sctd.welbornwebsites.com/b6c8c1223077.php" "Mozilla/5.0 (compatible; MSIE 8.0; Windows NT 6.2; Trident/4.0)"
65.109.179.105 - - [09/Sep/2026:15:59:56 -0700] "POST /b6c8c1223077.php HTTP/1.1" 200 9 "https://sctd.welbornwebsites.com/b6c8c1223077.php" "Mozilla/5.0 (compatible; MSIE 8.0; Windows NT 6.2; Trident/4.0)"
109.107.178.102 - - [09/Sep/2026:16:05:37 -0700] "POST /b6c8c1223077.php HTTP/1.1" 200 16 "-" "Mozilla/5.0 (Windows NT 6.1; WOW64) AppleWebKit/537.36 (KHTML, like Gecko) Chrome/50.0.2690.38 Safari/537.36"
109.107.178.102 - - [09/Sep/2026:16:05:37 -0700] "POST /b6c8c1223077.php HTTP/1.1" 200 9 "https://sctd.welbornwebsites.com/b6c8c1223077.php" "Mozilla/5.0 (Windows NT 6.1; WOW64) AppleWebKit/537.36 (KHTML, like Gecko) Chrome/50.0.2690.38 Safari/537.36"
109.107.178.102 - - [09/Sep/2026:16:05:44 -0700] "GET /d3f95b2236index.php HTTP/1.1" 200 31722 "https://sctd.welbornwebsites.com/b6c8c1223077.php" "Mozilla/5.0 (Windows NT 6.1; WOW64) AppleWebKit/537.36 (KHTML, like Gecko) Chrome/50.0.2690.38 Safari/537.36"
109.107.178.102 - - [09/Sep/2026:16:05:45 -0700] "GET /d3f95b2236index.php HTTP/1.1" 200 31722 "https://sctd.welbornwebsites.com/d3f95b2236index.php" "Mozilla/5.0 (Windows NT 6.1; WOW64) AppleWebKit/537.36 (KHTML, like Gecko) Chrome/50.0.2690.38 Safari/537.36"
109.107.178.102 - - [09/Sep/2026:16:05:45 -0700] "GET /d3f95b2236index.php HTTP/1.1" 200 31722 "https://sctd.welbornwebsites.com/d3f95b2236index.php" "Mozilla/5.0 (Windows NT 6.1; WOW64) AppleWebKit/537.36 (KHTML, like Gecko) Chrome/50.0.2690.38 Safari/537.36"
144.208.65.39 - - [09/Sep/2026:16:16:35 -0700] "POST /wp-cron.php?doing_wp_cron=1788995795.4938681125640869140625 HTTP/1.1" 200 - "-" "WordPress/6.9.7; https://sctd.welbornwebsites.com"
142.116.27.15 - - [09/Sep/2026:16:16:35 -0700] "GET /wp-login.php HTTP/1.1" 200 6416 "-" "Mozilla/5.0 (X11; Linux x86_64) AppleWebKit/537.36 (KHTML, like Gecko) Chrome/146.0.0.0 Safari/537.36"
173.178.218.145 - - [09/Sep/2026:16:16:36 -0700] "POST /wp-login.php HTTP/1.1" 200 6787 "https://sctd.welbornwebsites.com/wp-login.php" "Mozilla/5.0 (X11; Linux x86_64) AppleWebKit/537.36 (KHTML, like Gecko) Chrome/146.0.0.0 Safari/537.36"
66.42.38.87 - - [09/Sep/2026:16:20:37 -0700] "GET /2032b/index.php HTTP/1.1" 200 5987 "https://sctd.welbornwebsites.com/2032b/index.php" "Mozilla/4.0 (compatible; MSIE 9.0; Windows NT 6.1)"
94.183.170.135 - - [09/Sep/2026:16:24:56 -0700] "POST /b6c8c1223077.php HTTP/1.1" 200 17 "-" "Mozilla/5.0 (compatible; MSIE 9.0; Windows NT 6.2; Trident/5.0)"
94.183.170.135 - - [09/Sep/2026:16:25:02 -0700] "GET /adman.314.txt HTTP/1.1" 200 5 "https://sctd.welbornwebsites.com/b6c8c1223077.php" "Mozilla/5.0 (compatible; MSIE 9.0; Windows NT 6.2; Trident/5.0)"
94.183.170.135 - - [09/Sep/2026:16:25:02 -0700] "POST /b6c8c1223077.php HTTP/1.1" 200 9 "https://sctd.welbornwebsites.com/adman.314.txt" "Mozilla/5.0 (compatible; MSIE 9.0; Windows NT 6.2; Trident/5.0)"
94.183.170.135 - - [09/Sep/2026:16:25:03 -0700] "POST /b6c8c1223077.php HTTP/1.1" 200 9 "https://sctd.welbornwebsites.com/b6c8c1223077.php" "Mozilla/5.0 (compatible; MSIE 9.0; Windows NT 6.2; Trident/5.0)"
94.183.170.135 - - [09/Sep/2026:16:25:05 -0700] "POST /b6c8c1223077.php HTTP/1.1" 200 9 "https://sctd.welbornwebsites.com/b6c8c1223077.php" "Mozilla/5.0 (compatible; MSIE 9.0; Windows NT 6.2; Trident/5.0)"
94.183.170.135 - - [09/Sep/2026:16:25:05 -0700] "POST /b6c8c1223077.php HTTP/1.1" 200 9 "https://sctd.welbornwebsites.com/b6c8c1223077.php" "Mozilla/5.0 (compatible; MSIE 9.0; Windows NT 6.2; Trident/5.0)"
94.183.170.135 - - [09/Sep/2026:16:25:07 -0700] "POST /b6c8c1223077.php HTTP/1.1" 200 9 "https://sctd.welbornwebsites.com/b6c8c1223077.php" "Mozilla/5.0 (compatible; MSIE 9.0; Windows NT 6.2; Trident/5.0)"
92.255.209.234 - - [09/Sep/2026:16:29:15 -0700] "POST /b6c8c1223077.php HTTP/1.1" 200 17 "-" "Mozilla/5.0 (Macintosh; Intel Mac OS X 10_9_1) AppleWebKit/537.36 (KHTML, like Gecko) Chrome/50.0.2699.4 Safari/537.36"
92.255.209.234 - - [09/Sep/2026:16:29:18 -0700] "GET /adman.187.txt HTTP/1.1" 200 5 "https://sctd.welbornwebsites.com/b6c8c1223077.php" "Mozilla/5.0 (Macintosh; Intel Mac OS X 10_9_1) AppleWebKit/537.36 (KHTML, like Gecko) Chrome/50.0.2699.4 Safari/537.36"
92.255.209.234 - - [09/Sep/2026:16:29:18 -0700] "POST /b6c8c1223077.php HTTP/1.1" 200 9 "https://sctd.welbornwebsites.com/adman.187.txt" "Mozilla/5.0 (Macintosh; Intel Mac OS X 10_9_1) AppleWebKit/537.36 (KHTML, like Gecko) Chrome/50.0.2699.4 Safari/537.36"
92.255.209.234 - - [09/Sep/2026:16:29:19 -0700] "POST /b6c8c1223077.php HTTP/1.1" 200 9 "https://sctd.welbornwebsites.com/b6c8c1223077.php" "Mozilla/5.0 (Macintosh; Intel Mac OS X 10_9_1) AppleWebKit/537.36 (KHTML, like Gecko) Chrome/50.0.2699.4 Safari/537.36"
92.255.209.234 - - [09/Sep/2026:16:29:19 -0700] "POST /b6c8c1223077.php HTTP/1.1" 200 9 "https://sctd.welbornwebsites.com/b6c8c1223077.php" "Mozilla/5.0 (Macintosh; Intel Mac OS X 10_9_1) AppleWebKit/537.36 (KHTML, like Gecko) Chrome/50.0.2699.4 Safari/537.36"
92.255.209.234 - - [09/Sep/2026:16:29:22 -0700] "POST /b6c8c1223077.php HTTP/1.1" 200 9 "https://sctd.welbornwebsites.com/b6c8c1223077.php" "Mozilla/5.0 (Macintosh; Intel Mac OS X 10_9_1) AppleWebKit/537.36 (KHTML, like Gecko) Chrome/50.0.2699.4 Safari/537.36"
92.255.209.234 - - [09/Sep/2026:16:29:29 -0700] "POST /b6c8c1223077.php HTTP/1.1" 200 9 "https://sctd.welbornwebsites.com/b6c8c1223077.php" "Mozilla/5.0 (Macintosh; Intel Mac OS X 10_9_1) AppleWebKit/537.36 (KHTML, like Gecko) Chrome/50.0.2699.4 Safari/537.36"
65.109.179.105 - - [09/Sep/2026:16:37:30 -0700] "POST /b6c8c1223077.php HTTP/1.1" 200 16 "-" "Mozilla/5.0 (Windows NT 6.2; WOW64) AppleWebKit/537.36 (KHTML, like Gecko) Chrome/55.0.2920.34 Safari/537.36"
65.109.179.105 - - [09/Sep/2026:16:37:31 -0700] "POST /b6c8c1223077.php HTTP/1.1" 200 9 "https://sctd.welbornwebsites.com/b6c8c1223077.php" "Mozilla/5.0 (Windows NT 6.2; WOW64) AppleWebKit/537.36 (KHTML, like Gecko) Chrome/55.0.2920.34 Safari/537.36"
92.255.209.234 - - [09/Sep/2026:16:41:07 -0700] "POST /b6c8c1223077.php HTTP/1.1" 200 16 "-" "Mozilla/5.0 (Windows NT 6.3; Win64; x64; rv:46.0) Gecko/20100101 Firefox/46.0"
92.255.209.234 - - [09/Sep/2026:16:41:29 -0700] "POST /b6c8c1223077.php HTTP/1.1" 200 9 "https://sctd.welbornwebsites.com/b6c8c1223077.php" "Mozilla/5.0 (Windows NT 6.3; Win64; x64; rv:46.0) Gecko/20100101 Firefox/46.0"
92.255.209.234 - - [09/Sep/2026:16:41:29 -0700] "GET /06a8d2f677index.php HTTP/1.1" 200 35573 "https://sctd.welbornwebsites.com/b6c8c1223077.php" "Mozilla/5.0 (Windows NT 6.3; Win64; x64; rv:46.0) Gecko/20100101 Firefox/46.0"
92.255.209.234 - - [09/Sep/2026:16:41:30 -0700] "GET /06a8d2f677index.php HTTP/1.1" 200 35573 "https://sctd.welbornwebsites.com/06a8d2f677index.php" "Mozilla/5.0 (Windows NT 6.3; Win64; x64; rv:46.0) Gecko/20100101 Firefox/46.0"
92.255.209.234 - - [09/Sep/2026:16:43:39 -0700] "GET /06a8d2f677index.php HTTP/1.1" 200 35573 "https://sctd.welbornwebsites.com/06a8d2f677index.php" "Mozilla/5.0 (Windows NT 6.3; Win64; x64; rv:46.0) Gecko/20100101 Firefox/46.0"
66.42.38.87 - - [09/Sep/2026:16:58:39 -0700] "GET /2032b/index.php HTTP/1.1" 200 5987 "-" "Mozilla/5.0 (compatible; MSIE 9.0; Windows NT 6.1; WOW64; Trident/5.0)"
66.42.38.87 - - [09/Sep/2026:17:03:20 -0700] "GET /ff0b5/index.php HTTP/1.1" 200 4981 "https://sctd.welbornwebsites.com/ff0b5/index.php" "Mozilla/4.0 (compatible; MSIE 9.0; Windows NT 6.1)"
66.42.38.87 - - [09/Sep/2026:17:05:51 -0700] "GET /ff0b5/index.php HTTP/1.1" 200 4981 "-" "Mozilla/5.0 (compatible; MSIE 9.0; Windows NT 6.1; WOW64; Trident/5.0)"
144.208.65.39 - - [09/Sep/2026:17:07:38 -0700] "POST /wp-cron.php?doing_wp_cron=1788998858.7888081073760986328125 HTTP/1.1" 200 - "-" "WordPress/6.9.7; https://sctd.welbornwebsites.com"
91.92.241.196 - - [09/Sep/2026:17:07:38 -0700] "GET /.git/HEAD HTTP/1.1" 404 69497 "-" "Mozilla/5.0 (Windows NT 10.0; Win64; x64) AppleWebKit/537.36"
91.92.241.196 - - [09/Sep/2026:17:07:39 -0700] "GET /.git/config HTTP/1.1" 404 69499 "-" "Mozilla/5.0 (Windows NT 10.0; Win64; x64) AppleWebKit/537.36"
66.42.38.87 - - [09/Sep/2026:17:09:26 -0700] "GET /d2b25/index.php HTTP/1.1" 200 2746 "https://sctd.welbornwebsites.com/d2b25/index.php" "Mozilla/4.0 (compatible; MSIE 9.0; Windows NT 6.1)"
66.42.38.87 - - [09/Sep/2026:17:12:20 -0700] "GET /d2b25/index.php HTTP/1.1" 200 2746 "-" "Mozilla/5.0 (compatible; MSIE 9.0; Windows NT 6.1; WOW64; Trident/5.0)"
65.109.179.105 - - [09/Sep/2026:17:41:24 -0700] "POST /b6c8c1223077.php HTTP/1.1" 200 16 "-" "Mozilla/5.0 (Windows NT 6.1; WOW64) AppleWebKit/537.36 (KHTML, like Gecko) Chrome/51.0.2735.28 Safari/537.36"
65.109.179.105 - - [09/Sep/2026:17:41:24 -0700] "POST /b6c8c1223077.php HTTP/1.1" 200 9 "https://sctd.welbornwebsites.com/b6c8c1223077.php" "Mozilla/5.0 (Windows NT 6.1; WOW64) AppleWebKit/537.36 (KHTML, like Gecko) Chrome/51.0.2735.28 Safari/537.36"
65.109.179.105 - - [09/Sep/2026:17:41:25 -0700] "GET /d3f95b2236index.php HTTP/1.1" 200 33355 "https://sctd.welbornwebsites.com/b6c8c1223077.php" "Mozilla/5.0 (Windows NT 6.1; WOW64) AppleWebKit/537.36 (KHTML, like Gecko) Chrome/51.0.2735.28 Safari/537.36"
65.109.179.105 - - [09/Sep/2026:17:41:25 -0700] "GET /d3f95b2236index.php HTTP/1.1" 200 33355 "https://sctd.welbornwebsites.com/d3f95b2236index.php" "Mozilla/5.0 (Windows NT 6.1; WOW64) AppleWebKit/537.36 (KHTML, like Gecko) Chrome/51.0.2735.28 Safari/537.36"
65.109.179.105 - - [09/Sep/2026:17:41:26 -0700] "GET /d3f95b2236index.php HTTP/1.1" 200 33355 "https://sctd.welbornwebsites.com/d3f95b2236index.php" "Mozilla/5.0 (Windows NT 6.1; WOW64) AppleWebKit/537.36 (KHTML, like Gecko) Chrome/51.0.2735.28 Safari/537.36"
45.143.20.147 - - [09/Sep/2026:17:52:37 -0700] "POST /b6c8c1223077.php HTTP/1.1" 200 17 "-" "Mozilla/5.0 (Windows NT 6.2; WOW64) AppleWebKit/537.36 (KHTML, like Gecko) Chrome/53.0.2814.35 Safari/537.36"
45.143.20.147 - - [09/Sep/2026:17:52:39 -0700] "GET /adman.867.txt HTTP/1.1" 200 6 "https://sctd.welbornwebsites.com/b6c8c1223077.php" "Mozilla/5.0 (Windows NT 6.2; WOW64) AppleWebKit/537.36 (KHTML, like Gecko) Chrome/53.0.2814.35 Safari/537.36"
144.208.65.39 - - [09/Sep/2026:18:05:54 -0700] "POST /wp-cron.php?doing_wp_cron=1789002353.9680109024047851562500 HTTP/1.1" 200 - "-" "WordPress/6.9.7; https://sctd.welbornwebsites.com"
198.44.116.203 - - [09/Sep/2026:18:05:53 -0700] "GET / HTTP/1.1" 200 134767 "-" "Mozilla/5.0 (Windows NT 10.0; Win64; x64) AppleWebKit/537.36 (KHTML, like Gecko) Chrome/120.0 Safari/537.36"
144.208.65.39 - - [09/Sep/2026:18:06:56 -0700] "POST /wp-cron.php?doing_wp_cron=1789002416.3179008960723876953125 HTTP/1.1" 200 - "-" "WordPress/6.9.7; https://sctd.welbornwebsites.com"
198.44.116.203 - - [09/Sep/2026:18:06:56 -0700] "GET /wp-content/plugins/broken-link-checker/readme.txt HTTP/1.1" 404 69537 "-" "Mozilla/5.0 (Windows NT 10.0; Win64; x64) AppleWebKit/537.36 (KHTML, like Gecko) Chrome/120.0 Safari/537.36"
92.255.209.234 - - [09/Sep/2026:18:35:37 -0700] "POST /b6c8c1223077.php HTTP/1.1" 200 16 "-" "Mozilla/5.0 (X11; Linux x86_64; rv:46.0) Gecko/20100101 Firefox/46.0"
92.255.209.234 - - [09/Sep/2026:18:35:39 -0700] "POST /b6c8c1223077.php HTTP/1.1" 200 9 "https://sctd.welbornwebsites.com/b6c8c1223077.php" "Mozilla/5.0 (X11; Linux x86_64; rv:46.0) Gecko/20100101 Firefox/46.0"
92.255.209.234 - - [09/Sep/2026:18:35:39 -0700] "GET /d3f95b2236index.php HTTP/1.1" 200 34172 "https://sctd.welbornwebsites.com/b6c8c1223077.php" "Mozilla/5.0 (X11; Linux x86_64; rv:46.0) Gecko/20100101 Firefox/46.0"
92.255.209.234 - - [09/Sep/2026:18:35:41 -0700] "GET /d3f95b2236index.php HTTP/1.1" 200 34172 "https://sctd.welbornwebsites.com/d3f95b2236index.php" "Mozilla/5.0 (X11; Linux x86_64; rv:46.0) Gecko/20100101 Firefox/46.0"
92.255.209.234 - - [09/Sep/2026:18:35:43 -0700] "GET /d3f95b2236index.php HTTP/1.1" 200 34172 "https://sctd.welbornwebsites.com/d3f95b2236index.php" "Mozilla/5.0 (X11; Linux x86_64; rv:46.0) Gecko/20100101 Firefox/46.0"
144.208.65.39 - - [09/Sep/2026:19:04:31 -0700] "POST /wp-cron.php?doing_wp_cron=1789005871.6418750286102294921875 HTTP/1.1" 200 - "-" "WordPress/6.9.7; https://sctd.welbornwebsites.com"
54.146.159.153 - - [09/Sep/2026:19:04:31 -0700] "GET /.env HTTP/1.1" 404 69492 "-" "Mozilla/5.0 (Macintosh; Intel Mac OS X 10_15_7) AppleWebKit/537.36 (KHTML, like Gecko) Chrome/142.0.0.0 Safari/537.36"
144.208.65.39 - - [09/Sep/2026:19:20:41 -0700] "POST /wp-cron.php?doing_wp_cron=1789006841.7409110069274902343750 HTTP/1.1" 200 - "-" "WordPress/6.9.7; https://sctd.welbornwebsites.com"
109.186.76.232 - - [09/Sep/2026:19:20:41 -0700] "GET /wp-login.php HTTP/1.1" 200 6478 "-" "Mozilla/5.0 (X11; Linux x86_64) AppleWebKit/537.36 (KHTML, like Gecko) Chrome/146.0.0.0 Safari/537.36"
147.235.219.165 - - [09/Sep/2026:19:20:44 -0700] "POST /wp-login.php HTTP/1.1" 200 6787 "https://www.sctd.welbornwebsites.com/wp-login.php" "Mozilla/5.0 (X11; Linux x86_64) AppleWebKit/537.36 (KHTML, like Gecko) Chrome/146.0.0.0 Safari/537.36"
144.208.65.39 - - [09/Sep/2026:19:26:54 -0700] "POST /wp-cron.php?doing_wp_cron=1789007214.3535459041595458984375 HTTP/1.1" 200 - "-" "WordPress/6.9.7; https://sctd.welbornwebsites.com"
205.210.31.211 - - [09/Sep/2026:19:26:54 -0700] "GET / HTTP/1.1" 200 134767 "-" "Hello from Palo Alto Networks, find out more about our scans in https://docs-cortex.paloaltonetworks.com/r/1/Cortex-Xpanse/Scanning-activity"
63.141.253.98 - - [09/Sep/2026:19:37:32 -0700] "GET / HTTP/1.1" 200 134767 "http://sctd.welbornwebsites.com" "Mozilla/5.0 (Windows NT 10.0; Win64; x64) AppleWebKit/537.36 (KHTML, like Gecko) Chrome/103.0.0.0 Safari/537.36"
63.141.253.98 - - [09/Sep/2026:19:37:32 -0700] "GET / HTTP/1.1" 200 134767 "http://sctd.welbornwebsites.com" "Googlebot/2.1 (+http://www.googlebot.com/bot.html)"
144.208.65.39 - - [09/Sep/2026:19:45:00 -0700] "POST /wp-cron.php?doing_wp_cron=1789008300.8839309215545654296875 HTTP/1.1" 200 - "-" "WordPress/6.9.7; https://sctd.welbornwebsites.com"
62.221.83.62 - - [09/Sep/2026:19:45:00 -0700] "GET /wp-login.php HTTP/1.1" 200 6478 "-" "Mozilla/5.0 (Windows NT 10.0; Win64; x64) AppleWebKit/537.36 (KHTML, like Gecko) Chrome/146.0.0.0 Safari/537.36"
109.185.52.212 - - [09/Sep/2026:19:45:02 -0700] "POST /wp-login.php HTTP/1.1" 200 6787 "https://www.sctd.welbornwebsites.com/wp-login.php" "Mozilla/5.0 (Windows NT 10.0; Win64; x64) AppleWebKit/537.36 (KHTML, like Gecko) Chrome/146.0.0.0 Safari/537.36"
92.255.209.234 - - [09/Sep/2026:20:23:32 -0700] "GET /b6c8c1223077.php HTTP/1.1" 200 7 "-" "Mozilla/5.0 (Macintosh; Intel Mac OS X 10.11; rv:45.0) Gecko/20100101 Firefox/45.0"
92.255.209.234 - - [09/Sep/2026:20:23:32 -0700] "POST /b6c8c1223077.php HTTP/1.1" 200 9 "https://sctd.welbornwebsites.com/b6c8c1223077.php" "Mozilla/5.0 (Macintosh; Intel Mac OS X 10.11; rv:45.0) Gecko/20100101 Firefox/45.0"
109.107.186.106 - - [09/Sep/2026:20:55:34 -0700] "GET /b6c8c1223077.php HTTP/1.1" 200 7 "-" "Mozilla/5.0 (X11; Ubuntu; Linux i686; rv:49.0) Gecko/20100101 Firefox/49.0"
109.107.186.106 - - [09/Sep/2026:20:55:35 -0700] "POST /b6c8c1223077.php HTTP/1.1" 200 9 "https://sctd.welbornwebsites.com/b6c8c1223077.php" "Mozilla/5.0 (X11; Ubuntu; Linux i686; rv:49.0) Gecko/20100101 Firefox/49.0"
65.109.179.105 - - [09/Sep/2026:20:57:36 -0700] "GET /b6c8c1223077.php HTTP/1.1" 200 7 "-" "Mozilla/5.0 (Macintosh; Intel Mac OS X 10.9; rv:47.0) Gecko/20100101 Firefox/47.0"
65.109.179.105 - - [09/Sep/2026:20:57:36 -0700] "POST /b6c8c1223077.php HTTP/1.1" 200 9 "https://sctd.welbornwebsites.com/b6c8c1223077.php" "Mozilla/5.0 (Macintosh; Intel Mac OS X 10.9; rv:47.0) Gecko/20100101 Firefox/47.0"
217.60.33.215 - - [09/Sep/2026:20:59:19 -0700] "GET /b6c8c1223077.php HTTP/1.1" 200 7 "-" "Mozilla/5.0 (Macintosh; Intel Mac OS X 10.12; rv:49.0) Gecko/20100101 Firefox/49.0"
217.60.33.215 - - [09/Sep/2026:20:59:19 -0700] "POST /b6c8c1223077.php HTTP/1.1" 200 9 "https://sctd.welbornwebsites.com/b6c8c1223077.php" "Mozilla/5.0 (Macintosh; Intel Mac OS X 10.12; rv:49.0) Gecko/20100101 Firefox/49.0"
144.208.65.39 - - [09/Sep/2026:21:04:49 -0700] "POST /wp-cron.php?doing_wp_cron=1789013089.4329860210418701171875 HTTP/1.1" 200 - "-" "WordPress/6.9.7; https://sctd.welbornwebsites.com"
54.146.159.153 - - [09/Sep/2026:21:04:49 -0700] "GET /.env HTTP/1.1" 301 - "-" "Mozilla/5.0 (Macintosh; Intel Mac OS X 10_15_7) AppleWebKit/537.36 (KHTML, like Gecko) Chrome/142.0.0.0 Safari/537.36"
54.146.159.153 - - [09/Sep/2026:21:04:49 -0700] "GET /.env HTTP/1.1" 404 69492 "-" "Mozilla/5.0 (Macintosh; Intel Mac OS X 10_15_7) AppleWebKit/537.36 (KHTML, like Gecko) Chrome/142.0.0.0 Safari/537.36"
144.208.65.39 - - [09/Sep/2026:21:15:18 -0700] "POST /wp-cron.php?doing_wp_cron=1789013718.6827280521392822265625 HTTP/1.1" 200 - "-" "WordPress/6.9.7; https://sctd.welbornwebsites.com"
31.164.201.33 - - [09/Sep/2026:21:15:18 -0700] "GET /wp-login.php HTTP/1.1" 200 6416 "-" "Mozilla/5.0 (Macintosh; Intel Mac OS X 10_15_7) AppleWebKit/537.36 (KHTML, like Gecko) Chrome/147.0.0.0 Safari/537.36"
92.255.209.234 - - [09/Sep/2026:21:25:46 -0700] "GET /b6c8c1223077.php HTTP/1.1" 200 7 "-" "Mozilla/5.0 (X11; Ubuntu; Linux x86_64) AppleWebKit/537.36 (KHTML, like Gecko) Chrome/50.0.2699.71 Safari/537.36"
92.255.209.234 - - [09/Sep/2026:21:25:46 -0700] "POST /b6c8c1223077.php HTTP/1.1" 200 1704 "https://sctd.welbornwebsites.com/b6c8c1223077.php" "Mozilla/5.0 (X11; Ubuntu; Linux x86_64) AppleWebKit/537.36 (KHTML, like Gecko) Chrome/50.0.2699.71 Safari/537.36"
144.208.65.39 - - [09/Sep/2026:21:29:22 -0700] "POST /wp-cron.php?doing_wp_cron=1789014562.4947900772094726562500 HTTP/1.1" 200 - "-" "WordPress/6.9.7; https://sctd.welbornwebsites.com"
63.141.253.98 - - [09/Sep/2026:21:29:22 -0700] "GET / HTTP/1.1" 200 134767 "-" "Mozilla/5.0 (Windows NT 10.0; Win64; x64) AppleWebKit/537.36 (KHTML, like Gecko) Chrome/103.0.0.0 Safari/537.36"
63.141.253.98 - - [09/Sep/2026:21:29:22 -0700] "GET / HTTP/1.1" 200 134767 "-" "Googlebot/2.1 (+http://www.googlebot.com/bot.html)"
109.107.178.102 - - [09/Sep/2026:21:30:08 -0700] "GET /b6c8c1223077.php HTTP/1.1" 200 7 "-" "Mozilla/5.0 (X11; Ubuntu; Linux x86_64; rv:47.0) Gecko/20100101 Firefox/47.0"
109.107.178.102 - - [09/Sep/2026:21:30:09 -0700] "POST /b6c8c1223077.php HTTP/1.1" 200 9 "https://sctd.welbornwebsites.com/b6c8c1223077.php" "Mozilla/5.0 (X11; Ubuntu; Linux x86_64; rv:47.0) Gecko/20100101 Firefox/47.0"
109.107.186.106 - - [09/Sep/2026:21:44:37 -0700] "GET /b6c8c1223077.php HTTP/1.1" 200 7 "-" "Mozilla/5.0 (Windows NT 10.0; Win64; x64) AppleWebKit/537.36 (KHTML, like Gecko) Chrome/55.0.2898.82 Safari/537.36"
109.107.186.106 - - [09/Sep/2026:21:44:38 -0700] "POST /b6c8c1223077.php HTTP/1.1" 200 1704 "https://sctd.welbornwebsites.com/b6c8c1223077.php" "Mozilla/5.0 (Windows NT 10.0; Win64; x64) AppleWebKit/537.36 (KHTML, like Gecko) Chrome/55.0.2898.82 Safari/537.36"
144.208.65.39 - - [09/Sep/2026:21:55:34 -0700] "POST /wp-cron.php?doing_wp_cron=1789016134.5944809913635253906250 HTTP/1.1" 200 - "-" "WordPress/6.9.7; https://sctd.welbornwebsites.com"
102.215.249.86 - - [09/Sep/2026:21:55:34 -0700] "GET /wp-login.php HTTP/1.1" 200 6416 "-" "Mozilla/5.0 (Windows NT 10.0; Win64; x64) AppleWebKit/537.36 (KHTML, like Gecko) Chrome/146.0.0.0 Safari/537.36"
177.55.225.220 - - [09/Sep/2026:21:55:39 -0700] "POST /wp-login.php HTTP/1.1" 200 6787 "https://sctd.welbornwebsites.com/wp-login.php" "Mozilla/5.0 (Windows NT 10.0; Win64; x64) AppleWebKit/537.36 (KHTML, like Gecko) Chrome/146.0.0.0 Safari/537.36"
144.208.65.39 - - [09/Sep/2026:22:02:18 -0700] "POST /wp-cron.php?doing_wp_cron=1789016538.0810599327087402343750 HTTP/1.1" 200 - "-" "WordPress/6.9.7; https://sctd.welbornwebsites.com"
79.126.198.158 - - [09/Sep/2026:22:02:17 -0700] "GET /wp-login.php HTTP/1.1" 200 6416 "-" "Mozilla/5.0 (X11; Linux x86_64) AppleWebKit/537.36 (KHTML, like Gecko) Chrome/150.0.0.0 Safari/537.36"
106.63.26.139 - - [09/Sep/2026:22:07:22 -0700] "GET / HTTP/1.1" 200 134767 "http://sctd.welbornwebsites.com/" "Mozilla/5.0 (Macintosh; Intel Mac OS X 10_15_7) AppleWebKit/537.36 (KHTML, like Gecko) Chrome/120.0.0.0 Safari/537.36 Edg/120.0.0.0"
106.63.26.133 - - [09/Sep/2026:22:07:48 -0700] "GET /wp-sitemap.xml HTTP/1.1" 200 978 "http://sctd.welbornwebsites.com/sitemap.xml" "Mozilla/5.0 (Macintosh; Intel Mac OS X 10_15_7) AppleWebKit/537.36 (KHTML, like Gecko) Chrome/120.0.0.0 Safari/537.36 Edg/120.0.0.0"
144.208.65.39 - - [09/Sep/2026:22:11:36 -0700] "POST /wp-cron.php?doing_wp_cron=1789017096.2932050228118896484375 HTTP/1.1" 200 - "-" "WordPress/6.9.7; https://sctd.welbornwebsites.com"
83.215.102.82 - - [09/Sep/2026:22:11:36 -0700] "GET /wp-login.php HTTP/1.1" 200 6478 "-" "Mozilla/5.0 (Windows NT 10.0; Win64; x64) AppleWebKit/537.36 (KHTML, like Gecko) Chrome/149.0.0.0 Safari/537.36"
109.107.186.106 - - [09/Sep/2026:22:25:21 -0700] "POST /b6c8c1223077.php HTTP/1.1" 200 16 "-" "Mozilla/5.0 (Windows NT 6.3; Win64; x64; rv:45.0) Gecko/20100101 Firefox/45.0"
109.107.186.106 - - [09/Sep/2026:22:25:24 -0700] "POST /b6c8c1223077.php HTTP/1.1" 200 9 "https://sctd.welbornwebsites.com/b6c8c1223077.php" "Mozilla/5.0 (Windows NT 6.3; Win64; x64; rv:45.0) Gecko/20100101 Firefox/45.0"
109.107.186.106 - - [09/Sep/2026:22:25:25 -0700] "GET /06a8d2f677index.php HTTP/1.1" 200 36247 "https://sctd.welbornwebsites.com/b6c8c1223077.php" "Mozilla/5.0 (Windows NT 6.3; Win64; x64; rv:45.0) Gecko/20100101 Firefox/45.0"
109.107.186.106 - - [09/Sep/2026:22:25:26 -0700] "GET /06a8d2f677index.php HTTP/1.1" 200 36247 "https://sctd.welbornwebsites.com/06a8d2f677index.php" "Mozilla/5.0 (Windows NT 6.3; Win64; x64; rv:45.0) Gecko/20100101 Firefox/45.0"
109.107.186.106 - - [09/Sep/2026:22:25:26 -0700] "GET /06a8d2f677index.php HTTP/1.1" 200 36247 "https://sctd.welbornwebsites.com/06a8d2f677index.php" "Mozilla/5.0 (Windows NT 6.3; Win64; x64; rv:45.0) Gecko/20100101 Firefox/45.0"
109.107.178.102 - - [09/Sep/2026:22:37:14 -0700] "GET /b6c8c1223077.php HTTP/1.1" 200 7 "-" "Mozilla/5.0 (compatible; MSIE 8.0; Windows NT 6.1; WOW64; Trident/4.0)"
109.107.178.102 - - [09/Sep/2026:22:37:15 -0700] "POST /b6c8c1223077.php HTTP/1.1" 200 1704 "https://sctd.welbornwebsites.com/b6c8c1223077.php" "Mozilla/5.0 (compatible; MSIE 8.0; Windows NT 6.1; WOW64; Trident/4.0)"
144.208.65.39 - - [09/Sep/2026:22:48:19 -0700] "POST /wp-cron.php?doing_wp_cron=1789019299.0148479938507080078125 HTTP/1.1" 200 - "-" "WordPress/6.9.7; https://sctd.welbornwebsites.com"
64.118.150.175 - - [09/Sep/2026:22:48:18 -0700] "GET / HTTP/1.1" 200 134767 "-" "Mozilla/5.0 (Windows NT 10.0; Win64; x64) AppleWebKit/537.36 (KHTML, like Gecko) Chrome/152.0.0.0 Safari/537.36"
64.118.150.175 - - [09/Sep/2026:22:48:19 -0700] "GET /wp-content/uploads/blocksy/css/global.css?ver=37087 HTTP/1.1" 200 18943 "https://sctd.welbornwebsites.com/" "Mozilla/5.0 (Windows NT 10.0; Win64; x64) AppleWebKit/537.36 (KHTML, like Gecko) Chrome/152.0.0.0 Safari/537.36"
64.118.150.175 - - [09/Sep/2026:22:48:19 -0700] "GET /wp-content/plugins/stackable-ultimate-gutenberg-blocks/dist/frontend_blocks.css?ver=3.6.5 HTTP/1.1" 200 32473 "https://sctd.welbornwebsites.com/" "Mozilla/5.0 (Windows NT 10.0; Win64; x64) AppleWebKit/537.36 (KHTML, like Gecko) Chrome/152.0.0.0 Safari/537.36"
64.118.150.175 - - [09/Sep/2026:22:48:20 -0700] "GET /wp-content/plugins/stackable-ultimate-gutenberg-blocks/dist/frontend_blocks_responsive.css?ver=3.6.5 HTTP/1.1" 200 4547 "https://sctd.welbornwebsites.com/" "Mozilla/5.0 (Windows NT 10.0; Win64; x64) AppleWebKit/537.36 (KHTML, like Gecko) Chrome/152.0.0.0 Safari/537.36"
64.118.150.175 - - [09/Sep/2026:22:48:20 -0700] "GET /wp-content/themes/blocksy/style.css?ver=6.9.7 HTTP/1.1" 200 1615 "https://sctd.welbornwebsites.com/" "Mozilla/5.0 (Windows NT 10.0; Win64; x64) AppleWebKit/537.36 (KHTML, like Gecko) Chrome/152.0.0.0 Safari/537.36"
64.118.150.175 - - [09/Sep/2026:22:48:20 -0700] "GET /wp-includes/css/dist/block-library/style.min.css?ver=6.9.7 HTTP/1.1" 200 119358 "https://sctd.welbornwebsites.com/" "Mozilla/5.0 (Windows NT 10.0; Win64; x64) AppleWebKit/537.36 (KHTML, like Gecko) Chrome/152.0.0.0 Safari/537.36"
64.118.150.175 - - [09/Sep/2026:22:48:20 -0700] "GET /wp-content/plugins/easy-fancybox/fancybox/1.5.4/jquery.fancybox.min.css?ver=6.9.7 HTTP/1.1" 200 5396 "https://sctd.welbornwebsites.com/" "Mozilla/5.0 (Windows NT 10.0; Win64; x64) AppleWebKit/537.36 (KHTML, like Gecko) Chrome/152.0.0.0 Safari/537.36"
64.118.150.175 - - [09/Sep/2026:22:48:20 -0700] "GET /wp-content/themes/blocksy/static/bundle/woocommerce.min.css?ver=1.8.62 HTTP/1.1" 200 65716 "https://sctd.welbornwebsites.com/" "Mozilla/5.0 (Windows NT 10.0; Win64; x64) AppleWebKit/537.36 (KHTML, like Gecko) Chrome/152.0.0.0 Safari/537.36"
64.118.150.175 - - [09/Sep/2026:22:48:20 -0700] "GET /wp-content/themes/blocksy/static/bundle/main.min.css?ver=1.8.62 HTTP/1.1" 200 95525 "https://sctd.welbornwebsites.com/" "Mozilla/5.0 (Windows NT 10.0; Win64; x64) AppleWebKit/537.36 (KHTML, like Gecko) Chrome/152.0.0.0 Safari/537.36"
64.118.150.175 - - [09/Sep/2026:22:48:20 -0700] "GET /wp-content/themes/blocksy/static/bundle/flexy.min.css?ver=1.8.62 HTTP/1.1" 200 3118 "https://sctd.welbornwebsites.com/" "Mozilla/5.0 (Windows NT 10.0; Win64; x64) AppleWebKit/537.36 (KHTML, like Gecko) Chrome/152.0.0.0 Safari/537.36"
64.118.150.175 - - [09/Sep/2026:22:48:20 -0700] "GET /wp-content/themes/blocksy/static/bundle/stackable.min.css?ver=1.8.62 HTTP/1.1" 200 304 "https://sctd.welbornwebsites.com/" "Mozilla/5.0 (Windows NT 10.0; Win64; x64) AppleWebKit/537.36 (KHTML, like Gecko) Chrome/152.0.0.0 Safari/537.36"
64.118.150.175 - - [09/Sep/2026:22:48:20 -0700] "GET /wp-content/themes/blocksy/static/bundle/wpforms.min.css?ver=1.8.62 HTTP/1.1" 200 1929 "https://sctd.welbornwebsites.com/" "Mozilla/5.0 (Windows NT 10.0; Win64; x64) AppleWebKit/537.36 (KHTML, like Gecko) Chrome/152.0.0.0 Safari/537.36"
